208.36.144.6 - - [01/Mar/2009:00:02:28 +0100] "GET /letovanja/izvajalci-letovanj/www.zpmmoste.net HTTP/1.0" 404 1850 "-" "Mozilla/5.0 (Twiceler-0.9 http://www.cuil.com/twiceler/robot.html)"
72.30.142.226 - - [01/Mar/2009:00:26:03 +0100] "GET /programi/tom-telefon/ HTTP/1.0" 200 3174 "-" "Mozilla/5.0 (compatible; Yahoo! Slurp; http://help.yahoo.com/help/us/ysearch/slurp)"
67.195.37.156 - - [01/Mar/2009:00:26:38 +0100] "GET /o-zpms/ HTTP/1.0" 200 3074 "-" "Mozilla/5.0 (compatible; Yahoo! Slurp; http://help.yahoo.com/help/us/ysearch/slurp)"
72.30.142.226 - - [01/Mar/2009:00:38:00 +0100] "GET /programi/bralna-znacka/ HTTP/1.0" 200 3566 "-" "Mozilla/5.0 (compatible; Yahoo! Slurp/3.0; http://help.yahoo.com/help/us/ysearch/slurp)"
67.195.37.156 - - [01/Mar/2009:00:49:51 +0100] "GET /fotogalerija/2004/ HTTP/1.0" 200 3021 "-" "Mozilla/5.0 (compatible; Yahoo! Slurp/3.0; http://help.yahoo.com/help/us/ysearch/slurp)"
67.195.37.156 - - [01/Mar/2009:00:58:25 +0100] "GET /o-zpms/predstavitev/ HTTP/1.0" 200 3804 "-" "Mozilla/5.0 (compatible; Yahoo! Slurp/3.0; http://help.yahoo.com/help/us/ysearch/slurp)"
72.30.142.226 - - [01/Mar/2009:01:03:13 +0100] "GET /projekti/teden-otroka/ HTTP/1.0" 200 4621 "-" "Mozilla/5.0 (compatible; Yahoo! Slurp/3.0; http://help.yahoo.com/help/us/ysearch/slurp)"
219.142.53.22 - - [01/Mar/2009:01:04:16 +0100] "GET /robots.txt HTTP/1.0" 200 147 "-" "librabot/1.0 (+http://search.msn.com/msnbot.htm)"
219.142.53.29 - - [01/Mar/2009:01:04:16 +0100] "GET /aktualno/sprememba-37-lena-zpiz/obrazec-za-zbiranje-podpisov/ HTTP/1.0" 200 14577 "-" "librabot/1.0 (+http://search.msn.com/msnbot.htm)"
86.61.116.66 - - [01/Mar/2009:01:07:47 +0100] "GET / HTTP/1.1" 200 4297 "http://www.google.si/search?client=firefox-a&rls=org.mozilla%3Asl%3Aofficial&channel=s&hl=sl&q=zveza+prijateljev+maldine+&meta=&btnG=Iskanje+Google" "Mozilla/5.0 (Windows; U; Windows NT 5.1; sl; rv:1.9.0.6) Gecko/2009011913 Firefox/3.0.6"
86.61.116.66 - - [01/Mar/2009:01:07:49 +0100] "GET / HTTP/1.1" 200 4297 "http://www.google.si/search?hl=sl&client=firefox-a&channel=s&rls=org.mozilla:sl:official&hs=WVZ&pwst=1&ei=ztGpSYbkLsOg_gb9_7XsDw&sa=X&oi=spell&resnum=1&ct=result&cd=1&q=zveza+prijateljev+mladine&spell=1" "Mozilla/5.0 (Windows; U; Windows NT 5.1; sl; rv:1.9.0.6) Gecko/2009011913 Firefox/3.0.6"
66.249.66.170 - - [01/Mar/2009:01:15:59 +0100] "GET / HTTP/1.1" 200 4297 "-" "Mozilla/5.0 (compatible; Googlebot/2.1; +http://www.google.com/bot.html)"
65.55.210.88 - - [01/Mar/2009:01:18:00 +0100] "GET /programi/humanitarna-dejavnost/ HTTP/1.1" 200 3816 "-" "msnbot/1.1 (+http://search.msn.com/msnbot.htm)"
72.30.142.226 - - [01/Mar/2009:01:32:46 +0100] "GET /fotogalerija/2008/ HTTP/1.0" 200 3022 "-" "Mozilla/5.0 (compatible; Yahoo! Slurp; http://help.yahoo.com/help/us/ysearch/slurp)"
72.30.142.226 - - [01/Mar/2009:01:54:48 +0100] "GET /programi/otroski-parlament/ HTTP/1.0" 200 4832 "-" "Mozilla/5.0 (compatible; Yahoo! Slurp/3.0; http://help.yahoo.com/help/us/ysearch/slurp)"
72.30.142.226 - - [01/Mar/2009:02:21:56 +0100] "GET /programi/hisa-zavetja/ HTTP/1.0" 200 4377 "-" "Mozilla/5.0 (compatible; Yahoo! Slurp/3.0; http://help.yahoo.com/help/us/ysearch/slurp)"
67.195.37.156 - - [01/Mar/2009:02:34:36 +0100] "GET /o-zpms/predstavitev/ HTTP/1.0" 200 3804 "-" "Mozilla/5.0 (compatible; Yahoo! Slurp/3.0; http://help.yahoo.com/help/us/ysearch/slurp)"
84.255.237.241 - - [01/Mar/2009:02:59:03 +0100] "GET /robots.txt HTTP/1.0" 200 147 "-" "BabalooSpider/1.3 (BabalooSpider; http://www.babaloo.si; spider@babaloo.si)"
84.255.237.241 - - [01/Mar/2009:02:59:03 +0100] "GET /?wa=W0723EMB06 HTTP/1.0" 200 4297 "-" "BabalooSpider/1.3 (BabalooSpider; http://www.babaloo.si; spider@babaloo.si)"
84.255.237.241 - - [01/Mar/2009:02:59:19 +0100] "GET /?wa=W0737ENL HTTP/1.0" 200 4297 "-" "BabalooSpider/1.3 (BabalooSpider; http://www.babaloo.si; spider@babaloo.si)"
84.255.237.241 - - [01/Mar/2009:03:01:44 +0100] "GET /programi/evropa-v-soli/ HTTP/1.0" 200 4246 "-" "BabalooSpider/1.3 (BabalooSpider; http://www.babaloo.si; spider@babaloo.si)"
88.200.65.177 - - [01/Mar/2009:03:03:36 +0100] "GET /programi/text/javascript HTTP/1.0" 404 1829 "-" "panthera/Nutch-0.9 (ignoreme; www.pantera.com; mail@pantera.com)"
84.255.237.241 - - [01/Mar/2009:03:04:40 +0100] "GET /?wa=W0637EDI19 HTTP/1.0" 200 4297 "-" "BabalooSpider/1.3 (BabalooSpider; http://www.babaloo.si; spider@babaloo.si)"
66.249.66.170 - - [01/Mar/2009:03:06:42 +0100] "GET /themes/ZPMS/images/ico3.gif HTTP/1.1" 304 - "-" "Googlebot-Image/1.0"
67.195.37.156 - - [01/Mar/2009:03:09:12 +0100] "GET /programi/tom-telefon/ HTTP/1.0" 200 3174 "-" "Mozilla/5.0 (compatible; Yahoo! Slurp/3.0; http://help.yahoo.com/help/us/ysearch/slurp)"
72.30.142.226 - - [01/Mar/2009:03:13:22 +0100] "GET /programi/bralna-znacka/ HTTP/1.0" 200 3566 "-" "Mozilla/5.0 (compatible; Yahoo! Slurp/3.0; http://help.yahoo.com/help/us/ysearch/slurp)"
65.55.37.180 - - [01/Mar/2009:03:19:01 +0100] "GET /robots.txt HTTP/1.1" 200 147 "-" "msnbot-media/1.1 (+http://search.msn.com/msnbot.htm)"
65.55.37.180 - - [01/Mar/2009:03:19:01 +0100] "GET / HTTP/1.1" 200 4658 "-" "msnbot-media/1.1 (+http://search.msn.com/msnbot.htm)"
67.195.37.156 - - [01/Mar/2009:03:20:30 +0100] "GET /letovanja/pocitniski-domovi/ HTTP/1.0" 200 9305 "-" "Mozilla/5.0 (compatible; Yahoo! Slurp; http://help.yahoo.com/help/us/ysearch/slurp)"
67.195.37.156 - - [01/Mar/2009:03:24:23 +0100] "GET /programi/bralna-znacka/ HTTP/1.0" 200 3566 "-" "Mozilla/5.0 (compatible; Yahoo! Slurp; http://help.yahoo.com/help/us/ysearch/slurp)"
65.55.210.82 - - [01/Mar/2009:03:53:42 +0100] "GET /robots.txt HTTP/1.1" 200 147 "-" "msnbot/1.1 (+http://search.msn.com/msnbot.htm)"
65.55.210.82 - - [01/Mar/2009:03:53:44 +0100] "GET /fotogalerija/2006/obelezitev-250-obletnice-mozartovega-rojstva/ HTTP/1.1" 200 4039 "-" "msnbot/1.1 (+http://search.msn.com/msnbot.htm)"
65.55.109.220 - - [01/Mar/2009:03:55:18 +0100] "GET /fotogalerija/2006/obelezitev-250-obletnice-mozartovega-rojstva/ HTTP/1.0" 200 16240 "http://search.live.com/results.aspx?q=parlament" "Mozilla/4.0 (compatible; MSIE 6.0; Windows NT 5.2; SV1; .NET CLR 1.1.4322)"
65.55.109.220 - - [01/Mar/2009:03:55:19 +0100] "GET /varpulis/_js/basic.js HTTP/1.0" 200 14136 "http://sl.zpms.si/fotogalerija/2006/obelezitev-250-obletnice-mozartovega-rojstva/" "Mozilla/4.0 (compatible; MSIE 6.0; Windows NT 5.2; SV1; .NET CLR 1.1.4322)"
65.55.109.220 - - [01/Mar/2009:03:55:19 +0100] "GET /varpulis/_js/78_menu.js HTTP/1.0" 200 34962 "http://sl.zpms.si/fotogalerija/2006/obelezitev-250-obletnice-mozartovega-rojstva/" "Mozilla/4.0 (compatible; MSIE 6.0; Windows NT 5.2; SV1; .NET CLR 1.1.4322)"
65.55.109.220 - - [01/Mar/2009:03:55:20 +0100] "GET /varpulis/_css/78_default.css HTTP/1.0" 200 35985 "http://sl.zpms.si/fotogalerija/2006/obelezitev-250-obletnice-mozartovega-rojstva/" "Mozilla/4.0 (compatible; MSIE 6.0; Windows NT 5.2; SV1; .NET CLR 1.1.4322)"
65.55.109.220 - - [01/Mar/2009:03:55:21 +0100] "GET /themes/ZPMS/wz_tooltip.js HTTP/1.0" 200 16542 "http://sl.zpms.si/fotogalerija/2006/obelezitev-250-obletnice-mozartovega-rojstva/" "Mozilla/4.0 (compatible; MSIE 6.0; Windows NT 5.2; SV1; .NET CLR 1.1.4322)"
65.55.210.89 - - [01/Mar/2009:03:57:29 +0100] "GET /robots.txt HTTP/1.1" 200 147 "-" "msnbot/1.1 (+http://search.msn.com/msnbot.htm)"
65.55.210.89 - - [01/Mar/2009:03:57:30 +0100] "GET /letovanja/klub-vzgojiteljev/ HTTP/1.1" 200 4023 "-" "msnbot/1.1 (+http://search.msn.com/msnbot.htm)"
88.200.65.177 - - [01/Mar/2009:03:59:13 +0100] "GET /letovanja/izvajalci-letovanj/www.zpmmoste.net HTTP/1.0" 404 1850 "-" "panthera/Nutch-0.9 (ignoreme; www.pantera.com; mail@pantera.com)"
84.255.237.241 - - [01/Mar/2009:04:02:18 +0100] "GET /robots.txt HTTP/1.0" 200 147 "-" "BabalooSpider/1.3 (BabalooSpider; http://www.babaloo.si; spider@babaloo.si)"
84.255.237.241 - - [01/Mar/2009:04:02:35 +0100] "GET /?wa=Germany+wa+07 HTTP/1.0" 200 4297 "-" "BabalooSpider/1.3 (BabalooSpider; http://www.babaloo.si; spider@babaloo.si)"
84.255.237.241 - - [01/Mar/2009:04:04:58 +0100] "GET /robots.txt HTTP/1.0" 200 147 "-" "BabalooSpider/1.3 (BabalooSpider; http://www.babaloo.si; spider@babaloo.si)"
84.255.237.241 - - [01/Mar/2009:04:04:58 +0100] "GET /programmes-and-activities/ HTTP/1.0" 200 4658 "-" "BabalooSpider/1.3 (BabalooSpider; http://www.babaloo.si; spider@babaloo.si)"
84.255.237.241 - - [01/Mar/2009:04:07:12 +0100] "GET /?wa=W0835ENL HTTP/1.0" 200 4297 "-" "BabalooSpider/1.3 (BabalooSpider; http://www.babaloo.si; spider@babaloo.si)"
67.195.37.172 - - [01/Mar/2009:04:09:10 +0100] "GET /robots.txt HTTP/1.0" 200 147 "-" "Mozilla/5.0 (compatible; Yahoo! Slurp; http://help.yahoo.com/help/us/ysearch/slurp)"
67.195.37.172 - - [01/Mar/2009:04:09:11 +0100] "GET /login/ HTTP/1.0" 200 2201 "-" "Mozilla/5.0 (compatible; Yahoo! Slurp; http://help.yahoo.com/help/us/ysearch/slurp)"
72.30.142.226 - - [01/Mar/2009:04:31:31 +0100] "GET /o-avtorjih/ HTTP/1.0" 200 3183 "-" "Mozilla/5.0 (compatible; Yahoo! Slurp/3.0; http://help.yahoo.com/help/us/ysearch/slurp)"
88.200.65.177 - - [01/Mar/2009:04:33:35 +0100] "GET /fotogalerija/20072/17-nacionalni-otroki-parlament/text/javascript HTTP/1.0" 404 1870 "-" "panthera/Nutch-0.9 (ignoreme; www.pantera.com; mail@pantera.com)"
67.195.37.156 - - [01/Mar/2009:04:39:31 +0100] "GET /robots.txt HTTP/1.0" 200 147 "-" "Mozilla/5.0 (compatible; Yahoo! Slurp; http://help.yahoo.com/help/us/ysearch/slurp)"
67.195.37.156 - - [01/Mar/2009:04:39:32 +0100] "GET /fotogalerija/2004/10-obletnica-mednarodnega-leta-druzin-15-5-2004/ HTTP/1.0" 200 3681 "-" "Mozilla/5.0 (compatible; Yahoo! Slurp; http://help.yahoo.com/help/us/ysearch/slurp)"
84.255.237.241 - - [01/Mar/2009:04:45:06 +0100] "GET /robots.txt HTTP/1.0" 200 147 "-" "BabalooSpider/1.3 (BabalooSpider; http://www.babaloo.si; spider@babaloo.si)"
84.255.237.241 - - [01/Mar/2009:04:45:06 +0100] "GET /?wa=W0707ESC03 HTTP/1.0" 200 4297 "-" "BabalooSpider/1.3 (BabalooSpider; http://www.babaloo.si; spider@babaloo.si)"
84.255.237.241 - - [01/Mar/2009:04:46:40 +0100] "GET /?wa=Germany+wa+08 HTTP/1.0" 200 4297 "-" "BabalooSpider/1.3 (BabalooSpider; http://www.babaloo.si; spider@babaloo.si)"
84.255.237.241 - - [01/Mar/2009:04:48:30 +0100] "GET /?wa=W0714ESO03 HTTP/1.0" 200 4297 "-" "BabalooSpider/1.3 (BabalooSpider; http://www.babaloo.si; spider@babaloo.si)"
72.30.142.226 - - [01/Mar/2009:05:32:35 +0100] "GET /domov/ HTTP/1.0" 200 4297 "-" "Mozilla/5.0 (compatible; Yahoo! Slurp/3.0; http://help.yahoo.com/help/us/ysearch/slurp)"
72.30.142.226 - - [01/Mar/2009:05:39:20 +0100] "GET /fotogalerija/2006/druzine-se-predstavijo-17112006/ HTTP/1.0" 200 4101 "-" "Mozilla/5.0 (compatible; Yahoo! Slurp; http://help.yahoo.com/help/us/ysearch/slurp)"
72.30.142.226 - - [01/Mar/2009:06:25:36 +0100] "GET /fotogalerija/20072/promocija-knjige-in-okrogla-miza/ HTTP/1.0" 200 3980 "-" "Mozilla/5.0 (compatible; Yahoo! Slurp/3.0; http://help.yahoo.com/help/us/ysearch/slurp)"
65.55.210.92 - - [01/Mar/2009:06:27:42 +0100] "GET /robots.txt HTTP/1.1" 200 147 "-" "msnbot/1.1 (+http://search.msn.com/msnbot.htm)"
67.195.37.156 - - [01/Mar/2009:06:35:32 +0100] "GET /fotogalerija/2005/druzine-se-predstavijo-26112005/ HTTP/1.0" 200 4595 "-" "Mozilla/5.0 (compatible; Yahoo! Slurp; http://help.yahoo.com/help/us/ysearch/slurp)"
88.200.65.177 - - [01/Mar/2009:06:46:04 +0100] "GET /home/ HTTP/1.0" 200 2352 "-" "panthera/Nutch-0.9 (ignoreme; www.pantera.com; mail@pantera.com)"
66.249.66.170 - - [01/Mar/2009:07:04:22 +0100] "GET /fotogalerija/2006/obelezitev-250-obletnice-mozartovega-rojstva/ HTTP/1.1" 200 4039 "-" "Mozilla/5.0 (compatible; Googlebot/2.1; +http://www.google.com/bot.html)"
88.200.65.177 - - [01/Mar/2009:07:09:28 +0100] "GET /fotogalerija/2005/text/javascript HTTP/1.0" 404 1838 "-" "panthera/Nutch-0.9 (ignoreme; www.pantera.com; mail@pantera.com)"
66.249.66.170 - - [01/Mar/2009:07:10:19 +0100] "GET /programi/otroski-parlament/ HTTP/1.1" 200 4832 "-" "Mozilla/5.0 (compatible; Googlebot/2.1; +http://www.google.com/bot.html)"
86.58.17.124 - - [01/Mar/2009:07:16:34 +0100] "GET / HTTP/1.1" 200 4297 "http://www.google.si/search?q=zveza+prijateljev+mladine&ie=utf-8&oe=utf-8&aq=t&rls=org.mozilla:sl:official&client=firefox-a" "Mozilla/5.0 (Windows; U; Windows NT 5.1; sl; rv:1.9.0.6) Gecko/2009011913 Firefox/3.0.6"
86.58.17.124 - - [01/Mar/2009:07:16:37 +0100] "GET / HTTP/1.1" 200 4297 "http://www.google.si/search?q=zveza+prijateljev+mladine&ie=utf-8&oe=utf-8&aq=t&rls=org.mozilla:sl:official&client=firefox-a" "Mozilla/5.0 (Windows; U; Windows NT 5.1; sl; rv:1.9.0.6) Gecko/2009011913 Firefox/3.0.6"
86.58.17.124 - - [01/Mar/2009:07:16:38 +0100] "GET /varpulis/_js/basic.js.gz HTTP/1.1" 200 4474 "http://sl.zpms.si/" "Mozilla/5.0 (Windows; U; Windows NT 5.1; sl; rv:1.9.0.6) Gecko/2009011913 Firefox/3.0.6"
86.58.17.124 - - [01/Mar/2009:07:16:38 +0100] "GET /varpulis/_js/78_menu.js.gz HTTP/1.1" 200 9425 "http://sl.zpms.si/" "Mozilla/5.0 (Windows; U; Windows NT 5.1; sl; rv:1.9.0.6) Gecko/2009011913 Firefox/3.0.6"
86.58.17.124 - - [01/Mar/2009:07:16:38 +0100] "GET /varpulis/_css/78_default.css.gz HTTP/1.1" 200 6161 "http://sl.zpms.si/" "Mozilla/5.0 (Windows; U; Windows NT 5.1; sl; rv:1.9.0.6) Gecko/2009011913 Firefox/3.0.6"
86.58.17.124 - - [01/Mar/2009:07:16:38 +0100] "GET /imageColorReplace.php?source=images/backgrounds/ozadje41.png&destination=bgImage_body&format=png&color1=E9B649&color2=E9B649 HTTP/1.1" 200 114 "http://sl.zpms.si/varpulis/_css/78_default.css.gz" "Mozilla/5.0 (Windows; U; Windows NT 5.1; sl; rv:1.9.0.6) Gecko/2009011913 Firefox/3.0.6"
86.58.17.124 - - [01/Mar/2009:07:16:38 +0100] "GET /imageFill.php?source=themes/ZPMS/images/ul.png&color=0055A6 HTTP/1.1" 200 92 "http://sl.zpms.si/varpulis/_css/78_default.css.gz" "Mozilla/5.0 (Windows; U; Windows NT 5.1; sl; rv:1.9.0.6) Gecko/2009011913 Firefox/3.0.6"
86.58.17.124 - - [01/Mar/2009:07:16:38 +0100] "GET /themes/ZPMS/images/ico4.gif HTTP/1.1" 200 2212 "http://sl.zpms.si/" "Mozilla/5.0 (Windows; U; Windows NT 5.1; sl; rv:1.9.0.6) Gecko/2009011913 Firefox/3.0.6"
86.58.17.124 - - [01/Mar/2009:07:16:38 +0100] "GET /themes/ZPMS/images/ico2.gif HTTP/1.1" 200 2280 "http://sl.zpms.si/" "Mozilla/5.0 (Windows; U; Windows NT 5.1; sl; rv:1.9.0.6) Gecko/2009011913 Firefox/3.0.6"
86.58.17.124 - - [01/Mar/2009:07:16:38 +0100] "GET /themes/ZPMS/images/ico5.gif HTTP/1.1" 200 2609 "http://sl.zpms.si/" "Mozilla/5.0 (Windows; U; Windows NT 5.1; sl; rv:1.9.0.6) Gecko/2009011913 Firefox/3.0.6"
86.58.17.124 - - [01/Mar/2009:07:16:38 +0100] "GET /themes/ZPMS/images/ico3.gif HTTP/1.1" 200 2596 "http://sl.zpms.si/" "Mozilla/5.0 (Windows; U; Windows NT 5.1; sl; rv:1.9.0.6) Gecko/2009011913 Firefox/3.0.6"
86.58.17.124 - - [01/Mar/2009:07:16:38 +0100] "GET /themes/ZPMS/wz_tooltip.js HTTP/1.1" 200 16542 "http://sl.zpms.si/" "Mozilla/5.0 (Windows; U; Windows NT 5.1; sl; rv:1.9.0.6) Gecko/2009011913 Firefox/3.0.6"
86.58.17.124 - - [01/Mar/2009:07:16:38 +0100] "GET /themes/ZPMS/images/ico1.gif HTTP/1.1" 200 1928 "http://sl.zpms.si/" "Mozilla/5.0 (Windows; U; Windows NT 5.1; sl; rv:1.9.0.6) Gecko/2009011913 Firefox/3.0.6"
86.58.17.124 - - [01/Mar/2009:07:16:38 +0100] "GET /themes/ZPMS/images/ico6.gif HTTP/1.1" 200 2461 "http://sl.zpms.si/" "Mozilla/5.0 (Windows; U; Windows NT 5.1; sl; rv:1.9.0.6) Gecko/2009011913 Firefox/3.0.6"
86.58.17.124 - - [01/Mar/2009:07:16:38 +0100] "GET /themes/ZPMS/images/ico7.gif HTTP/1.1" 200 2141 "http://sl.zpms.si/" "Mozilla/5.0 (Windows; U; Windows NT 5.1; sl; rv:1.9.0.6) Gecko/2009011913 Firefox/3.0.6"
86.58.17.124 - - [01/Mar/2009:07:16:38 +0100] "GET /themes/ZPMS/images/ico8.gif HTTP/1.1" 200 2601 "http://sl.zpms.si/" "Mozilla/5.0 (Windows; U; Windows NT 5.1; sl; rv:1.9.0.6) Gecko/2009011913 Firefox/3.0.6"
86.58.17.124 - - [01/Mar/2009:07:16:38 +0100] "GET /themes/ZPMS/images/ico9.gif HTTP/1.1" 200 2872 "http://sl.zpms.si/" "Mozilla/5.0 (Windows; U; Windows NT 5.1; sl; rv:1.9.0.6) Gecko/2009011913 Firefox/3.0.6"
86.58.17.124 - - [01/Mar/2009:07:16:38 +0100] "GET /themes/ZPMS/images/menuImage.gif HTTP/1.1" 200 2406 "http://sl.zpms.si/" "Mozilla/5.0 (Windows; U; Windows NT 5.1; sl; rv:1.9.0.6) Gecko/2009011913 Firefox/3.0.6"
86.58.17.124 - - [01/Mar/2009:07:16:38 +0100] "GET /themes/ZPMS/images/menuImageContainerLeftLine.gif HTTP/1.1" 200 126 "http://sl.zpms.si/varpulis/_css/78_default.css.gz" "Mozilla/5.0 (Windows; U; Windows NT 5.1; sl; rv:1.9.0.6) Gecko/2009011913 Firefox/3.0.6"
86.58.17.124 - - [01/Mar/2009:07:16:38 +0100] "GET /sitedata/78/media/logo.jpg HTTP/1.1" 200 5825 "http://sl.zpms.si/" "Mozilla/5.0 (Windows; U; Windows NT 5.1; sl; rv:1.9.0.6) Gecko/2009011913 Firefox/3.0.6"
86.58.17.124 - - [01/Mar/2009:07:16:38 +0100] "GET /themes/ZPMS/images/menuImageContainerRightLine.gif HTTP/1.1" 200 377 "http://sl.zpms.si/varpulis/_css/78_default.css.gz" "Mozilla/5.0 (Windows; U; Windows NT 5.1; sl; rv:1.9.0.6) Gecko/2009011913 Firefox/3.0.6"
86.58.17.124 - - [01/Mar/2009:07:16:38 +0100] "GET /imageColor.php?source=http://sl.zpms.si/themes/ZPMS/images/search_btn.png&color1=0055A6 HTTP/1.1" 200 481 "http://sl.zpms.si/" "Mozilla/5.0 (Windows; U; Windows NT 5.1; sl; rv:1.9.0.6) Gecko/2009011913 Firefox/3.0.6"
86.58.17.124 - - [01/Mar/2009:07:16:38 +0100] "GET /themes/ZPMS/images/searchInput.gif HTTP/1.1" 200 758 "http://sl.zpms.si/varpulis/_css/78_default.css.gz" "Mozilla/5.0 (Windows; U; Windows NT 5.1; sl; rv:1.9.0.6) Gecko/2009011913 Firefox/3.0.6"
86.58.17.124 - - [01/Mar/2009:07:16:38 +0100] "GET /themes/ZPMS/images/companyinfoContainerLeftLine.gif HTTP/1.1" 200 118 "http://sl.zpms.si/varpulis/_css/78_default.css.gz" "Mozilla/5.0 (Windows; U; Windows NT 5.1; sl; rv:1.9.0.6) Gecko/2009011913 Firefox/3.0.6"
86.58.17.124 - - [01/Mar/2009:07:16:38 +0100] "GET /themes/ZPMS/images/companyinfoContainerRightLine.gif HTTP/1.1" 200 298 "http://sl.zpms.si/varpulis/_css/78_default.css.gz" "Mozilla/5.0 (Windows; U; Windows NT 5.1; sl; rv:1.9.0.6) Gecko/2009011913 Firefox/3.0.6"
86.58.17.124 - - [01/Mar/2009:07:16:38 +0100] "GET /themes/ZPMS/images/contentTop.gif HTTP/1.1" 200 599 "http://sl.zpms.si/varpulis/_css/78_default.css.gz" "Mozilla/5.0 (Windows; U; Windows NT 5.1; sl; rv:1.9.0.6) Gecko/2009011913 Firefox/3.0.6"
86.58.17.124 - - [01/Mar/2009:07:16:38 +0100] "GET /themes/ZPMS/images/mImage1.jpg HTTP/1.1" 200 10882 "http://sl.zpms.si/" "Mozilla/5.0 (Windows; U; Windows NT 5.1; sl; rv:1.9.0.6) Gecko/2009011913 Firefox/3.0.6"
86.58.17.124 - - [01/Mar/2009:07:16:38 +0100] "GET /themes/ZPMS/images/contentBottom.gif HTTP/1.1" 200 599 "http://sl.zpms.si/varpulis/_css/78_default.css.gz" "Mozilla/5.0 (Windows; U; Windows NT 5.1; sl; rv:1.9.0.6) Gecko/2009011913 Firefox/3.0.6"
86.58.17.124 - - [01/Mar/2009:07:16:39 +0100] "GET /favicon.ico HTTP/1.1" 404 1816 "-" "Mozilla/5.0 (Windows; U; Windows NT 5.1; sl; rv:1.9.0.6) Gecko/2009011913 Firefox/3.0.6"
86.58.17.124 - - [01/Mar/2009:07:16:42 +0100] "GET /favicon.ico HTTP/1.1" 404 1816 "-" "Mozilla/5.0 (Windows; U; Windows NT 5.1; sl; rv:1.9.0.6) Gecko/2009011913 Firefox/3.0.6"
86.58.17.124 - - [01/Mar/2009:07:23:19 +0100] "GET / HTTP/1.1" 200 4297 "http://www.google.si/search?hl=sl&client=firefox-a&rls=org.mozilla%3Asl%3Aofficial&hs=AMf&q=zveza+pr&btnG=Iskanje&meta=" "Mozilla/5.0 (Windows; U; Windows NT 5.1; sl; rv:1.9.0.6) Gecko/2009011913 Firefox/3.0.6"
86.58.17.124 - - [01/Mar/2009:07:23:19 +0100] "GET /imageColorReplace.php?source=images/backgrounds/ozadje41.png&destination=bgImage_body&format=png&color1=E9B649&color2=E9B649 HTTP/1.1" 200 114 "http://sl.zpms.si/varpulis/_css/78_default.css.gz" "Mozilla/5.0 (Windows; U; Windows NT 5.1; sl; rv:1.9.0.6) Gecko/2009011913 Firefox/3.0.6"
86.58.17.124 - - [01/Mar/2009:07:23:19 +0100] "GET /imageFill.php?source=themes/ZPMS/images/ul.png&color=0055A6 HTTP/1.1" 200 92 "http://sl.zpms.si/varpulis/_css/78_default.css.gz" "Mozilla/5.0 (Windows; U; Windows NT 5.1; sl; rv:1.9.0.6) Gecko/2009011913 Firefox/3.0.6"
86.58.17.124 - - [01/Mar/2009:07:23:19 +0100] "GET /imageColor.php?source=http://sl.zpms.si/themes/ZPMS/images/search_btn.png&color1=0055A6 HTTP/1.1" 200 481 "http://sl.zpms.si/" "Mozilla/5.0 (Windows; U; Windows NT 5.1; sl; rv:1.9.0.6) Gecko/2009011913 Firefox/3.0.6"
86.58.17.124 - - [01/Mar/2009:07:23:42 +0100] "GET / HTTP/1.1" 200 4297 "http://www.google.si/search?hl=sl&client=firefox-a&rls=org.mozilla%3Asl%3Aofficial&hs=dhK&q=zveza+prijateljev+mladine&btnG=Iskanje&meta=" "Mozilla/5.0 (Windows; U; Windows NT 5.1; sl; rv:1.9.0.6) Gecko/2009011913 Firefox/3.0.6"
72.30.142.244 - - [01/Mar/2009:07:24:43 +0100] "GET /robots.txt HTTP/1.0" 200 147 "-" "Mozilla/5.0 (compatible; Yahoo! Slurp; http://help.yahoo.com/help/us/ysearch/slurp)"
72.30.142.244 - - [01/Mar/2009:07:24:44 +0100] "GET /programmes-and-activities/ HTTP/1.0" 200 4658 "-" "Mozilla/5.0 (compatible; Yahoo! Slurp/3.0; http://help.yahoo.com/help/us/ysearch/slurp)"
66.249.66.170 - - [01/Mar/2009:07:36:11 +0100] "GET /o-zpms/ HTTP/1.1" 200 3074 "-" "Mozilla/5.0 (compatible; Googlebot/2.1; +http://www.google.com/bot.html)"
66.249.66.170 - - [01/Mar/2009:07:36:56 +0100] "GET /programi/otrokove-pravice/ HTTP/1.1" 200 4948 "-" "Mozilla/5.0 (compatible; Googlebot/2.1; +http://www.google.com/bot.html)"
66.249.66.170 - - [01/Mar/2009:07:38:03 +0100] "GET /fotogalerija/20072/17-nacionalni-otroki-parlament/ HTTP/1.1" 200 4037 "-" "Mozilla/5.0 (compatible; Googlebot/2.1; +http://www.google.com/bot.html)"
66.249.66.170 - - [01/Mar/2009:07:44:34 +0100] "GET /programi/tom-telefon/ HTTP/1.1" 200 3174 "-" "Mozilla/5.0 (compatible; Googlebot/2.1; +http://www.google.com/bot.html)"
66.249.66.170 - - [01/Mar/2009:07:55:44 +0100] "GET /prijava/ HTTP/1.1" 200 3521 "-" "Mozilla/5.0 (compatible; Googlebot/2.1; +http://www.google.com/bot.html)"
66.249.66.170 - - [01/Mar/2009:08:03:56 +0100] "GET /fotogalerija/2004/druzine-se-predstavijo-2004/ HTTP/1.1" 200 3642 "-" "Mozilla/5.0 (compatible; Googlebot/2.1; +http://www.google.com/bot.html)"
67.195.37.172 - - [01/Mar/2009:08:09:12 +0100] "GET /robots.txt HTTP/1.0" 200 147 "-" "Mozilla/5.0 (compatible; Yahoo! Slurp; http://help.yahoo.com/help/us/ysearch/slurp)"
67.195.37.172 - - [01/Mar/2009:08:09:12 +0100] "GET /programmes-and-activities/ HTTP/1.0" 200 4658 "-" "Mozilla/5.0 (compatible; Yahoo! Slurp/3.0; http://help.yahoo.com/help/us/ysearch/slurp)"
67.195.37.172 - - [01/Mar/2009:08:11:25 +0100] "GET /index.php?menu_item=item_1828 HTTP/1.0" 200 4658 "-" "Mozilla/5.0 (compatible; Yahoo! Slurp/3.0; http://help.yahoo.com/help/us/ysearch/slurp)"
66.249.66.170 - - [01/Mar/2009:08:39:17 +0100] "GET /fotogalerija/2008/18-nacionalni-otroski-parlament/ HTTP/1.1" 200 4358 "-" "Mozilla/5.0 (compatible; Googlebot/2.1; +http://www.google.com/bot.html)"
66.249.66.170 - - [01/Mar/2009:08:50:15 +0100] "GET /o-zpms/predstavitev/ HTTP/1.1" 200 3804 "-" "Mozilla/5.0 (compatible; Googlebot/2.1; +http://www.google.com/bot.html)"
66.249.66.170 - - [01/Mar/2009:08:52:18 +0100] "GET /dogodki/ HTTP/1.1" 200 4901 "-" "Mozilla/5.0 (compatible; Googlebot/2.1; +http://www.google.com/bot.html)"
202.160.178.182 - - [01/Mar/2009:08:58:10 +0100] "GET /robots.txt HTTP/1.0" 200 147 "-" "Mozilla/5.0 (compatible; Yahoo! Slurp China; http://misc.yahoo.com.cn/help.html)"
202.160.179.110 - - [01/Mar/2009:08:58:10 +0100] "GET / HTTP/1.0" 200 4297 "-" "Mozilla/5.0 (compatible; Yahoo! Slurp China; http://misc.yahoo.com.cn/help.html)"
89.143.133.214 - - [01/Mar/2009:09:04:55 +0100] "GET / HTTP/1.1" 200 4297 "http://www.google.si/search?hl=sl&client=firefox-a&rls=org.mozilla:sl:official&hs=uHM&ei=n0GqSZ-EJczD_gbagrjtDw&sa=X&oi=spell&resnum=0&ct=result&cd=1&q=zveza+prijateljev+mladine&spell=1" "Mozilla/5.0 (Windows; U; Windows NT 5.1; sl; rv:1.9.0.6) Gecko/2009011913 Firefox/3.0.6"
89.143.133.214 - - [01/Mar/2009:09:05:06 +0100] "GET / HTTP/1.1" 200 4297 "http://www.google.si/search?hl=sl&client=firefox-a&rls=org.mozilla:sl:official&hs=uHM&ei=n0GqSZ-EJczD_gbagrjtDw&sa=X&oi=spell&resnum=0&ct=result&cd=1&q=zveza+prijateljev+mladine&spell=1" "Mozilla/5.0 (Windows; U; Windows NT 5.1; sl; rv:1.9.0.6) Gecko/2009011913 Firefox/3.0.6"
89.143.133.214 - - [01/Mar/2009:09:05:07 +0100] "GET /varpulis/_js/basic.js.gz HTTP/1.1" 200 4474 "http://sl.zpms.si/" "Mozilla/5.0 (Windows; U; Windows NT 5.1; sl; rv:1.9.0.6) Gecko/2009011913 Firefox/3.0.6"
89.143.133.214 - - [01/Mar/2009:09:05:07 +0100] "GET /varpulis/_js/78_menu.js.gz HTTP/1.1" 200 9425 "http://sl.zpms.si/" "Mozilla/5.0 (Windows; U; Windows NT 5.1; sl; rv:1.9.0.6) Gecko/2009011913 Firefox/3.0.6"
89.143.133.214 - - [01/Mar/2009:09:05:07 +0100] "GET /varpulis/_css/78_default.css.gz HTTP/1.1" 200 6161 "http://sl.zpms.si/" "Mozilla/5.0 (Windows; U; Windows NT 5.1; sl; rv:1.9.0.6) Gecko/2009011913 Firefox/3.0.6"
89.143.133.214 - - [01/Mar/2009:09:05:08 +0100] "GET /imageColorReplace.php?source=images/backgrounds/ozadje41.png&destination=bgImage_body&format=png&color1=E9B649&color2=E9B649 HTTP/1.1" 200 114 "http://sl.zpms.si/varpulis/_css/78_default.css.gz" "Mozilla/5.0 (Windows; U; Windows NT 5.1; sl; rv:1.9.0.6) Gecko/2009011913 Firefox/3.0.6"
89.143.133.214 - - [01/Mar/2009:09:05:08 +0100] "GET /imageFill.php?source=themes/ZPMS/images/ul.png&color=0055A6 HTTP/1.1" 200 92 "http://sl.zpms.si/varpulis/_css/78_default.css.gz" "Mozilla/5.0 (Windows; U; Windows NT 5.1; sl; rv:1.9.0.6) Gecko/2009011913 Firefox/3.0.6"
89.143.133.214 - - [01/Mar/2009:09:05:08 +0100] "GET /themes/ZPMS/images/ico5.gif HTTP/1.1" 200 2609 "http://sl.zpms.si/" "Mozilla/5.0 (Windows; U; Windows NT 5.1; sl; rv:1.9.0.6) Gecko/2009011913 Firefox/3.0.6"
89.143.133.214 - - [01/Mar/2009:09:05:08 +0100] "GET /themes/ZPMS/wz_tooltip.js HTTP/1.1" 200 16542 "http://sl.zpms.si/" "Mozilla/5.0 (Windows; U; Windows NT 5.1; sl; rv:1.9.0.6) Gecko/2009011913 Firefox/3.0.6"
89.143.133.214 - - [01/Mar/2009:09:05:08 +0100] "GET /themes/ZPMS/images/ico4.gif HTTP/1.1" 200 2212 "http://sl.zpms.si/" "Mozilla/5.0 (Windows; U; Windows NT 5.1; sl; rv:1.9.0.6) Gecko/2009011913 Firefox/3.0.6"
89.143.133.214 - - [01/Mar/2009:09:05:08 +0100] "GET /themes/ZPMS/images/ico1.gif HTTP/1.1" 200 1928 "http://sl.zpms.si/" "Mozilla/5.0 (Windows; U; Windows NT 5.1; sl; rv:1.9.0.6) Gecko/2009011913 Firefox/3.0.6"
89.143.133.214 - - [01/Mar/2009:09:05:08 +0100] "GET /themes/ZPMS/images/ico2.gif HTTP/1.1" 200 2280 "http://sl.zpms.si/" "Mozilla/5.0 (Windows; U; Windows NT 5.1; sl; rv:1.9.0.6) Gecko/2009011913 Firefox/3.0.6"
89.143.133.214 - - [01/Mar/2009:09:05:08 +0100] "GET /themes/ZPMS/images/ico3.gif HTTP/1.1" 200 2596 "http://sl.zpms.si/" "Mozilla/5.0 (Windows; U; Windows NT 5.1; sl; rv:1.9.0.6) Gecko/2009011913 Firefox/3.0.6"
89.143.133.214 - - [01/Mar/2009:09:05:08 +0100] "GET /themes/ZPMS/images/ico6.gif HTTP/1.1" 200 2461 "http://sl.zpms.si/" "Mozilla/5.0 (Windows; U; Windows NT 5.1; sl; rv:1.9.0.6) Gecko/2009011913 Firefox/3.0.6"
89.143.133.214 - - [01/Mar/2009:09:05:08 +0100] "GET /themes/ZPMS/images/ico7.gif HTTP/1.1" 200 2141 "http://sl.zpms.si/" "Mozilla/5.0 (Windows; U; Windows NT 5.1; sl; rv:1.9.0.6) Gecko/2009011913 Firefox/3.0.6"
89.143.133.214 - - [01/Mar/2009:09:05:08 +0100] "GET /themes/ZPMS/images/ico8.gif HTTP/1.1" 200 2601 "http://sl.zpms.si/" "Mozilla/5.0 (Windows; U; Windows NT 5.1; sl; rv:1.9.0.6) Gecko/2009011913 Firefox/3.0.6"
89.143.133.214 - - [01/Mar/2009:09:05:08 +0100] "GET /themes/ZPMS/images/ico9.gif HTTP/1.1" 200 2872 "http://sl.zpms.si/" "Mozilla/5.0 (Windows; U; Windows NT 5.1; sl; rv:1.9.0.6) Gecko/2009011913 Firefox/3.0.6"
89.143.133.214 - - [01/Mar/2009:09:05:08 +0100] "GET /themes/ZPMS/images/menuImage.gif HTTP/1.1" 200 2406 "http://sl.zpms.si/" "Mozilla/5.0 (Windows; U; Windows NT 5.1; sl; rv:1.9.0.6) Gecko/2009011913 Firefox/3.0.6"
89.143.133.214 - - [01/Mar/2009:09:05:09 +0100] "GET /sitedata/78/media/logo.jpg HTTP/1.1" 200 5825 "http://sl.zpms.si/" "Mozilla/5.0 (Windows; U; Windows NT 5.1; sl; rv:1.9.0.6) Gecko/2009011913 Firefox/3.0.6"
89.143.133.214 - - [01/Mar/2009:09:05:09 +0100] "GET /imageColor.php?source=http://sl.zpms.si/themes/ZPMS/images/search_btn.png&color1=0055A6 HTTP/1.1" 200 481 "http://sl.zpms.si/" "Mozilla/5.0 (Windows; U; Windows NT 5.1; sl; rv:1.9.0.6) Gecko/2009011913 Firefox/3.0.6"
89.143.133.214 - - [01/Mar/2009:09:05:09 +0100] "GET /themes/ZPMS/images/menuImageContainerLeftLine.gif HTTP/1.1" 200 126 "http://sl.zpms.si/varpulis/_css/78_default.css.gz" "Mozilla/5.0 (Windows; U; Windows NT 5.1; sl; rv:1.9.0.6) Gecko/2009011913 Firefox/3.0.6"
89.143.133.214 - - [01/Mar/2009:09:05:09 +0100] "GET /themes/ZPMS/images/menuImageContainerRightLine.gif HTTP/1.1" 200 377 "http://sl.zpms.si/varpulis/_css/78_default.css.gz" "Mozilla/5.0 (Windows; U; Windows NT 5.1; sl; rv:1.9.0.6) Gecko/2009011913 Firefox/3.0.6"
89.143.133.214 - - [01/Mar/2009:09:05:09 +0100] "GET /themes/ZPMS/images/searchInput.gif HTTP/1.1" 200 758 "http://sl.zpms.si/varpulis/_css/78_default.css.gz" "Mozilla/5.0 (Windows; U; Windows NT 5.1; sl; rv:1.9.0.6) Gecko/2009011913 Firefox/3.0.6"
89.143.133.214 - - [01/Mar/2009:09:05:09 +0100] "GET /themes/ZPMS/images/companyinfoContainerLeftLine.gif HTTP/1.1" 200 118 "http://sl.zpms.si/varpulis/_css/78_default.css.gz" "Mozilla/5.0 (Windows; U; Windows NT 5.1; sl; rv:1.9.0.6) Gecko/2009011913 Firefox/3.0.6"
89.143.133.214 - - [01/Mar/2009:09:05:09 +0100] "GET /themes/ZPMS/images/companyinfoContainerRightLine.gif HTTP/1.1" 200 298 "http://sl.zpms.si/varpulis/_css/78_default.css.gz" "Mozilla/5.0 (Windows; U; Windows NT 5.1; sl; rv:1.9.0.6) Gecko/2009011913 Firefox/3.0.6"
89.143.133.214 - - [01/Mar/2009:09:05:09 +0100] "GET /themes/ZPMS/images/contentTop.gif HTTP/1.1" 200 599 "http://sl.zpms.si/varpulis/_css/78_default.css.gz" "Mozilla/5.0 (Windows; U; Windows NT 5.1; sl; rv:1.9.0.6) Gecko/2009011913 Firefox/3.0.6"
89.143.133.214 - - [01/Mar/2009:09:05:09 +0100] "GET /themes/ZPMS/images/contentBottom.gif HTTP/1.1" 200 599 "http://sl.zpms.si/varpulis/_css/78_default.css.gz" "Mozilla/5.0 (Windows; U; Windows NT 5.1; sl; rv:1.9.0.6) Gecko/2009011913 Firefox/3.0.6"
89.143.133.214 - - [01/Mar/2009:09:05:09 +0100] "GET /themes/ZPMS/images/mImage1.jpg HTTP/1.1" 200 10882 "http://sl.zpms.si/" "Mozilla/5.0 (Windows; U; Windows NT 5.1; sl; rv:1.9.0.6) Gecko/2009011913 Firefox/3.0.6"
89.143.133.214 - - [01/Mar/2009:09:05:09 +0100] "GET /favicon.ico HTTP/1.1" 404 1816 "-" "Mozilla/5.0 (Windows; U; Windows NT 5.1; sl; rv:1.9.0.6) Gecko/2009011913 Firefox/3.0.6"
89.143.133.214 - - [01/Mar/2009:09:05:12 +0100] "GET /favicon.ico HTTP/1.1" 404 1816 "-" "Mozilla/5.0 (Windows; U; Windows NT 5.1; sl; rv:1.9.0.6) Gecko/2009011913 Firefox/3.0.6"
88.200.65.177 - - [01/Mar/2009:09:17:26 +0100] "GET /aktualno/text/javascript HTTP/1.0" 404 1829 "-" "panthera/Nutch-0.9 (ignoreme; www.pantera.com; mail@pantera.com)"
88.200.65.177 - - [01/Mar/2009:09:24:28 +0100] "GET /fotogalerija/2005/zpms-ob-medn-konferenci-o-nasilju-672005/text/javascript HTTP/1.0" 404 1879 "-" "panthera/Nutch-0.9 (ignoreme; www.pantera.com; mail@pantera.com)"
217.212.224.183 - - [01/Mar/2009:09:29:02 +0100] "GET /robots.txt HTTP/1.0" 200 147 "-" "psbot/0.1 (+http://www.picsearch.com/bot.html)"
217.212.224.182 - - [01/Mar/2009:09:29:02 +0100] "GET /fotogalerija/2005/druzine-se-predstavijo-26112005/ HTTP/1.0" 200 19358 "-" "psbot/0.1 (+http://www.picsearch.com/bot.html)"
72.30.142.226 - - [01/Mar/2009:09:29:23 +0100] "GET /robots.txt HTTP/1.0" 200 147 "-" "Mozilla/5.0 (compatible; Yahoo! Slurp; http://help.yahoo.com/help/us/ysearch/slurp)"
72.30.142.226 - - [01/Mar/2009:09:29:23 +0100] "GET /fotogalerija/2005/ HTTP/1.0" 200 3022 "-" "Mozilla/5.0 (compatible; Yahoo! Slurp; http://help.yahoo.com/help/us/ysearch/slurp)"
72.30.142.226 - - [01/Mar/2009:09:29:24 +0100] "GET /programi/v-imenu-prihodnosti/ HTTP/1.0" 200 3089 "-" "Mozilla/5.0 (compatible; Yahoo! Slurp; http://help.yahoo.com/help/us/ysearch/slurp)"
208.80.194.33 - - [01/Mar/2009:09:37:38 +0100] "GET / HTTP/1.0" 200 12577 "-" "Mozilla/4.0 (compatible; MSIE 7.0; Windows NT 5.1; SIMBAR={E8CDB979-895C-44a7-A7AA-94716DF46442}; .NET CLR 1.0.3705; .NET CLR 1.1.4322; Media Center PC 4.0; .NET CLR 2.0.50727)"
67.195.37.156 - - [01/Mar/2009:09:41:56 +0100] "GET /kontakt/ HTTP/1.0" 200 3507 "-" "Mozilla/5.0 (compatible; Yahoo! Slurp; http://help.yahoo.com/help/us/ysearch/slurp)"
67.195.37.156 - - [01/Mar/2009:09:43:55 +0100] "GET /programi/tom-telefon/ HTTP/1.0" 200 3174 "-" "Mozilla/5.0 (compatible; Yahoo! Slurp/3.0; http://help.yahoo.com/help/us/ysearch/slurp)"
84.255.237.241 - - [01/Mar/2009:09:55:43 +0100] "GET /robots.txt HTTP/1.0" 200 147 "-" "BabalooSpider/1.3 (BabalooSpider; http://www.babaloo.si; spider@babaloo.si)"
84.255.237.241 - - [01/Mar/2009:09:55:46 +0100] "GET /themes/ZPMS/wz_tooltip.js HTTP/1.0" 200 16542 "-" "BabalooSpider/1.3 (BabalooSpider; http://www.babaloo.si; spider@babaloo.si)"
84.255.237.241 - - [01/Mar/2009:09:57:42 +0100] "GET /robots.txt HTTP/1.0" 200 147 "-" "BabalooSpider/1.3 (BabalooSpider; http://www.babaloo.si; spider@babaloo.si)"
84.255.237.241 - - [01/Mar/2009:09:57:44 +0100] "GET /themes/ZPMS/wz_tooltip.js HTTP/1.0" 200 16542 "-" "BabalooSpider/1.3 (BabalooSpider; http://www.babaloo.si; spider@babaloo.si)"
208.80.194.41 - - [01/Mar/2009:10:08:06 +0100] "GET / HTTP/1.0" 200 16263 "-" "Mozilla/4.0 (compatible; MSIE 7.0; Windows NT 5.1; SIMBAR={7D4FCA5C-3ED7-4a50-BDB7-770E9F4CF12B}; .NET CLR 1.1.4322; .NET CLR 2.0.50727)"
66.249.72.138 - - [01/Mar/2009:10:14:04 +0100] "GET /fotogalerija/2006/srecanje-mladih-zgodovinarjev-savudrija/ HTTP/1.1" 200 4319 "-" "Mozilla/5.0 (compatible; Googlebot/2.1; +http://www.google.com/bot.html)"
89.143.106.204 - - [01/Mar/2009:10:29:41 +0100] "GET /programi/evropa-v-soli/ HTTP/1.1" 200 4246 "http://www.google.si/search?hl=sl&q=evropa+v+%C5%A1oli&meta=&aq=f&oq=" "Mozilla/4.0 (compatible; MSIE 7.0; Windows NT 5.1; .NET CLR 1.1.4322; .NET CLR 2.0.50727)"
89.143.106.204 - - [01/Mar/2009:10:29:42 +0100] "GET /varpulis/_js/basic.js.gz HTTP/1.1" 304 - "http://sl.zpms.si/programi/evropa-v-soli/" "Mozilla/4.0 (compatible; MSIE 7.0; Windows NT 5.1; .NET CLR 1.1.4322; .NET CLR 2.0.50727)"
89.143.106.204 - - [01/Mar/2009:10:29:42 +0100] "GET /varpulis/_js/78_menu.js.gz HTTP/1.1" 304 - "http://sl.zpms.si/programi/evropa-v-soli/" "Mozilla/4.0 (compatible; MSIE 7.0; Windows NT 5.1; .NET CLR 1.1.4322; .NET CLR 2.0.50727)"
89.143.106.204 - - [01/Mar/2009:10:29:42 +0100] "GET /varpulis/_css/78_default.css.gz HTTP/1.1" 304 - "http://sl.zpms.si/programi/evropa-v-soli/" "Mozilla/4.0 (compatible; MSIE 7.0; Windows NT 5.1; .NET CLR 1.1.4322; .NET CLR 2.0.50727)"
89.143.106.204 - - [01/Mar/2009:10:29:42 +0100] "GET /imageColorReplace.php?source=images/backgrounds/ozadje41.png&destination=bgImage_body&format=png&color1=E9B649&color2=E9B649 HTTP/1.1" 200 114 "http://sl.zpms.si/programi/evropa-v-soli/" "Mozilla/4.0 (compatible; MSIE 7.0; Windows NT 5.1; .NET CLR 1.1.4322; .NET CLR 2.0.50727)"
89.143.106.204 - - [01/Mar/2009:10:29:42 +0100] "GET /imageFill.php?source=themes/ZPMS/images/ul.png&color=0055A6 HTTP/1.1" 200 92 "http://sl.zpms.si/programi/evropa-v-soli/" "Mozilla/4.0 (compatible; MSIE 7.0; Windows NT 5.1; .NET CLR 1.1.4322; .NET CLR 2.0.50727)"
89.143.106.204 - - [01/Mar/2009:10:29:43 +0100] "GET /themes/ZPMS/images/ico1.gif HTTP/1.1" 304 - "http://sl.zpms.si/programi/evropa-v-soli/" "Mozilla/4.0 (compatible; MSIE 7.0; Windows NT 5.1; .NET CLR 1.1.4322; .NET CLR 2.0.50727)"
89.143.106.204 - - [01/Mar/2009:10:29:43 +0100] "GET /themes/ZPMS/images/ico2.gif HTTP/1.1" 304 - "http://sl.zpms.si/programi/evropa-v-soli/" "Mozilla/4.0 (compatible; MSIE 7.0; Windows NT 5.1; .NET CLR 1.1.4322; .NET CLR 2.0.50727)"
89.143.106.204 - - [01/Mar/2009:10:29:43 +0100] "GET /themes/ZPMS/images/ico3.gif HTTP/1.1" 304 - "http://sl.zpms.si/programi/evropa-v-soli/" "Mozilla/4.0 (compatible; MSIE 7.0; Windows NT 5.1; .NET CLR 1.1.4322; .NET CLR 2.0.50727)"
89.143.106.204 - - [01/Mar/2009:10:29:43 +0100] "GET /themes/ZPMS/images/ico4.gif HTTP/1.1" 304 - "http://sl.zpms.si/programi/evropa-v-soli/" "Mozilla/4.0 (compatible; MSIE 7.0; Windows NT 5.1; .NET CLR 1.1.4322; .NET CLR 2.0.50727)"
89.143.106.204 - - [01/Mar/2009:10:29:43 +0100] "GET /themes/ZPMS/images/ico5.gif HTTP/1.1" 304 - "http://sl.zpms.si/programi/evropa-v-soli/" "Mozilla/4.0 (compatible; MSIE 7.0; Windows NT 5.1; .NET CLR 1.1.4322; .NET CLR 2.0.50727)"
89.143.106.204 - - [01/Mar/2009:10:29:43 +0100] "GET /themes/ZPMS/images/ico6.gif HTTP/1.1" 304 - "http://sl.zpms.si/programi/evropa-v-soli/" "Mozilla/4.0 (compatible; MSIE 7.0; Windows NT 5.1; .NET CLR 1.1.4322; .NET CLR 2.0.50727)"
89.143.106.204 - - [01/Mar/2009:10:29:43 +0100] "GET /themes/ZPMS/images/ico7.gif HTTP/1.1" 304 - "http://sl.zpms.si/programi/evropa-v-soli/" "Mozilla/4.0 (compatible; MSIE 7.0; Windows NT 5.1; .NET CLR 1.1.4322; .NET CLR 2.0.50727)"
89.143.106.204 - - [01/Mar/2009:10:29:43 +0100] "GET /themes/ZPMS/images/ico8.gif HTTP/1.1" 304 - "http://sl.zpms.si/programi/evropa-v-soli/" "Mozilla/4.0 (compatible; MSIE 7.0; Windows NT 5.1; .NET CLR 1.1.4322; .NET CLR 2.0.50727)"
89.143.106.204 - - [01/Mar/2009:10:29:43 +0100] "GET /themes/ZPMS/images/ico9.gif HTTP/1.1" 304 - "http://sl.zpms.si/programi/evropa-v-soli/" "Mozilla/4.0 (compatible; MSIE 7.0; Windows NT 5.1; .NET CLR 1.1.4322; .NET CLR 2.0.50727)"
89.143.106.204 - - [01/Mar/2009:10:29:43 +0100] "GET /sitedata/78/media/logo.jpg HTTP/1.1" 304 - "http://sl.zpms.si/programi/evropa-v-soli/" "Mozilla/4.0 (compatible; MSIE 7.0; Windows NT 5.1; .NET CLR 1.1.4322; .NET CLR 2.0.50727)"
89.143.106.204 - - [01/Mar/2009:10:29:43 +0100] "GET /themes/ZPMS/images/menuImage.gif HTTP/1.1" 304 - "http://sl.zpms.si/programi/evropa-v-soli/" "Mozilla/4.0 (compatible; MSIE 7.0; Windows NT 5.1; .NET CLR 1.1.4322; .NET CLR 2.0.50727)"
89.143.106.204 - - [01/Mar/2009:10:29:43 +0100] "GET /imageColor.php?source=http://sl.zpms.si/themes/ZPMS/images/search_btn.png&color1=0055A6 HTTP/1.1" 200 481 "http://sl.zpms.si/programi/evropa-v-soli/" "Mozilla/4.0 (compatible; MSIE 7.0; Windows NT 5.1; .NET CLR 1.1.4322; .NET CLR 2.0.50727)"
89.143.106.204 - - [01/Mar/2009:10:29:43 +0100] "GET /themes/ZPMS/wz_tooltip.js HTTP/1.1" 304 - "http://sl.zpms.si/programi/evropa-v-soli/" "Mozilla/4.0 (compatible; MSIE 7.0; Windows NT 5.1; .NET CLR 1.1.4322; .NET CLR 2.0.50727)"
89.143.106.204 - - [01/Mar/2009:10:29:43 +0100] "GET /themes/ZPMS/images/mImage1.jpg HTTP/1.1" 304 - "http://sl.zpms.si/programi/evropa-v-soli/" "Mozilla/4.0 (compatible; MSIE 7.0; Windows NT 5.1; .NET CLR 1.1.4322; .NET CLR 2.0.50727)"
89.143.106.204 - - [01/Mar/2009:10:29:43 +0100] "GET /themes/ZPMS/images/contentTop.gif HTTP/1.1" 304 - "http://sl.zpms.si/programi/evropa-v-soli/" "Mozilla/4.0 (compatible; MSIE 7.0; Windows NT 5.1; .NET CLR 1.1.4322; .NET CLR 2.0.50727)"
89.143.106.204 - - [01/Mar/2009:10:29:43 +0100] "GET /themes/ZPMS/images/menuImageContainerRightLine.gif HTTP/1.1" 304 - "http://sl.zpms.si/programi/evropa-v-soli/" "Mozilla/4.0 (compatible; MSIE 7.0; Windows NT 5.1; .NET CLR 1.1.4322; .NET CLR 2.0.50727)"
89.143.106.204 - - [01/Mar/2009:10:29:43 +0100] "GET /themes/ZPMS/images/searchInput.gif HTTP/1.1" 304 - "http://sl.zpms.si/programi/evropa-v-soli/" "Mozilla/4.0 (compatible; MSIE 7.0; Windows NT 5.1; .NET CLR 1.1.4322; .NET CLR 2.0.50727)"
89.143.106.204 - - [01/Mar/2009:10:29:43 +0100] "GET /themes/ZPMS/images/companyinfoContainerLeftLine.gif HTTP/1.1" 304 - "http://sl.zpms.si/programi/evropa-v-soli/" "Mozilla/4.0 (compatible; MSIE 7.0; Windows NT 5.1; .NET CLR 1.1.4322; .NET CLR 2.0.50727)"
89.143.106.204 - - [01/Mar/2009:10:29:43 +0100] "GET /themes/ZPMS/images/companyinfoContainerRightLine.gif HTTP/1.1" 304 - "http://sl.zpms.si/programi/evropa-v-soli/" "Mozilla/4.0 (compatible; MSIE 7.0; Windows NT 5.1; .NET CLR 1.1.4322; .NET CLR 2.0.50727)"
89.143.106.204 - - [01/Mar/2009:10:29:43 +0100] "GET /themes/ZPMS/images/menuImageContainerLeftLine.gif HTTP/1.1" 304 - "http://sl.zpms.si/programi/evropa-v-soli/" "Mozilla/4.0 (compatible; MSIE 7.0; Windows NT 5.1; .NET CLR 1.1.4322; .NET CLR 2.0.50727)"
89.143.106.204 - - [01/Mar/2009:10:29:43 +0100] "GET /themes/ZPMS/images/contentBottom.gif HTTP/1.1" 304 - "http://sl.zpms.si/programi/evropa-v-soli/" "Mozilla/4.0 (compatible; MSIE 7.0; Windows NT 5.1; .NET CLR 1.1.4322; .NET CLR 2.0.50727)"
89.143.106.204 - - [01/Mar/2009:10:29:45 +0100] "GET /sitedata/78/upload/File/IMAM%20IDEJO%20-%201.%20del.pdf HTTP/1.1" 200 5558141 "http://sl.zpms.si/programi/evropa-v-soli/" "Mozilla/4.0 (compatible; MSIE 7.0; Windows NT 5.1; .NET CLR 1.1.4322; .NET CLR 2.0.50727)"
89.143.106.204 - - [01/Mar/2009:10:29:51 +0100] "GET /sitedata/78/upload/File/IMAM%20IDEJO%20-%201.%20del.pdf HTTP/1.1" 206 10018 "-" "Mozilla/4.0 (compatible; MSIE 7.0; Windows NT 5.1; .NET CLR 1.1.4322; .NET CLR 2.0.50727)"
89.143.106.204 - - [01/Mar/2009:10:29:51 +0100] "GET /sitedata/78/upload/File/IMAM%20IDEJO%20-%201.%20del.pdf HTTP/1.1" 206 47 "-" "Mozilla/4.0 (compatible; MSIE 7.0; Windows NT 5.1; .NET CLR 1.1.4322; .NET CLR 2.0.50727)"
89.143.106.204 - - [01/Mar/2009:10:29:51 +0100] "GET /sitedata/78/upload/File/IMAM%20IDEJO%20-%201.%20del.pdf HTTP/1.1" 206 4096 "-" "Mozilla/4.0 (compatible; MSIE 7.0; Windows NT 5.1; .NET CLR 1.1.4322; .NET CLR 2.0.50727)"
89.143.106.204 - - [01/Mar/2009:10:29:51 +0100] "GET /sitedata/78/upload/File/IMAM%20IDEJO%20-%201.%20del.pdf HTTP/1.1" 206 4096 "-" "Mozilla/4.0 (compatible; MSIE 7.0; Windows NT 5.1; .NET CLR 1.1.4322; .NET CLR 2.0.50727)"
89.143.106.204 - - [01/Mar/2009:10:29:52 +0100] "GET /sitedata/78/upload/File/IMAM%20IDEJO%20-%201.%20del.pdf HTTP/1.1" 206 689038 "-" "Mozilla/4.0 (compatible; MSIE 7.0; Windows NT 5.1; .NET CLR 1.1.4322; .NET CLR 2.0.50727)"
89.143.106.204 - - [01/Mar/2009:10:30:07 +0100] "GET /sitedata/78/upload/File/IMAM%20IDEJO%20-%201.%20del.pdf HTTP/1.1" 206 53221 "-" "Mozilla/4.0 (compatible; MSIE 7.0; Windows NT 5.1; .NET CLR 1.1.4322; .NET CLR 2.0.50727)"
89.143.106.204 - - [01/Mar/2009:10:30:08 +0100] "GET /sitedata/78/upload/File/IMAM%20IDEJO%20-%201.%20del.pdf HTTP/1.1" 206 15516 "-" "Mozilla/4.0 (compatible; MSIE 7.0; Windows NT 5.1; .NET CLR 1.1.4322; .NET CLR 2.0.50727)"
89.143.106.204 - - [01/Mar/2009:10:30:08 +0100] "GET /sitedata/78/upload/File/IMAM%20IDEJO%20-%201.%20del.pdf HTTP/1.1" 206 126659 "-" "Mozilla/4.0 (compatible; MSIE 7.0; Windows NT 5.1; .NET CLR 1.1.4322; .NET CLR 2.0.50727)"
89.143.106.204 - - [01/Mar/2009:10:30:10 +0100] "GET /sitedata/78/upload/File/IMAM%20IDEJO%20-%201.%20del.pdf HTTP/1.1" 206 2360271 "-" "Mozilla/4.0 (compatible; MSIE 7.0; Windows NT 5.1; .NET CLR 1.1.4322; .NET CLR 2.0.50727)"
89.143.106.204 - - [01/Mar/2009:10:30:57 +0100] "GET /sitedata/78/upload/File/IMAM%20IDEJO%20-%201.%20del.pdf HTTP/1.1" 206 102864 "-" "Mozilla/4.0 (compatible; MSIE 7.0; Windows NT 5.1; .NET CLR 1.1.4322; .NET CLR 2.0.50727)"
89.143.106.204 - - [01/Mar/2009:10:31:00 +0100] "GET /sitedata/78/upload/File/IMAM%20IDEJO%20-%201.%20del.pdf HTTP/1.1" 206 169226 "-" "Mozilla/4.0 (compatible; MSIE 7.0; Windows NT 5.1; .NET CLR 1.1.4322; .NET CLR 2.0.50727)"
89.143.106.204 - - [01/Mar/2009:10:31:02 +0100] "GET /sitedata/78/upload/File/IMAM%20IDEJO%20-%201.%20del.pdf HTTP/1.1" 206 132464 "-" "Mozilla/4.0 (compatible; MSIE 7.0; Windows NT 5.1; .NET CLR 1.1.4322; .NET CLR 2.0.50727)"
89.143.106.204 - - [01/Mar/2009:10:31:04 +0100] "GET /sitedata/78/upload/File/IMAM%20IDEJO%20-%201.%20del.pdf HTTP/1.1" 206 58639 "-" "Mozilla/4.0 (compatible; MSIE 7.0; Windows NT 5.1; .NET CLR 1.1.4322; .NET CLR 2.0.50727)"
89.143.106.204 - - [01/Mar/2009:10:31:05 +0100] "GET /sitedata/78/upload/File/IMAM%20IDEJO%20-%201.%20del.pdf HTTP/1.1" 206 113769 "-" "Mozilla/4.0 (compatible; MSIE 7.0; Windows NT 5.1; .NET CLR 1.1.4322; .NET CLR 2.0.50727)"
89.143.106.204 - - [01/Mar/2009:10:31:06 +0100] "GET /sitedata/78/upload/File/IMAM%20IDEJO%20-%201.%20del.pdf HTTP/1.1" 206 177372 "-" "Mozilla/4.0 (compatible; MSIE 7.0; Windows NT 5.1; .NET CLR 1.1.4322; .NET CLR 2.0.50727)"
89.143.106.204 - - [01/Mar/2009:10:31:09 +0100] "GET /sitedata/78/upload/File/IMAM%20IDEJO%20-%201.%20del.pdf HTTP/1.1" 206 78726 "-" "Mozilla/4.0 (compatible; MSIE 7.0; Windows NT 5.1; .NET CLR 1.1.4322; .NET CLR 2.0.50727)"
89.143.106.204 - - [01/Mar/2009:10:31:10 +0100] "GET /sitedata/78/upload/File/IMAM%20IDEJO%20-%201.%20del.pdf HTTP/1.1" 206 1127374 "-" "Mozilla/4.0 (compatible; MSIE 7.0; Windows NT 5.1; .NET CLR 1.1.4322; .NET CLR 2.0.50727)"
89.143.106.204 - - [01/Mar/2009:10:31:32 +0100] "GET /sitedata/78/upload/File/IMAM%20IDEJO%20-%201.%20del.pdf HTTP/1.1" 206 224437 "-" "Mozilla/4.0 (compatible; MSIE 7.0; Windows NT 5.1; .NET CLR 1.1.4322; .NET CLR 2.0.50727)"
89.143.106.204 - - [01/Mar/2009:10:31:36 +0100] "GET /sitedata/78/upload/File/IMAM%20IDEJO%20-%201.%20del.pdf HTTP/1.1" 206 36693 "-" "Mozilla/4.0 (compatible; MSIE 7.0; Windows NT 5.1; .NET CLR 1.1.4322; .NET CLR 2.0.50727)"
88.200.65.177 - - [01/Mar/2009:10:33:26 +0100] "GET /fotogalerija/2006/16-nacionalni-otroski-parlament/text/javascript HTTP/1.0" 404 1870 "-" "panthera/Nutch-0.9 (ignoreme; www.pantera.com; mail@pantera.com)"
89.142.22.103 - - [01/Mar/2009:10:43:44 +0100] "GET /programi/bralna-znacka/ HTTP/1.1" 200 3566 "http://www.google.si/search?q=bralna+zna%C4%8Dka&btnG=Iskanje&hl=sl&client=firefox-a&channel=s&rls=org.mozilla%3Asl%3Aofficial&hs=1zh&sa=2" "Mozilla/5.0 (Windows; U; Windows NT 6.0; sl; rv:1.9.0.6) Gecko/2009011913 Firefox/3.0.6"
89.142.22.103 - - [01/Mar/2009:10:43:45 +0100] "GET /varpulis/_js/basic.js.gz HTTP/1.1" 200 4474 "http://sl.zpms.si/programi/bralna-znacka/" "Mozilla/5.0 (Windows; U; Windows NT 6.0; sl; rv:1.9.0.6) Gecko/2009011913 Firefox/3.0.6"
89.142.22.103 - - [01/Mar/2009:10:43:45 +0100] "GET /varpulis/_js/78_menu.js.gz HTTP/1.1" 200 9425 "http://sl.zpms.si/programi/bralna-znacka/" "Mozilla/5.0 (Windows; U; Windows NT 6.0; sl; rv:1.9.0.6) Gecko/2009011913 Firefox/3.0.6"
89.142.22.103 - - [01/Mar/2009:10:43:45 +0100] "GET /varpulis/_css/78_default.css.gz HTTP/1.1" 200 6161 "http://sl.zpms.si/programi/bralna-znacka/" "Mozilla/5.0 (Windows; U; Windows NT 6.0; sl; rv:1.9.0.6) Gecko/2009011913 Firefox/3.0.6"
89.142.22.103 - - [01/Mar/2009:10:43:45 +0100] "GET /imageColorReplace.php?source=images/backgrounds/ozadje41.png&destination=bgImage_body&format=png&color1=E9B649&color2=E9B649 HTTP/1.1" 200 114 "http://sl.zpms.si/varpulis/_css/78_default.css.gz" "Mozilla/5.0 (Windows; U; Windows NT 6.0; sl; rv:1.9.0.6) Gecko/2009011913 Firefox/3.0.6"
89.142.22.103 - - [01/Mar/2009:10:43:45 +0100] "GET /imageFill.php?source=themes/ZPMS/images/ul.png&color=0055A6 HTTP/1.1" 200 92 "http://sl.zpms.si/varpulis/_css/78_default.css.gz" "Mozilla/5.0 (Windows; U; Windows NT 6.0; sl; rv:1.9.0.6) Gecko/2009011913 Firefox/3.0.6"
89.142.22.103 - - [01/Mar/2009:10:43:45 +0100] "GET /themes/ZPMS/images/ico1.gif HTTP/1.1" 200 1928 "http://sl.zpms.si/programi/bralna-znacka/" "Mozilla/5.0 (Windows; U; Windows NT 6.0; sl; rv:1.9.0.6) Gecko/2009011913 Firefox/3.0.6"
89.142.22.103 - - [01/Mar/2009:10:43:45 +0100] "GET /themes/ZPMS/images/ico2.gif HTTP/1.1" 200 2280 "http://sl.zpms.si/programi/bralna-znacka/" "Mozilla/5.0 (Windows; U; Windows NT 6.0; sl; rv:1.9.0.6) Gecko/2009011913 Firefox/3.0.6"
89.142.22.103 - - [01/Mar/2009:10:43:45 +0100] "GET /themes/ZPMS/images/ico4.gif HTTP/1.1" 200 2212 "http://sl.zpms.si/programi/bralna-znacka/" "Mozilla/5.0 (Windows; U; Windows NT 6.0; sl; rv:1.9.0.6) Gecko/2009011913 Firefox/3.0.6"
89.142.22.103 - - [01/Mar/2009:10:43:45 +0100] "GET /themes/ZPMS/images/ico3.gif HTTP/1.1" 200 2596 "http://sl.zpms.si/programi/bralna-znacka/" "Mozilla/5.0 (Windows; U; Windows NT 6.0; sl; rv:1.9.0.6) Gecko/2009011913 Firefox/3.0.6"
89.142.22.103 - - [01/Mar/2009:10:43:45 +0100] "GET /themes/ZPMS/images/ico6.gif HTTP/1.1" 200 2461 "http://sl.zpms.si/programi/bralna-znacka/" "Mozilla/5.0 (Windows; U; Windows NT 6.0; sl; rv:1.9.0.6) Gecko/2009011913 Firefox/3.0.6"
89.142.22.103 - - [01/Mar/2009:10:43:45 +0100] "GET /themes/ZPMS/images/ico7.gif HTTP/1.1" 200 2141 "http://sl.zpms.si/programi/bralna-znacka/" "Mozilla/5.0 (Windows; U; Windows NT 6.0; sl; rv:1.9.0.6) Gecko/2009011913 Firefox/3.0.6"
89.142.22.103 - - [01/Mar/2009:10:43:45 +0100] "GET /themes/ZPMS/wz_tooltip.js HTTP/1.1" 200 16542 "http://sl.zpms.si/programi/bralna-znacka/" "Mozilla/5.0 (Windows; U; Windows NT 6.0; sl; rv:1.9.0.6) Gecko/2009011913 Firefox/3.0.6"
89.142.22.103 - - [01/Mar/2009:10:43:45 +0100] "GET /themes/ZPMS/images/ico8.gif HTTP/1.1" 200 2601 "http://sl.zpms.si/programi/bralna-znacka/" "Mozilla/5.0 (Windows; U; Windows NT 6.0; sl; rv:1.9.0.6) Gecko/2009011913 Firefox/3.0.6"
89.142.22.103 - - [01/Mar/2009:10:43:45 +0100] "GET /themes/ZPMS/images/ico9.gif HTTP/1.1" 200 2872 "http://sl.zpms.si/programi/bralna-znacka/" "Mozilla/5.0 (Windows; U; Windows NT 6.0; sl; rv:1.9.0.6) Gecko/2009011913 Firefox/3.0.6"
89.142.22.103 - - [01/Mar/2009:10:43:45 +0100] "GET /themes/ZPMS/images/menuImage.gif HTTP/1.1" 200 2406 "http://sl.zpms.si/programi/bralna-znacka/" "Mozilla/5.0 (Windows; U; Windows NT 6.0; sl; rv:1.9.0.6) Gecko/2009011913 Firefox/3.0.6"
89.142.22.103 - - [01/Mar/2009:10:43:45 +0100] "GET /sitedata/78/media/logo.jpg HTTP/1.1" 200 5825 "http://sl.zpms.si/programi/bralna-znacka/" "Mozilla/5.0 (Windows; U; Windows NT 6.0; sl; rv:1.9.0.6) Gecko/2009011913 Firefox/3.0.6"
89.142.22.103 - - [01/Mar/2009:10:43:45 +0100] "GET /themes/ZPMS/images/ico5.gif HTTP/1.1" 200 2609 "http://sl.zpms.si/programi/bralna-znacka/" "Mozilla/5.0 (Windows; U; Windows NT 6.0; sl; rv:1.9.0.6) Gecko/2009011913 Firefox/3.0.6"
89.142.22.103 - - [01/Mar/2009:10:43:45 +0100] "GET /themes/ZPMS/images/menuImageContainerLeftLine.gif HTTP/1.1" 200 126 "http://sl.zpms.si/varpulis/_css/78_default.css.gz" "Mozilla/5.0 (Windows; U; Windows NT 6.0; sl; rv:1.9.0.6) Gecko/2009011913 Firefox/3.0.6"
89.142.22.103 - - [01/Mar/2009:10:43:45 +0100] "GET /themes/ZPMS/images/menuImageContainerRightLine.gif HTTP/1.1" 200 377 "http://sl.zpms.si/varpulis/_css/78_default.css.gz" "Mozilla/5.0 (Windows; U; Windows NT 6.0; sl; rv:1.9.0.6) Gecko/2009011913 Firefox/3.0.6"
