66.249.70.109 - - [02/Oct/2024:18:01:44 +0200] "GET /index.php HTTP/1.1" 200 2912 "-" "Mozilla/5.0 (Linux; Android 6.0.1; Nexus 5X Build/MMB29P) AppleWebKit/537.36 (KHTML, like Gecko) Chrome/129.0.6668.70 Mobile Safari/537.36 (compatible; Googlebot/2.1; +http://www.google.com/bot.html)"
66.249.70.108 - - [02/Oct/2024:18:14:45 +0200] "GET /authors/ HTTP/1.1" 200 1883 "-" "Mozilla/5.0 (Linux; Android 6.0.1; Nexus 5X Build/MMB29P) AppleWebKit/537.36 (KHTML, like Gecko) Chrome/129.0.6668.70 Mobile Safari/537.36 (compatible; Googlebot/2.1; +http://www.google.com/bot.html)"
66.249.70.108 - - [02/Oct/2024:18:14:46 +0200] "GET /login/ HTTP/1.1" 200 2176 "-" "Mozilla/5.0 (Linux; Android 6.0.1; Nexus 5X Build/MMB29P) AppleWebKit/537.36 (KHTML, like Gecko) Chrome/129.0.6668.70 Mobile Safari/537.36 (compatible; Googlebot/2.1; +http://www.google.com/bot.html)"
43.153.93.68 - - [02/Oct/2024:18:16:07 +0200] "GET / HTTP/1.1" 301 230 "-" "Mozilla/5.0 (iPhone; CPU iPhone OS 13_2_3 like Mac OS X) AppleWebKit/605.1.15 (KHTML, like Gecko) Version/13.0.3 Mobile/15E148 Safari/604.1"
43.153.93.68 - - [02/Oct/2024:18:16:11 +0200] "GET / HTTP/1.1" 200 2810 "http://www.termo-mr.si" "Mozilla/5.0 (iPhone; CPU iPhone OS 13_2_3 like Mac OS X) AppleWebKit/605.1.15 (KHTML, like Gecko) Version/13.0.3 Mobile/15E148 Safari/604.1"
66.249.70.108 - - [02/Oct/2024:18:17:55 +0200] "GET /contact/ HTTP/1.1" 200 2026 "-" "Mozilla/5.0 (Linux; Android 6.0.1; Nexus 5X Build/MMB29P) AppleWebKit/537.36 (KHTML, like Gecko) Chrome/129.0.6668.70 Mobile Safari/537.36 (compatible; Googlebot/2.1; +http://www.google.com/bot.html)"
66.249.70.109 - - [02/Oct/2024:18:25:55 +0200] "GET /catalogue-pdf/ HTTP/1.1" 200 1877 "-" "Mozilla/5.0 (Linux; Android 6.0.1; Nexus 5X Build/MMB29P) AppleWebKit/537.36 (KHTML, like Gecko) Chrome/129.0.6668.70 Mobile Safari/537.36 (compatible; Googlebot/2.1; +http://www.google.com/bot.html)"
212.44.113.11 - - [02/Oct/2024:19:52:03 +0200] "GET /.well-known/acme-challenge/P4C9SOBUMHFFCH2PH9PIL0JCDLE8_DCM HTTP/1.1" 301 289 "-" "Cpanel-HTTP-Client/1.0"
212.44.113.11 - - [02/Oct/2024:19:52:03 +0200] "GET /.well-known/acme-challenge/P4C9SOBUMHFFCH2PH9PIL0JCDLE8_DCM HTTP/1.1" 404 - "-" "Cpanel-HTTP-Client/1.0"
212.44.113.11 - - [02/Oct/2024:19:52:03 +0200] "GET /.well-known/acme-challenge/E33ON5_R1KWU_6V1KMH7AO35RZI4Q9OE HTTP/1.1" 301 289 "-" "Cpanel-HTTP-Client/1.0"
212.44.113.11 - - [02/Oct/2024:19:52:03 +0200] "GET /.well-known/acme-challenge/E33ON5_R1KWU_6V1KMH7AO35RZI4Q9OE HTTP/1.1" 404 - "-" "Cpanel-HTTP-Client/1.0"
91.132.72.108 - - [02/Oct/2024:20:21:44 +0200] "HEAD / HTTP/1.1" 301 - "-" "Mozilla/4.0 (compatible; Win32; WinHttp.WinHttpRequest.5)"
91.132.72.108 - - [02/Oct/2024:20:21:44 +0200] "HEAD / HTTP/1.1" 200 - "-" "Mozilla/4.0 (compatible; Win32; WinHttp.WinHttpRequest.5)"
212.44.113.11 - - [02/Oct/2024:22:52:02 +0200] "GET /.well-known/acme-challenge/SR8FGT5JCS62X8_6I-GZPD_3H1IIFY4S HTTP/1.1" 301 289 "-" "Cpanel-HTTP-Client/1.0"
212.44.113.11 - - [02/Oct/2024:22:52:02 +0200] "GET /.well-known/acme-challenge/SR8FGT5JCS62X8_6I-GZPD_3H1IIFY4S HTTP/1.1" 404 - "-" "Cpanel-HTTP-Client/1.0"
212.44.113.11 - - [02/Oct/2024:22:52:02 +0200] "GET /.well-known/acme-challenge/KVRO9KL28-0FJYJ5E3LQJ9JBH68HWJAU HTTP/1.1" 301 289 "-" "Cpanel-HTTP-Client/1.0"
212.44.113.11 - - [02/Oct/2024:22:52:02 +0200] "GET /.well-known/acme-challenge/KVRO9KL28-0FJYJ5E3LQJ9JBH68HWJAU HTTP/1.1" 404 - "-" "Cpanel-HTTP-Client/1.0"
3.86.63.209 - - [02/Oct/2024:22:55:16 +0200] "GET / HTTP/1.1" 200 2810 "-" "Mozilla/5.0 (X11; Linux x86_64) AppleWebKit/537.36 (KHTML, like Gecko) HeadlessChrome/99.0.4844.0 Safari/537.36"
3.86.63.209 - - [02/Oct/2024:22:55:17 +0200] "GET /varpulis/_js/basic.js.gz HTTP/1.1" 200 4469 "http://sl.termo-mr.si/" "Mozilla/5.0 (X11; Linux x86_64) AppleWebKit/537.36 (KHTML, like Gecko) HeadlessChrome/99.0.4844.0 Safari/537.36"
3.86.63.209 - - [02/Oct/2024:22:55:17 +0200] "GET /varpulis/_css/16_default.css HTTP/1.1" 200 26380 "http://sl.termo-mr.si/" "Mozilla/5.0 (X11; Linux x86_64) AppleWebKit/537.36 (KHTML, like Gecko) HeadlessChrome/99.0.4844.0 Safari/537.36"
3.86.63.209 - - [02/Oct/2024:22:55:17 +0200] "GET /themes/Zebra/images/corner_tl.gif HTTP/1.1" 200 122 "http://sl.termo-mr.si/" "Mozilla/5.0 (X11; Linux x86_64) AppleWebKit/537.36 (KHTML, like Gecko) HeadlessChrome/99.0.4844.0 Safari/537.36"
3.86.63.209 - - [02/Oct/2024:22:55:17 +0200] "GET /sitedata/16/media/Logo.jpg HTTP/1.1" 200 5789 "http://sl.termo-mr.si/" "Mozilla/5.0 (X11; Linux x86_64) AppleWebKit/537.36 (KHTML, like Gecko) HeadlessChrome/99.0.4844.0 Safari/537.36"
3.86.63.209 - - [02/Oct/2024:22:55:17 +0200] "GET /themes/Zebra/images/corner_tr.gif HTTP/1.1" 200 124 "http://sl.termo-mr.si/" "Mozilla/5.0 (X11; Linux x86_64) AppleWebKit/537.36 (KHTML, like Gecko) HeadlessChrome/99.0.4844.0 Safari/537.36"
3.86.63.209 - - [02/Oct/2024:22:55:17 +0200] "GET /themes/Zebra/images/corner_bl.gif HTTP/1.1" 200 124 "http://sl.termo-mr.si/" "Mozilla/5.0 (X11; Linux x86_64) AppleWebKit/537.36 (KHTML, like Gecko) HeadlessChrome/99.0.4844.0 Safari/537.36"
212.44.99.47 - - [02/Oct/2024:22:55:17 +0200] "GET /themes/Zebra/images/corner_tl.png HTTP/1.0" 200 207 "-" "-"
3.86.63.209 - - [02/Oct/2024:22:55:17 +0200] "GET /imageFill.php?source=http://sl.termo-mr.si/themes/Zebra/images/corner_tl.png&color=822329 HTTP/1.1" 200 108 "http://sl.termo-mr.si/" "Mozilla/5.0 (X11; Linux x86_64) AppleWebKit/537.36 (KHTML, like Gecko) HeadlessChrome/99.0.4844.0 Safari/537.36"
3.86.63.209 - - [02/Oct/2024:22:55:17 +0200] "GET /getfile.php?idHash=67bef07f2666605c598643166d691d91 HTTP/1.1" 200 8200 "http://sl.termo-mr.si/" "Mozilla/5.0 (X11; Linux x86_64) AppleWebKit/537.36 (KHTML, like Gecko) HeadlessChrome/99.0.4844.0 Safari/537.36"
3.86.63.209 - - [02/Oct/2024:22:55:17 +0200] "GET /themes/Zebra/images/search_bg.gif HTTP/1.1" 200 170 "http://sl.termo-mr.si/varpulis/_css/16_default.css" "Mozilla/5.0 (X11; Linux x86_64) AppleWebKit/537.36 (KHTML, like Gecko) HeadlessChrome/99.0.4844.0 Safari/537.36"
3.86.63.209 - - [02/Oct/2024:22:55:17 +0200] "GET /themes/Zebra/images/lang_bg.gif HTTP/1.1" 200 138 "http://sl.termo-mr.si/varpulis/_css/16_default.css" "Mozilla/5.0 (X11; Linux x86_64) AppleWebKit/537.36 (KHTML, like Gecko) HeadlessChrome/99.0.4844.0 Safari/537.36"
3.86.63.209 - - [02/Oct/2024:22:55:17 +0200] "GET /getfile.php?idHash=679443d3aaeef001a83dd34f6f30d535 HTTP/1.1" 200 9125 "http://sl.termo-mr.si/" "Mozilla/5.0 (X11; Linux x86_64) AppleWebKit/537.36 (KHTML, like Gecko) HeadlessChrome/99.0.4844.0 Safari/537.36"
3.86.63.209 - - [02/Oct/2024:22:55:17 +0200] "GET /themes/Zebra/images/corner_br.gif HTTP/1.1" 200 120 "http://sl.termo-mr.si/" "Mozilla/5.0 (X11; Linux x86_64) AppleWebKit/537.36 (KHTML, like Gecko) HeadlessChrome/99.0.4844.0 Safari/537.36"
3.86.63.209 - - [02/Oct/2024:22:55:17 +0200] "GET /getfile.php?idHash=45f069554634670a1a656fbc96232b35 HTTP/1.1" 200 8424 "http://sl.termo-mr.si/" "Mozilla/5.0 (X11; Linux x86_64) AppleWebKit/537.36 (KHTML, like Gecko) HeadlessChrome/99.0.4844.0 Safari/537.36"
213.180.203.215 - - [03/Oct/2024:01:10:35 +0200] "GET /robots.txt HTTP/1.1" 200 147 "-" "Mozilla/5.0 (compatible; YandexBot/3.0; +http://yandex.com/bots)"
213.180.203.44 - - [03/Oct/2024:01:10:35 +0200] "GET /getfile.php?idHash=752ee5a12c46ecfdfd659f997ddccd80 HTTP/1.1" 200 19 "-" "Mozilla/5.0 (compatible; YandexImages/3.0; +http://yandex.com/bots)"
213.180.203.4 - - [03/Oct/2024:01:27:06 +0200] "GET /robots.txt HTTP/1.1" 200 147 "-" "Mozilla/5.0 (compatible; YandexBot/3.0; +http://yandex.com/bots)"
5.255.231.112 - - [03/Oct/2024:01:27:06 +0200] "GET /getfile.php?idHash=752ee5a12c46ecfdfd659f997ddccd80 HTTP/1.1" 200 19 "-" "Mozilla/5.0 (compatible; YandexBot/3.0; +http://yandex.com/bots)"
66.249.64.68 - - [03/Oct/2024:01:40:16 +0200] "GET /robots.txt HTTP/1.1" 200 147 "-" "Mozilla/5.0 (compatible; Googlebot/2.1; +http://www.google.com/bot.html)"
66.249.64.68 - - [03/Oct/2024:01:40:16 +0200] "GET / HTTP/1.1" 200 2810 "-" "Mozilla/5.0 (compatible; Googlebot/2.1; +http://www.google.com/bot.html)"
66.249.64.68 - - [03/Oct/2024:01:45:16 +0200] "GET / HTTP/1.1" 200 2810 "-" "Mozilla/5.0 (compatible; Googlebot/2.1; +http://www.google.com/bot.html)"
66.249.64.225 - - [03/Oct/2024:01:50:16 +0200] "GET /robots.txt HTTP/1.1" 301 240 "-" "Mozilla/5.0 (compatible; Googlebot/2.1; +http://www.google.com/bot.html)"
66.249.64.234 - - [03/Oct/2024:01:50:16 +0200] "GET / HTTP/1.1" 301 230 "-" "Mozilla/5.0 (compatible; Googlebot/2.1; +http://www.google.com/bot.html)"
66.249.64.66 - - [03/Oct/2024:01:50:17 +0200] "GET / HTTP/1.1" 200 2810 "-" "Mozilla/5.0 (compatible; Googlebot/2.1; +http://www.google.com/bot.html)"
212.44.113.11 - - [03/Oct/2024:01:52:05 +0200] "GET /.well-known/acme-challenge/9D92NB7Q_ZSFJ6-P2RCYRL5HVPS84YQX HTTP/1.1" 301 289 "-" "Cpanel-HTTP-Client/1.0"
212.44.113.11 - - [03/Oct/2024:01:52:05 +0200] "GET /.well-known/acme-challenge/9D92NB7Q_ZSFJ6-P2RCYRL5HVPS84YQX HTTP/1.1" 404 - "-" "Cpanel-HTTP-Client/1.0"
212.44.113.11 - - [03/Oct/2024:01:52:05 +0200] "GET /.well-known/acme-challenge/7BK2H687JVMM8XPBL4SCKZLKWRTTIEBW HTTP/1.1" 301 289 "-" "Cpanel-HTTP-Client/1.0"
212.44.113.11 - - [03/Oct/2024:01:52:05 +0200] "GET /.well-known/acme-challenge/7BK2H687JVMM8XPBL4SCKZLKWRTTIEBW HTTP/1.1" 404 - "-" "Cpanel-HTTP-Client/1.0"
66.249.64.224 - - [03/Oct/2024:01:55:16 +0200] "GET / HTTP/1.1" 301 230 "-" "Mozilla/5.0 (compatible; Googlebot/2.1; +http://www.google.com/bot.html)"
66.249.64.68 - - [03/Oct/2024:01:55:16 +0200] "GET / HTTP/1.1" 200 2810 "-" "Mozilla/5.0 (compatible; Googlebot/2.1; +http://www.google.com/bot.html)"
185.170.167.18 - - [03/Oct/2024:02:59:52 +0200] "GET /robots.txt HTTP/1.1" 200 147 "-" "Mozilla/5.0 (compatible; BacklinksExtendedBot)"
185.170.167.18 - - [03/Oct/2024:02:59:53 +0200] "GET / HTTP/1.1" 200 2912 "-" "Mozilla/5.0 (compatible; BacklinksExtendedBot)"
170.106.82.209 - - [03/Oct/2024:04:21:47 +0200] "GET / HTTP/1.1" 301 230 "-" "Mozilla/5.0 (iPhone; CPU iPhone OS 13_2_3 like Mac OS X) AppleWebKit/605.1.15 (KHTML, like Gecko) Version/13.0.3 Mobile/15E148 Safari/604.1"
170.106.82.209 - - [03/Oct/2024:04:21:51 +0200] "GET / HTTP/1.1" 200 2810 "http://termo-mr.si" "Mozilla/5.0 (iPhone; CPU iPhone OS 13_2_3 like Mac OS X) AppleWebKit/605.1.15 (KHTML, like Gecko) Version/13.0.3 Mobile/15E148 Safari/604.1"
212.44.113.11 - - [03/Oct/2024:04:52:27 +0200] "GET /.well-known/acme-challenge/8-1DLRVOIE1NO3PPO809WVUH4YXG81PJ HTTP/1.1" 301 289 "-" "Cpanel-HTTP-Client/1.0"
212.44.113.11 - - [03/Oct/2024:04:52:27 +0200] "GET /.well-known/acme-challenge/8-1DLRVOIE1NO3PPO809WVUH4YXG81PJ HTTP/1.1" 404 - "-" "Cpanel-HTTP-Client/1.0"
212.44.113.11 - - [03/Oct/2024:04:52:27 +0200] "GET /.well-known/acme-challenge/WACNJAT8QXOAVIT81TMEYQXQC-1-0LKN HTTP/1.1" 301 289 "-" "Cpanel-HTTP-Client/1.0"
212.44.113.11 - - [03/Oct/2024:04:52:27 +0200] "GET /.well-known/acme-challenge/WACNJAT8QXOAVIT81TMEYQXQC-1-0LKN HTTP/1.1" 404 - "-" "Cpanel-HTTP-Client/1.0"
178.46.104.106 - - [03/Oct/2024:05:39:50 +0200] "GET /catalogue-pdf/ HTTP/1.1" 200 1877 "-" "Mozilla/5.0 (Windows NT 10.0; WOW64) AppleWebKit/537.36 (KHTML, like Gecko) Chrome/106.0.0.0 Safari/537.36"
178.46.104.106 - - [03/Oct/2024:05:39:51 +0200] "GET /themes/Zebra/stil_package.php HTTP/1.1" 200 9571 "http://en.termo-mr.si/catalogue-pdf/" "Mozilla/5.0 (Windows NT 10.0; WOW64) AppleWebKit/537.36 (KHTML, like Gecko) Chrome/106.0.0.0 Safari/537.36"
178.46.104.106 - - [03/Oct/2024:05:39:51 +0200] "GET /themes/Zebra/stil_forms.php HTTP/1.1" 200 2921 "http://en.termo-mr.si/catalogue-pdf/" "Mozilla/5.0 (Windows NT 10.0; WOW64) AppleWebKit/537.36 (KHTML, like Gecko) Chrome/106.0.0.0 Safari/537.36"
178.46.104.106 - - [03/Oct/2024:05:39:51 +0200] "GET /varpulis/_js/basic.js.gz HTTP/1.1" 200 4469 "http://en.termo-mr.si/catalogue-pdf/" "Mozilla/5.0 (Windows NT 10.0; WOW64) AppleWebKit/537.36 (KHTML, like Gecko) Chrome/106.0.0.0 Safari/537.36"
178.46.104.106 - - [03/Oct/2024:05:39:51 +0200] "GET /themes/Zebra/images/corner_tl.gif HTTP/1.1" 200 122 "http://en.termo-mr.si/catalogue-pdf/" "Mozilla/5.0 (Windows NT 10.0; WOW64) AppleWebKit/537.36 (KHTML, like Gecko) Chrome/106.0.0.0 Safari/537.36"
178.46.104.106 - - [03/Oct/2024:05:39:51 +0200] "GET /sitedata/17/media/Logo.jpg HTTP/1.1" 200 5789 "http://en.termo-mr.si/catalogue-pdf/" "Mozilla/5.0 (Windows NT 10.0; WOW64) AppleWebKit/537.36 (KHTML, like Gecko) Chrome/106.0.0.0 Safari/537.36"
178.46.104.106 - - [03/Oct/2024:05:39:51 +0200] "GET /varpulis/_css/17_default.css HTTP/1.1" 200 26380 "http://en.termo-mr.si/catalogue-pdf/" "Mozilla/5.0 (Windows NT 10.0; WOW64) AppleWebKit/537.36 (KHTML, like Gecko) Chrome/106.0.0.0 Safari/537.36"
178.46.104.106 - - [03/Oct/2024:05:39:51 +0200] "GET /themes/Zebra/images/corner_tr.gif HTTP/1.1" 200 124 "http://en.termo-mr.si/catalogue-pdf/" "Mozilla/5.0 (Windows NT 10.0; WOW64) AppleWebKit/537.36 (KHTML, like Gecko) Chrome/106.0.0.0 Safari/537.36"
178.46.104.106 - - [03/Oct/2024:05:39:51 +0200] "GET /catalogue-pdf/imageFill.php?source=http://en.termo-mr.si/themes/Zebra/images/corner_tl.png&color=822329 HTTP/1.1" 404 - "http://en.termo-mr.si/catalogue-pdf/" "Mozilla/5.0 (Windows NT 10.0; WOW64) AppleWebKit/537.36 (KHTML, like Gecko) Chrome/106.0.0.0 Safari/537.36"
178.46.104.106 - - [03/Oct/2024:05:39:51 +0200] "GET /themes/Zebra/images/corner_br.gif HTTP/1.1" 200 120 "http://en.termo-mr.si/catalogue-pdf/" "Mozilla/5.0 (Windows NT 10.0; WOW64) AppleWebKit/537.36 (KHTML, like Gecko) Chrome/106.0.0.0 Safari/537.36"
178.46.104.106 - - [03/Oct/2024:05:39:51 +0200] "GET /themes/Zebra/images/corner_bl.gif HTTP/1.1" 200 124 "http://en.termo-mr.si/catalogue-pdf/" "Mozilla/5.0 (Windows NT 10.0; WOW64) AppleWebKit/537.36 (KHTML, like Gecko) Chrome/106.0.0.0 Safari/537.36"
178.46.104.106 - - [03/Oct/2024:05:39:51 +0200] "GET /themes/Zebra/images/search_bg.gif HTTP/1.1" 200 170 "http://en.termo-mr.si/varpulis/_css/17_default.css" "Mozilla/5.0 (Windows NT 10.0; WOW64) AppleWebKit/537.36 (KHTML, like Gecko) Chrome/106.0.0.0 Safari/537.36"
178.46.104.106 - - [03/Oct/2024:05:39:51 +0200] "GET /themes/Zebra/images/lang_bg.gif HTTP/1.1" 200 138 "http://en.termo-mr.si/varpulis/_css/17_default.css" "Mozilla/5.0 (Windows NT 10.0; WOW64) AppleWebKit/537.36 (KHTML, like Gecko) Chrome/106.0.0.0 Safari/537.36"
175.6.217.4 - - [03/Oct/2024:06:45:11 +0200] "GET / HTTP/1.1" 301 230 "-" "Mozilla/5.0 (iPhone; CPU iPhone OS 13_2_3 like Mac OS X) AppleWebKit/605.1.15 (KHTML, like Gecko) Version/13.0.3 Mobile/15E148 Safari/604.1"
175.6.217.4 - - [03/Oct/2024:06:45:16 +0200] "GET / HTTP/1.1" 200 2810 "http://termo-mr.si" "Mozilla/5.0 (iPhone; CPU iPhone OS 13_2_3 like Mac OS X) AppleWebKit/605.1.15 (KHTML, like Gecko) Version/13.0.3 Mobile/15E148 Safari/604.1"
212.44.113.11 - - [03/Oct/2024:07:52:15 +0200] "GET /.well-known/acme-challenge/94H4HPA8DQ0_LDMU0_97G3O2AA_T0OSH HTTP/1.1" 301 289 "-" "Cpanel-HTTP-Client/1.0"
212.44.113.11 - - [03/Oct/2024:07:52:15 +0200] "GET /.well-known/acme-challenge/94H4HPA8DQ0_LDMU0_97G3O2AA_T0OSH HTTP/1.1" 404 - "-" "Cpanel-HTTP-Client/1.0"
212.44.113.11 - - [03/Oct/2024:07:52:15 +0200] "GET /.well-known/acme-challenge/8Q40B2HYPSQ6-99WOT48RA1QTO6OCVHH HTTP/1.1" 301 289 "-" "Cpanel-HTTP-Client/1.0"
212.44.113.11 - - [03/Oct/2024:07:52:15 +0200] "GET /.well-known/acme-challenge/8Q40B2HYPSQ6-99WOT48RA1QTO6OCVHH HTTP/1.1" 404 - "-" "Cpanel-HTTP-Client/1.0"
114.119.134.206 - - [03/Oct/2024:08:24:21 +0200] "GET /robots.txt HTTP/1.1" 200 147 "-" "Mozilla/5.0 (compatible;PetalBot;+https://webmaster.petalsearch.com/site/petalbot)"
194.165.99.30 - - [03/Oct/2024:08:51:32 +0200] "GET / HTTP/1.1" 200 2810 "https://www.google.si/" "Mozilla/5.0 (Windows NT 10.0; Win64; x64) AppleWebKit/537.36 (KHTML, like Gecko) Chrome/129.0.0.0 Safari/537.36 Edg/129.0.0.0"
212.44.99.47 - - [03/Oct/2024:08:51:32 +0200] "GET /themes/Zebra/images/corner_tl.png HTTP/1.0" 200 207 "-" "-"
194.165.99.30 - - [03/Oct/2024:08:51:32 +0200] "GET /imageFill.php?source=http://sl.termo-mr.si/themes/Zebra/images/corner_tl.png&color=822329 HTTP/1.1" 200 108 "http://sl.termo-mr.si/" "Mozilla/5.0 (Windows NT 10.0; Win64; x64) AppleWebKit/537.36 (KHTML, like Gecko) Chrome/129.0.0.0 Safari/537.36 Edg/129.0.0.0"
194.165.99.30 - - [03/Oct/2024:08:51:32 +0200] "GET /getfile.php?idHash=67bef07f2666605c598643166d691d91 HTTP/1.1" 200 8200 "http://sl.termo-mr.si/" "Mozilla/5.0 (Windows NT 10.0; Win64; x64) AppleWebKit/537.36 (KHTML, like Gecko) Chrome/129.0.0.0 Safari/537.36 Edg/129.0.0.0"
194.165.99.30 - - [03/Oct/2024:08:51:32 +0200] "GET /getfile.php?idHash=45f069554634670a1a656fbc96232b35 HTTP/1.1" 200 8424 "http://sl.termo-mr.si/" "Mozilla/5.0 (Windows NT 10.0; Win64; x64) AppleWebKit/537.36 (KHTML, like Gecko) Chrome/129.0.0.0 Safari/537.36 Edg/129.0.0.0"
194.165.99.30 - - [03/Oct/2024:08:51:32 +0200] "GET /getfile.php?idHash=679443d3aaeef001a83dd34f6f30d535 HTTP/1.1" 200 9125 "http://sl.termo-mr.si/" "Mozilla/5.0 (Windows NT 10.0; Win64; x64) AppleWebKit/537.36 (KHTML, like Gecko) Chrome/129.0.0.0 Safari/537.36 Edg/129.0.0.0"
194.165.99.30 - - [03/Oct/2024:08:51:35 +0200] "GET /katalog-pdf/ HTTP/1.1" 200 1826 "http://sl.termo-mr.si/" "Mozilla/5.0 (Windows NT 10.0; Win64; x64) AppleWebKit/537.36 (KHTML, like Gecko) Chrome/129.0.0.0 Safari/537.36 Edg/129.0.0.0"
212.44.99.47 - - [03/Oct/2024:08:51:35 +0200] "GET /themes/Zebra/images/corner_tl.png HTTP/1.0" 200 207 "-" "-"
194.165.99.30 - - [03/Oct/2024:08:51:35 +0200] "GET /imageFill.php?source=http://sl.termo-mr.si/themes/Zebra/images/corner_tl.png&color=822329 HTTP/1.1" 200 108 "http://sl.termo-mr.si/katalog-pdf/" "Mozilla/5.0 (Windows NT 10.0; Win64; x64) AppleWebKit/537.36 (KHTML, like Gecko) Chrome/129.0.0.0 Safari/537.36 Edg/129.0.0.0"
194.165.99.30 - - [03/Oct/2024:09:08:51 +0200] "GET /katalog-pdf/ HTTP/1.1" 200 1826 "http://sl.termo-mr.si/" "Mozilla/5.0 (Windows NT 10.0; Win64; x64) AppleWebKit/537.36 (KHTML, like Gecko) Chrome/129.0.0.0 Safari/537.36 Edg/129.0.0.0"
212.44.99.47 - - [03/Oct/2024:09:08:51 +0200] "GET /themes/Zebra/images/corner_tl.png HTTP/1.0" 200 207 "-" "-"
194.165.99.30 - - [03/Oct/2024:09:08:51 +0200] "GET /imageFill.php?source=http://sl.termo-mr.si/themes/Zebra/images/corner_tl.png&color=822329 HTTP/1.1" 200 108 "http://sl.termo-mr.si/katalog-pdf/" "Mozilla/5.0 (Windows NT 10.0; Win64; x64) AppleWebKit/537.36 (KHTML, like Gecko) Chrome/129.0.0.0 Safari/537.36 Edg/129.0.0.0"
140.99.1.39 - - [03/Oct/2024:09:09:37 +0200] "GET / HTTP/1.0" 200 8227 "http://sl.termo-mr.si/" "Mozilla/5.0 (Windows NT 10.0.0; Win64; x64; ) AppleWebKit/537.36 (KHTML, like Gecko) Chrome/124.0.6367.62 Chrome/124.0.6367.62 Not-A.Brand/99 Safari/537.36"
212.44.113.11 - - [03/Oct/2024:10:52:07 +0200] "GET /.well-known/acme-challenge/QYBQ-VCIVQ7LH-K38JDIKD8AFAFNBXZ0 HTTP/1.1" 301 289 "-" "Cpanel-HTTP-Client/1.0"
212.44.113.11 - - [03/Oct/2024:10:52:07 +0200] "GET /.well-known/acme-challenge/QYBQ-VCIVQ7LH-K38JDIKD8AFAFNBXZ0 HTTP/1.1" 404 - "-" "Cpanel-HTTP-Client/1.0"
212.44.113.11 - - [03/Oct/2024:10:52:07 +0200] "GET /.well-known/acme-challenge/UPSGFYZA8SAD9TOAPK-UGO4R1_N_5TTX HTTP/1.1" 301 289 "-" "Cpanel-HTTP-Client/1.0"
212.44.113.11 - - [03/Oct/2024:10:52:07 +0200] "GET /.well-known/acme-challenge/UPSGFYZA8SAD9TOAPK-UGO4R1_N_5TTX HTTP/1.1" 404 - "-" "Cpanel-HTTP-Client/1.0"
114.119.132.70 - - [03/Oct/2024:12:15:34 +0200] "GET /robots.txt HTTP/1.1" 200 147 "-" "Mozilla/5.0 (compatible;PetalBot;+https://webmaster.petalsearch.com/site/petalbot)"
134.209.35.33 - - [03/Oct/2024:12:58:24 +0200] "GET /license.txt HTTP/1.1" 301 241 "-" "Mozilla/5.0 (Macintosh; Intel Mac OS X 14.3) AppleWebKit/616.20.13 (KHTML, like Gecko) Version/17.7.74 Safari/616.20.13"
43.135.182.95 - - [03/Oct/2024:13:22:43 +0200] "GET / HTTP/1.1" 301 230 "-" "Mozilla/5.0 (iPhone; CPU iPhone OS 13_2_3 like Mac OS X) AppleWebKit/605.1.15 (KHTML, like Gecko) Version/13.0.3 Mobile/15E148 Safari/604.1"
43.135.182.95 - - [03/Oct/2024:13:22:44 +0200] "GET / HTTP/1.1" 200 2810 "http://www.termo-mr.si" "Mozilla/5.0 (iPhone; CPU iPhone OS 13_2_3 like Mac OS X) AppleWebKit/605.1.15 (KHTML, like Gecko) Version/13.0.3 Mobile/15E148 Safari/604.1"
66.249.70.108 - - [03/Oct/2024:13:51:26 +0200] "GET / HTTP/1.1" 200 2912 "-" "Mozilla/5.0 (Linux; Android 6.0.1; Nexus 5X Build/MMB29P) AppleWebKit/537.36 (KHTML, like Gecko) Chrome/99.0.4844.84 Mobile Safari/537.36 (compatible; Googlebot/2.1; +http://www.google.com/bot.html)"
66.249.70.109 - - [03/Oct/2024:13:51:27 +0200] "GET / HTTP/1.1" 200 2912 "-" "Mozilla/5.0 (compatible; Googlebot/2.1; +http://www.google.com/bot.html)"
66.249.70.96 - - [03/Oct/2024:13:51:28 +0200] "GET /favicon.ico HTTP/1.1" 404 - "-" "Googlebot-Image/1.0"
212.44.113.11 - - [03/Oct/2024:13:52:04 +0200] "GET /.well-known/acme-challenge/BNVLI9Z357D6-MDZFY8I7PV_YMJ-G75H HTTP/1.1" 301 289 "-" "Cpanel-HTTP-Client/1.0"
212.44.113.11 - - [03/Oct/2024:13:52:04 +0200] "GET /.well-known/acme-challenge/BNVLI9Z357D6-MDZFY8I7PV_YMJ-G75H HTTP/1.1" 404 - "-" "Cpanel-HTTP-Client/1.0"
212.44.113.11 - - [03/Oct/2024:13:52:04 +0200] "GET /.well-known/acme-challenge/V5AFAVHIZV24M86SJJYHOEBM0UVAZ70E HTTP/1.1" 301 289 "-" "Cpanel-HTTP-Client/1.0"
212.44.113.11 - - [03/Oct/2024:13:52:04 +0200] "GET /.well-known/acme-challenge/V5AFAVHIZV24M86SJJYHOEBM0UVAZ70E HTTP/1.1" 404 - "-" "Cpanel-HTTP-Client/1.0"
168.63.107.4 - - [03/Oct/2024:14:07:27 +0200] "GET / HTTP/1.1" 301 230 "-" "Mozilla/5.0 (Windows NT 10.0; Win64; x64) AppleWebKit/537.36 (KHTML, like Gecko) Chrome/125.0.6422.143 Safari/537.36"
168.63.107.4 - - [03/Oct/2024:14:07:27 +0200] "GET / HTTP/1.1" 200 2810 "-" "Mozilla/5.0 (Windows NT 10.0; Win64; x64) AppleWebKit/537.36 (KHTML, like Gecko) Chrome/125.0.6422.143 Safari/537.36"
168.63.107.4 - - [03/Oct/2024:14:07:28 +0200] "GET /varpulis/_js/basic.js.gz HTTP/1.1" 200 4469 "http://sl.termo-mr.si/" "Mozilla/5.0 (Windows NT 10.0; Win64; x64) AppleWebKit/537.36 (KHTML, like Gecko) Chrome/125.0.6422.143 Safari/537.36"
168.63.107.4 - - [03/Oct/2024:14:07:28 +0200] "GET /themes/Zebra/images/corner_tl.gif HTTP/1.1" 200 122 "http://sl.termo-mr.si/" "Mozilla/5.0 (Windows NT 10.0; Win64; x64) AppleWebKit/537.36 (KHTML, like Gecko) Chrome/125.0.6422.143 Safari/537.36"
168.63.107.4 - - [03/Oct/2024:14:07:28 +0200] "GET /sitedata/16/media/Logo.jpg HTTP/1.1" 200 5789 "http://sl.termo-mr.si/" "Mozilla/5.0 (Windows NT 10.0; Win64; x64) AppleWebKit/537.36 (KHTML, like Gecko) Chrome/125.0.6422.143 Safari/537.36"
168.63.107.4 - - [03/Oct/2024:14:07:28 +0200] "GET /varpulis/_css/16_default.css HTTP/1.1" 200 26380 "http://sl.termo-mr.si/" "Mozilla/5.0 (Windows NT 10.0; Win64; x64) AppleWebKit/537.36 (KHTML, like Gecko) Chrome/125.0.6422.143 Safari/537.36"
212.44.99.47 - - [03/Oct/2024:14:07:28 +0200] "GET /themes/Zebra/images/corner_tl.png HTTP/1.0" 200 207 "-" "-"
168.63.107.4 - - [03/Oct/2024:14:07:28 +0200] "GET /imageFill.php?source=http://sl.termo-mr.si/themes/Zebra/images/corner_tl.png&color=822329 HTTP/1.1" 200 108 "http://sl.termo-mr.si/" "Mozilla/5.0 (Windows NT 10.0; Win64; x64) AppleWebKit/537.36 (KHTML, like Gecko) Chrome/125.0.6422.143 Safari/537.36"
168.63.107.4 - - [03/Oct/2024:14:07:28 +0200] "GET /themes/Zebra/images/corner_tr.gif HTTP/1.1" 200 124 "http://sl.termo-mr.si/" "Mozilla/5.0 (Windows NT 10.0; Win64; x64) AppleWebKit/537.36 (KHTML, like Gecko) Chrome/125.0.6422.143 Safari/537.36"
168.63.107.4 - - [03/Oct/2024:14:07:29 +0200] "GET /themes/Zebra/images/corner_bl.gif HTTP/1.1" 200 124 "http://sl.termo-mr.si/" "Mozilla/5.0 (Windows NT 10.0; Win64; x64) AppleWebKit/537.36 (KHTML, like Gecko) Chrome/125.0.6422.143 Safari/537.36"
168.63.107.4 - - [03/Oct/2024:14:07:29 +0200] "GET /getfile.php?idHash=67bef07f2666605c598643166d691d91 HTTP/1.1" 200 8200 "http://sl.termo-mr.si/" "Mozilla/5.0 (Windows NT 10.0; Win64; x64) AppleWebKit/537.36 (KHTML, like Gecko) Chrome/125.0.6422.143 Safari/537.36"
168.63.107.4 - - [03/Oct/2024:14:07:29 +0200] "GET /themes/Zebra/images/corner_br.gif HTTP/1.1" 200 120 "http://sl.termo-mr.si/" "Mozilla/5.0 (Windows NT 10.0; Win64; x64) AppleWebKit/537.36 (KHTML, like Gecko) Chrome/125.0.6422.143 Safari/537.36"
168.63.107.4 - - [03/Oct/2024:14:07:29 +0200] "GET /getfile.php?idHash=679443d3aaeef001a83dd34f6f30d535 HTTP/1.1" 200 9125 "http://sl.termo-mr.si/" "Mozilla/5.0 (Windows NT 10.0; Win64; x64) AppleWebKit/537.36 (KHTML, like Gecko) Chrome/125.0.6422.143 Safari/537.36"
168.63.107.4 - - [03/Oct/2024:14:07:29 +0200] "GET /getfile.php?idHash=45f069554634670a1a656fbc96232b35 HTTP/1.1" 200 8424 "http://sl.termo-mr.si/" "Mozilla/5.0 (Windows NT 10.0; Win64; x64) AppleWebKit/537.36 (KHTML, like Gecko) Chrome/125.0.6422.143 Safari/537.36"
168.63.107.4 - - [03/Oct/2024:14:07:29 +0200] "GET /themes/Zebra/images/lang_bg.gif HTTP/1.1" 200 138 "http://sl.termo-mr.si/varpulis/_css/16_default.css" "Mozilla/5.0 (Windows NT 10.0; Win64; x64) AppleWebKit/537.36 (KHTML, like Gecko) Chrome/125.0.6422.143 Safari/537.36"
168.63.107.4 - - [03/Oct/2024:14:07:29 +0200] "GET /themes/Zebra/images/search_bg.gif HTTP/1.1" 200 170 "http://sl.termo-mr.si/varpulis/_css/16_default.css" "Mozilla/5.0 (Windows NT 10.0; Win64; x64) AppleWebKit/537.36 (KHTML, like Gecko) Chrome/125.0.6422.143 Safari/537.36"
168.63.107.4 - - [03/Oct/2024:14:07:36 +0200] "GET /favicon.ico HTTP/1.1" 404 - "http://sl.termo-mr.si/" "Mozilla/5.0 (Windows NT 10.0; Win64; x64) AppleWebKit/537.36 (KHTML, like Gecko) Chrome/125.0.6422.143 Safari/537.36"
185.170.167.18 - - [03/Oct/2024:16:51:21 +0200] "GET /robots.txt HTTP/1.1" 200 147 "-" "Mozilla/5.0 (compatible; BacklinksExtendedBot)"
185.170.167.18 - - [03/Oct/2024:16:51:22 +0200] "GET /index.php HTTP/1.1" 200 2912 "-" "Mozilla/5.0 (compatible; BacklinksExtendedBot)"
212.44.113.11 - - [03/Oct/2024:16:52:03 +0200] "GET /.well-known/acme-challenge/BPR6GIPJBFUBUS87INW3873T86T0Q-YK HTTP/1.1" 301 289 "-" "Cpanel-HTTP-Client/1.0"
212.44.113.11 - - [03/Oct/2024:16:52:03 +0200] "GET /.well-known/acme-challenge/BPR6GIPJBFUBUS87INW3873T86T0Q-YK HTTP/1.1" 404 - "-" "Cpanel-HTTP-Client/1.0"
212.44.113.11 - - [03/Oct/2024:16:52:03 +0200] "GET /.well-known/acme-challenge/WGV-1SQVIO-3RKAJ1IQEK7S3PMZ32MU7 HTTP/1.1" 301 289 "-" "Cpanel-HTTP-Client/1.0"
212.44.113.11 - - [03/Oct/2024:16:52:03 +0200] "GET /.well-known/acme-challenge/WGV-1SQVIO-3RKAJ1IQEK7S3PMZ32MU7 HTTP/1.1" 404 - "-" "Cpanel-HTTP-Client/1.0"
34.48.155.144 - - [03/Oct/2024:16:54:54 +0200] "GET /robots.txt HTTP/1.1" 301 240 "-" "Mozilla/5.0 (compatible; Orbbot/1.1;)"
34.48.155.144 - - [03/Oct/2024:16:54:54 +0200] "GET / HTTP/1.1" 301 230 "-" "Mozilla/5.0 (compatible; Orbbot/1.1;)"
34.48.155.144 - - [03/Oct/2024:16:54:55 +0200] "GET /robots.txt HTTP/1.1" 200 147 "-" "Mozilla/5.0 (compatible; Orbbot/1.1;)"
34.48.155.144 - - [03/Oct/2024:16:54:55 +0200] "GET / HTTP/1.1" 200 2810 "-" "Mozilla/5.0 (compatible; Orbbot/1.1;)"
66.249.70.109 - - [03/Oct/2024:18:32:33 +0200] "GET /robots.txt HTTP/1.1" 200 147 "-" "Mozilla/5.0 (compatible; Googlebot/2.1; +http://www.google.com/bot.html)"
66.249.70.96 - - [03/Oct/2024:18:32:33 +0200] "GET /company/ HTTP/1.1" 200 2912 "-" "Mozilla/5.0 (Linux; Android 6.0.1; Nexus 5X Build/MMB29P) AppleWebKit/537.36 (KHTML, like Gecko) Chrome/129.0.6668.70 Mobile Safari/537.36 (compatible; Googlebot/2.1; +http://www.google.com/bot.html)"
66.249.70.109 - - [03/Oct/2024:19:03:27 +0200] "GET /index.php HTTP/1.1" 200 2912 "-" "Mozilla/5.0 (Linux; Android 6.0.1; Nexus 5X Build/MMB29P) AppleWebKit/537.36 (KHTML, like Gecko) Chrome/129.0.6668.70 Mobile Safari/537.36 (compatible; Googlebot/2.1; +http://www.google.com/bot.html)"
66.249.70.109 - - [03/Oct/2024:19:19:18 +0200] "GET /printerFriendly.php HTTP/1.1" 302 2012 "-" "Mozilla/5.0 (Linux; Android 6.0.1; Nexus 5X Build/MMB29P) AppleWebKit/537.36 (KHTML, like Gecko) Chrome/129.0.6668.70 Mobile Safari/537.36 (compatible; Googlebot/2.1; +http://www.google.com/bot.html)"
66.249.70.96 - - [03/Oct/2024:19:19:19 +0200] "GET /index.php HTTP/1.1" 200 2912 "-" "Mozilla/5.0 (Linux; Android 6.0.1; Nexus 5X Build/MMB29P) AppleWebKit/537.36 (KHTML, like Gecko) Chrome/129.0.6668.70 Mobile Safari/537.36 (compatible; Googlebot/2.1; +http://www.google.com/bot.html)"
212.44.113.11 - - [03/Oct/2024:19:52:12 +0200] "GET /.well-known/acme-challenge/MXGWO665XQF0F9ZEZYALJXDN8D8XWDTX HTTP/1.1" 301 289 "-" "Cpanel-HTTP-Client/1.0"
212.44.113.11 - - [03/Oct/2024:19:52:12 +0200] "GET /.well-known/acme-challenge/MXGWO665XQF0F9ZEZYALJXDN8D8XWDTX HTTP/1.1" 404 - "-" "Cpanel-HTTP-Client/1.0"
212.44.113.11 - - [03/Oct/2024:19:52:12 +0200] "GET /.well-known/acme-challenge/NPB0KUP1ZV261527V-S0IL7DKHRVLAME HTTP/1.1" 301 289 "-" "Cpanel-HTTP-Client/1.0"
212.44.113.11 - - [03/Oct/2024:19:52:12 +0200] "GET /.well-known/acme-challenge/NPB0KUP1ZV261527V-S0IL7DKHRVLAME HTTP/1.1" 404 - "-" "Cpanel-HTTP-Client/1.0"
195.110.38.168 - - [03/Oct/2024:20:12:55 +0200] "GET /wp-login.php HTTP/1.1" 404 - "-" "DuckDuckBot/1.0; (+http://duckduckgo.com/duckduckbot.html)"
43.135.182.95 - - [03/Oct/2024:22:10:03 +0200] "GET / HTTP/1.1" 301 230 "-" "Mozilla/5.0 (iPhone; CPU iPhone OS 13_2_3 like Mac OS X) AppleWebKit/605.1.15 (KHTML, like Gecko) Version/13.0.3 Mobile/15E148 Safari/604.1"
43.135.182.95 - - [03/Oct/2024:22:10:06 +0200] "GET / HTTP/1.1" 200 2810 "http://termo-mr.si" "Mozilla/5.0 (iPhone; CPU iPhone OS 13_2_3 like Mac OS X) AppleWebKit/605.1.15 (KHTML, like Gecko) Version/13.0.3 Mobile/15E148 Safari/604.1"
212.44.113.11 - - [03/Oct/2024:22:52:30 +0200] "GET /.well-known/acme-challenge/SR19A_FNP3RW2BMG_4PEBTELUEC3EWD_ HTTP/1.1" 301 289 "-" "Cpanel-HTTP-Client/1.0"
212.44.113.11 - - [03/Oct/2024:22:52:30 +0200] "GET /.well-known/acme-challenge/SR19A_FNP3RW2BMG_4PEBTELUEC3EWD_ HTTP/1.1" 404 - "-" "Cpanel-HTTP-Client/1.0"
212.44.113.11 - - [03/Oct/2024:22:52:30 +0200] "GET /.well-known/acme-challenge/K2D5GI815YOFOFE6BU4LSWP03Y6QN1N_ HTTP/1.1" 301 289 "-" "Cpanel-HTTP-Client/1.0"
212.44.113.11 - - [03/Oct/2024:22:52:30 +0200] "GET /.well-known/acme-challenge/K2D5GI815YOFOFE6BU4LSWP03Y6QN1N_ HTTP/1.1" 404 - "-" "Cpanel-HTTP-Client/1.0"
66.249.64.68 - - [04/Oct/2024:00:55:50 +0200] "GET /kontakt/ HTTP/1.1" 200 1938 "-" "Mozilla/5.0 (Linux; Android 6.0.1; Nexus 5X Build/MMB29P) AppleWebKit/537.36 (KHTML, like Gecko) Chrome/129.0.6668.89 Mobile Safari/537.36 (compatible; Googlebot/2.1; +http://www.google.com/bot.html)"
66.249.64.68 - - [04/Oct/2024:00:55:50 +0200] "GET /kontakt/ HTTP/1.1" 200 1938 "-" "Mozilla/5.0 (compatible; Googlebot/2.1; +http://www.google.com/bot.html)"
66.249.64.68 - - [04/Oct/2024:00:55:53 +0200] "GET /kontakt/ HTTP/1.1" 200 1938 "-" "Mozilla/5.0 (Linux; Android 6.0.1; Nexus 5X Build/MMB29P) AppleWebKit/537.36 (KHTML, like Gecko) Chrome/129.0.6668.89 Mobile Safari/537.36 (compatible; Googlebot/2.1; +http://www.google.com/bot.html)"
66.249.64.66 - - [04/Oct/2024:01:44:58 +0200] "GET /robots.txt HTTP/1.1" 200 147 "-" "Mozilla/5.0 (compatible; Googlebot/2.1; +http://www.google.com/bot.html)"
66.249.64.66 - - [04/Oct/2024:01:44:58 +0200] "GET / HTTP/1.1" 200 2810 "-" "Mozilla/5.0 (compatible; Googlebot/2.1; +http://www.google.com/bot.html)"
212.44.113.11 - - [04/Oct/2024:01:51:57 +0200] "GET /.well-known/acme-challenge/Q4TKDZOQTMRI724659TJXQYFCIH6FHYY HTTP/1.1" 301 289 "-" "Cpanel-HTTP-Client/1.0"
212.44.113.11 - - [04/Oct/2024:01:51:57 +0200] "GET /.well-known/acme-challenge/Q4TKDZOQTMRI724659TJXQYFCIH6FHYY HTTP/1.1" 404 - "-" "Cpanel-HTTP-Client/1.0"
212.44.113.11 - - [04/Oct/2024:01:51:57 +0200] "GET /.well-known/acme-challenge/QHT1WDFMRD_LNZ2SHVMPF4S-18TBE2ED HTTP/1.1" 301 289 "-" "Cpanel-HTTP-Client/1.0"
212.44.113.11 - - [04/Oct/2024:01:51:57 +0200] "GET /.well-known/acme-challenge/QHT1WDFMRD_LNZ2SHVMPF4S-18TBE2ED HTTP/1.1" 404 - "-" "Cpanel-HTTP-Client/1.0"
66.249.64.225 - - [04/Oct/2024:01:57:04 +0200] "GET /robots.txt HTTP/1.1" 301 240 "-" "Mozilla/5.0 (compatible; Googlebot/2.1; +http://www.google.com/bot.html)"
66.249.64.234 - - [04/Oct/2024:01:57:05 +0200] "GET / HTTP/1.1" 301 230 "-" "Mozilla/5.0 (compatible; Googlebot/2.1; +http://www.google.com/bot.html)"
66.249.64.66 - - [04/Oct/2024:01:57:06 +0200] "GET / HTTP/1.1" 200 2810 "-" "Mozilla/5.0 (compatible; Googlebot/2.1; +http://www.google.com/bot.html)"
66.249.64.67 - - [04/Oct/2024:01:58:50 +0200] "GET /kontakt/ HTTP/1.1" 200 1938 "-" "Mozilla/5.0 (Linux; Android 6.0.1; Nexus 5X Build/MMB29P) AppleWebKit/537.36 (KHTML, like Gecko) Chrome/129.0.6668.70 Mobile Safari/537.36 (compatible; Googlebot/2.1; +http://www.google.com/bot.html)"
52.167.144.67 - - [04/Oct/2024:03:19:57 +0200] "GET /robots.txt HTTP/1.1" 200 147 "-" "Mozilla/5.0 AppleWebKit/537.36 (KHTML, like Gecko; compatible; bingbot/2.0; +http://www.bing.com/bingbot.htm) Chrome/116.0.1938.76 Safari/537.36"
40.77.167.24 - - [04/Oct/2024:03:20:09 +0200] "GET /kontakt/ HTTP/1.1" 200 1938 "-" "Mozilla/5.0 AppleWebKit/537.36 (KHTML, like Gecko; compatible; bingbot/2.0; +http://www.bing.com/bingbot.htm) Chrome/116.0.1938.76 Safari/537.36"
40.77.167.26 - - [04/Oct/2024:03:26:17 +0200] "GET / HTTP/1.1" 200 2810 "-" "Mozilla/5.0 AppleWebKit/537.36 (KHTML, like Gecko; compatible; bingbot/2.0; +http://www.bing.com/bingbot.htm) Chrome/116.0.1938.76 Safari/537.36"
212.44.113.11 - - [04/Oct/2024:04:53:12 +0200] "GET /.well-known/acme-challenge/S_CKF6TOXHIA4MF7WRV0J_-AD-W-Z_-8 HTTP/1.1" 301 289 "-" "Cpanel-HTTP-Client/1.0"
212.44.113.11 - - [04/Oct/2024:04:53:12 +0200] "GET /.well-known/acme-challenge/S_CKF6TOXHIA4MF7WRV0J_-AD-W-Z_-8 HTTP/1.1" 404 - "-" "Cpanel-HTTP-Client/1.0"
212.44.113.11 - - [04/Oct/2024:04:53:12 +0200] "GET /.well-known/acme-challenge/C29BP18-P_R8UB-9NCQU9I9UC0RQQ1I- HTTP/1.1" 301 289 "-" "Cpanel-HTTP-Client/1.0"
212.44.113.11 - - [04/Oct/2024:04:53:12 +0200] "GET /.well-known/acme-challenge/C29BP18-P_R8UB-9NCQU9I9UC0RQQ1I- HTTP/1.1" 404 - "-" "Cpanel-HTTP-Client/1.0"
120.71.59.24 - - [04/Oct/2024:05:06:09 +0200] "GET / HTTP/1.1" 301 230 "-" "Mozilla/5.0 (iPhone; CPU iPhone OS 13_2_3 like Mac OS X) AppleWebKit/605.1.15 (KHTML, like Gecko) Version/13.0.3 Mobile/15E148 Safari/604.1"
120.71.59.24 - - [04/Oct/2024:05:06:13 +0200] "GET / HTTP/1.1" 200 2810 "http://www.termo-mr.si" "Mozilla/5.0 (iPhone; CPU iPhone OS 13_2_3 like Mac OS X) AppleWebKit/605.1.15 (KHTML, like Gecko) Version/13.0.3 Mobile/15E148 Safari/604.1"
156.59.198.135 - - [04/Oct/2024:05:51:38 +0200] "GET /catalogue-pdf/sitedata/17/upload/File/TermoMR%20za%20WEB.pdf HTTP/1.0" 404 - "-" "Mozilla/5.0 (Linux; Android 5.0) AppleWebKit/537.36 (KHTML, like Gecko) Mobile Safari/537.36 (compatible; Bytespider; spider-feedback@bytedance.com)"
47.128.51.58 - - [04/Oct/2024:05:52:04 +0200] "GET /robots.txt HTTP/1.1" 200 147 "-" "Mozilla/5.0 (Linux; Android 5.0) AppleWebKit/537.36 (KHTML, like Gecko) Mobile Safari/537.36 (compatible; Bytespider; spider-feedback@bytedance.com)"
212.44.113.11 - - [04/Oct/2024:07:52:06 +0200] "GET /.well-known/acme-challenge/TT_D2R2_CBCI3Y1544BDFLQFN7_PAQ8V HTTP/1.1" 301 289 "-" "Cpanel-HTTP-Client/1.0"
212.44.113.11 - - [04/Oct/2024:07:52:06 +0200] "GET /.well-known/acme-challenge/TT_D2R2_CBCI3Y1544BDFLQFN7_PAQ8V HTTP/1.1" 404 - "-" "Cpanel-HTTP-Client/1.0"
212.44.113.11 - - [04/Oct/2024:07:52:06 +0200] "GET /.well-known/acme-challenge/1P5DZTP59FMRFF_BXHA1HS0QRSXAP912 HTTP/1.1" 301 289 "-" "Cpanel-HTTP-Client/1.0"
212.44.113.11 - - [04/Oct/2024:07:52:06 +0200] "GET /.well-known/acme-challenge/1P5DZTP59FMRFF_BXHA1HS0QRSXAP912 HTTP/1.1" 404 - "-" "Cpanel-HTTP-Client/1.0"
83.65.246.163 - - [04/Oct/2024:09:02:27 +0200] "GET / HTTP/1.1" 200 2810 "https://www.google.com/" "Mozilla/5.0 (Windows NT 10.0; Win64; x64; rv:131.0) Gecko/20100101 Firefox/131.0"
83.65.246.163 - - [04/Oct/2024:09:02:28 +0200] "GET /varpulis/_js/basic.js.gz HTTP/1.1" 200 4469 "http://sl.termo-mr.si/" "Mozilla/5.0 (Windows NT 10.0; Win64; x64; rv:131.0) Gecko/20100101 Firefox/131.0"
83.65.246.163 - - [04/Oct/2024:09:02:28 +0200] "GET /varpulis/_css/16_default.css HTTP/1.1" 200 26380 "http://sl.termo-mr.si/" "Mozilla/5.0 (Windows NT 10.0; Win64; x64; rv:131.0) Gecko/20100101 Firefox/131.0"
83.65.246.163 - - [04/Oct/2024:09:02:28 +0200] "GET /themes/Zebra/images/corner_bl.gif HTTP/1.1" 200 124 "http://sl.termo-mr.si/" "Mozilla/5.0 (Windows NT 10.0; Win64; x64; rv:131.0) Gecko/20100101 Firefox/131.0"
83.65.246.163 - - [04/Oct/2024:09:02:28 +0200] "GET /themes/Zebra/images/corner_tl.gif HTTP/1.1" 200 122 "http://sl.termo-mr.si/" "Mozilla/5.0 (Windows NT 10.0; Win64; x64; rv:131.0) Gecko/20100101 Firefox/131.0"
83.65.246.163 - - [04/Oct/2024:09:02:28 +0200] "GET /sitedata/16/media/Logo.jpg HTTP/1.1" 200 5789 "http://sl.termo-mr.si/" "Mozilla/5.0 (Windows NT 10.0; Win64; x64; rv:131.0) Gecko/20100101 Firefox/131.0"
83.65.246.163 - - [04/Oct/2024:09:02:28 +0200] "GET /themes/Zebra/images/corner_br.gif HTTP/1.1" 200 120 "http://sl.termo-mr.si/" "Mozilla/5.0 (Windows NT 10.0; Win64; x64; rv:131.0) Gecko/20100101 Firefox/131.0"
83.65.246.163 - - [04/Oct/2024:09:02:28 +0200] "GET /themes/Zebra/images/search_bg.gif HTTP/1.1" 200 170 "http://sl.termo-mr.si/varpulis/_css/16_default.css" "Mozilla/5.0 (Windows NT 10.0; Win64; x64; rv:131.0) Gecko/20100101 Firefox/131.0"
83.65.246.163 - - [04/Oct/2024:09:02:28 +0200] "GET /themes/Zebra/images/lang_bg.gif HTTP/1.1" 200 138 "http://sl.termo-mr.si/varpulis/_css/16_default.css" "Mozilla/5.0 (Windows NT 10.0; Win64; x64; rv:131.0) Gecko/20100101 Firefox/131.0"
83.65.246.163 - - [04/Oct/2024:09:02:28 +0200] "GET /themes/Zebra/images/corner_tr.gif HTTP/1.1" 200 124 "http://sl.termo-mr.si/" "Mozilla/5.0 (Windows NT 10.0; Win64; x64; rv:131.0) Gecko/20100101 Firefox/131.0"
83.65.246.163 - - [04/Oct/2024:09:02:28 +0200] "GET /getfile.php?idHash=45f069554634670a1a656fbc96232b35 HTTP/1.1" 200 8424 "http://sl.termo-mr.si/" "Mozilla/5.0 (Windows NT 10.0; Win64; x64; rv:131.0) Gecko/20100101 Firefox/131.0"
212.44.99.47 - - [04/Oct/2024:09:02:28 +0200] "GET /themes/Zebra/images/corner_tl.png HTTP/1.0" 200 207 "-" "-"
83.65.246.163 - - [04/Oct/2024:09:02:28 +0200] "GET /imageFill.php?source=http://sl.termo-mr.si/themes/Zebra/images/corner_tl.png&color=822329 HTTP/1.1" 200 108 "http://sl.termo-mr.si/" "Mozilla/5.0 (Windows NT 10.0; Win64; x64; rv:131.0) Gecko/20100101 Firefox/131.0"
83.65.246.163 - - [04/Oct/2024:09:02:28 +0200] "GET /getfile.php?idHash=67bef07f2666605c598643166d691d91 HTTP/1.1" 200 8200 "http://sl.termo-mr.si/" "Mozilla/5.0 (Windows NT 10.0; Win64; x64; rv:131.0) Gecko/20100101 Firefox/131.0"
83.65.246.163 - - [04/Oct/2024:09:02:28 +0200] "GET /getfile.php?idHash=679443d3aaeef001a83dd34f6f30d535 HTTP/1.1" 200 9125 "http://sl.termo-mr.si/" "Mozilla/5.0 (Windows NT 10.0; Win64; x64; rv:131.0) Gecko/20100101 Firefox/131.0"
83.65.246.163 - - [04/Oct/2024:09:02:28 +0200] "GET /favicon.ico HTTP/1.1" 404 - "http://sl.termo-mr.si/" "Mozilla/5.0 (Windows NT 10.0; Win64; x64; rv:131.0) Gecko/20100101 Firefox/131.0"
83.65.246.163 - - [04/Oct/2024:09:02:30 +0200] "GET /katalog-pdf/ HTTP/1.1" 200 1826 "http://sl.termo-mr.si/" "Mozilla/5.0 (Windows NT 10.0; Win64; x64; rv:131.0) Gecko/20100101 Firefox/131.0"
212.44.99.47 - - [04/Oct/2024:09:02:30 +0200] "GET /themes/Zebra/images/corner_tl.png HTTP/1.0" 200 207 "-" "-"
83.65.246.163 - - [04/Oct/2024:09:02:30 +0200] "GET /imageFill.php?source=http://sl.termo-mr.si/themes/Zebra/images/corner_tl.png&color=822329 HTTP/1.1" 200 108 "http://sl.termo-mr.si/katalog-pdf/" "Mozilla/5.0 (Windows NT 10.0; Win64; x64; rv:131.0) Gecko/20100101 Firefox/131.0"
83.65.246.163 - - [04/Oct/2024:09:02:31 +0200] "GET /sitedata/16/upload/File/TermoMR%20za%20WEB.pdf HTTP/1.1" 206 11005 "http://sl.termo-mr.si/katalog-pdf/" "Mozilla/5.0 (Windows NT 10.0; Win64; x64; rv:131.0) Gecko/20100101 Firefox/131.0"
83.65.246.163 - - [04/Oct/2024:09:02:31 +0200] "GET /sitedata/16/upload/File/TermoMR%20za%20WEB.pdf HTTP/1.1" 206 65536 "http://sl.termo-mr.si/katalog-pdf/" "Mozilla/5.0 (Windows NT 10.0; Win64; x64; rv:131.0) Gecko/20100101 Firefox/131.0"
83.65.246.163 - - [04/Oct/2024:09:02:32 +0200] "GET /sitedata/16/upload/File/TermoMR%20za%20WEB.pdf HTTP/1.1" 206 65536 "http://sl.termo-mr.si/katalog-pdf/" "Mozilla/5.0 (Windows NT 10.0; Win64; x64; rv:131.0) Gecko/20100101 Firefox/131.0"
83.65.246.163 - - [04/Oct/2024:09:02:31 +0200] "GET /sitedata/16/upload/File/TermoMR%20za%20WEB.pdf HTTP/1.1" 200 4467453 "http://sl.termo-mr.si/katalog-pdf/" "Mozilla/5.0 (Windows NT 10.0; Win64; x64; rv:131.0) Gecko/20100101 Firefox/131.0"
83.65.246.163 - - [04/Oct/2024:09:02:32 +0200] "GET /sitedata/16/upload/File/TermoMR%20za%20WEB.pdf HTTP/1.1" 206 65536 "http://sl.termo-mr.si/katalog-pdf/" "Mozilla/5.0 (Windows NT 10.0; Win64; x64; rv:131.0) Gecko/20100101 Firefox/131.0"
83.65.246.163 - - [04/Oct/2024:09:02:32 +0200] "GET /sitedata/16/upload/File/TermoMR%20za%20WEB.pdf HTTP/1.1" 206 65536 "http://sl.termo-mr.si/katalog-pdf/" "Mozilla/5.0 (Windows NT 10.0; Win64; x64; rv:131.0) Gecko/20100101 Firefox/131.0"
83.65.246.163 - - [04/Oct/2024:09:04:14 +0200] "GET /katalog-pdf/ HTTP/1.1" 200 1826 "http://sl.termo-mr.si/" "Mozilla/5.0 (Windows NT 10.0; Win64; x64; rv:131.0) Gecko/20100101 Firefox/131.0"
212.44.99.47 - - [04/Oct/2024:09:04:14 +0200] "GET /themes/Zebra/images/corner_tl.png HTTP/1.0" 200 207 "-" "-"
83.65.246.163 - - [04/Oct/2024:09:04:14 +0200] "GET /imageFill.php?source=http://sl.termo-mr.si/themes/Zebra/images/corner_tl.png&color=822329 HTTP/1.1" 200 108 "http://sl.termo-mr.si/katalog-pdf/" "Mozilla/5.0 (Windows NT 10.0; Win64; x64; rv:131.0) Gecko/20100101 Firefox/131.0"
83.65.246.163 - - [04/Oct/2024:09:04:15 +0200] "GET /proizvodni-program/ HTTP/1.1" 200 2869 "http://sl.termo-mr.si/katalog-pdf/" "Mozilla/5.0 (Windows NT 10.0; Win64; x64; rv:131.0) Gecko/20100101 Firefox/131.0"
83.65.246.163 - - [04/Oct/2024:09:04:16 +0200] "GET /getfile.php?idHash=fd62d001fa9b4885e1fd84f2d93e0c3d HTTP/1.1" 200 4961 "http://sl.termo-mr.si/proizvodni-program/" "Mozilla/5.0 (Windows NT 10.0; Win64; x64; rv:131.0) Gecko/20100101 Firefox/131.0"
83.65.246.163 - - [04/Oct/2024:09:04:16 +0200] "GET /getfile.php?idHash=cc8b6ac0c81d9dad2e22ee02d301170d HTTP/1.1" 200 5298 "http://sl.termo-mr.si/proizvodni-program/" "Mozilla/5.0 (Windows NT 10.0; Win64; x64; rv:131.0) Gecko/20100101 Firefox/131.0"
83.65.246.163 - - [04/Oct/2024:09:04:16 +0200] "GET /getfile.php?idHash=2fcf8808cb3eda0c09731e8129bdf9f1 HTTP/1.1" 200 5531 "http://sl.termo-mr.si/proizvodni-program/" "Mozilla/5.0 (Windows NT 10.0; Win64; x64; rv:131.0) Gecko/20100101 Firefox/131.0"
83.65.246.163 - - [04/Oct/2024:09:04:16 +0200] "GET /getfile.php?idHash=4b3ecaea66ad45ea12ef065ae7d11268 HTTP/1.1" 200 6856 "http://sl.termo-mr.si/proizvodni-program/" "Mozilla/5.0 (Windows NT 10.0; Win64; x64; rv:131.0) Gecko/20100101 Firefox/131.0"
83.65.246.163 - - [04/Oct/2024:09:04:16 +0200] "GET /getfile.php?idHash=f060ffb0cc9477fadd980555decf56b2 HTTP/1.1" 200 6603 "http://sl.termo-mr.si/proizvodni-program/" "Mozilla/5.0 (Windows NT 10.0; Win64; x64; rv:131.0) Gecko/20100101 Firefox/131.0"
83.65.246.163 - - [04/Oct/2024:09:04:16 +0200] "GET /getfile.php?idHash=49491561816797a80eff70f6aef31242 HTTP/1.1" 200 4939 "http://sl.termo-mr.si/proizvodni-program/" "Mozilla/5.0 (Windows NT 10.0; Win64; x64; rv:131.0) Gecko/20100101 Firefox/131.0"
83.65.246.163 - - [04/Oct/2024:09:04:16 +0200] "GET /getfile.php?idHash=91383b8b4dd4335e54022950ab70378f HTTP/1.1" 200 6386 "http://sl.termo-mr.si/proizvodni-program/" "Mozilla/5.0 (Windows NT 10.0; Win64; x64; rv:131.0) Gecko/20100101 Firefox/131.0"
83.65.246.163 - - [04/Oct/2024:09:04:16 +0200] "GET /getfile.php?idHash=368d890a3ae5bd584603bde626021952 HTTP/1.1" 200 9475 "http://sl.termo-mr.si/proizvodni-program/" "Mozilla/5.0 (Windows NT 10.0; Win64; x64; rv:131.0) Gecko/20100101 Firefox/131.0"
83.65.246.163 - - [04/Oct/2024:09:04:16 +0200] "GET /getfile.php?idHash=4f42e46a697d4afb57d9d9f091539ae2 HTTP/1.1" 200 11043 "http://sl.termo-mr.si/proizvodni-program/" "Mozilla/5.0 (Windows NT 10.0; Win64; x64; rv:131.0) Gecko/20100101 Firefox/131.0"
83.65.246.163 - - [04/Oct/2024:09:04:16 +0200] "GET /getfile.php?idHash=4ec769c999d3ce1a2836cb6ee9b22f32 HTTP/1.1" 200 9022 "http://sl.termo-mr.si/proizvodni-program/" "Mozilla/5.0 (Windows NT 10.0; Win64; x64; rv:131.0) Gecko/20100101 Firefox/131.0"
83.65.246.163 - - [04/Oct/2024:09:04:16 +0200] "GET /getfile.php?idHash=ad3552d98be57ae7dabe002f269f667c HTTP/1.1" 200 8862 "http://sl.termo-mr.si/proizvodni-program/" "Mozilla/5.0 (Windows NT 10.0; Win64; x64; rv:131.0) Gecko/20100101 Firefox/131.0"
83.65.246.163 - - [04/Oct/2024:09:04:16 +0200] "GET /getfile.php?idHash=8239c6ea4e39da43914841da0921f4c4 HTTP/1.1" 200 18901 "http://sl.termo-mr.si/proizvodni-program/" "Mozilla/5.0 (Windows NT 10.0; Win64; x64; rv:131.0) Gecko/20100101 Firefox/131.0"
212.44.99.47 - - [04/Oct/2024:09:04:16 +0200] "GET /themes/Zebra/images/corner_tl.png HTTP/1.0" 200 207 "-" "-"
83.65.246.163 - - [04/Oct/2024:09:04:16 +0200] "GET /getfile.php?idHash=fb7c85cf75387d6f0441a500d2740689 HTTP/1.1" 200 6975 "http://sl.termo-mr.si/proizvodni-program/" "Mozilla/5.0 (Windows NT 10.0; Win64; x64; rv:131.0) Gecko/20100101 Firefox/131.0"
83.65.246.163 - - [04/Oct/2024:09:04:16 +0200] "GET /imageFill.php?source=http://sl.termo-mr.si/themes/Zebra/images/corner_tl.png&color=822329 HTTP/1.1" 200 108 "http://sl.termo-mr.si/proizvodni-program/" "Mozilla/5.0 (Windows NT 10.0; Win64; x64; rv:131.0) Gecko/20100101 Firefox/131.0"
83.65.246.163 - - [04/Oct/2024:09:04:16 +0200] "GET /getfile.php?idHash=db100b44bb6bdd9f79421f6bd77975cf HTTP/1.1" 200 6693 "http://sl.termo-mr.si/proizvodni-program/" "Mozilla/5.0 (Windows NT 10.0; Win64; x64; rv:131.0) Gecko/20100101 Firefox/131.0"
83.65.246.163 - - [04/Oct/2024:09:04:21 +0200] "GET /showPicture.php?pictureHash=522c8615587438c9f1ee063063a916b4 HTTP/1.1" 200 702 "http://sl.termo-mr.si/proizvodni-program/" "Mozilla/5.0 (Windows NT 10.0; Win64; x64; rv:131.0) Gecko/20100101 Firefox/131.0"
83.65.246.163 - - [04/Oct/2024:09:04:21 +0200] "GET /getfile.php?idHash=522c8615587438c9f1ee063063a916b4 HTTP/1.1" 200 6693 "http://sl.termo-mr.si/showPicture.php?pictureHash=522c8615587438c9f1ee063063a916b4" "Mozilla/5.0 (Windows NT 10.0; Win64; x64; rv:131.0) Gecko/20100101 Firefox/131.0"
83.65.246.163 - - [04/Oct/2024:09:04:28 +0200] "GET /showPicture.php?pictureHash=eedfbc6d06dc8c9cc1dfcf747e12419e HTTP/1.1" 200 702 "http://sl.termo-mr.si/proizvodni-program/" "Mozilla/5.0 (Windows NT 10.0; Win64; x64; rv:131.0) Gecko/20100101 Firefox/131.0"
83.65.246.163 - - [04/Oct/2024:09:04:29 +0200] "GET /getfile.php?idHash=eedfbc6d06dc8c9cc1dfcf747e12419e HTTP/1.1" 200 8505 "http://sl.termo-mr.si/showPicture.php?pictureHash=eedfbc6d06dc8c9cc1dfcf747e12419e" "Mozilla/5.0 (Windows NT 10.0; Win64; x64; rv:131.0) Gecko/20100101 Firefox/131.0"
83.65.246.163 - - [04/Oct/2024:09:04:35 +0200] "GET /showPicture.php?pictureHash=522c8615587438c9f1ee063063a916b4 HTTP/1.1" 200 702 "http://sl.termo-mr.si/proizvodni-program/" "Mozilla/5.0 (Windows NT 10.0; Win64; x64; rv:131.0) Gecko/20100101 Firefox/131.0"
83.65.246.163 - - [04/Oct/2024:09:04:35 +0200] "GET /getfile.php?idHash=522c8615587438c9f1ee063063a916b4 HTTP/1.1" 200 6693 "http://sl.termo-mr.si/showPicture.php?pictureHash=522c8615587438c9f1ee063063a916b4" "Mozilla/5.0 (Windows NT 10.0; Win64; x64; rv:131.0) Gecko/20100101 Firefox/131.0"
83.65.246.163 - - [04/Oct/2024:09:04:43 +0200] "GET /katalog-pdf/ HTTP/1.1" 200 1826 "http://sl.termo-mr.si/proizvodni-program/" "Mozilla/5.0 (Windows NT 10.0; Win64; x64; rv:131.0) Gecko/20100101 Firefox/131.0"
212.44.99.47 - - [04/Oct/2024:09:04:43 +0200] "GET /themes/Zebra/images/corner_tl.png HTTP/1.0" 200 207 "-" "-"
83.65.246.163 - - [04/Oct/2024:09:04:43 +0200] "GET /imageFill.php?source=http://sl.termo-mr.si/themes/Zebra/images/corner_tl.png&color=822329 HTTP/1.1" 200 108 "http://sl.termo-mr.si/katalog-pdf/" "Mozilla/5.0 (Windows NT 10.0; Win64; x64; rv:131.0) Gecko/20100101 Firefox/131.0"
83.65.246.163 - - [04/Oct/2024:09:04:44 +0200] "GET /proizvodni-program/ HTTP/1.1" 200 2869 "http://sl.termo-mr.si/katalog-pdf/" "Mozilla/5.0 (Windows NT 10.0; Win64; x64; rv:131.0) Gecko/20100101 Firefox/131.0"
212.44.99.47 - - [04/Oct/2024:09:04:45 +0200] "GET /themes/Zebra/images/corner_tl.png HTTP/1.0" 200 207 "-" "-"
83.65.246.163 - - [04/Oct/2024:09:04:45 +0200] "GET /imageFill.php?source=http://sl.termo-mr.si/themes/Zebra/images/corner_tl.png&color=822329 HTTP/1.1" 200 108 "http://sl.termo-mr.si/proizvodni-program/" "Mozilla/5.0 (Windows NT 10.0; Win64; x64; rv:131.0) Gecko/20100101 Firefox/131.0"
83.65.246.163 - - [04/Oct/2024:09:04:45 +0200] "GET /getfile.php?idHash=2fcf8808cb3eda0c09731e8129bdf9f1 HTTP/1.1" 200 5531 "http://sl.termo-mr.si/proizvodni-program/" "Mozilla/5.0 (Windows NT 10.0; Win64; x64; rv:131.0) Gecko/20100101 Firefox/131.0"
83.65.246.163 - - [04/Oct/2024:09:04:45 +0200] "GET /getfile.php?idHash=cc8b6ac0c81d9dad2e22ee02d301170d HTTP/1.1" 200 5298 "http://sl.termo-mr.si/proizvodni-program/" "Mozilla/5.0 (Windows NT 10.0; Win64; x64; rv:131.0) Gecko/20100101 Firefox/131.0"
83.65.246.163 - - [04/Oct/2024:09:04:45 +0200] "GET /getfile.php?idHash=91383b8b4dd4335e54022950ab70378f HTTP/1.1" 200 6386 "http://sl.termo-mr.si/proizvodni-program/" "Mozilla/5.0 (Windows NT 10.0; Win64; x64; rv:131.0) Gecko/20100101 Firefox/131.0"
83.65.246.163 - - [04/Oct/2024:09:04:45 +0200] "GET /getfile.php?idHash=49491561816797a80eff70f6aef31242 HTTP/1.1" 200 4939 "http://sl.termo-mr.si/proizvodni-program/" "Mozilla/5.0 (Windows NT 10.0; Win64; x64; rv:131.0) Gecko/20100101 Firefox/131.0"
83.65.246.163 - - [04/Oct/2024:09:04:45 +0200] "GET /getfile.php?idHash=fd62d001fa9b4885e1fd84f2d93e0c3d HTTP/1.1" 200 4961 "http://sl.termo-mr.si/proizvodni-program/" "Mozilla/5.0 (Windows NT 10.0; Win64; x64; rv:131.0) Gecko/20100101 Firefox/131.0"
83.65.246.163 - - [04/Oct/2024:09:04:45 +0200] "GET /getfile.php?idHash=4b3ecaea66ad45ea12ef065ae7d11268 HTTP/1.1" 200 6856 "http://sl.termo-mr.si/proizvodni-program/" "Mozilla/5.0 (Windows NT 10.0; Win64; x64; rv:131.0) Gecko/20100101 Firefox/131.0"
