83.65.246.163 - - [04/Oct/2024:09:04:45 +0200] "GET /getfile.php?idHash=f060ffb0cc9477fadd980555decf56b2 HTTP/1.1" 200 6603 "http://sl.termo-mr.si/proizvodni-program/" "Mozilla/5.0 (Windows NT 10.0; Win64; x64; rv:131.0) Gecko/20100101 Firefox/131.0"
83.65.246.163 - - [04/Oct/2024:09:04:45 +0200] "GET /getfile.php?idHash=4f42e46a697d4afb57d9d9f091539ae2 HTTP/1.1" 200 11043 "http://sl.termo-mr.si/proizvodni-program/" "Mozilla/5.0 (Windows NT 10.0; Win64; x64; rv:131.0) Gecko/20100101 Firefox/131.0"
83.65.246.163 - - [04/Oct/2024:09:04:45 +0200] "GET /getfile.php?idHash=4ec769c999d3ce1a2836cb6ee9b22f32 HTTP/1.1" 200 9022 "http://sl.termo-mr.si/proizvodni-program/" "Mozilla/5.0 (Windows NT 10.0; Win64; x64; rv:131.0) Gecko/20100101 Firefox/131.0"
83.65.246.163 - - [04/Oct/2024:09:04:45 +0200] "GET /getfile.php?idHash=db100b44bb6bdd9f79421f6bd77975cf HTTP/1.1" 200 6693 "http://sl.termo-mr.si/proizvodni-program/" "Mozilla/5.0 (Windows NT 10.0; Win64; x64; rv:131.0) Gecko/20100101 Firefox/131.0"
83.65.246.163 - - [04/Oct/2024:09:04:45 +0200] "GET /getfile.php?idHash=8239c6ea4e39da43914841da0921f4c4 HTTP/1.1" 200 18901 "http://sl.termo-mr.si/proizvodni-program/" "Mozilla/5.0 (Windows NT 10.0; Win64; x64; rv:131.0) Gecko/20100101 Firefox/131.0"
83.65.246.163 - - [04/Oct/2024:09:04:45 +0200] "GET /getfile.php?idHash=fb7c85cf75387d6f0441a500d2740689 HTTP/1.1" 200 6975 "http://sl.termo-mr.si/proizvodni-program/" "Mozilla/5.0 (Windows NT 10.0; Win64; x64; rv:131.0) Gecko/20100101 Firefox/131.0"
83.65.246.163 - - [04/Oct/2024:09:04:45 +0200] "GET /getfile.php?idHash=368d890a3ae5bd584603bde626021952 HTTP/1.1" 200 9475 "http://sl.termo-mr.si/proizvodni-program/" "Mozilla/5.0 (Windows NT 10.0; Win64; x64; rv:131.0) Gecko/20100101 Firefox/131.0"
83.65.246.163 - - [04/Oct/2024:09:04:45 +0200] "GET /getfile.php?idHash=ad3552d98be57ae7dabe002f269f667c HTTP/1.1" 200 8862 "http://sl.termo-mr.si/proizvodni-program/" "Mozilla/5.0 (Windows NT 10.0; Win64; x64; rv:131.0) Gecko/20100101 Firefox/131.0"
83.65.246.163 - - [04/Oct/2024:09:07:24 +0200] "GET /proizvodni-program/ HTTP/1.1" 200 2869 "-" "Mozilla/5.0 (Windows NT 10.0; Win64; x64; rv:131.0) Gecko/20100101 Firefox/131.0"
83.65.246.163 - - [04/Oct/2024:09:07:24 +0200] "GET /varpulis/_js/basic.js.gz HTTP/1.1" 200 4469 "http://sl.termo-mr.si/proizvodni-program/" "Mozilla/5.0 (Windows NT 10.0; Win64; x64; rv:131.0) Gecko/20100101 Firefox/131.0"
83.65.246.163 - - [04/Oct/2024:09:07:24 +0200] "GET /varpulis/_css/16_default.css HTTP/1.1" 200 26380 "http://sl.termo-mr.si/proizvodni-program/" "Mozilla/5.0 (Windows NT 10.0; Win64; x64; rv:131.0) Gecko/20100101 Firefox/131.0"
83.65.246.163 - - [04/Oct/2024:09:07:24 +0200] "GET /sitedata/16/media/Logo.jpg HTTP/1.1" 200 5789 "http://sl.termo-mr.si/proizvodni-program/" "Mozilla/5.0 (Windows NT 10.0; Win64; x64; rv:131.0) Gecko/20100101 Firefox/131.0"
83.65.246.163 - - [04/Oct/2024:09:07:24 +0200] "GET /themes/Zebra/images/corner_tl.gif HTTP/1.1" 200 122 "http://sl.termo-mr.si/proizvodni-program/" "Mozilla/5.0 (Windows NT 10.0; Win64; x64; rv:131.0) Gecko/20100101 Firefox/131.0"
83.65.246.163 - - [04/Oct/2024:09:07:24 +0200] "GET /themes/Zebra/images/corner_tr.gif HTTP/1.1" 200 124 "http://sl.termo-mr.si/proizvodni-program/" "Mozilla/5.0 (Windows NT 10.0; Win64; x64; rv:131.0) Gecko/20100101 Firefox/131.0"
212.44.99.47 - - [04/Oct/2024:09:07:25 +0200] "GET /themes/Zebra/images/corner_tl.png HTTP/1.0" 200 207 "-" "-"
83.65.246.163 - - [04/Oct/2024:09:07:24 +0200] "GET /imageFill.php?source=http://sl.termo-mr.si/themes/Zebra/images/corner_tl.png&color=822329 HTTP/1.1" 200 108 "http://sl.termo-mr.si/proizvodni-program/" "Mozilla/5.0 (Windows NT 10.0; Win64; x64; rv:131.0) Gecko/20100101 Firefox/131.0"
83.65.246.163 - - [04/Oct/2024:09:07:25 +0200] "GET /themes/Zebra/images/corner_bl.gif HTTP/1.1" 200 124 "http://sl.termo-mr.si/proizvodni-program/" "Mozilla/5.0 (Windows NT 10.0; Win64; x64; rv:131.0) Gecko/20100101 Firefox/131.0"
83.65.246.163 - - [04/Oct/2024:09:07:24 +0200] "GET /getfile.php?idHash=db100b44bb6bdd9f79421f6bd77975cf HTTP/1.1" 200 19 "http://sl.termo-mr.si/proizvodni-program/" "Mozilla/5.0 (Windows NT 10.0; Win64; x64; rv:131.0) Gecko/20100101 Firefox/131.0"
83.65.246.163 - - [04/Oct/2024:09:07:25 +0200] "GET /getfile.php?idHash=fd62d001fa9b4885e1fd84f2d93e0c3d HTTP/1.1" 200 19 "http://sl.termo-mr.si/proizvodni-program/" "Mozilla/5.0 (Windows NT 10.0; Win64; x64; rv:131.0) Gecko/20100101 Firefox/131.0"
83.65.246.163 - - [04/Oct/2024:09:07:25 +0200] "GET /getfile.php?idHash=49491561816797a80eff70f6aef31242 HTTP/1.1" 200 19 "http://sl.termo-mr.si/proizvodni-program/" "Mozilla/5.0 (Windows NT 10.0; Win64; x64; rv:131.0) Gecko/20100101 Firefox/131.0"
83.65.246.163 - - [04/Oct/2024:09:07:24 +0200] "GET /getfile.php?idHash=fb7c85cf75387d6f0441a500d2740689 HTTP/1.1" 200 19 "http://sl.termo-mr.si/proizvodni-program/" "Mozilla/5.0 (Windows NT 10.0; Win64; x64; rv:131.0) Gecko/20100101 Firefox/131.0"
83.65.246.163 - - [04/Oct/2024:09:07:25 +0200] "GET /getfile.php?idHash=2fcf8808cb3eda0c09731e8129bdf9f1 HTTP/1.1" 200 19 "http://sl.termo-mr.si/proizvodni-program/" "Mozilla/5.0 (Windows NT 10.0; Win64; x64; rv:131.0) Gecko/20100101 Firefox/131.0"
83.65.246.163 - - [04/Oct/2024:09:07:25 +0200] "GET /getfile.php?idHash=ad3552d98be57ae7dabe002f269f667c HTTP/1.1" 200 19 "http://sl.termo-mr.si/proizvodni-program/" "Mozilla/5.0 (Windows NT 10.0; Win64; x64; rv:131.0) Gecko/20100101 Firefox/131.0"
83.65.246.163 - - [04/Oct/2024:09:07:25 +0200] "GET /getfile.php?idHash=91383b8b4dd4335e54022950ab70378f HTTP/1.1" 200 19 "http://sl.termo-mr.si/proizvodni-program/" "Mozilla/5.0 (Windows NT 10.0; Win64; x64; rv:131.0) Gecko/20100101 Firefox/131.0"
83.65.246.163 - - [04/Oct/2024:09:07:25 +0200] "GET /getfile.php?idHash=4b3ecaea66ad45ea12ef065ae7d11268 HTTP/1.1" 200 19 "http://sl.termo-mr.si/proizvodni-program/" "Mozilla/5.0 (Windows NT 10.0; Win64; x64; rv:131.0) Gecko/20100101 Firefox/131.0"
83.65.246.163 - - [04/Oct/2024:09:07:25 +0200] "GET /getfile.php?idHash=cc8b6ac0c81d9dad2e22ee02d301170d HTTP/1.1" 200 19 "http://sl.termo-mr.si/proizvodni-program/" "Mozilla/5.0 (Windows NT 10.0; Win64; x64; rv:131.0) Gecko/20100101 Firefox/131.0"
83.65.246.163 - - [04/Oct/2024:09:07:25 +0200] "GET /getfile.php?idHash=f060ffb0cc9477fadd980555decf56b2 HTTP/1.1" 200 19 "http://sl.termo-mr.si/proizvodni-program/" "Mozilla/5.0 (Windows NT 10.0; Win64; x64; rv:131.0) Gecko/20100101 Firefox/131.0"
83.65.246.163 - - [04/Oct/2024:09:07:25 +0200] "GET /getfile.php?idHash=fd62d001fa9b4885e1fd84f2d93e0c3d HTTP/1.1" 200 19 "http://sl.termo-mr.si/proizvodni-program/" "Mozilla/5.0 (Windows NT 10.0; Win64; x64; rv:131.0) Gecko/20100101 Firefox/131.0"
83.65.246.163 - - [04/Oct/2024:09:07:25 +0200] "GET /getfile.php?idHash=49491561816797a80eff70f6aef31242 HTTP/1.1" 200 19 "http://sl.termo-mr.si/proizvodni-program/" "Mozilla/5.0 (Windows NT 10.0; Win64; x64; rv:131.0) Gecko/20100101 Firefox/131.0"
83.65.246.163 - - [04/Oct/2024:09:07:25 +0200] "GET /getfile.php?idHash=368d890a3ae5bd584603bde626021952 HTTP/1.1" 200 19 "http://sl.termo-mr.si/proizvodni-program/" "Mozilla/5.0 (Windows NT 10.0; Win64; x64; rv:131.0) Gecko/20100101 Firefox/131.0"
83.65.246.163 - - [04/Oct/2024:09:07:25 +0200] "GET /getfile.php?idHash=fb7c85cf75387d6f0441a500d2740689 HTTP/1.1" 200 19 "http://sl.termo-mr.si/proizvodni-program/" "Mozilla/5.0 (Windows NT 10.0; Win64; x64; rv:131.0) Gecko/20100101 Firefox/131.0"
83.65.246.163 - - [04/Oct/2024:09:07:25 +0200] "GET /getfile.php?idHash=4f42e46a697d4afb57d9d9f091539ae2 HTTP/1.1" 200 19 "http://sl.termo-mr.si/proizvodni-program/" "Mozilla/5.0 (Windows NT 10.0; Win64; x64; rv:131.0) Gecko/20100101 Firefox/131.0"
83.65.246.163 - - [04/Oct/2024:09:07:25 +0200] "GET /getfile.php?idHash=4ec769c999d3ce1a2836cb6ee9b22f32 HTTP/1.1" 200 19 "http://sl.termo-mr.si/proizvodni-program/" "Mozilla/5.0 (Windows NT 10.0; Win64; x64; rv:131.0) Gecko/20100101 Firefox/131.0"
83.65.246.163 - - [04/Oct/2024:09:07:25 +0200] "GET /themes/Zebra/images/corner_br.gif HTTP/1.1" 200 120 "http://sl.termo-mr.si/proizvodni-program/" "Mozilla/5.0 (Windows NT 10.0; Win64; x64; rv:131.0) Gecko/20100101 Firefox/131.0"
83.65.246.163 - - [04/Oct/2024:09:07:25 +0200] "GET /themes/Zebra/images/lang_bg.gif HTTP/1.1" 200 138 "http://sl.termo-mr.si/varpulis/_css/16_default.css" "Mozilla/5.0 (Windows NT 10.0; Win64; x64; rv:131.0) Gecko/20100101 Firefox/131.0"
83.65.246.163 - - [04/Oct/2024:09:07:25 +0200] "GET /themes/Zebra/images/search_bg.gif HTTP/1.1" 200 170 "http://sl.termo-mr.si/varpulis/_css/16_default.css" "Mozilla/5.0 (Windows NT 10.0; Win64; x64; rv:131.0) Gecko/20100101 Firefox/131.0"
83.65.246.163 - - [04/Oct/2024:09:07:25 +0200] "GET /getfile.php?idHash=8239c6ea4e39da43914841da0921f4c4 HTTP/1.1" 200 19 "http://sl.termo-mr.si/proizvodni-program/" "Mozilla/5.0 (Windows NT 10.0; Win64; x64; rv:131.0) Gecko/20100101 Firefox/131.0"
83.65.246.163 - - [04/Oct/2024:09:07:25 +0200] "GET /getfile.php?idHash=db100b44bb6bdd9f79421f6bd77975cf HTTP/1.1" 200 19 "http://sl.termo-mr.si/proizvodni-program/" "Mozilla/5.0 (Windows NT 10.0; Win64; x64; rv:131.0) Gecko/20100101 Firefox/131.0"
66.249.70.96 - - [04/Oct/2024:09:15:48 +0200] "GET / HTTP/1.1" 200 2912 "-" "Mozilla/5.0 (Linux; Android 6.0.1; Nexus 5X Build/MMB29P) AppleWebKit/537.36 (KHTML, like Gecko) Chrome/129.0.6668.89 Mobile Safari/537.36 (compatible; Googlebot/2.1; +http://www.google.com/bot.html)"
168.63.107.4 - - [04/Oct/2024:09:22:27 +0200] "GET / HTTP/1.1" 301 230 "-" "Mozilla/5.0 (Windows NT 10.0; Win64; x64) AppleWebKit/537.36 (KHTML, like Gecko) Chrome/125.0.6422.141 Safari/537.36"
168.63.107.4 - - [04/Oct/2024:09:22:27 +0200] "GET / HTTP/1.1" 200 2810 "-" "Mozilla/5.0 (Windows NT 10.0; Win64; x64) AppleWebKit/537.36 (KHTML, like Gecko) Chrome/125.0.6422.141 Safari/537.36"
168.63.107.4 - - [04/Oct/2024:09:22:27 +0200] "GET /varpulis/_js/basic.js.gz HTTP/1.1" 200 4469 "http://sl.termo-mr.si/" "Mozilla/5.0 (Windows NT 10.0; Win64; x64) AppleWebKit/537.36 (KHTML, like Gecko) Chrome/125.0.6422.141 Safari/537.36"
168.63.107.4 - - [04/Oct/2024:09:22:27 +0200] "GET /sitedata/16/media/Logo.jpg HTTP/1.1" 200 5789 "http://sl.termo-mr.si/" "Mozilla/5.0 (Windows NT 10.0; Win64; x64) AppleWebKit/537.36 (KHTML, like Gecko) Chrome/125.0.6422.141 Safari/537.36"
168.63.107.4 - - [04/Oct/2024:09:22:27 +0200] "GET /varpulis/_css/16_default.css HTTP/1.1" 200 26380 "http://sl.termo-mr.si/" "Mozilla/5.0 (Windows NT 10.0; Win64; x64) AppleWebKit/537.36 (KHTML, like Gecko) Chrome/125.0.6422.141 Safari/537.36"
168.63.107.4 - - [04/Oct/2024:09:22:28 +0200] "GET /themes/Zebra/images/corner_tl.gif HTTP/1.1" 200 122 "http://sl.termo-mr.si/" "Mozilla/5.0 (Windows NT 10.0; Win64; x64) AppleWebKit/537.36 (KHTML, like Gecko) Chrome/125.0.6422.141 Safari/537.36"
168.63.107.4 - - [04/Oct/2024:09:22:28 +0200] "GET /themes/Zebra/images/corner_tr.gif HTTP/1.1" 200 124 "http://sl.termo-mr.si/" "Mozilla/5.0 (Windows NT 10.0; Win64; x64) AppleWebKit/537.36 (KHTML, like Gecko) Chrome/125.0.6422.141 Safari/537.36"
168.63.107.4 - - [04/Oct/2024:09:22:28 +0200] "GET /themes/Zebra/images/corner_bl.gif HTTP/1.1" 200 124 "http://sl.termo-mr.si/" "Mozilla/5.0 (Windows NT 10.0; Win64; x64) AppleWebKit/537.36 (KHTML, like Gecko) Chrome/125.0.6422.141 Safari/537.36"
212.44.99.47 - - [04/Oct/2024:09:22:28 +0200] "GET /themes/Zebra/images/corner_tl.png HTTP/1.0" 200 207 "-" "-"
168.63.107.4 - - [04/Oct/2024:09:22:27 +0200] "GET /imageFill.php?source=http://sl.termo-mr.si/themes/Zebra/images/corner_tl.png&color=822329 HTTP/1.1" 200 108 "http://sl.termo-mr.si/" "Mozilla/5.0 (Windows NT 10.0; Win64; x64) AppleWebKit/537.36 (KHTML, like Gecko) Chrome/125.0.6422.141 Safari/537.36"
168.63.107.4 - - [04/Oct/2024:09:22:28 +0200] "GET /themes/Zebra/images/corner_br.gif HTTP/1.1" 200 120 "http://sl.termo-mr.si/" "Mozilla/5.0 (Windows NT 10.0; Win64; x64) AppleWebKit/537.36 (KHTML, like Gecko) Chrome/125.0.6422.141 Safari/537.36"
168.63.107.4 - - [04/Oct/2024:09:22:28 +0200] "GET /themes/Zebra/images/search_bg.gif HTTP/1.1" 200 170 "http://sl.termo-mr.si/varpulis/_css/16_default.css" "Mozilla/5.0 (Windows NT 10.0; Win64; x64) AppleWebKit/537.36 (KHTML, like Gecko) Chrome/125.0.6422.141 Safari/537.36"
168.63.107.4 - - [04/Oct/2024:09:22:28 +0200] "GET /getfile.php?idHash=679443d3aaeef001a83dd34f6f30d535 HTTP/1.1" 200 9125 "http://sl.termo-mr.si/" "Mozilla/5.0 (Windows NT 10.0; Win64; x64) AppleWebKit/537.36 (KHTML, like Gecko) Chrome/125.0.6422.141 Safari/537.36"
168.63.107.4 - - [04/Oct/2024:09:22:28 +0200] "GET /getfile.php?idHash=45f069554634670a1a656fbc96232b35 HTTP/1.1" 200 8424 "http://sl.termo-mr.si/" "Mozilla/5.0 (Windows NT 10.0; Win64; x64) AppleWebKit/537.36 (KHTML, like Gecko) Chrome/125.0.6422.141 Safari/537.36"
168.63.107.4 - - [04/Oct/2024:09:22:28 +0200] "GET /getfile.php?idHash=67bef07f2666605c598643166d691d91 HTTP/1.1" 200 8200 "http://sl.termo-mr.si/" "Mozilla/5.0 (Windows NT 10.0; Win64; x64) AppleWebKit/537.36 (KHTML, like Gecko) Chrome/125.0.6422.141 Safari/537.36"
168.63.107.4 - - [04/Oct/2024:09:22:29 +0200] "GET /themes/Zebra/images/lang_bg.gif HTTP/1.1" 200 138 "http://sl.termo-mr.si/varpulis/_css/16_default.css" "Mozilla/5.0 (Windows NT 10.0; Win64; x64) AppleWebKit/537.36 (KHTML, like Gecko) Chrome/125.0.6422.141 Safari/537.36"
168.63.107.4 - - [04/Oct/2024:09:22:34 +0200] "GET /favicon.ico HTTP/1.1" 404 - "http://sl.termo-mr.si/" "Mozilla/5.0 (Windows NT 10.0; Win64; x64) AppleWebKit/537.36 (KHTML, like Gecko) Chrome/125.0.6422.141 Safari/537.36"
193.77.152.195 - - [04/Oct/2024:09:23:02 +0200] "GET / HTTP/1.1" 200 2810 "https://www.google.si/" "Mozilla/5.0 (Windows NT 10.0; Win64; x64; rv:131.0) Gecko/20100101 Firefox/131.0"
193.77.152.195 - - [04/Oct/2024:09:23:02 +0200] "GET /varpulis/_js/basic.js.gz HTTP/1.1" 200 4469 "http://sl.termo-mr.si/" "Mozilla/5.0 (Windows NT 10.0; Win64; x64; rv:131.0) Gecko/20100101 Firefox/131.0"
193.77.152.195 - - [04/Oct/2024:09:23:02 +0200] "GET /varpulis/_css/16_default.css HTTP/1.1" 200 26380 "http://sl.termo-mr.si/" "Mozilla/5.0 (Windows NT 10.0; Win64; x64; rv:131.0) Gecko/20100101 Firefox/131.0"
193.77.152.195 - - [04/Oct/2024:09:23:02 +0200] "GET /themes/Zebra/images/corner_tl.gif HTTP/1.1" 200 122 "http://sl.termo-mr.si/" "Mozilla/5.0 (Windows NT 10.0; Win64; x64; rv:131.0) Gecko/20100101 Firefox/131.0"
193.77.152.195 - - [04/Oct/2024:09:23:02 +0200] "GET /themes/Zebra/images/corner_tr.gif HTTP/1.1" 200 124 "http://sl.termo-mr.si/" "Mozilla/5.0 (Windows NT 10.0; Win64; x64; rv:131.0) Gecko/20100101 Firefox/131.0"
193.77.152.195 - - [04/Oct/2024:09:23:02 +0200] "GET /sitedata/16/media/Logo.jpg HTTP/1.1" 200 5789 "http://sl.termo-mr.si/" "Mozilla/5.0 (Windows NT 10.0; Win64; x64; rv:131.0) Gecko/20100101 Firefox/131.0"
193.77.152.195 - - [04/Oct/2024:09:23:02 +0200] "GET /themes/Zebra/images/corner_br.gif HTTP/1.1" 200 120 "http://sl.termo-mr.si/" "Mozilla/5.0 (Windows NT 10.0; Win64; x64; rv:131.0) Gecko/20100101 Firefox/131.0"
193.77.152.195 - - [04/Oct/2024:09:23:02 +0200] "GET /themes/Zebra/images/corner_bl.gif HTTP/1.1" 200 124 "http://sl.termo-mr.si/" "Mozilla/5.0 (Windows NT 10.0; Win64; x64; rv:131.0) Gecko/20100101 Firefox/131.0"
193.77.152.195 - - [04/Oct/2024:09:23:02 +0200] "GET /themes/Zebra/images/lang_bg.gif HTTP/1.1" 200 138 "http://sl.termo-mr.si/varpulis/_css/16_default.css" "Mozilla/5.0 (Windows NT 10.0; Win64; x64; rv:131.0) Gecko/20100101 Firefox/131.0"
193.77.152.195 - - [04/Oct/2024:09:23:02 +0200] "GET /themes/Zebra/images/search_bg.gif HTTP/1.1" 200 170 "http://sl.termo-mr.si/varpulis/_css/16_default.css" "Mozilla/5.0 (Windows NT 10.0; Win64; x64; rv:131.0) Gecko/20100101 Firefox/131.0"
212.44.99.47 - - [04/Oct/2024:09:23:02 +0200] "GET /themes/Zebra/images/corner_tl.png HTTP/1.0" 200 207 "-" "-"
193.77.152.195 - - [04/Oct/2024:09:23:02 +0200] "GET /imageFill.php?source=http://sl.termo-mr.si/themes/Zebra/images/corner_tl.png&color=822329 HTTP/1.1" 200 108 "http://sl.termo-mr.si/" "Mozilla/5.0 (Windows NT 10.0; Win64; x64; rv:131.0) Gecko/20100101 Firefox/131.0"
193.77.152.195 - - [04/Oct/2024:09:23:02 +0200] "GET /getfile.php?idHash=679443d3aaeef001a83dd34f6f30d535 HTTP/1.1" 200 9125 "http://sl.termo-mr.si/" "Mozilla/5.0 (Windows NT 10.0; Win64; x64; rv:131.0) Gecko/20100101 Firefox/131.0"
193.77.152.195 - - [04/Oct/2024:09:23:02 +0200] "GET /getfile.php?idHash=67bef07f2666605c598643166d691d91 HTTP/1.1" 200 8200 "http://sl.termo-mr.si/" "Mozilla/5.0 (Windows NT 10.0; Win64; x64; rv:131.0) Gecko/20100101 Firefox/131.0"
193.77.152.195 - - [04/Oct/2024:09:23:02 +0200] "GET /getfile.php?idHash=45f069554634670a1a656fbc96232b35 HTTP/1.1" 200 8424 "http://sl.termo-mr.si/" "Mozilla/5.0 (Windows NT 10.0; Win64; x64; rv:131.0) Gecko/20100101 Firefox/131.0"
193.77.152.195 - - [04/Oct/2024:09:23:02 +0200] "GET /favicon.ico HTTP/1.1" 404 - "http://sl.termo-mr.si/" "Mozilla/5.0 (Windows NT 10.0; Win64; x64; rv:131.0) Gecko/20100101 Firefox/131.0"
213.180.203.162 - - [04/Oct/2024:09:40:35 +0200] "GET /robots.txt HTTP/1.1" 200 147 "-" "Mozilla/5.0 (compatible; YandexBot/3.0; +http://yandex.com/bots)"
87.250.224.82 - - [04/Oct/2024:09:40:35 +0200] "GET /catalogue-pdf/sitedata/17/upload/File/TermoMR%20za%20WEB.pdf HTTP/1.1" 404 - "-" "Mozilla/5.0 (compatible; YandexBot/3.0; +http://yandex.com/bots)"
212.44.113.11 - - [04/Oct/2024:10:52:24 +0200] "GET /.well-known/acme-challenge/JRZ70579RI5BBH4VI4B-5X1E5GGI9IF2 HTTP/1.1" 301 289 "-" "Cpanel-HTTP-Client/1.0"
212.44.113.11 - - [04/Oct/2024:10:52:24 +0200] "GET /.well-known/acme-challenge/JRZ70579RI5BBH4VI4B-5X1E5GGI9IF2 HTTP/1.1" 404 - "-" "Cpanel-HTTP-Client/1.0"
212.44.113.11 - - [04/Oct/2024:10:52:24 +0200] "GET /.well-known/acme-challenge/EOH06KA0JTRZVABU38WZSPK7R932MAEQ HTTP/1.1" 301 289 "-" "Cpanel-HTTP-Client/1.0"
212.44.113.11 - - [04/Oct/2024:10:52:24 +0200] "GET /.well-known/acme-challenge/EOH06KA0JTRZVABU38WZSPK7R932MAEQ HTTP/1.1" 404 - "-" "Cpanel-HTTP-Client/1.0"
83.65.246.163 - - [04/Oct/2024:11:17:52 +0200] "GET /katalog-pdf/ HTTP/1.1" 200 1826 "-" "Mozilla/5.0 (Windows NT 10.0; Win64; x64; rv:131.0) Gecko/20100101 Firefox/131.0"
83.65.246.163 - - [04/Oct/2024:11:17:52 +0200] "GET /themes/Zebra/images/corner_tl.gif HTTP/1.1" 200 122 "http://sl.termo-mr.si/katalog-pdf/" "Mozilla/5.0 (Windows NT 10.0; Win64; x64; rv:131.0) Gecko/20100101 Firefox/131.0"
83.65.246.163 - - [04/Oct/2024:11:17:52 +0200] "GET /sitedata/16/media/Logo.jpg HTTP/1.1" 200 5789 "http://sl.termo-mr.si/katalog-pdf/" "Mozilla/5.0 (Windows NT 10.0; Win64; x64; rv:131.0) Gecko/20100101 Firefox/131.0"
83.65.246.163 - - [04/Oct/2024:11:17:52 +0200] "GET /themes/Zebra/images/corner_tr.gif HTTP/1.1" 200 124 "http://sl.termo-mr.si/katalog-pdf/" "Mozilla/5.0 (Windows NT 10.0; Win64; x64; rv:131.0) Gecko/20100101 Firefox/131.0"
83.65.246.163 - - [04/Oct/2024:11:17:52 +0200] "GET /themes/Zebra/images/corner_bl.gif HTTP/1.1" 200 124 "http://sl.termo-mr.si/katalog-pdf/" "Mozilla/5.0 (Windows NT 10.0; Win64; x64; rv:131.0) Gecko/20100101 Firefox/131.0"
83.65.246.163 - - [04/Oct/2024:11:17:52 +0200] "GET /themes/Zebra/images/corner_br.gif HTTP/1.1" 200 120 "http://sl.termo-mr.si/katalog-pdf/" "Mozilla/5.0 (Windows NT 10.0; Win64; x64; rv:131.0) Gecko/20100101 Firefox/131.0"
212.44.99.47 - - [04/Oct/2024:11:17:52 +0200] "GET /themes/Zebra/images/corner_tl.png HTTP/1.0" 200 207 "-" "-"
83.65.246.163 - - [04/Oct/2024:11:17:52 +0200] "GET /imageFill.php?source=http://sl.termo-mr.si/themes/Zebra/images/corner_tl.png&color=822329 HTTP/1.1" 200 108 "http://sl.termo-mr.si/katalog-pdf/" "Mozilla/5.0 (Windows NT 10.0; Win64; x64; rv:131.0) Gecko/20100101 Firefox/131.0"
83.65.246.163 - - [04/Oct/2024:11:17:52 +0200] "GET /themes/Zebra/images/lang_bg.gif HTTP/1.1" 200 138 "http://sl.termo-mr.si/varpulis/_css/16_default.css" "Mozilla/5.0 (Windows NT 10.0; Win64; x64; rv:131.0) Gecko/20100101 Firefox/131.0"
83.65.246.163 - - [04/Oct/2024:11:17:52 +0200] "GET /themes/Zebra/images/search_bg.gif HTTP/1.1" 200 170 "http://sl.termo-mr.si/varpulis/_css/16_default.css" "Mozilla/5.0 (Windows NT 10.0; Win64; x64; rv:131.0) Gecko/20100101 Firefox/131.0"
83.65.246.163 - - [04/Oct/2024:11:17:58 +0200] "GET /katalog-pdf/ HTTP/1.1" 200 1826 "-" "Mozilla/5.0 (Windows NT 10.0; Win64; x64; rv:131.0) Gecko/20100101 Firefox/131.0"
83.65.246.163 - - [04/Oct/2024:11:17:58 +0200] "GET /varpulis/_js/basic.js.gz HTTP/1.1" 200 4469 "http://sl.termo-mr.si/katalog-pdf/" "Mozilla/5.0 (Windows NT 10.0; Win64; x64; rv:131.0) Gecko/20100101 Firefox/131.0"
83.65.246.163 - - [04/Oct/2024:11:17:58 +0200] "GET /varpulis/_css/16_default.css HTTP/1.1" 200 26380 "http://sl.termo-mr.si/katalog-pdf/" "Mozilla/5.0 (Windows NT 10.0; Win64; x64; rv:131.0) Gecko/20100101 Firefox/131.0"
83.65.246.163 - - [04/Oct/2024:11:17:59 +0200] "GET /sitedata/16/media/Logo.jpg HTTP/1.1" 200 5789 "http://sl.termo-mr.si/katalog-pdf/" "Mozilla/5.0 (Windows NT 10.0; Win64; x64; rv:131.0) Gecko/20100101 Firefox/131.0"
83.65.246.163 - - [04/Oct/2024:11:17:59 +0200] "GET /themes/Zebra/images/corner_br.gif HTTP/1.1" 200 120 "http://sl.termo-mr.si/katalog-pdf/" "Mozilla/5.0 (Windows NT 10.0; Win64; x64; rv:131.0) Gecko/20100101 Firefox/131.0"
83.65.246.163 - - [04/Oct/2024:11:17:59 +0200] "GET /themes/Zebra/images/corner_tl.gif HTTP/1.1" 200 122 "http://sl.termo-mr.si/katalog-pdf/" "Mozilla/5.0 (Windows NT 10.0; Win64; x64; rv:131.0) Gecko/20100101 Firefox/131.0"
83.65.246.163 - - [04/Oct/2024:11:17:59 +0200] "GET /themes/Zebra/images/corner_bl.gif HTTP/1.1" 200 124 "http://sl.termo-mr.si/katalog-pdf/" "Mozilla/5.0 (Windows NT 10.0; Win64; x64; rv:131.0) Gecko/20100101 Firefox/131.0"
83.65.246.163 - - [04/Oct/2024:11:17:59 +0200] "GET /themes/Zebra/images/corner_tr.gif HTTP/1.1" 200 124 "http://sl.termo-mr.si/katalog-pdf/" "Mozilla/5.0 (Windows NT 10.0; Win64; x64; rv:131.0) Gecko/20100101 Firefox/131.0"
212.44.99.47 - - [04/Oct/2024:11:17:59 +0200] "GET /themes/Zebra/images/corner_tl.png HTTP/1.0" 200 207 "-" "-"
83.65.246.163 - - [04/Oct/2024:11:17:59 +0200] "GET /imageFill.php?source=http://sl.termo-mr.si/themes/Zebra/images/corner_tl.png&color=822329 HTTP/1.1" 200 108 "http://sl.termo-mr.si/katalog-pdf/" "Mozilla/5.0 (Windows NT 10.0; Win64; x64; rv:131.0) Gecko/20100101 Firefox/131.0"
83.65.246.163 - - [04/Oct/2024:11:17:59 +0200] "GET /themes/Zebra/images/lang_bg.gif HTTP/1.1" 200 138 "http://sl.termo-mr.si/varpulis/_css/16_default.css" "Mozilla/5.0 (Windows NT 10.0; Win64; x64; rv:131.0) Gecko/20100101 Firefox/131.0"
83.65.246.163 - - [04/Oct/2024:11:17:59 +0200] "GET /themes/Zebra/images/search_bg.gif HTTP/1.1" 200 170 "http://sl.termo-mr.si/varpulis/_css/16_default.css" "Mozilla/5.0 (Windows NT 10.0; Win64; x64; rv:131.0) Gecko/20100101 Firefox/131.0"
40.94.104.49 - - [04/Oct/2024:11:21:16 +0200] "GET / HTTP/1.1" 301 230 "-" "Mozilla/5.0 (Windows NT 10.0; Win64; x64) AppleWebKit/537.36 (KHTML, like Gecko) Chrome/125.0.6422.141 Safari/537.36"
40.94.104.45 - - [04/Oct/2024:11:21:16 +0200] "GET / HTTP/1.1" 200 2810 "-" "Mozilla/5.0 (Windows NT 10.0; Win64; x64) AppleWebKit/537.36 (KHTML, like Gecko) Chrome/125.0.6422.141 Safari/537.36"
40.94.104.45 - - [04/Oct/2024:11:21:17 +0200] "GET /varpulis/_js/basic.js.gz HTTP/1.1" 200 4469 "http://sl.termo-mr.si/" "Mozilla/5.0 (Windows NT 10.0; Win64; x64) AppleWebKit/537.36 (KHTML, like Gecko) Chrome/125.0.6422.141 Safari/537.36"
40.94.104.45 - - [04/Oct/2024:11:21:17 +0200] "GET /themes/Zebra/images/corner_tl.gif HTTP/1.1" 200 122 "http://sl.termo-mr.si/" "Mozilla/5.0 (Windows NT 10.0; Win64; x64) AppleWebKit/537.36 (KHTML, like Gecko) Chrome/125.0.6422.141 Safari/537.36"
40.94.104.100 - - [04/Oct/2024:11:21:17 +0200] "GET /sitedata/16/media/Logo.jpg HTTP/1.1" 200 5789 "http://sl.termo-mr.si/" "Mozilla/5.0 (Windows NT 10.0; Win64; x64) AppleWebKit/537.36 (KHTML, like Gecko) Chrome/125.0.6422.141 Safari/537.36"
40.94.104.45 - - [04/Oct/2024:11:21:17 +0200] "GET /varpulis/_css/16_default.css HTTP/1.1" 200 26380 "http://sl.termo-mr.si/" "Mozilla/5.0 (Windows NT 10.0; Win64; x64) AppleWebKit/537.36 (KHTML, like Gecko) Chrome/125.0.6422.141 Safari/537.36"
212.44.99.47 - - [04/Oct/2024:11:21:18 +0200] "GET /themes/Zebra/images/corner_tl.png HTTP/1.0" 200 207 "-" "-"
40.94.104.45 - - [04/Oct/2024:11:21:18 +0200] "GET /imageFill.php?source=http://sl.termo-mr.si/themes/Zebra/images/corner_tl.png&color=822329 HTTP/1.1" 200 108 "http://sl.termo-mr.si/" "Mozilla/5.0 (Windows NT 10.0; Win64; x64) AppleWebKit/537.36 (KHTML, like Gecko) Chrome/125.0.6422.141 Safari/537.36"
40.94.104.45 - - [04/Oct/2024:11:21:18 +0200] "GET /themes/Zebra/images/corner_tr.gif HTTP/1.1" 200 124 "http://sl.termo-mr.si/" "Mozilla/5.0 (Windows NT 10.0; Win64; x64) AppleWebKit/537.36 (KHTML, like Gecko) Chrome/125.0.6422.141 Safari/537.36"
40.94.104.45 - - [04/Oct/2024:11:21:18 +0200] "GET /themes/Zebra/images/corner_bl.gif HTTP/1.1" 200 124 "http://sl.termo-mr.si/" "Mozilla/5.0 (Windows NT 10.0; Win64; x64) AppleWebKit/537.36 (KHTML, like Gecko) Chrome/125.0.6422.141 Safari/537.36"
40.94.104.45 - - [04/Oct/2024:11:21:19 +0200] "GET /getfile.php?idHash=67bef07f2666605c598643166d691d91 HTTP/1.1" 200 8200 "http://sl.termo-mr.si/" "Mozilla/5.0 (Windows NT 10.0; Win64; x64) AppleWebKit/537.36 (KHTML, like Gecko) Chrome/125.0.6422.141 Safari/537.36"
40.94.104.100 - - [04/Oct/2024:11:21:19 +0200] "GET /themes/Zebra/images/corner_br.gif HTTP/1.1" 200 120 "http://sl.termo-mr.si/" "Mozilla/5.0 (Windows NT 10.0; Win64; x64) AppleWebKit/537.36 (KHTML, like Gecko) Chrome/125.0.6422.141 Safari/537.36"
40.94.104.45 - - [04/Oct/2024:11:21:19 +0200] "GET /getfile.php?idHash=679443d3aaeef001a83dd34f6f30d535 HTTP/1.1" 200 9125 "http://sl.termo-mr.si/" "Mozilla/5.0 (Windows NT 10.0; Win64; x64) AppleWebKit/537.36 (KHTML, like Gecko) Chrome/125.0.6422.141 Safari/537.36"
40.94.104.100 - - [04/Oct/2024:11:21:19 +0200] "GET /themes/Zebra/images/lang_bg.gif HTTP/1.1" 200 138 "http://sl.termo-mr.si/varpulis/_css/16_default.css" "Mozilla/5.0 (Windows NT 10.0; Win64; x64) AppleWebKit/537.36 (KHTML, like Gecko) Chrome/125.0.6422.141 Safari/537.36"
40.94.104.45 - - [04/Oct/2024:11:21:19 +0200] "GET /themes/Zebra/images/search_bg.gif HTTP/1.1" 200 170 "http://sl.termo-mr.si/varpulis/_css/16_default.css" "Mozilla/5.0 (Windows NT 10.0; Win64; x64) AppleWebKit/537.36 (KHTML, like Gecko) Chrome/125.0.6422.141 Safari/537.36"
40.94.104.45 - - [04/Oct/2024:11:21:19 +0200] "GET /getfile.php?idHash=45f069554634670a1a656fbc96232b35 HTTP/1.1" 200 8424 "http://sl.termo-mr.si/" "Mozilla/5.0 (Windows NT 10.0; Win64; x64) AppleWebKit/537.36 (KHTML, like Gecko) Chrome/125.0.6422.141 Safari/537.36"
40.94.104.18 - - [04/Oct/2024:11:21:26 +0200] "GET /favicon.ico HTTP/1.1" 404 - "http://sl.termo-mr.si/" "Mozilla/5.0 (Windows NT 10.0; Win64; x64) AppleWebKit/537.36 (KHTML, like Gecko) Chrome/125.0.6422.141 Safari/537.36"
66.249.70.108 - - [04/Oct/2024:11:45:55 +0200] "GET /themes/Zebra/stil_forms.php HTTP/1.1" 200 2921 "http://en.termo-mr.si/index.php" "Mozilla/5.0 (Linux; Android 6.0.1; Nexus 5X Build/MMB29P) AppleWebKit/537.36 (KHTML, like Gecko) Chrome/129.0.6668.70 Mobile Safari/537.36 (compatible; Googlebot/2.1; +http://www.google.com/bot.html)"
66.249.70.96 - - [04/Oct/2024:11:45:56 +0200] "GET /themes/Zebra/stil_package.php HTTP/1.1" 200 9571 "http://en.termo-mr.si/index.php" "Mozilla/5.0 (Linux; Android 6.0.1; Nexus 5X Build/MMB29P) AppleWebKit/537.36 (KHTML, like Gecko) Chrome/129.0.6668.70 Mobile Safari/537.36 (compatible; Googlebot/2.1; +http://www.google.com/bot.html)"
80.95.44.8 - - [04/Oct/2024:12:31:36 +0200] "GET / HTTP/1.0" 200 8227 "-" "Mozilla/5.0 (Windows NT 6.3; Win64; x64) AppleWebKit/537.36 (KHTML, like Gecko) Chrome/75.0.3770.100 Safari/537.36"
66.249.70.108 - - [04/Oct/2024:13:34:41 +0200] "GET /themes/Zebra/stil_package.php HTTP/1.1" 200 9571 "http://en.termo-mr.si/company/" "Mozilla/5.0 (Linux; Android 6.0.1; Nexus 5X Build/MMB29P) AppleWebKit/537.36 (KHTML, like Gecko) Chrome/129.0.6668.70 Mobile Safari/537.36 (compatible; Googlebot/2.1; +http://www.google.com/bot.html)"
66.249.70.96 - - [04/Oct/2024:13:34:41 +0200] "GET /themes/Zebra/stil_forms.php HTTP/1.1" 200 2921 "http://en.termo-mr.si/company/" "Mozilla/5.0 (Linux; Android 6.0.1; Nexus 5X Build/MMB29P) AppleWebKit/537.36 (KHTML, like Gecko) Chrome/129.0.6668.70 Mobile Safari/537.36 (compatible; Googlebot/2.1; +http://www.google.com/bot.html)"
212.44.113.11 - - [04/Oct/2024:13:51:58 +0200] "GET /.well-known/acme-challenge/9SDMPQ-DSWPBJZ34ZH-NCCLER8Z8DJRP HTTP/1.1" 301 289 "-" "Cpanel-HTTP-Client/1.0"
212.44.113.11 - - [04/Oct/2024:13:51:58 +0200] "GET /.well-known/acme-challenge/9SDMPQ-DSWPBJZ34ZH-NCCLER8Z8DJRP HTTP/1.1" 404 - "-" "Cpanel-HTTP-Client/1.0"
212.44.113.11 - - [04/Oct/2024:13:51:58 +0200] "GET /.well-known/acme-challenge/9YRMDZOLBP89ZIBCIZFY277-MZXOXVK9 HTTP/1.1" 301 289 "-" "Cpanel-HTTP-Client/1.0"
212.44.113.11 - - [04/Oct/2024:13:51:58 +0200] "GET /.well-known/acme-challenge/9YRMDZOLBP89ZIBCIZFY277-MZXOXVK9 HTTP/1.1" 404 - "-" "Cpanel-HTTP-Client/1.0"
114.119.136.203 - - [04/Oct/2024:14:49:49 +0200] "GET /robots.txt HTTP/1.1" 200 147 "-" "Mozilla/5.0 (compatible;PetalBot;+https://webmaster.petalsearch.com/site/petalbot)"
212.44.113.11 - - [04/Oct/2024:16:52:01 +0200] "GET /.well-known/acme-challenge/4K_0-LJ4QKPHPLAIYOIH7U9Y4J5PV_X3 HTTP/1.1" 301 289 "-" "Cpanel-HTTP-Client/1.0"
212.44.113.11 - - [04/Oct/2024:16:52:01 +0200] "GET /.well-known/acme-challenge/4K_0-LJ4QKPHPLAIYOIH7U9Y4J5PV_X3 HTTP/1.1" 404 - "-" "Cpanel-HTTP-Client/1.0"
212.44.113.11 - - [04/Oct/2024:16:52:01 +0200] "GET /.well-known/acme-challenge/WLBO2PV27ED09-CCE5A9ASRCNOOGHFP8 HTTP/1.1" 301 289 "-" "Cpanel-HTTP-Client/1.0"
212.44.113.11 - - [04/Oct/2024:16:52:01 +0200] "GET /.well-known/acme-challenge/WLBO2PV27ED09-CCE5A9ASRCNOOGHFP8 HTTP/1.1" 404 - "-" "Cpanel-HTTP-Client/1.0"
54.218.252.207 - - [04/Oct/2024:16:58:26 +0200] "GET / HTTP/1.1" 301 230 "-" "Mozilla/5.0 (X11; Linux x86_64) AppleWebKit/537.36 (KHTML, like Gecko) Chrome/83.0.4103.97 Safari/537.36"
54.218.252.207 - - [04/Oct/2024:16:58:33 +0200] "GET / HTTP/1.1" 200 2810 "-" "Mozilla/5.0 (X11; Linux x86_64) AppleWebKit/537.36 (KHTML, like Gecko) Chrome/83.0.4103.97 Safari/537.36"
35.161.202.76 - - [04/Oct/2024:16:59:21 +0200] "GET / HTTP/1.1" 301 230 "-" "Mozilla/5.0 (X11; Linux x86_64) AppleWebKit/537.36 (KHTML, like Gecko) Chrome/83.0.4103.97 Safari/537.36"
35.161.202.76 - - [04/Oct/2024:16:59:25 +0200] "GET / HTTP/1.1" 200 2810 "-" "Mozilla/5.0 (X11; Linux x86_64) AppleWebKit/537.36 (KHTML, like Gecko) Chrome/83.0.4103.97 Safari/537.36"
114.119.128.58 - - [04/Oct/2024:18:40:29 +0200] "GET /robots.txt HTTP/1.1" 200 147 "-" "Mozilla/5.0 (compatible;PetalBot;+https://webmaster.petalsearch.com/site/petalbot)"
80.95.44.8 - - [04/Oct/2024:18:40:34 +0200] "GET / HTTP/1.0" 200 8227 "-" "Mozilla/5.0 (Windows NT 6.3; Win64; x64) AppleWebKit/537.36 (KHTML, like Gecko) Chrome/75.0.3770.100 Safari/537.36"
66.249.64.67 - - [04/Oct/2024:19:31:14 +0200] "GET /proizvodni-program/ HTTP/1.1" 200 2869 "-" "Mozilla/5.0 (Linux; Android 6.0.1; Nexus 5X Build/MMB29P) AppleWebKit/537.36 (KHTML, like Gecko) Chrome/129.0.6668.89 Mobile Safari/537.36 (compatible; Googlebot/2.1; +http://www.google.com/bot.html)"
212.44.113.11 - - [04/Oct/2024:19:52:07 +0200] "GET /.well-known/acme-challenge/306CDXH7OG7BVQRC1__N67SIAEDGUNLV HTTP/1.1" 301 289 "-" "Cpanel-HTTP-Client/1.0"
212.44.113.11 - - [04/Oct/2024:19:52:07 +0200] "GET /.well-known/acme-challenge/306CDXH7OG7BVQRC1__N67SIAEDGUNLV HTTP/1.1" 404 - "-" "Cpanel-HTTP-Client/1.0"
212.44.113.11 - - [04/Oct/2024:19:52:07 +0200] "GET /.well-known/acme-challenge/13I_3C5RTDJDG7R5G48BGQ9JN_SMN7U_ HTTP/1.1" 301 289 "-" "Cpanel-HTTP-Client/1.0"
212.44.113.11 - - [04/Oct/2024:19:52:07 +0200] "GET /.well-known/acme-challenge/13I_3C5RTDJDG7R5G48BGQ9JN_SMN7U_ HTTP/1.1" 404 - "-" "Cpanel-HTTP-Client/1.0"
8.220.194.47 - - [04/Oct/2024:20:44:18 +0200] "GET / HTTP/1.1" 301 230 "-" "Mozilla/5.0 (Macintosh; Intel Mac OS X 10_15_7) AppleWebKit/537.36 (KHTML, like Gecko) Chrome/100.0.4896.75 Safari/537.36"
8.220.194.47 - - [04/Oct/2024:20:44:20 +0200] "GET / HTTP/1.1" 200 2810 "-" "Mozilla/5.0 (Macintosh; Intel Mac OS X 10_15_7) AppleWebKit/537.36 (KHTML, like Gecko) Chrome/100.0.4896.75 Safari/537.36"
8.220.194.47 - - [04/Oct/2024:20:44:21 +0200] "GET / HTTP/1.1" 301 230 "-" "Mozilla/5.0 (Macintosh; Intel Mac OS X 10_15_7) AppleWebKit/537.36 (KHTML, like Gecko) Chrome/100.0.4896.75 Safari/537.36"
8.220.194.47 - - [04/Oct/2024:20:44:21 +0200] "GET / HTTP/1.1" 200 2810 "-" "Mozilla/5.0 (Macintosh; Intel Mac OS X 10_15_7) AppleWebKit/537.36 (KHTML, like Gecko) Chrome/100.0.4896.75 Safari/537.36"
212.44.113.11 - - [04/Oct/2024:22:52:11 +0200] "GET /.well-known/acme-challenge/0EU9WRQWD4S-FXR4AQMBXAD01KA9E1MD HTTP/1.1" 301 289 "-" "Cpanel-HTTP-Client/1.0"
212.44.113.11 - - [04/Oct/2024:22:52:11 +0200] "GET /.well-known/acme-challenge/0EU9WRQWD4S-FXR4AQMBXAD01KA9E1MD HTTP/1.1" 404 - "-" "Cpanel-HTTP-Client/1.0"
212.44.113.11 - - [04/Oct/2024:22:52:11 +0200] "GET /.well-known/acme-challenge/RMQ48KPDWL-7YT5H6_J8Z3GXG3L1S9BV HTTP/1.1" 301 289 "-" "Cpanel-HTTP-Client/1.0"
212.44.113.11 - - [04/Oct/2024:22:52:11 +0200] "GET /.well-known/acme-challenge/RMQ48KPDWL-7YT5H6_J8Z3GXG3L1S9BV HTTP/1.1" 404 - "-" "Cpanel-HTTP-Client/1.0"
154.202.108.176 - - [05/Oct/2024:00:02:46 +0200] "GET / HTTP/1.1" 200 2912 "-" "Mozilla/5.0 (Windows NT 10.0; Win64; x64; rv:109.0) Gecko/20100101 Firefox/111.0"
154.84.137.118 - - [05/Oct/2024:00:52:37 +0200] "GET / HTTP/1.1" 200 2810 "-" "Mozilla/5.0 (Windows NT 10.0; Win64; x64; rv:109.0) Gecko/20100101 Firefox/111.0"
66.249.70.109 - - [05/Oct/2024:01:03:06 +0200] "GET /robots.txt HTTP/1.1" 200 147 "-" "Mozilla/5.0 (compatible; Googlebot/2.1; +http://www.google.com/bot.html)"
66.249.70.108 - - [05/Oct/2024:01:03:06 +0200] "GET /legal-notices/ HTTP/1.1" 200 2741 "-" "Mozilla/5.0 (Linux; Android 6.0.1; Nexus 5X Build/MMB29P) AppleWebKit/537.36 (KHTML, like Gecko) Chrome/129.0.6668.89 Mobile Safari/537.36 (compatible; Googlebot/2.1; +http://www.google.com/bot.html)"
66.249.70.108 - - [05/Oct/2024:01:08:07 +0200] "GET /printerFriendly.php HTTP/1.1" 302 2012 "-" "Mozilla/5.0 (Linux; Android 6.0.1; Nexus 5X Build/MMB29P) AppleWebKit/537.36 (KHTML, like Gecko) Chrome/129.0.6668.89 Mobile Safari/537.36 (compatible; Googlebot/2.1; +http://www.google.com/bot.html)"
66.249.70.96 - - [05/Oct/2024:01:08:08 +0200] "GET /index.php HTTP/1.1" 200 2912 "-" "Mozilla/5.0 (Linux; Android 6.0.1; Nexus 5X Build/MMB29P) AppleWebKit/537.36 (KHTML, like Gecko) Chrome/129.0.6668.89 Mobile Safari/537.36 (compatible; Googlebot/2.1; +http://www.google.com/bot.html)"
66.249.70.96 - - [05/Oct/2024:01:20:10 +0200] "GET /authors/ HTTP/1.1" 200 1883 "-" "Mozilla/5.0 (Linux; Android 6.0.1; Nexus 5X Build/MMB29P) AppleWebKit/537.36 (KHTML, like Gecko) Chrome/129.0.6668.89 Mobile Safari/537.36 (compatible; Googlebot/2.1; +http://www.google.com/bot.html)"
66.249.70.96 - - [05/Oct/2024:01:20:12 +0200] "GET /login/ HTTP/1.1" 200 2176 "-" "Mozilla/5.0 (Linux; Android 6.0.1; Nexus 5X Build/MMB29P) AppleWebKit/537.36 (KHTML, like Gecko) Chrome/129.0.6668.89 Mobile Safari/537.36 (compatible; Googlebot/2.1; +http://www.google.com/bot.html)"
66.249.70.108 - - [05/Oct/2024:01:23:14 +0200] "GET /showPicture.php?pictureHash=51a99eec64c90fc5db709fb28ffab88f HTTP/1.1" 200 702 "-" "Mozilla/5.0 (Linux; Android 6.0.1; Nexus 5X Build/MMB29P) AppleWebKit/537.36 (KHTML, like Gecko) Chrome/129.0.6668.89 Mobile Safari/537.36 (compatible; Googlebot/2.1; +http://www.google.com/bot.html)"
66.249.70.96 - - [05/Oct/2024:01:25:16 +0200] "GET /contact/ HTTP/1.1" 200 2026 "-" "Mozilla/5.0 (Linux; Android 6.0.1; Nexus 5X Build/MMB29P) AppleWebKit/537.36 (KHTML, like Gecko) Chrome/129.0.6668.89 Mobile Safari/537.36 (compatible; Googlebot/2.1; +http://www.google.com/bot.html)"
66.249.70.108 - - [05/Oct/2024:01:28:24 +0200] "GET /catalogue-pdf/ HTTP/1.1" 200 1877 "-" "Mozilla/5.0 (Linux; Android 6.0.1; Nexus 5X Build/MMB29P) AppleWebKit/537.36 (KHTML, like Gecko) Chrome/129.0.6668.89 Mobile Safari/537.36 (compatible; Googlebot/2.1; +http://www.google.com/bot.html)"
212.220.224.219 - - [05/Oct/2024:01:49:31 +0200] "GET /catalogue-pdf/ HTTP/1.1" 200 1877 "-" "Mozilla/5.0 (Windows NT 10.0; Win64; x64) AppleWebKit/537.36 (KHTML, like Gecko) Chrome/124.0.6367.61 Safari/537.36"
212.220.224.219 - - [05/Oct/2024:01:49:32 +0200] "GET /themes/Zebra/stil_package.php HTTP/1.1" 200 9571 "http://en.termo-mr.si/catalogue-pdf/" "Mozilla/5.0 (Windows NT 10.0; Win64; x64) AppleWebKit/537.36 (KHTML, like Gecko) Chrome/124.0.6367.61 Safari/537.36"
212.220.224.219 - - [05/Oct/2024:01:49:32 +0200] "GET /themes/Zebra/stil_forms.php HTTP/1.1" 200 2921 "http://en.termo-mr.si/catalogue-pdf/" "Mozilla/5.0 (Windows NT 10.0; Win64; x64) AppleWebKit/537.36 (KHTML, like Gecko) Chrome/124.0.6367.61 Safari/537.36"
212.220.224.219 - - [05/Oct/2024:01:49:32 +0200] "GET /varpulis/_js/basic.js.gz HTTP/1.1" 200 4469 "http://en.termo-mr.si/catalogue-pdf/" "Mozilla/5.0 (Windows NT 10.0; Win64; x64) AppleWebKit/537.36 (KHTML, like Gecko) Chrome/124.0.6367.61 Safari/537.36"
212.220.224.219 - - [05/Oct/2024:01:49:32 +0200] "GET /sitedata/17/media/Logo.jpg HTTP/1.1" 200 5789 "http://en.termo-mr.si/catalogue-pdf/" "Mozilla/5.0 (Windows NT 10.0; Win64; x64) AppleWebKit/537.36 (KHTML, like Gecko) Chrome/124.0.6367.61 Safari/537.36"
212.220.224.219 - - [05/Oct/2024:01:49:32 +0200] "GET /themes/Zebra/images/corner_tl.gif HTTP/1.1" 200 122 "http://en.termo-mr.si/catalogue-pdf/" "Mozilla/5.0 (Windows NT 10.0; Win64; x64) AppleWebKit/537.36 (KHTML, like Gecko) Chrome/124.0.6367.61 Safari/537.36"
212.220.224.219 - - [05/Oct/2024:01:49:32 +0200] "GET /varpulis/_css/17_default.css HTTP/1.1" 200 26380 "http://en.termo-mr.si/catalogue-pdf/" "Mozilla/5.0 (Windows NT 10.0; Win64; x64) AppleWebKit/537.36 (KHTML, like Gecko) Chrome/124.0.6367.61 Safari/537.36"
212.220.224.219 - - [05/Oct/2024:01:49:32 +0200] "GET /catalogue-pdf/imageFill.php?source=http://en.termo-mr.si/themes/Zebra/images/corner_tl.png&color=822329 HTTP/1.1" 404 - "http://en.termo-mr.si/catalogue-pdf/" "Mozilla/5.0 (Windows NT 10.0; Win64; x64) AppleWebKit/537.36 (KHTML, like Gecko) Chrome/124.0.6367.61 Safari/537.36"
212.220.224.219 - - [05/Oct/2024:01:49:32 +0200] "GET /themes/Zebra/images/corner_tr.gif HTTP/1.1" 200 124 "http://en.termo-mr.si/catalogue-pdf/" "Mozilla/5.0 (Windows NT 10.0; Win64; x64) AppleWebKit/537.36 (KHTML, like Gecko) Chrome/124.0.6367.61 Safari/537.36"
212.220.224.219 - - [05/Oct/2024:01:49:32 +0200] "GET /themes/Zebra/images/corner_bl.gif HTTP/1.1" 200 124 "http://en.termo-mr.si/catalogue-pdf/" "Mozilla/5.0 (Windows NT 10.0; Win64; x64) AppleWebKit/537.36 (KHTML, like Gecko) Chrome/124.0.6367.61 Safari/537.36"
212.220.224.219 - - [05/Oct/2024:01:49:32 +0200] "GET /themes/Zebra/images/corner_br.gif HTTP/1.1" 200 120 "http://en.termo-mr.si/catalogue-pdf/" "Mozilla/5.0 (Windows NT 10.0; Win64; x64) AppleWebKit/537.36 (KHTML, like Gecko) Chrome/124.0.6367.61 Safari/537.36"
212.220.224.219 - - [05/Oct/2024:01:49:32 +0200] "GET /themes/Zebra/images/search_bg.gif HTTP/1.1" 200 170 "http://en.termo-mr.si/varpulis/_css/17_default.css" "Mozilla/5.0 (Windows NT 10.0; Win64; x64) AppleWebKit/537.36 (KHTML, like Gecko) Chrome/124.0.6367.61 Safari/537.36"
212.220.224.219 - - [05/Oct/2024:01:49:32 +0200] "GET /themes/Zebra/images/lang_bg.gif HTTP/1.1" 200 138 "http://en.termo-mr.si/varpulis/_css/17_default.css" "Mozilla/5.0 (Windows NT 10.0; Win64; x64) AppleWebKit/537.36 (KHTML, like Gecko) Chrome/124.0.6367.61 Safari/537.36"
212.44.113.11 - - [05/Oct/2024:01:53:43 +0200] "GET /.well-known/acme-challenge/2H-LIXOLAI4JTZTYTL0BGOUZCMRPI002 HTTP/1.1" 301 289 "-" "Cpanel-HTTP-Client/1.0"
212.44.113.11 - - [05/Oct/2024:01:53:43 +0200] "GET /.well-known/acme-challenge/2H-LIXOLAI4JTZTYTL0BGOUZCMRPI002 HTTP/1.1" 404 - "-" "Cpanel-HTTP-Client/1.0"
212.44.113.11 - - [05/Oct/2024:01:53:43 +0200] "GET /.well-known/acme-challenge/P5PF9KO2_Z2XRTW3XP773XT-0JV5NSLY HTTP/1.1" 301 289 "-" "Cpanel-HTTP-Client/1.0"
212.44.113.11 - - [05/Oct/2024:01:53:43 +0200] "GET /.well-known/acme-challenge/P5PF9KO2_Z2XRTW3XP773XT-0JV5NSLY HTTP/1.1" 404 - "-" "Cpanel-HTTP-Client/1.0"
34.34.240.84 - - [05/Oct/2024:02:32:57 +0200] "HEAD / HTTP/1.1" 301 - "-" "Mozilla/5.0 (Macintosh; Intel Mac OS X 10_15_7) AppleWebKit/537.36 (KHTML, like Gecko) Chrome/100.0.4896.60 Safari/537.36"
34.34.240.84 - - [05/Oct/2024:02:32:58 +0200] "HEAD / HTTP/1.1" 200 - "-" "Mozilla/5.0 (Macintosh; Intel Mac OS X 10_15_7) AppleWebKit/537.36 (KHTML, like Gecko) Chrome/100.0.4896.60 Safari/537.36"
66.249.70.201 - - [05/Oct/2024:02:50:04 +0200] "GET /robots.txt HTTP/1.1" 301 240 "-" "Mozilla/5.0 (compatible; Googlebot/2.1; +http://www.google.com/bot.html)"
66.249.64.67 - - [05/Oct/2024:02:50:04 +0200] "GET /robots.txt HTTP/1.1" 200 147 "-" "Mozilla/5.0 (compatible; Googlebot/2.1; +http://www.google.com/bot.html)"
66.249.70.201 - - [05/Oct/2024:02:50:04 +0200] "GET / HTTP/1.1" 301 230 "-" "Mozilla/5.0 (Linux; Android 6.0.1; Nexus 5X Build/MMB29P) AppleWebKit/537.36 (KHTML, like Gecko) Chrome/129.0.6668.89 Mobile Safari/537.36 (compatible; Googlebot/2.1; +http://www.google.com/bot.html)"
66.249.64.66 - - [05/Oct/2024:02:50:06 +0200] "GET / HTTP/1.1" 200 2810 "-" "Mozilla/5.0 (Linux; Android 6.0.1; Nexus 5X Build/MMB29P) AppleWebKit/537.36 (KHTML, like Gecko) Chrome/129.0.6668.89 Mobile Safari/537.36 (compatible; Googlebot/2.1; +http://www.google.com/bot.html)"
66.249.70.200 - - [05/Oct/2024:03:16:35 +0200] "GET / HTTP/1.1" 301 230 "-" "Mozilla/5.0 (compatible; Googlebot/2.1; +http://www.google.com/bot.html)"
66.249.70.200 - - [05/Oct/2024:03:16:36 +0200] "GET / HTTP/1.1" 301 230 "-" "Mozilla/5.0 (Linux; Android 6.0.1; Nexus 5X Build/MMB29P) AppleWebKit/537.36 (KHTML, like Gecko) Chrome/99.0.4844.84 Mobile Safari/537.36 (compatible; Googlebot/2.1; +http://www.google.com/bot.html)"
66.249.64.68 - - [05/Oct/2024:03:16:36 +0200] "GET / HTTP/1.1" 200 2810 "-" "Mozilla/5.0 (compatible; Googlebot/2.1; +http://www.google.com/bot.html)"
66.249.64.66 - - [05/Oct/2024:03:16:37 +0200] "GET / HTTP/1.1" 200 2810 "-" "Mozilla/5.0 (Linux; Android 6.0.1; Nexus 5X Build/MMB29P) AppleWebKit/537.36 (KHTML, like Gecko) Chrome/99.0.4844.84 Mobile Safari/537.36 (compatible; Googlebot/2.1; +http://www.google.com/bot.html)"
182.40.104.255 - - [05/Oct/2024:03:25:39 +0200] "GET / HTTP/1.1" 301 230 "-" "Mozilla/5.0 (iPhone; CPU iPhone OS 13_2_3 like Mac OS X) AppleWebKit/605.1.15 (KHTML, like Gecko) Version/13.0.3 Mobile/15E148 Safari/604.1"
66.249.70.108 - - [05/Oct/2024:04:12:07 +0200] "GET / HTTP/1.1" 200 2912 "-" "Mozilla/5.0 (Linux; Android 6.0.1; Nexus 5X Build/MMB29P) AppleWebKit/537.36 (KHTML, like Gecko) Chrome/129.0.6668.89 Mobile Safari/537.36 (compatible; Googlebot/2.1; +http://www.google.com/bot.html)"
66.249.70.109 - - [05/Oct/2024:04:12:08 +0200] "GET /themes/Zebra/stil_forms.php HTTP/1.1" 200 2921 "http://en.termo-mr.si/" "Mozilla/5.0 (Linux; Android 6.0.1; Nexus 5X Build/MMB29P) AppleWebKit/537.36 (KHTML, like Gecko) Chrome/129.0.6668.70 Mobile Safari/537.36 (compatible; Googlebot/2.1; +http://www.google.com/bot.html)"
66.249.70.96 - - [05/Oct/2024:04:12:09 +0200] "GET /themes/Zebra/stil_package.php HTTP/1.1" 200 9571 "http://en.termo-mr.si/" "Mozilla/5.0 (Linux; Android 6.0.1; Nexus 5X Build/MMB29P) AppleWebKit/537.36 (KHTML, like Gecko) Chrome/129.0.6668.70 Mobile Safari/537.36 (compatible; Googlebot/2.1; +http://www.google.com/bot.html)"
212.44.113.11 - - [05/Oct/2024:04:52:27 +0200] "GET /.well-known/acme-challenge/NZCKTO5TS6ZN5B_RXX95--3UO9EJC-PV HTTP/1.1" 301 289 "-" "Cpanel-HTTP-Client/1.0"
212.44.113.11 - - [05/Oct/2024:04:52:27 +0200] "GET /.well-known/acme-challenge/NZCKTO5TS6ZN5B_RXX95--3UO9EJC-PV HTTP/1.1" 404 - "-" "Cpanel-HTTP-Client/1.0"
212.44.113.11 - - [05/Oct/2024:04:52:28 +0200] "GET /.well-known/acme-challenge/EPHXBAGV-Z1EC7PDQM1IW893_SUZOFZ_ HTTP/1.1" 301 289 "-" "Cpanel-HTTP-Client/1.0"
212.44.113.11 - - [05/Oct/2024:04:52:28 +0200] "GET /.well-known/acme-challenge/EPHXBAGV-Z1EC7PDQM1IW893_SUZOFZ_ HTTP/1.1" 404 - "-" "Cpanel-HTTP-Client/1.0"
66.249.64.66 - - [05/Oct/2024:06:38:38 +0200] "GET / HTTP/1.1" 200 2810 "-" "Mozilla/5.0 (compatible; Googlebot/2.1; +http://www.google.com/bot.html)"
80.95.44.8 - - [05/Oct/2024:07:05:27 +0200] "GET / HTTP/1.0" 200 8227 "-" "Mozilla/5.0 (Windows NT 6.3; Win64; x64) AppleWebKit/537.36 (KHTML, like Gecko) Chrome/75.0.3770.100 Safari/537.36"
66.249.64.224 - - [05/Oct/2024:07:07:08 +0200] "GET /robots.txt HTTP/1.1" 301 240 "-" "Mozilla/5.0 (compatible; Googlebot/2.1; +http://www.google.com/bot.html)"
66.249.64.66 - - [05/Oct/2024:07:07:08 +0200] "GET /robots.txt HTTP/1.1" 200 147 "-" "Mozilla/5.0 (compatible; Googlebot/2.1; +http://www.google.com/bot.html)"
66.249.64.224 - - [05/Oct/2024:07:07:08 +0200] "GET / HTTP/1.1" 301 230 "-" "Mozilla/5.0 (compatible; Googlebot/2.1; +http://www.google.com/bot.html)"
66.249.64.67 - - [05/Oct/2024:07:07:09 +0200] "GET / HTTP/1.1" 200 2810 "-" "Mozilla/5.0 (compatible; Googlebot/2.1; +http://www.google.com/bot.html)"
212.44.113.11 - - [05/Oct/2024:07:51:58 +0200] "GET /.well-known/acme-challenge/V6IALJ0IA_WKATS-5OEW39S_Y_4BS4YX HTTP/1.1" 301 289 "-" "Cpanel-HTTP-Client/1.0"
212.44.113.11 - - [05/Oct/2024:07:51:58 +0200] "GET /.well-known/acme-challenge/V6IALJ0IA_WKATS-5OEW39S_Y_4BS4YX HTTP/1.1" 404 - "-" "Cpanel-HTTP-Client/1.0"
212.44.113.11 - - [05/Oct/2024:07:51:58 +0200] "GET /.well-known/acme-challenge/LX8667FTEB-B1PANK2U23QCA6I8EUHTF HTTP/1.1" 301 289 "-" "Cpanel-HTTP-Client/1.0"
212.44.113.11 - - [05/Oct/2024:07:51:58 +0200] "GET /.well-known/acme-challenge/LX8667FTEB-B1PANK2U23QCA6I8EUHTF HTTP/1.1" 404 - "-" "Cpanel-HTTP-Client/1.0"
15.235.15.135 - - [05/Oct/2024:08:50:33 +0200] "GET / HTTP/1.1" 301 230 "-" "-"
80.95.44.8 - - [05/Oct/2024:09:18:23 +0200] "GET / HTTP/1.0" 200 8227 "-" "Mozilla/5.0 (Windows NT 6.3; Win64; x64) AppleWebKit/537.36 (KHTML, like Gecko) Chrome/75.0.3770.100 Safari/537.36"
66.249.64.68 - - [05/Oct/2024:10:04:04 +0200] "GET /o-podjetju/ HTTP/1.1" 200 2810 "-" "Mozilla/5.0 (Linux; Android 6.0.1; Nexus 5X Build/MMB29P) AppleWebKit/537.36 (KHTML, like Gecko) Chrome/129.0.6668.89 Mobile Safari/537.36 (compatible; Googlebot/2.1; +http://www.google.com/bot.html)"
212.44.113.11 - - [05/Oct/2024:10:51:59 +0200] "GET /.well-known/acme-challenge/WW8UWLMSU-JT3TAT2Y7KL4JVE178ETO7 HTTP/1.1" 301 289 "-" "Cpanel-HTTP-Client/1.0"
212.44.113.11 - - [05/Oct/2024:10:51:59 +0200] "GET /.well-known/acme-challenge/WW8UWLMSU-JT3TAT2Y7KL4JVE178ETO7 HTTP/1.1" 404 - "-" "Cpanel-HTTP-Client/1.0"
212.44.113.11 - - [05/Oct/2024:10:51:59 +0200] "GET /.well-known/acme-challenge/_XI9MJL-JYUCU7CUT31TDSMP0BNVZBUE HTTP/1.1" 301 289 "-" "Cpanel-HTTP-Client/1.0"
212.44.113.11 - - [05/Oct/2024:10:51:59 +0200] "GET /.well-known/acme-challenge/_XI9MJL-JYUCU7CUT31TDSMP0BNVZBUE HTTP/1.1" 404 - "-" "Cpanel-HTTP-Client/1.0"
198.235.24.20 - - [05/Oct/2024:10:59:45 +0200] "GET / HTTP/1.1" 200 8227 "-" "Expanse, a Palo Alto Networks company, searches across the global IPv4 space multiple times per day to identify customers' presences on the Internet. If you would like to be excluded from our scans, please send IP addresses/domains to: scaninfo@paloaltonetworks.com"
66.249.70.201 - - [05/Oct/2024:12:14:51 +0200] "GET / HTTP/1.1" 301 230 "-" "Mozilla/5.0 (Linux; Android 6.0.1; Nexus 5X Build/MMB29P) AppleWebKit/537.36 (KHTML, like Gecko) Chrome/129.0.6668.89 Mobile Safari/537.36 (compatible; Googlebot/2.1; +http://www.google.com/bot.html)"
66.249.64.66 - - [05/Oct/2024:12:14:54 +0200] "GET / HTTP/1.1" 200 2810 "-" "Mozilla/5.0 (Linux; Android 6.0.1; Nexus 5X Build/MMB29P) AppleWebKit/537.36 (KHTML, like Gecko) Chrome/129.0.6668.89 Mobile Safari/537.36 (compatible; Googlebot/2.1; +http://www.google.com/bot.html)"
212.44.113.11 - - [05/Oct/2024:13:52:45 +0200] "GET /.well-known/acme-challenge/O15CFH_SNDNPP3MNDDBAU5PDNNFQERAL HTTP/1.1" 301 289 "-" "Cpanel-HTTP-Client/1.0"
212.44.113.11 - - [05/Oct/2024:13:52:45 +0200] "GET /.well-known/acme-challenge/O15CFH_SNDNPP3MNDDBAU5PDNNFQERAL HTTP/1.1" 404 - "-" "Cpanel-HTTP-Client/1.0"
212.44.113.11 - - [05/Oct/2024:13:52:45 +0200] "GET /.well-known/acme-challenge/038BANYNOVI066QHDCVVGEVVLO7WES0A HTTP/1.1" 301 289 "-" "Cpanel-HTTP-Client/1.0"
212.44.113.11 - - [05/Oct/2024:13:52:45 +0200] "GET /.well-known/acme-challenge/038BANYNOVI066QHDCVVGEVVLO7WES0A HTTP/1.1" 404 - "-" "Cpanel-HTTP-Client/1.0"
80.95.44.8 - - [05/Oct/2024:14:38:30 +0200] "GET / HTTP/1.0" 200 8740 "-" "Mozilla/5.0 (Windows NT 6.3; Win64; x64) AppleWebKit/537.36 (KHTML, like Gecko) Chrome/75.0.3770.100 Safari/537.36"
43.134.142.8 - - [05/Oct/2024:16:33:03 +0200] "GET / HTTP/1.1" 301 230 "-" "Mozilla/5.0 (iPhone; CPU iPhone OS 13_2_3 like Mac OS X) AppleWebKit/605.1.15 (KHTML, like Gecko) Version/13.0.3 Mobile/15E148 Safari/604.1"
43.134.142.8 - - [05/Oct/2024:16:33:08 +0200] "GET / HTTP/1.1" 200 2810 "http://www.termo-mr.si" "Mozilla/5.0 (iPhone; CPU iPhone OS 13_2_3 like Mac OS X) AppleWebKit/605.1.15 (KHTML, like Gecko) Version/13.0.3 Mobile/15E148 Safari/604.1"
212.44.113.11 - - [05/Oct/2024:16:51:57 +0200] "GET /.well-known/acme-challenge/CY4Z1G_4M59EQKEQY1C1W3KOWSUY9DD2 HTTP/1.1" 301 289 "-" "Cpanel-HTTP-Client/1.0"
212.44.113.11 - - [05/Oct/2024:16:51:57 +0200] "GET /.well-known/acme-challenge/CY4Z1G_4M59EQKEQY1C1W3KOWSUY9DD2 HTTP/1.1" 404 - "-" "Cpanel-HTTP-Client/1.0"
212.44.113.11 - - [05/Oct/2024:16:51:57 +0200] "GET /.well-known/acme-challenge/RLTB4Y06OBYOE9QO8ROF2WYWNTTK-A48 HTTP/1.1" 301 289 "-" "Cpanel-HTTP-Client/1.0"
212.44.113.11 - - [05/Oct/2024:16:51:57 +0200] "GET /.well-known/acme-challenge/RLTB4Y06OBYOE9QO8ROF2WYWNTTK-A48 HTTP/1.1" 404 - "-" "Cpanel-HTTP-Client/1.0"
205.210.31.29 - - [05/Oct/2024:16:58:50 +0200] "GET / HTTP/1.1" 200 8740 "-" "-"
199.244.88.229 - - [05/Oct/2024:18:08:57 +0200] "GET / HTTP/1.1" 301 230 "-" "Mozilla/5.0 (X11; Linux x86_64) AppleWebKit/537.36 (KHTML, like Gecko) Chrome/105.0.0.0 Safari/537.36"
