124.115.4.191 - - [18/Dec/2010:03:31:43 +0100] "GET / HTTP/1.0" 301 360 "-" "Sosospider+(+http://help.soso.com/webspider.htm)"
124.115.4.191 - - [18/Dec/2010:03:31:46 +0100] "GET / HTTP/1.0" 200 51131 "-" "Sosospider+(+http://help.soso.com/webspider.htm)"
124.115.4.196 - - [18/Dec/2010:03:37:10 +0100] "GET / HTTP/1.0" 301 360 "-" "Sosospider+(+http://help.soso.com/webspider.htm)"
124.115.4.196 - - [18/Dec/2010:03:37:12 +0100] "GET / HTTP/1.0" 200 51131 "-" "Sosospider+(+http://help.soso.com/webspider.htm)"
124.115.4.195 - - [18/Dec/2010:03:41:00 +0100] "GET / HTTP/1.0" 301 360 "-" "Sosospider+(+http://help.soso.com/webspider.htm)"
124.115.4.195 - - [18/Dec/2010:03:41:01 +0100] "GET / HTTP/1.0" 200 51131 "-" "Sosospider+(+http://help.soso.com/webspider.htm)"
124.115.4.192 - - [18/Dec/2010:03:53:45 +0100] "GET / HTTP/1.0" 301 360 "-" "Sosospider+(+http://help.soso.com/webspider.htm)"
124.115.4.192 - - [18/Dec/2010:03:53:47 +0100] "GET / HTTP/1.0" 200 51131 "-" "Sosospider+(+http://help.soso.com/webspider.htm)"
124.115.4.194 - - [18/Dec/2010:04:25:35 +0100] "GET / HTTP/1.0" 301 360 "-" "Sosospider+(+http://help.soso.com/webspider.htm)"
124.115.4.194 - - [18/Dec/2010:04:25:37 +0100] "GET / HTTP/1.0" 200 51131 "-" "Sosospider+(+http://help.soso.com/webspider.htm)"
195.42.102.21 - - [18/Dec/2010:04:27:00 +0100] "GET /robots.txt HTTP/1.1" 200 147 "-" "Mozilla/5.0 (compatible; Purebot/1.1; +http://www.puritysearch.net/)"
195.42.102.21 - - [18/Dec/2010:04:27:03 +0100] "GET / HTTP/1.1" 200 51131 "-" "Mozilla/5.0 (compatible; Purebot/1.1; +http://www.puritysearch.net/)"
195.42.102.21 - - [18/Dec/2010:04:27:05 +0100] "GET /sejmi/ HTTP/1.1" 200 51131 "-" "Mozilla/5.0 (compatible; Purebot/1.1; +http://www.puritysearch.net/)"
195.42.102.21 - - [18/Dec/2010:04:27:08 +0100] "GET /nastop-na-sejmu/ HTTP/1.1" 200 6873 "-" "Mozilla/5.0 (compatible; Purebot/1.1; +http://www.puritysearch.net/)"
195.42.102.21 - - [18/Dec/2010:04:27:19 +0100] "GET /razstavljanje-sejem/ HTTP/1.1" 200 6849 "-" "Mozilla/5.0 (compatible; Purebot/1.1; +http://www.puritysearch.net/)"
195.42.102.21 - - [18/Dec/2010:04:27:21 +0100] "GET /o-podjetju/ HTTP/1.1" 200 7027 "-" "Mozilla/5.0 (compatible; Purebot/1.1; +http://www.puritysearch.net/)"
195.42.102.21 - - [18/Dec/2010:04:27:23 +0100] "GET /kontakt/ HTTP/1.1" 200 11057 "-" "Mozilla/5.0 (compatible; Purebot/1.1; +http://www.puritysearch.net/)"
195.42.102.21 - - [18/Dec/2010:04:27:26 +0100] "GET /?sortField=date1 HTTP/1.1" 200 51166 "-" "Mozilla/5.0 (compatible; Purebot/1.1; +http://www.puritysearch.net/)"
195.42.102.21 - - [18/Dec/2010:04:27:27 +0100] "GET /?sortField=text1 HTTP/1.1" 200 51166 "-" "Mozilla/5.0 (compatible; Purebot/1.1; +http://www.puritysearch.net/)"
195.42.102.21 - - [18/Dec/2010:04:27:30 +0100] "GET /?sortField=text3 HTTP/1.1" 200 51166 "-" "Mozilla/5.0 (compatible; Purebot/1.1; +http://www.puritysearch.net/)"
195.42.102.21 - - [18/Dec/2010:04:27:31 +0100] "GET /prijava/ HTTP/1.1" 200 6805 "-" "Mozilla/5.0 (compatible; Purebot/1.1; +http://www.puritysearch.net/)"
195.42.102.21 - - [18/Dec/2010:04:27:35 +0100] "GET /o-avtorjih/ HTTP/1.1" 200 5417 "-" "Mozilla/5.0 (compatible; Purebot/1.1; +http://www.puritysearch.net/)"
195.42.102.21 - - [18/Dec/2010:04:27:36 +0100] "GET /pravni-poduk/ HTTP/1.1" 200 8024 "-" "Mozilla/5.0 (compatible; Purebot/1.1; +http://www.puritysearch.net/)"
195.42.102.21 - - [18/Dec/2010:04:27:39 +0100] "GET /sejmi/?sortField=date1 HTTP/1.1" 200 51166 "-" "Mozilla/5.0 (compatible; Purebot/1.1; +http://www.puritysearch.net/)"
195.42.102.21 - - [18/Dec/2010:04:27:39 +0100] "GET /sejmi/?sortField=text1 HTTP/1.1" 200 51166 "-" "Mozilla/5.0 (compatible; Purebot/1.1; +http://www.puritysearch.net/)"
195.42.102.21 - - [18/Dec/2010:04:27:41 +0100] "GET /sejmi/?sortField=text3 HTTP/1.1" 200 51166 "-" "Mozilla/5.0 (compatible; Purebot/1.1; +http://www.puritysearch.net/)"
195.42.102.21 - - [18/Dec/2010:04:27:44 +0100] "GET /printerFriendly.php HTTP/1.1" 302 54043 "-" "Mozilla/5.0 (compatible; Purebot/1.1; +http://www.puritysearch.net/)"
195.42.102.21 - - [18/Dec/2010:04:27:45 +0100] "GET /themes/APR/stil_pfriendly.php HTTP/1.1" 404 - "-" "Mozilla/5.0 (compatible; Purebot/1.1; +http://www.puritysearch.net/)"
195.42.102.21 - - [18/Dec/2010:04:27:49 +0100] "GET /index.php?sortField=text3 HTTP/1.1" 200 51166 "-" "Mozilla/5.0 (compatible; Purebot/1.1; +http://www.puritysearch.net/)"
195.42.102.21 - - [18/Dec/2010:04:27:52 +0100] "GET /index.php?sortField=text1 HTTP/1.1" 200 51166 "-" "Mozilla/5.0 (compatible; Purebot/1.1; +http://www.puritysearch.net/)"
195.42.102.21 - - [18/Dec/2010:04:27:53 +0100] "GET /index.php?sortField=date1 HTTP/1.1" 200 51166 "-" "Mozilla/5.0 (compatible; Purebot/1.1; +http://www.puritysearch.net/)"
195.42.102.21 - - [18/Dec/2010:04:27:57 +0100] "GET /index.php?menu_item=item_3861 HTTP/1.1" 200 51131 "-" "Mozilla/5.0 (compatible; Purebot/1.1; +http://www.puritysearch.net/)"
195.42.102.21 - - [18/Dec/2010:04:27:59 +0100] "GET /index.php HTTP/1.1" 200 51131 "-" "Mozilla/5.0 (compatible; Purebot/1.1; +http://www.puritysearch.net/)"
195.42.102.21 - - [18/Dec/2010:04:28:02 +0100] "GET /o-podjetju/fotogalerija/ HTTP/1.1" 200 6739 "-" "Mozilla/5.0 (compatible; Purebot/1.1; +http://www.puritysearch.net/)"
124.115.6.14 - - [18/Dec/2010:05:48:21 +0100] "GET /robots.txt HTTP/1.1" 200 147 "-" "Sosospider+(+http://help.soso.com/webspider.htm)"
67.195.115.56 - - [18/Dec/2010:06:59:06 +0100] "GET /robots.txt HTTP/1.0" 200 147 "-" "Mozilla/5.0 (compatible; Yahoo! Slurp; http://help.yahoo.com/help/us/ysearch/slurp)"
67.195.115.56 - - [18/Dec/2010:06:59:06 +0100] "GET / HTTP/1.0" 200 5974 "-" "Mozilla/5.0 (compatible; Yahoo! Slurp; http://help.yahoo.com/help/us/ysearch/slurp)"
124.115.6.14 - - [18/Dec/2010:07:18:35 +0100] "GET /robots.txt HTTP/1.1" 301 370 "-" "Sosospider+(+http://help.soso.com/webspider.htm)"
66.249.72.74 - - [18/Dec/2010:07:25:40 +0100] "GET /robots.txt HTTP/1.1" 200 147 "-" "Mozilla/5.0 (compatible; Googlebot/2.1; +http://www.google.com/bot.html)"
66.249.72.74 - - [18/Dec/2010:07:25:40 +0100] "GET /prijava/ HTTP/1.1" 200 2015 "-" "Mozilla/5.0 (compatible; Googlebot/2.1; +http://www.google.com/bot.html)"
124.115.0.139 - - [18/Dec/2010:08:23:03 +0100] "GET / HTTP/1.1" 301 360 "-" "Sosospider+(+http://help.soso.com/webspider.htm)"
124.115.0.139 - - [18/Dec/2010:08:23:05 +0100] "GET / HTTP/1.1" 200 5974 "-" "Sosospider+(+http://help.soso.com/webspider.htm)"
178.154.163.29 - - [18/Dec/2010:08:27:58 +0100] "GET /index.php?sortField=text1 HTTP/1.1" 200 6061 "-" "Mozilla/5.0 (compatible; YandexBot/3.0; +http://yandex.com/bots)"
207.46.199.213 - - [18/Dec/2010:09:02:29 +0100] "GET /robots.txt HTTP/1.1" 200 147 "-" "msnbot-media/1.1 (+http://search.msn.com/msnbot.htm)"
207.46.199.213 - - [18/Dec/2010:09:02:30 +0100] "GET /themes/APR/images/sejemLogo-nurnberg.gif HTTP/1.1" 200 2590 "-" "msnbot-media/1.1 (+http://search.msn.com/msnbot.htm)"
207.46.199.213 - - [18/Dec/2010:09:02:30 +0100] "GET / HTTP/1.1" 200 5974 "-" "msnbot-media/1.1 (+http://search.msn.com/msnbot.htm)"
207.46.199.213 - - [18/Dec/2010:09:02:31 +0100] "GET /razstavljanje-sejem/ HTTP/1.1" 200 2352 "-" "msnbot-media/1.1 (+http://search.msn.com/msnbot.htm)"
124.115.0.103 - - [18/Dec/2010:09:03:55 +0100] "GET / HTTP/1.1" 200 5974 "-" "Sosospider+(+http://help.soso.com/webspider.htm)"
66.249.72.74 - - [18/Dec/2010:10:13:53 +0100] "GET /o-podjetju/ HTTP/1.1" 200 2317 "-" "Mozilla/5.0 (compatible; Googlebot/2.1; +http://www.google.com/bot.html)"
66.249.72.74 - - [18/Dec/2010:10:32:23 +0100] "GET /kontakt/ HTTP/1.1" 200 2767 "-" "Mozilla/5.0 (compatible; Googlebot/2.1; +http://www.google.com/bot.html)"
207.46.13.41 - - [18/Dec/2010:10:46:16 +0100] "GET /robots.txt HTTP/1.1" 301 370 "-" "Mozilla/5.0 (compatible; bingbot/2.0; +http://www.bing.com/bingbot.htm)"
207.46.13.41 - - [18/Dec/2010:10:46:20 +0100] "GET /robots.txt HTTP/1.1" 200 147 "-" "Mozilla/5.0 (compatible; bingbot/2.0; +http://www.bing.com/bingbot.htm)"
95.108.158.240 - - [18/Dec/2010:11:03:19 +0100] "GET /robots.txt HTTP/1.1" 200 147 "-" "Mozilla/5.0 (compatible; YandexImages/3.0; +http://yandex.com/bots)"
207.46.13.41 - - [18/Dec/2010:11:16:05 +0100] "GET / HTTP/1.1" 301 360 "-" "Mozilla/5.0 (compatible; bingbot/2.0; +http://www.bing.com/bingbot.htm)"
178.154.163.29 - - [18/Dec/2010:12:13:24 +0100] "GET /index.php?sortField=text3 HTTP/1.1" 200 6006 "-" "Mozilla/5.0 (compatible; YandexBot/3.0; +http://yandex.com/bots)"
178.154.163.29 - - [18/Dec/2010:12:13:27 +0100] "GET /?sortField=text3 HTTP/1.1" 200 6006 "-" "Mozilla/5.0 (compatible; YandexBot/3.0; +http://yandex.com/bots)"
95.108.158.240 - - [18/Dec/2010:12:27:34 +0100] "GET / HTTP/1.1" 200 51131 "-" "Mozilla/5.0 (compatible; YandexImages/3.0; +http://yandex.com/bots)"
66.249.72.74 - - [18/Dec/2010:13:08:44 +0100] "GET /o-podjetju/fotogalerija/ HTTP/1.1" 200 1976 "-" "Mozilla/5.0 (compatible; Googlebot/2.1; +http://www.google.com/bot.html)"
66.249.72.100 - - [18/Dec/2010:13:13:58 +0100] "GET /robots.txt HTTP/1.1" 301 366 "-" "Mozilla/5.0 (compatible; Googlebot/2.1; +http://www.google.com/bot.html)"
66.249.72.74 - - [18/Dec/2010:13:13:58 +0100] "GET /robots.txt HTTP/1.1" 200 147 "-" "Mozilla/5.0 (compatible; Googlebot/2.1; +http://www.google.com/bot.html)"
66.249.72.100 - - [18/Dec/2010:13:13:59 +0100] "GET / HTTP/1.1" 301 356 "-" "Mozilla/5.0 (compatible; Googlebot/2.1; +http://www.google.com/bot.html)"
66.249.72.74 - - [18/Dec/2010:13:13:59 +0100] "GET / HTTP/1.1" 200 5974 "-" "Mozilla/5.0 (compatible; Googlebot/2.1; +http://www.google.com/bot.html)"
95.108.158.240 - - [18/Dec/2010:13:40:13 +0100] "GET /themes/APR/images/sejemLogo-bvv.gif HTTP/1.1" 200 2678 "-" "Mozilla/5.0 (compatible; YandexImages/3.0; +http://yandex.com/bots)"
95.108.158.240 - - [18/Dec/2010:15:00:54 +0100] "GET /themes/APR/images/sejemLogo-nurnberg.gif HTTP/1.1" 200 2590 "-" "Mozilla/5.0 (compatible; YandexImages/3.0; +http://yandex.com/bots)"
124.115.0.139 - - [18/Dec/2010:15:03:36 +0100] "GET / HTTP/1.1" 301 360 "-" "Sosospider+(+http://help.soso.com/webspider.htm)"
124.115.0.139 - - [18/Dec/2010:15:03:46 +0100] "GET / HTTP/1.1" 200 5974 "-" "Sosospider+(+http://help.soso.com/webspider.htm)"
124.115.0.104 - - [18/Dec/2010:15:28:54 +0100] "GET / HTTP/1.1" 200 5974 "-" "Sosospider+(+http://help.soso.com/webspider.htm)"
124.115.0.101 - - [18/Dec/2010:16:44:31 +0100] "GET /index.php?menu_item=item_3861 HTTP/1.1" 200 5974 "-" "Sosospider+(+http://help.soso.com/webspider.htm)"
124.115.4.201 - - [18/Dec/2010:16:55:34 +0100] "GET /index.php?sortField=text1 HTTP/1.1" 200 6061 "-" "Sosospider+(+http://help.soso.com/webspider.htm)"
95.108.158.240 - - [18/Dec/2010:16:56:57 +0100] "GET /themes/APR/images/topImg.gif HTTP/1.1" 200 47786 "-" "Mozilla/5.0 (compatible; YandexImages/3.0; +http://yandex.com/bots)"
124.115.0.160 - - [18/Dec/2010:17:06:41 +0100] "GET /?sortField=text1 HTTP/1.1" 200 6061 "-" "Sosospider+(+http://help.soso.com/webspider.htm)"
124.115.0.160 - - [18/Dec/2010:17:17:47 +0100] "GET /sejmi/?sortField=text3 HTTP/1.1" 200 6006 "-" "Sosospider+(+http://help.soso.com/webspider.htm)"
124.115.0.106 - - [18/Dec/2010:17:28:54 +0100] "GET /kontakt/ HTTP/1.1" 200 2767 "-" "Sosospider+(+http://help.soso.com/webspider.htm)"
86.61.66.48 - - [18/Dec/2010:18:04:05 +0100] "GET / HTTP/1.1" 200 5974 "http://www.google.si/search?hl=sl&client=firefox-a&rls=org.mozilla%3Asl%3Aofficial&q=tisk+embala%C5%BEe+kozmetika&aq=f&aqi=&aql=&oq=&gs_rfai=" "Mozilla/5.0 (Windows; U; Windows NT 5.1; sl; rv:1.9.2.12) Gecko/20101026 Firefox/3.6.12 ( .NET CLR 3.5.30729)"
86.61.66.48 - - [18/Dec/2010:18:04:05 +0100] "GET /varpulis/_js/basic.js HTTP/1.1" 200 4470 "http://sl.sejem.si/" "Mozilla/5.0 (Windows; U; Windows NT 5.1; sl; rv:1.9.2.12) Gecko/20101026 Firefox/3.6.12 ( .NET CLR 3.5.30729)"
86.61.66.48 - - [18/Dec/2010:18:04:05 +0100] "GET /themes/APR/images/sejemLogo-bvv.gif HTTP/1.1" 200 2678 "http://sl.sejem.si/" "Mozilla/5.0 (Windows; U; Windows NT 5.1; sl; rv:1.9.2.12) Gecko/20101026 Firefox/3.6.12 ( .NET CLR 3.5.30729)"
86.61.66.48 - - [18/Dec/2010:18:04:05 +0100] "GET /themes/APR/images/sejemLogo-frankfurt.gif HTTP/1.1" 200 3589 "http://sl.sejem.si/" "Mozilla/5.0 (Windows; U; Windows NT 5.1; sl; rv:1.9.2.12) Gecko/20101026 Firefox/3.6.12 ( .NET CLR 3.5.30729)"
86.61.66.48 - - [18/Dec/2010:18:04:05 +0100] "GET /sitedata/27/media/logo_2.gif HTTP/1.1" 200 3601 "http://sl.sejem.si/" "Mozilla/5.0 (Windows; U; Windows NT 5.1; sl; rv:1.9.2.12) Gecko/20101026 Firefox/3.6.12 ( .NET CLR 3.5.30729)"
86.61.66.48 - - [18/Dec/2010:18:04:05 +0100] "GET /themes/APR/images/sejemLogo-reed.gif HTTP/1.1" 200 2665 "http://sl.sejem.si/" "Mozilla/5.0 (Windows; U; Windows NT 5.1; sl; rv:1.9.2.12) Gecko/20101026 Firefox/3.6.12 ( .NET CLR 3.5.30729)"
86.61.66.48 - - [18/Dec/2010:18:04:05 +0100] "GET /varpulis/_css/27_default.css HTTP/1.1" 200 24924 "http://sl.sejem.si/" "Mozilla/5.0 (Windows; U; Windows NT 5.1; sl; rv:1.9.2.12) Gecko/20101026 Firefox/3.6.12 ( .NET CLR 3.5.30729)"
86.61.66.48 - - [18/Dec/2010:18:04:05 +0100] "GET /themes/APR/images/sejemLogo-nurnberg.gif HTTP/1.1" 200 2590 "http://sl.sejem.si/" "Mozilla/5.0 (Windows; U; Windows NT 5.1; sl; rv:1.9.2.12) Gecko/20101026 Firefox/3.6.12 ( .NET CLR 3.5.30729)"
86.61.66.48 - - [18/Dec/2010:18:04:05 +0100] "GET /sitedata/27/upload/Image/Pu_ica%20za%20www.jpg HTTP/1.1" 200 897 "http://sl.sejem.si/" "Mozilla/5.0 (Windows; U; Windows NT 5.1; sl; rv:1.9.2.12) Gecko/20101026 Firefox/3.6.12 ( .NET CLR 3.5.30729)"
86.61.66.48 - - [18/Dec/2010:18:04:06 +0100] "GET /themes/APR/images/search_btn.gif HTTP/1.1" 200 108 "http://sl.sejem.si/" "Mozilla/5.0 (Windows; U; Windows NT 5.1; sl; rv:1.9.2.12) Gecko/20101026 Firefox/3.6.12 ( .NET CLR 3.5.30729)"
86.61.66.48 - - [18/Dec/2010:18:04:06 +0100] "GET /sitedata/27/media/bg-novi_2.gif HTTP/1.1" 200 4893 "http://sl.sejem.si/" "Mozilla/5.0 (Windows; U; Windows NT 5.1; sl; rv:1.9.2.12) Gecko/20101026 Firefox/3.6.12 ( .NET CLR 3.5.30729)"
86.61.66.48 - - [18/Dec/2010:18:04:05 +0100] "GET /themes/APR/images/topImg.gif HTTP/1.1" 200 47786 "http://sl.sejem.si/" "Mozilla/5.0 (Windows; U; Windows NT 5.1; sl; rv:1.9.2.12) Gecko/20101026 Firefox/3.6.12 ( .NET CLR 3.5.30729)"
86.61.66.48 - - [18/Dec/2010:18:04:06 +0100] "GET /favicon.ico HTTP/1.1" 404 - "-" "Mozilla/5.0 (Windows; U; Windows NT 5.1; sl; rv:1.9.2.12) Gecko/20101026 Firefox/3.6.12 ( .NET CLR 3.5.30729)"
86.61.66.48 - - [18/Dec/2010:18:04:09 +0100] "GET /favicon.ico HTTP/1.1" 404 - "-" "Mozilla/5.0 (Windows; U; Windows NT 5.1; sl; rv:1.9.2.12) Gecko/20101026 Firefox/3.6.12 ( .NET CLR 3.5.30729)"
86.61.66.48 - - [18/Dec/2010:18:04:30 +0100] "GET /?sortField=date1 HTTP/1.1" 200 6023 "http://sl.sejem.si/" "Mozilla/5.0 (Windows; U; Windows NT 5.1; sl; rv:1.9.2.12) Gecko/20101026 Firefox/3.6.12 ( .NET CLR 3.5.30729)"
86.61.66.48 - - [18/Dec/2010:18:04:31 +0100] "GET /?sortField=date1 HTTP/1.1" 200 6031 "http://sl.sejem.si/?sortField=date1" "Mozilla/5.0 (Windows; U; Windows NT 5.1; sl; rv:1.9.2.12) Gecko/20101026 Firefox/3.6.12 ( .NET CLR 3.5.30729)"
86.61.66.48 - - [18/Dec/2010:18:04:56 +0100] "GET / HTTP/1.1" 200 6031 "http://www.google.si/search?hl=sl&client=firefox-a&rls=org.mozilla%3Asl%3Aofficial&q=tisk+embala%C5%BEe+kozmetika&aq=f&aqi=&aql=&oq=&gs_rfai=" "Mozilla/5.0 (Windows; U; Windows NT 5.1; sl; rv:1.9.2.12) Gecko/20101026 Firefox/3.6.12 ( .NET CLR 3.5.30729)"
95.108.158.240 - - [18/Dec/2010:18:50:45 +0100] "GET /themes/APR/images/sejemLogo-reed.gif HTTP/1.1" 200 2665 "-" "Mozilla/5.0 (compatible; YandexImages/3.0; +http://yandex.com/bots)"
207.46.199.241 - - [18/Dec/2010:18:52:20 +0100] "GET /robots.txt HTTP/1.1" 200 147 "-" "msnbot-media/1.1 (+http://search.msn.com/msnbot.htm)"
207.46.199.241 - - [18/Dec/2010:18:52:20 +0100] "GET /themes/APR/images/sejemLogo-frankfurt.gif HTTP/1.1" 200 3589 "-" "msnbot-media/1.1 (+http://search.msn.com/msnbot.htm)"
207.46.199.241 - - [18/Dec/2010:18:52:20 +0100] "GET / HTTP/1.1" 200 5974 "-" "msnbot-media/1.1 (+http://search.msn.com/msnbot.htm)"
178.154.163.29 - - [18/Dec/2010:19:46:05 +0100] "GET /robots.txt HTTP/1.1" 200 147 "-" "Mozilla/5.0 (compatible; YandexBot/3.0; +http://yandex.com/bots)"
65.52.110.64 - - [18/Dec/2010:20:15:08 +0100] "GET /robots.txt HTTP/1.1" 200 147 "-" "Mozilla/5.0 (compatible; bingbot/2.0; +http://www.bing.com/bingbot.htm)"
65.52.110.64 - - [18/Dec/2010:20:23:49 +0100] "GET /aktualno/ HTTP/1.1" 200 3047 "-" "Mozilla/5.0 (compatible; bingbot/2.0; +http://www.bing.com/bingbot.htm)"
95.108.158.240 - - [18/Dec/2010:21:38:12 +0100] "GET /themes/APR/images/sejemLogo-frankfurt.gif HTTP/1.1" 200 3589 "-" "Mozilla/5.0 (compatible; YandexImages/3.0; +http://yandex.com/bots)"
124.115.0.170 - - [18/Dec/2010:21:40:34 +0100] "GET / HTTP/1.1" 301 360 "-" "Sosospider+(+http://help.soso.com/webspider.htm)"
124.115.0.170 - - [18/Dec/2010:21:40:36 +0100] "GET / HTTP/1.1" 200 5974 "-" "Sosospider+(+http://help.soso.com/webspider.htm)"
66.249.72.74 - - [18/Dec/2010:21:42:38 +0100] "GET / HTTP/1.1" 200 5974 "-" "Mozilla/5.0 (compatible; Googlebot/2.1; +http://www.google.com/bot.html)"
66.249.72.100 - - [18/Dec/2010:21:53:16 +0100] "GET /robots.txt HTTP/1.1" 301 366 "-" "Mozilla/5.0 (compatible; Googlebot/2.1; +http://www.google.com/bot.html)"
66.249.72.74 - - [18/Dec/2010:21:53:17 +0100] "GET /robots.txt HTTP/1.1" 200 147 "-" "Mozilla/5.0 (compatible; Googlebot/2.1; +http://www.google.com/bot.html)"
66.249.72.100 - - [18/Dec/2010:21:53:17 +0100] "GET / HTTP/1.1" 301 356 "-" "Mozilla/5.0 (compatible; Googlebot/2.1; +http://www.google.com/bot.html)"
178.154.163.29 - - [18/Dec/2010:22:07:50 +0100] "GET / HTTP/1.1" 200 5974 "-" "Mozilla/5.0 (compatible; YandexBot/3.0; +http://yandex.com/bots)"
124.115.4.199 - - [18/Dec/2010:22:17:45 +0100] "GET / HTTP/1.1" 200 5974 "-" "Sosospider+(+http://help.soso.com/webspider.htm)"
95.108.158.240 - - [18/Dec/2010:23:05:27 +0100] "GET / HTTP/1.1" 200 51131 "-" "Mozilla/5.0 (compatible; YandexImages/3.0; +http://yandex.com/bots)"
66.249.72.74 - - [18/Dec/2010:23:15:22 +0100] "GET /kontakt/ HTTP/1.1" 200 2767 "-" "Mozilla/5.0 (compatible; Googlebot/2.1; +http://www.google.com/bot.html)"
67.195.115.56 - - [19/Dec/2010:03:11:20 +0100] "GET /robots.txt HTTP/1.0" 200 147 "-" "Mozilla/5.0 (compatible; Yahoo! Slurp; http://help.yahoo.com/help/us/ysearch/slurp)"
67.195.115.56 - - [19/Dec/2010:03:11:21 +0100] "GET /nastop-na-sejmu/ HTTP/1.0" 200 2400 "-" "Mozilla/5.0 (compatible; Yahoo! Slurp; http://help.yahoo.com/help/us/ysearch/slurp)"
124.115.0.140 - - [19/Dec/2010:04:24:25 +0100] "GET / HTTP/1.1" 301 360 "-" "Sosospider+(+http://help.soso.com/webspider.htm)"
124.115.0.140 - - [19/Dec/2010:04:24:26 +0100] "GET / HTTP/1.1" 200 5974 "-" "Sosospider+(+http://help.soso.com/webspider.htm)"
124.115.0.165 - - [19/Dec/2010:04:43:10 +0100] "GET / HTTP/1.1" 200 5974 "-" "Sosospider+(+http://help.soso.com/webspider.htm)"
207.46.194.37 - - [19/Dec/2010:06:30:55 +0100] "GET /robots.txt HTTP/1.1" 200 147 "-" "msnbot-media/1.1 (+http://search.msn.com/msnbot.htm)"
208.80.194.28 - - [19/Dec/2010:07:45:01 +0100] "GET / HTTP/1.0" 301 356 "-" "Mozilla/4.0 (compatible; MSIE 6.0; Windows NT 5.0; iebar; FunWebProducts)"
208.80.194.28 - - [19/Dec/2010:07:45:02 +0100] "GET / HTTP/1.0" 200 51131 "-" "Mozilla/4.0 (compatible; MSIE 6.0; Windows NT 5.1; FunWebProducts; yplus 5.6.03b)"
208.80.194.26 - - [19/Dec/2010:08:20:16 +0100] "GET / HTTP/1.0" 301 360 "-" "Mozilla/4.0 (compatible; MSIE 7.0; Windows NT 5.1; elertz 2.4.080[128]; .NET CLR 2.0.50727)"
208.80.194.26 - - [19/Dec/2010:08:20:17 +0100] "GET / HTTP/1.0" 200 51131 "-" "Mozilla/4.0 (compatible; MSIE 6.0; Windows NT 5.1; SV1; snprtz|S04727582701828#1828|isdn; .NET CLR 2.0.50727)"
208.80.194.26 - - [19/Dec/2010:08:26:05 +0100] "GET / HTTP/1.0" 200 51131 "-" "Mozilla/4.0 (compatible; MSIE 7.0; Windows NT 5.1; .NET CLR 1.1.4322; .NET CLR 2.0.50727; .NET CLR 3.0.04506.30; InfoPath.2; MS-RTC LM 8)"
124.115.0.140 - - [19/Dec/2010:11:02:30 +0100] "GET / HTTP/1.1" 301 360 "-" "Sosospider+(+http://help.soso.com/webspider.htm)"
124.115.0.140 - - [19/Dec/2010:11:02:35 +0100] "GET / HTTP/1.1" 200 5974 "-" "Sosospider+(+http://help.soso.com/webspider.htm)"
124.115.0.104 - - [19/Dec/2010:11:39:04 +0100] "GET / HTTP/1.1" 200 5974 "-" "Sosospider+(+http://help.soso.com/webspider.htm)"
67.195.115.56 - - [19/Dec/2010:12:47:46 +0100] "GET /sejmi/ HTTP/1.0" 200 5974 "-" "Mozilla/5.0 (compatible; Yahoo! Slurp; http://help.yahoo.com/help/us/ysearch/slurp)"
124.115.0.140 - - [19/Dec/2010:17:38:48 +0100] "GET / HTTP/1.1" 301 360 "-" "Sosospider+(+http://help.soso.com/webspider.htm)"
124.115.0.140 - - [19/Dec/2010:17:38:50 +0100] "GET / HTTP/1.1" 200 5974 "-" "Sosospider+(+http://help.soso.com/webspider.htm)"
66.249.72.74 - - [19/Dec/2010:18:14:05 +0100] "GET /robots.txt HTTP/1.1" 200 147 "-" "Mozilla/5.0 (compatible; Googlebot/2.1; +http://www.google.com/bot.html)"
66.249.72.74 - - [19/Dec/2010:18:14:05 +0100] "GET /showPicture.php?pictureHash=90f7fcc8038a939d11b891701aba0df8 HTTP/1.1" 200 779 "-" "Mozilla/5.0 (compatible; Googlebot/2.1; +http://www.google.com/bot.html)"
124.115.4.199 - - [19/Dec/2010:18:41:50 +0100] "GET / HTTP/1.1" 200 5974 "-" "Sosospider+(+http://help.soso.com/webspider.htm)"
89.212.179.78 - - [19/Dec/2010:20:26:50 +0100] "GET / HTTP/1.1" 200 5974 "http://www.google.si/url?sa=t&source=web&cd=1&ved=0CBQQFjAA&url=http%3A%2F%2Fsl.sejem.si%2F&rct=j&q=gostinski%20sejem%20v%20evropi&ei=dVwOTerTDovA8QPmpbCABw&usg=AFQjCNGd8NustmIGPrrRZd3rCQbV9A8oDA&sig2=KYYTgsTZ3dHhpEn1PN2V3g&cad=rja" "Mozilla/5.0 (Windows; U; Windows NT 6.0; sl; rv:1.9.2.10) Gecko/20100914 Firefox/3.6.10 (.NET CLR 3.5.30729)"
89.212.179.78 - - [19/Dec/2010:20:26:50 +0100] "GET /varpulis/_js/basic.js HTTP/1.1" 200 4470 "http://sl.sejem.si/" "Mozilla/5.0 (Windows; U; Windows NT 6.0; sl; rv:1.9.2.10) Gecko/20100914 Firefox/3.6.10 (.NET CLR 3.5.30729)"
89.212.179.78 - - [19/Dec/2010:20:26:50 +0100] "GET /sitedata/27/media/logo_2.gif HTTP/1.1" 200 3601 "http://sl.sejem.si/" "Mozilla/5.0 (Windows; U; Windows NT 6.0; sl; rv:1.9.2.10) Gecko/20100914 Firefox/3.6.10 (.NET CLR 3.5.30729)"
89.212.179.78 - - [19/Dec/2010:20:26:50 +0100] "GET /themes/APR/images/sejemLogo-bvv.gif HTTP/1.1" 200 2678 "http://sl.sejem.si/" "Mozilla/5.0 (Windows; U; Windows NT 6.0; sl; rv:1.9.2.10) Gecko/20100914 Firefox/3.6.10 (.NET CLR 3.5.30729)"
89.212.179.78 - - [19/Dec/2010:20:26:50 +0100] "GET /themes/APR/images/sejemLogo-reed.gif HTTP/1.1" 200 2665 "http://sl.sejem.si/" "Mozilla/5.0 (Windows; U; Windows NT 6.0; sl; rv:1.9.2.10) Gecko/20100914 Firefox/3.6.10 (.NET CLR 3.5.30729)"
89.212.179.78 - - [19/Dec/2010:20:26:50 +0100] "GET /varpulis/_css/27_default.css HTTP/1.1" 200 24924 "http://sl.sejem.si/" "Mozilla/5.0 (Windows; U; Windows NT 6.0; sl; rv:1.9.2.10) Gecko/20100914 Firefox/3.6.10 (.NET CLR 3.5.30729)"
89.212.179.78 - - [19/Dec/2010:20:26:51 +0100] "GET /themes/APR/images/sejemLogo-nurnberg.gif HTTP/1.1" 200 2590 "http://sl.sejem.si/" "Mozilla/5.0 (Windows; U; Windows NT 6.0; sl; rv:1.9.2.10) Gecko/20100914 Firefox/3.6.10 (.NET CLR 3.5.30729)"
89.212.179.78 - - [19/Dec/2010:20:26:51 +0100] "GET /themes/APR/images/search_btn.gif HTTP/1.1" 200 108 "http://sl.sejem.si/" "Mozilla/5.0 (Windows; U; Windows NT 6.0; sl; rv:1.9.2.10) Gecko/20100914 Firefox/3.6.10 (.NET CLR 3.5.30729)"
89.212.179.78 - - [19/Dec/2010:20:26:51 +0100] "GET /sitedata/27/upload/Image/Pu_ica%20za%20www.jpg HTTP/1.1" 200 897 "http://sl.sejem.si/" "Mozilla/5.0 (Windows; U; Windows NT 6.0; sl; rv:1.9.2.10) Gecko/20100914 Firefox/3.6.10 (.NET CLR 3.5.30729)"
89.212.179.78 - - [19/Dec/2010:20:26:51 +0100] "GET /themes/APR/images/sejemLogo-frankfurt.gif HTTP/1.1" 200 3589 "http://sl.sejem.si/" "Mozilla/5.0 (Windows; U; Windows NT 6.0; sl; rv:1.9.2.10) Gecko/20100914 Firefox/3.6.10 (.NET CLR 3.5.30729)"
89.212.179.78 - - [19/Dec/2010:20:26:50 +0100] "GET /themes/APR/images/topImg.gif HTTP/1.1" 200 47786 "http://sl.sejem.si/" "Mozilla/5.0 (Windows; U; Windows NT 6.0; sl; rv:1.9.2.10) Gecko/20100914 Firefox/3.6.10 (.NET CLR 3.5.30729)"
89.212.179.78 - - [19/Dec/2010:20:26:51 +0100] "GET /sitedata/27/media/bg-novi_2.gif HTTP/1.1" 200 4893 "http://sl.sejem.si/" "Mozilla/5.0 (Windows; U; Windows NT 6.0; sl; rv:1.9.2.10) Gecko/20100914 Firefox/3.6.10 (.NET CLR 3.5.30729)"
89.212.179.78 - - [19/Dec/2010:20:26:51 +0100] "GET /favicon.ico HTTP/1.1" 404 - "-" "Mozilla/5.0 (Windows; U; Windows NT 6.0; sl; rv:1.9.2.10) Gecko/20100914 Firefox/3.6.10 (.NET CLR 3.5.30729)"
89.212.179.78 - - [19/Dec/2010:20:26:53 +0100] "GET /favicon.ico HTTP/1.1" 404 - "-" "Mozilla/5.0 (Windows; U; Windows NT 6.0; sl; rv:1.9.2.10) Gecko/20100914 Firefox/3.6.10 (.NET CLR 3.5.30729)"
89.212.179.78 - - [19/Dec/2010:20:27:39 +0100] "GET /nastop-na-sejmu/ HTTP/1.1" 200 2400 "http://sl.sejem.si/" "Mozilla/5.0 (Windows; U; Windows NT 6.0; sl; rv:1.9.2.10) Gecko/20100914 Firefox/3.6.10 (.NET CLR 3.5.30729)"
89.212.179.78 - - [19/Dec/2010:20:27:40 +0100] "GET /getfile.php?idHash=1fed72c14b3030a70d73ed274e29404a HTTP/1.1" 200 5584 "http://sl.sejem.si/nastop-na-sejmu/" "Mozilla/5.0 (Windows; U; Windows NT 6.0; sl; rv:1.9.2.10) Gecko/20100914 Firefox/3.6.10 (.NET CLR 3.5.30729)"
89.212.179.78 - - [19/Dec/2010:20:27:40 +0100] "GET /getfile.php?idHash=3d14549a311ab9ac3c8cf50324870e4d HTTP/1.1" 200 8381 "http://sl.sejem.si/nastop-na-sejmu/" "Mozilla/5.0 (Windows; U; Windows NT 6.0; sl; rv:1.9.2.10) Gecko/20100914 Firefox/3.6.10 (.NET CLR 3.5.30729)"
89.212.179.78 - - [19/Dec/2010:20:27:40 +0100] "GET /imageFill.php?source=themes/APR/images/bullet.png&color=ABDA4D HTTP/1.1" 200 852 "http://sl.sejem.si/varpulis/_css/27_default.css" "Mozilla/5.0 (Windows; U; Windows NT 6.0; sl; rv:1.9.2.10) Gecko/20100914 Firefox/3.6.10 (.NET CLR 3.5.30729)"
89.212.179.78 - - [19/Dec/2010:20:30:03 +0100] "GET /sejmi/ HTTP/1.1" 200 5974 "http://sl.sejem.si/nastop-na-sejmu/" "Mozilla/5.0 (Windows; U; Windows NT 6.0; sl; rv:1.9.2.10) Gecko/20100914 Firefox/3.6.10 (.NET CLR 3.5.30729)"
124.115.0.170 - - [20/Dec/2010:00:27:46 +0100] "GET / HTTP/1.1" 301 360 "-" "Sosospider+(+http://help.soso.com/webspider.htm)"
124.115.0.170 - - [20/Dec/2010:00:27:47 +0100] "GET / HTTP/1.1" 200 5974 "-" "Sosospider+(+http://help.soso.com/webspider.htm)"
67.195.115.56 - - [20/Dec/2010:00:31:25 +0100] "GET /robots.txt HTTP/1.0" 200 147 "-" "Mozilla/5.0 (compatible; Yahoo! Slurp; http://help.yahoo.com/help/us/ysearch/slurp)"
67.195.115.56 - - [20/Dec/2010:00:31:25 +0100] "GET /o-avtorjih/ HTTP/1.0" 200 1751 "-" "Mozilla/5.0 (compatible; Yahoo! Slurp; http://help.yahoo.com/help/us/ysearch/slurp)"
124.115.0.103 - - [20/Dec/2010:01:47:10 +0100] "GET / HTTP/1.1" 200 5974 "-" "Sosospider+(+http://help.soso.com/webspider.htm)"
66.249.72.74 - - [20/Dec/2010:03:38:32 +0100] "GET /?sortField=date1 HTTP/1.1" 200 6023 "-" "Mozilla/5.0 (compatible; Googlebot/2.1; +http://www.google.com/bot.html)"
207.46.195.107 - - [20/Dec/2010:03:56:43 +0100] "GET /robots.txt HTTP/1.1" 200 147 "-" "Mozilla/5.0 (compatible; bingbot/2.0; +http://www.bing.com/bingbot.htm)"
207.46.195.107 - - [20/Dec/2010:04:01:19 +0100] "GET / HTTP/1.1" 200 5974 "-" "Mozilla/5.0 (compatible; bingbot/2.0; +http://www.bing.com/bingbot.htm)"
66.249.72.74 - - [20/Dec/2010:06:05:49 +0100] "GET /?sortField=text1 HTTP/1.1" 200 6061 "-" "Mozilla/5.0 (compatible; Googlebot/2.1; +http://www.google.com/bot.html)"
124.115.0.140 - - [20/Dec/2010:07:13:58 +0100] "GET / HTTP/1.1" 301 360 "-" "Sosospider+(+http://help.soso.com/webspider.htm)"
124.115.0.140 - - [20/Dec/2010:07:14:00 +0100] "GET / HTTP/1.1" 200 5974 "-" "Sosospider+(+http://help.soso.com/webspider.htm)"
67.195.115.56 - - [20/Dec/2010:07:56:04 +0100] "GET /robots.txt HTTP/1.0" 200 147 "-" "Mozilla/5.0 (compatible; Yahoo! Slurp; http://help.yahoo.com/help/us/ysearch/slurp)"
67.195.115.56 - - [20/Dec/2010:07:56:05 +0100] "GET /pravni-poduk/ HTTP/1.0" 200 2773 "-" "Mozilla/5.0 (compatible; Yahoo! Slurp; http://help.yahoo.com/help/us/ysearch/slurp)"
208.80.194.29 - - [20/Dec/2010:08:04:33 +0100] "GET / HTTP/1.0" 301 356 "-" "Mozilla/4.0 (compatible; MSIE 7.0; Windows NT 5.1; PeoplePal 3.0; USDR6)"
208.80.194.29 - - [20/Dec/2010:08:04:34 +0100] "GET / HTTP/1.0" 200 51131 "-" "Mozilla/4.0 (compatible; MSIE 6.0; Windows NT 5.1; SV1; .NET CLR 1.0.3705; MSN 9.0;MSN 9.1; MSNbMSNI; MSNmen-us; MSNcIA; MPLUS)"
86.61.26.94 - - [20/Dec/2010:08:14:13 +0100] "GET / HTTP/1.1" 200 5974 "-" "Mozilla/5.0 (Windows; U; Windows NT 6.1; sl; rv:1.9.2.13) Gecko/20101203 Firefox/3.6.13"
86.61.26.94 - - [20/Dec/2010:08:14:13 +0100] "GET /varpulis/_js/basic.js HTTP/1.1" 200 4470 "http://sl.sejem.si/" "Mozilla/5.0 (Windows; U; Windows NT 6.1; sl; rv:1.9.2.13) Gecko/20101203 Firefox/3.6.13"
86.61.26.94 - - [20/Dec/2010:08:14:13 +0100] "GET /sitedata/27/media/logo_2.gif HTTP/1.1" 200 3601 "http://sl.sejem.si/" "Mozilla/5.0 (Windows; U; Windows NT 6.1; sl; rv:1.9.2.13) Gecko/20101203 Firefox/3.6.13"
86.61.26.94 - - [20/Dec/2010:08:14:13 +0100] "GET /themes/APR/images/sejemLogo-frankfurt.gif HTTP/1.1" 200 3589 "http://sl.sejem.si/" "Mozilla/5.0 (Windows; U; Windows NT 6.1; sl; rv:1.9.2.13) Gecko/20101203 Firefox/3.6.13"
86.61.26.94 - - [20/Dec/2010:08:14:13 +0100] "GET /themes/APR/images/sejemLogo-bvv.gif HTTP/1.1" 200 2678 "http://sl.sejem.si/" "Mozilla/5.0 (Windows; U; Windows NT 6.1; sl; rv:1.9.2.13) Gecko/20101203 Firefox/3.6.13"
86.61.26.94 - - [20/Dec/2010:08:14:13 +0100] "GET /themes/APR/images/sejemLogo-reed.gif HTTP/1.1" 200 2665 "http://sl.sejem.si/" "Mozilla/5.0 (Windows; U; Windows NT 6.1; sl; rv:1.9.2.13) Gecko/20101203 Firefox/3.6.13"
86.61.26.94 - - [20/Dec/2010:08:14:13 +0100] "GET /varpulis/_css/27_default.css HTTP/1.1" 200 24924 "http://sl.sejem.si/" "Mozilla/5.0 (Windows; U; Windows NT 6.1; sl; rv:1.9.2.13) Gecko/20101203 Firefox/3.6.13"
86.61.26.94 - - [20/Dec/2010:08:14:13 +0100] "GET /themes/APR/images/sejemLogo-nurnberg.gif HTTP/1.1" 200 2590 "http://sl.sejem.si/" "Mozilla/5.0 (Windows; U; Windows NT 6.1; sl; rv:1.9.2.13) Gecko/20101203 Firefox/3.6.13"
86.61.26.94 - - [20/Dec/2010:08:14:13 +0100] "GET /sitedata/27/upload/Image/Pu_ica%20za%20www.jpg HTTP/1.1" 200 897 "http://sl.sejem.si/" "Mozilla/5.0 (Windows; U; Windows NT 6.1; sl; rv:1.9.2.13) Gecko/20101203 Firefox/3.6.13"
86.61.26.94 - - [20/Dec/2010:08:14:13 +0100] "GET /themes/APR/images/search_btn.gif HTTP/1.1" 200 108 "http://sl.sejem.si/" "Mozilla/5.0 (Windows; U; Windows NT 6.1; sl; rv:1.9.2.13) Gecko/20101203 Firefox/3.6.13"
86.61.26.94 - - [20/Dec/2010:08:14:13 +0100] "GET /sitedata/27/media/bg-novi_2.gif HTTP/1.1" 200 4893 "http://sl.sejem.si/" "Mozilla/5.0 (Windows; U; Windows NT 6.1; sl; rv:1.9.2.13) Gecko/20101203 Firefox/3.6.13"
86.61.26.94 - - [20/Dec/2010:08:14:13 +0100] "GET /themes/APR/images/topImg.gif HTTP/1.1" 200 47786 "http://sl.sejem.si/" "Mozilla/5.0 (Windows; U; Windows NT 6.1; sl; rv:1.9.2.13) Gecko/20101203 Firefox/3.6.13"
86.61.26.94 - - [20/Dec/2010:08:14:14 +0100] "GET /favicon.ico HTTP/1.1" 404 - "-" "Mozilla/5.0 (Windows; U; Windows NT 6.1; sl; rv:1.9.2.13) Gecko/20101203 Firefox/3.6.13"
86.61.26.94 - - [20/Dec/2010:08:14:16 +0100] "GET /favicon.ico HTTP/1.1" 404 - "-" "Mozilla/5.0 (Windows; U; Windows NT 6.1; sl; rv:1.9.2.13) Gecko/20101203 Firefox/3.6.13"
124.115.0.103 - - [20/Dec/2010:08:34:36 +0100] "GET / HTTP/1.1" 200 5974 "-" "Sosospider+(+http://help.soso.com/webspider.htm)"
90.157.193.234 - - [20/Dec/2010:12:18:14 +0100] "GET / HTTP/1.1" 200 5974 "http://www.google.si/url?sa=t&source=web&cd=1&ved=0CBUQFjAA&url=http%3A%2F%2Fsl.sejem.si%2F&rct=j&q=sejem.si&ei=cjsPTdyaJsOk8QOa0vGFBw&usg=AFQjCNGd8NustmIGPrrRZd3rCQbV9A8oDA" "Mozilla/4.0 (compatible; MSIE 8.0; Windows NT 5.1; Trident/4.0; .NET CLR 3.0.4506.2152; .NET CLR 3.5.30729; .NET CLR 2.0.50727)"
90.157.193.234 - - [20/Dec/2010:12:18:15 +0100] "GET /varpulis/_js/basic.js HTTP/1.1" 200 4470 "http://sl.sejem.si/" "Mozilla/4.0 (compatible; MSIE 8.0; Windows NT 5.1; Trident/4.0; .NET CLR 3.0.4506.2152; .NET CLR 3.5.30729; .NET CLR 2.0.50727)"
90.157.193.234 - - [20/Dec/2010:12:18:15 +0100] "GET /sitedata/27/media/logo_2.gif HTTP/1.1" 200 3601 "http://sl.sejem.si/" "Mozilla/4.0 (compatible; MSIE 8.0; Windows NT 5.1; Trident/4.0; .NET CLR 3.0.4506.2152; .NET CLR 3.5.30729; .NET CLR 2.0.50727)"
90.157.193.234 - - [20/Dec/2010:12:18:15 +0100] "GET /varpulis/_css/27_default.css HTTP/1.1" 200 24924 "http://sl.sejem.si/" "Mozilla/4.0 (compatible; MSIE 8.0; Windows NT 5.1; Trident/4.0; .NET CLR 3.0.4506.2152; .NET CLR 3.5.30729; .NET CLR 2.0.50727)"
90.157.193.234 - - [20/Dec/2010:12:18:15 +0100] "GET /themes/APR/images/search_btn.gif HTTP/1.1" 200 108 "http://sl.sejem.si/" "Mozilla/4.0 (compatible; MSIE 8.0; Windows NT 5.1; Trident/4.0; .NET CLR 3.0.4506.2152; .NET CLR 3.5.30729; .NET CLR 2.0.50727)"
90.157.193.234 - - [20/Dec/2010:12:18:15 +0100] "GET /themes/APR/images/sejemLogo-nurnberg.gif HTTP/1.1" 200 2590 "http://sl.sejem.si/" "Mozilla/4.0 (compatible; MSIE 8.0; Windows NT 5.1; Trident/4.0; .NET CLR 3.0.4506.2152; .NET CLR 3.5.30729; .NET CLR 2.0.50727)"
90.157.193.234 - - [20/Dec/2010:12:18:15 +0100] "GET /themes/APR/images/sejemLogo-frankfurt.gif HTTP/1.1" 200 3589 "http://sl.sejem.si/" "Mozilla/4.0 (compatible; MSIE 8.0; Windows NT 5.1; Trident/4.0; .NET CLR 3.0.4506.2152; .NET CLR 3.5.30729; .NET CLR 2.0.50727)"
90.157.193.234 - - [20/Dec/2010:12:18:15 +0100] "GET /themes/APR/images/sejemLogo-reed.gif HTTP/1.1" 200 2665 "http://sl.sejem.si/" "Mozilla/4.0 (compatible; MSIE 8.0; Windows NT 5.1; Trident/4.0; .NET CLR 3.0.4506.2152; .NET CLR 3.5.30729; .NET CLR 2.0.50727)"
90.157.193.234 - - [20/Dec/2010:12:18:15 +0100] "GET /themes/APR/images/sejemLogo-bvv.gif HTTP/1.1" 200 2678 "http://sl.sejem.si/" "Mozilla/4.0 (compatible; MSIE 8.0; Windows NT 5.1; Trident/4.0; .NET CLR 3.0.4506.2152; .NET CLR 3.5.30729; .NET CLR 2.0.50727)"
90.157.193.234 - - [20/Dec/2010:12:18:15 +0100] "GET /sitedata/27/media/bg-novi_2.gif HTTP/1.1" 200 4893 "http://sl.sejem.si/" "Mozilla/4.0 (compatible; MSIE 8.0; Windows NT 5.1; Trident/4.0; .NET CLR 3.0.4506.2152; .NET CLR 3.5.30729; .NET CLR 2.0.50727)"
90.157.193.234 - - [20/Dec/2010:12:18:15 +0100] "GET /sitedata/27/upload/Image/Pu_ica%20za%20www.jpg HTTP/1.1" 200 897 "http://sl.sejem.si/" "Mozilla/4.0 (compatible; MSIE 8.0; Windows NT 5.1; Trident/4.0; .NET CLR 3.0.4506.2152; .NET CLR 3.5.30729; .NET CLR 2.0.50727)"
90.157.193.234 - - [20/Dec/2010:12:18:15 +0100] "GET /themes/APR/images/topImg.gif HTTP/1.1" 200 47786 "http://sl.sejem.si/" "Mozilla/4.0 (compatible; MSIE 8.0; Windows NT 5.1; Trident/4.0; .NET CLR 3.0.4506.2152; .NET CLR 3.5.30729; .NET CLR 2.0.50727)"
90.157.193.234 - - [20/Dec/2010:12:18:15 +0100] "GET /favicon.ico HTTP/1.1" 404 - "-" "Mozilla/4.0 (compatible; MSIE 8.0; Windows NT 5.1; Trident/4.0; .NET CLR 3.0.4506.2152; .NET CLR 3.5.30729; .NET CLR 2.0.50727)"
90.157.193.234 - - [20/Dec/2010:12:19:01 +0100] "GET /kontakt/ HTTP/1.1" 200 2767 "http://sl.sejem.si/" "Mozilla/4.0 (compatible; MSIE 8.0; Windows NT 5.1; Trident/4.0; .NET CLR 3.0.4506.2152; .NET CLR 3.5.30729; .NET CLR 2.0.50727)"
90.157.193.234 - - [20/Dec/2010:12:19:01 +0100] "GET /varpulis/_js/basic.js HTTP/1.1" 304 - "http://sl.sejem.si/kontakt/" "Mozilla/4.0 (compatible; MSIE 8.0; Windows NT 5.1; Trident/4.0; .NET CLR 3.0.4506.2152; .NET CLR 3.5.30729; .NET CLR 2.0.50727)"
90.157.193.234 - - [20/Dec/2010:12:19:01 +0100] "GET /varpulis/include/tigra_calendar/calendar1.js HTTP/1.1" 200 6332 "http://sl.sejem.si/kontakt/" "Mozilla/4.0 (compatible; MSIE 8.0; Windows NT 5.1; Trident/4.0; .NET CLR 3.0.4506.2152; .NET CLR 3.5.30729; .NET CLR 2.0.50727)"
90.157.193.234 - - [20/Dec/2010:12:19:01 +0100] "GET /varpulis/_css/27_default.css HTTP/1.1" 304 - "http://sl.sejem.si/kontakt/" "Mozilla/4.0 (compatible; MSIE 8.0; Windows NT 5.1; Trident/4.0; .NET CLR 3.0.4506.2152; .NET CLR 3.5.30729; .NET CLR 2.0.50727)"
90.157.193.234 - - [20/Dec/2010:12:19:01 +0100] "GET /kontakt/varpulis3/include/tigra_calendar/calendar1.js HTTP/1.1" 404 - "http://sl.sejem.si/kontakt/" "Mozilla/4.0 (compatible; MSIE 8.0; Windows NT 5.1; Trident/4.0; .NET CLR 3.0.4506.2152; .NET CLR 3.5.30729; .NET CLR 2.0.50727)"
90.157.193.234 - - [20/Dec/2010:12:19:01 +0100] "GET /sitedata/27/media/logo_2.gif HTTP/1.1" 304 - "http://sl.sejem.si/kontakt/" "Mozilla/4.0 (compatible; MSIE 8.0; Windows NT 5.1; Trident/4.0; .NET CLR 3.0.4506.2152; .NET CLR 3.5.30729; .NET CLR 2.0.50727)"
90.157.193.234 - - [20/Dec/2010:12:19:01 +0100] "GET /themes/APR/images/search_btn.gif HTTP/1.1" 304 - "http://sl.sejem.si/kontakt/" "Mozilla/4.0 (compatible; MSIE 8.0; Windows NT 5.1; Trident/4.0; .NET CLR 3.0.4506.2152; .NET CLR 3.5.30729; .NET CLR 2.0.50727)"
90.157.193.234 - - [20/Dec/2010:12:19:01 +0100] "GET /themes/APR/images/topImg.gif HTTP/1.1" 304 - "http://sl.sejem.si/kontakt/" "Mozilla/4.0 (compatible; MSIE 8.0; Windows NT 5.1; Trident/4.0; .NET CLR 3.0.4506.2152; .NET CLR 3.5.30729; .NET CLR 2.0.50727)"
90.157.193.234 - - [20/Dec/2010:12:19:01 +0100] "GET /themes/APR/images/sejemLogo-frankfurt.gif HTTP/1.1" 304 - "http://sl.sejem.si/kontakt/" "Mozilla/4.0 (compatible; MSIE 8.0; Windows NT 5.1; Trident/4.0; .NET CLR 3.0.4506.2152; .NET CLR 3.5.30729; .NET CLR 2.0.50727)"
90.157.193.234 - - [20/Dec/2010:12:19:01 +0100] "GET /themes/APR/images/sejemLogo-bvv.gif HTTP/1.1" 304 - "http://sl.sejem.si/kontakt/" "Mozilla/4.0 (compatible; MSIE 8.0; Windows NT 5.1; Trident/4.0; .NET CLR 3.0.4506.2152; .NET CLR 3.5.30729; .NET CLR 2.0.50727)"
90.157.193.234 - - [20/Dec/2010:12:19:01 +0100] "GET /themes/APR/images/sejemLogo-nurnberg.gif HTTP/1.1" 304 - "http://sl.sejem.si/kontakt/" "Mozilla/4.0 (compatible; MSIE 8.0; Windows NT 5.1; Trident/4.0; .NET CLR 3.0.4506.2152; .NET CLR 3.5.30729; .NET CLR 2.0.50727)"
90.157.193.234 - - [20/Dec/2010:12:19:01 +0100] "GET /sitedata/27/media/bg-novi_2.gif HTTP/1.1" 304 - "http://sl.sejem.si/kontakt/" "Mozilla/4.0 (compatible; MSIE 8.0; Windows NT 5.1; Trident/4.0; .NET CLR 3.0.4506.2152; .NET CLR 3.5.30729; .NET CLR 2.0.50727)"
90.157.193.234 - - [20/Dec/2010:12:19:01 +0100] "GET /varpulis/include/tigra_calendar/img/cal.gif HTTP/1.1" 200 127 "http://sl.sejem.si/kontakt/" "Mozilla/4.0 (compatible; MSIE 8.0; Windows NT 5.1; Trident/4.0; .NET CLR 3.0.4506.2152; .NET CLR 3.5.30729; .NET CLR 2.0.50727)"
90.157.193.234 - - [20/Dec/2010:12:19:01 +0100] "GET /themes/APR/images/sejemLogo-reed.gif HTTP/1.1" 304 - "http://sl.sejem.si/kontakt/" "Mozilla/4.0 (compatible; MSIE 8.0; Windows NT 5.1; Trident/4.0; .NET CLR 3.0.4506.2152; .NET CLR 3.5.30729; .NET CLR 2.0.50727)"
90.157.193.234 - - [20/Dec/2010:12:19:01 +0100] "GET /favicon.ico HTTP/1.1" 404 - "-" "Mozilla/4.0 (compatible; MSIE 8.0; Windows NT 5.1; Trident/4.0; .NET CLR 3.0.4506.2152; .NET CLR 3.5.30729; .NET CLR 2.0.50727)"
90.157.193.234 - - [20/Dec/2010:12:19:05 +0100] "GET /sejmi/ HTTP/1.1" 200 5974 "http://sl.sejem.si/kontakt/" "Mozilla/4.0 (compatible; MSIE 8.0; Windows NT 5.1; Trident/4.0; .NET CLR 3.0.4506.2152; .NET CLR 3.5.30729; .NET CLR 2.0.50727)"
90.157.193.234 - - [20/Dec/2010:12:19:06 +0100] "GET /sitedata/27/upload/Image/Pu_ica%20za%20www.jpg HTTP/1.1" 304 - "http://sl.sejem.si/sejmi/" "Mozilla/4.0 (compatible; MSIE 8.0; Windows NT 5.1; Trident/4.0; .NET CLR 3.0.4506.2152; .NET CLR 3.5.30729; .NET CLR 2.0.50727)"
207.46.204.181 - - [20/Dec/2010:12:40:48 +0100] "GET /robots.txt HTTP/1.1" 200 147 "-" "Mozilla/5.0 (compatible; bingbot/2.0; +http://www.bing.com/bingbot.htm)"
207.46.204.181 - - [20/Dec/2010:12:46:20 +0100] "GET /nastop-na-sejmu/ HTTP/1.1" 200 2400 "-" "Mozilla/5.0 (compatible; bingbot/2.0; +http://www.bing.com/bingbot.htm)"
124.115.0.139 - - [20/Dec/2010:13:31:27 +0100] "GET / HTTP/1.1" 301 360 "-" "Sosospider+(+http://help.soso.com/webspider.htm)"
124.115.0.139 - - [20/Dec/2010:13:31:28 +0100] "GET / HTTP/1.1" 200 5974 "-" "Sosospider+(+http://help.soso.com/webspider.htm)"
61.111.15.30 - - [20/Dec/2010:14:01:12 +0100] "GET /kontakt/ HTTP/1.0" 200 11057 "-" "pirst; MSIE 8.0;"
208.80.194.27 - - [20/Dec/2010:15:13:38 +0100] "GET / HTTP/1.0" 301 360 "-" "Mozilla/4.0 (compatible; MSIE 7.0; Windows NT 5.1; .NET CLR 1.1.4322; Dealio Toolbar 3.1.1)"
208.80.194.27 - - [20/Dec/2010:15:13:38 +0100] "GET / HTTP/1.0" 200 51131 "-" "Mozilla/4.0 (compatible; MSIE 6.0; Windows NT 5.1; FunWebProducts; .NET CLR 1.1.4322; .NET CLR 2.0.50727)"
208.80.194.35 - - [20/Dec/2010:15:26:23 +0100] "GET / HTTP/1.0" 200 51131 "-" "Mozilla/4.0 (compatible; MSIE 6.0; Windows NT 5.0; DigExt; Creative)"
95.108.142.138 - - [20/Dec/2010:15:28:44 +0100] "GET /robots.txt HTTP/1.1" 200 147 "-" "Mozilla/5.0 (compatible; YandexBot/3.0; MirrorDetector; +http://yandex.com/bots)"
95.108.142.138 - - [20/Dec/2010:15:28:47 +0100] "GET / HTTP/1.1" 200 5974 "-" "-"
95.108.142.138 - - [20/Dec/2010:15:28:49 +0100] "GET / HTTP/1.1" 200 5974 "-" "-"
124.115.0.165 - - [20/Dec/2010:15:33:00 +0100] "GET / HTTP/1.1" 200 5974 "-" "Sosospider+(+http://help.soso.com/webspider.htm)"
207.46.204.182 - - [20/Dec/2010:16:29:13 +0100] "GET /robots.txt HTTP/1.1" 301 370 "-" "Mozilla/5.0 (compatible; bingbot/2.0; +http://www.bing.com/bingbot.htm)"
207.46.204.182 - - [20/Dec/2010:16:29:13 +0100] "GET /robots.txt HTTP/1.1" 200 147 "-" "Mozilla/5.0 (compatible; bingbot/2.0; +http://www.bing.com/bingbot.htm)"
207.46.204.182 - - [20/Dec/2010:16:47:49 +0100] "GET / HTTP/1.1" 301 360 "-" "Mozilla/5.0 (compatible; bingbot/2.0; +http://www.bing.com/bingbot.htm)"
124.115.0.108 - - [20/Dec/2010:17:24:58 +0100] "GET /index.php?sortField=text1 HTTP/1.1" 200 6061 "-" "Sosospider+(+http://help.soso.com/webspider.htm)"
124.115.4.204 - - [20/Dec/2010:20:09:21 +0100] "GET / HTTP/1.1" 301 360 "-" "Sosospider+(+http://help.soso.com/webspider.htm)"
124.115.4.204 - - [20/Dec/2010:20:09:23 +0100] "GET / HTTP/1.1" 200 5974 "-" "Sosospider+(+http://help.soso.com/webspider.htm)"
66.249.72.74 - - [20/Dec/2010:22:00:29 +0100] "GET /robots.txt HTTP/1.1" 200 147 "-" "Mozilla/5.0 (compatible; Googlebot/2.1; +http://www.google.com/bot.html)"
66.249.72.74 - - [20/Dec/2010:22:00:30 +0100] "GET / HTTP/1.1" 200 5974 "-" "Mozilla/5.0 (compatible; Googlebot/2.1; +http://www.google.com/bot.html)"
124.115.0.103 - - [20/Dec/2010:22:42:11 +0100] "GET / HTTP/1.1" 200 5974 "-" "Sosospider+(+http://help.soso.com/webspider.htm)"
66.249.72.74 - - [20/Dec/2010:22:51:38 +0100] "GET /razstavljanje-sejem/ HTTP/1.1" 200 2352 "-" "Mozilla/5.0 (compatible; Googlebot/2.1; +http://www.google.com/bot.html)"
124.115.0.165 - - [21/Dec/2010:02:22:09 +0100] "GET / HTTP/1.1" 200 5974 "-" "Sosospider+(+http://help.soso.com/webspider.htm)"
124.115.0.140 - - [21/Dec/2010:03:03:28 +0100] "GET / HTTP/1.1" 301 360 "-" "Sosospider+(+http://help.soso.com/webspider.htm)"
124.115.0.140 - - [21/Dec/2010:03:03:29 +0100] "GET / HTTP/1.1" 200 5974 "-" "Sosospider+(+http://help.soso.com/webspider.htm)"
78.33.237.147 - - [21/Dec/2010:04:55:15 +0100] "GET / HTTP/1.1" 301 360 "-" "Mozilla/4.0 (compatible; MSIE 6.0; Windows NT 5.1; SV1)"
66.249.72.74 - - [21/Dec/2010:05:47:20 +0100] "GET /o-avtorjih/ HTTP/1.1" 200 1751 "-" "Mozilla/5.0 (compatible; Googlebot/2.1; +http://www.google.com/bot.html)"
124.115.0.103 - - [21/Dec/2010:09:17:53 +0100] "GET / HTTP/1.1" 200 5974 "-" "Sosospider+(+http://help.soso.com/webspider.htm)"
124.115.0.140 - - [21/Dec/2010:09:41:41 +0100] "GET / HTTP/1.1" 301 360 "-" "Sosospider+(+http://help.soso.com/webspider.htm)"
124.115.0.140 - - [21/Dec/2010:09:41:42 +0100] "GET / HTTP/1.1" 200 5974 "-" "Sosospider+(+http://help.soso.com/webspider.htm)"
93.103.232.104 - - [21/Dec/2010:10:49:38 +0100] "GET /kontakt/ HTTP/1.1" 200 2767 "http://www.google.com/search?q=irena+%C5%A1kerl+ulica+rozike+usenik+ljubljana&ie=utf-8&oe=utf-8&aq=t&rls=org.mozilla:sl:official&client=firefox-a" "Mozilla/5.0 (Windows; U; Windows NT 5.1; sl; rv:1.9.1.16) Gecko/20101130 Firefox/3.5.16"
93.103.232.104 - - [21/Dec/2010:10:49:38 +0100] "GET /varpulis/_js/basic.js HTTP/1.1" 200 4470 "http://sl.sejem.si/kontakt/" "Mozilla/5.0 (Windows; U; Windows NT 5.1; sl; rv:1.9.1.16) Gecko/20101130 Firefox/3.5.16"
93.103.232.104 - - [21/Dec/2010:10:49:38 +0100] "GET /varpulis/include/tigra_calendar/calendar1.js HTTP/1.1" 200 6332 "http://sl.sejem.si/kontakt/" "Mozilla/5.0 (Windows; U; Windows NT 5.1; sl; rv:1.9.1.16) Gecko/20101130 Firefox/3.5.16"
93.103.232.104 - - [21/Dec/2010:10:49:38 +0100] "GET /kontakt/varpulis3/include/tigra_calendar/calendar1.js HTTP/1.1" 404 - "http://sl.sejem.si/kontakt/" "Mozilla/5.0 (Windows; U; Windows NT 5.1; sl; rv:1.9.1.16) Gecko/20101130 Firefox/3.5.16"
93.103.232.104 - - [21/Dec/2010:10:49:39 +0100] "GET /themes/APR/images/search_btn.gif HTTP/1.1" 200 108 "http://sl.sejem.si/kontakt/" "Mozilla/5.0 (Windows; U; Windows NT 5.1; sl; rv:1.9.1.16) Gecko/20101130 Firefox/3.5.16"
93.103.232.104 - - [21/Dec/2010:10:49:39 +0100] "GET /sitedata/27/media/logo_2.gif HTTP/1.1" 200 3601 "http://sl.sejem.si/kontakt/" "Mozilla/5.0 (Windows; U; Windows NT 5.1; sl; rv:1.9.1.16) Gecko/20101130 Firefox/3.5.16"
93.103.232.104 - - [21/Dec/2010:10:49:39 +0100] "GET /themes/APR/images/sejemLogo-frankfurt.gif HTTP/1.1" 200 3589 "http://sl.sejem.si/kontakt/" "Mozilla/5.0 (Windows; U; Windows NT 5.1; sl; rv:1.9.1.16) Gecko/20101130 Firefox/3.5.16"
93.103.232.104 - - [21/Dec/2010:10:49:38 +0100] "GET /varpulis/_css/27_default.css HTTP/1.1" 200 24924 "http://sl.sejem.si/kontakt/" "Mozilla/5.0 (Windows; U; Windows NT 5.1; sl; rv:1.9.1.16) Gecko/20101130 Firefox/3.5.16"
93.103.232.104 - - [21/Dec/2010:10:49:39 +0100] "GET /themes/APR/images/sejemLogo-bvv.gif HTTP/1.1" 200 2678 "http://sl.sejem.si/kontakt/" "Mozilla/5.0 (Windows; U; Windows NT 5.1; sl; rv:1.9.1.16) Gecko/20101130 Firefox/3.5.16"
93.103.232.104 - - [21/Dec/2010:10:49:39 +0100] "GET /kontakt/varpulis3/include/tigra_calendar/calendar1.js HTTP/1.1" 404 - "http://sl.sejem.si/kontakt/" "Mozilla/5.0 (Windows; U; Windows NT 5.1; sl; rv:1.9.1.16) Gecko/20101130 Firefox/3.5.16"
93.103.232.104 - - [21/Dec/2010:10:49:39 +0100] "GET /themes/APR/images/sejemLogo-reed.gif HTTP/1.1" 200 2665 "http://sl.sejem.si/kontakt/" "Mozilla/5.0 (Windows; U; Windows NT 5.1; sl; rv:1.9.1.16) Gecko/20101130 Firefox/3.5.16"
93.103.232.104 - - [21/Dec/2010:10:49:39 +0100] "GET /themes/APR/images/sejemLogo-nurnberg.gif HTTP/1.1" 200 2590 "http://sl.sejem.si/kontakt/" "Mozilla/5.0 (Windows; U; Windows NT 5.1; sl; rv:1.9.1.16) Gecko/20101130 Firefox/3.5.16"
93.103.232.104 - - [21/Dec/2010:10:49:39 +0100] "GET /themes/APR/images/topImg.gif HTTP/1.1" 200 47786 "http://sl.sejem.si/kontakt/" "Mozilla/5.0 (Windows; U; Windows NT 5.1; sl; rv:1.9.1.16) Gecko/20101130 Firefox/3.5.16"
93.103.232.104 - - [21/Dec/2010:10:49:39 +0100] "GET /sitedata/27/media/bg-novi_2.gif HTTP/1.1" 200 4893 "http://sl.sejem.si/kontakt/" "Mozilla/5.0 (Windows; U; Windows NT 5.1; sl; rv:1.9.1.16) Gecko/20101130 Firefox/3.5.16"
93.103.232.104 - - [21/Dec/2010:10:49:39 +0100] "GET /varpulis/include/tigra_calendar/img/cal.gif HTTP/1.1" 200 127 "http://sl.sejem.si/kontakt/" "Mozilla/5.0 (Windows; U; Windows NT 5.1; sl; rv:1.9.1.16) Gecko/20101130 Firefox/3.5.16"
93.103.232.104 - - [21/Dec/2010:10:49:39 +0100] "GET /favicon.ico HTTP/1.1" 404 - "-" "Mozilla/5.0 (Windows; U; Windows NT 5.1; sl; rv:1.9.1.16) Gecko/20101130 Firefox/3.5.16"
93.103.232.104 - - [21/Dec/2010:10:49:42 +0100] "GET /favicon.ico HTTP/1.1" 404 - "-" "Mozilla/5.0 (Windows; U; Windows NT 5.1; sl; rv:1.9.1.16) Gecko/20101130 Firefox/3.5.16"
85.10.36.100 - - [21/Dec/2010:11:24:06 +0100] "GET /robots.txt HTTP/1.1" 301 370 "-" "Mozilla/5.0 (compatible; Najdi.si/3.1)"
85.10.36.100 - - [21/Dec/2010:11:24:06 +0100] "GET / HTTP/1.1" 301 360 "-" "Mozilla/5.0 (compatible; Najdi.si/3.1)"
85.10.36.100 - - [21/Dec/2010:11:24:06 +0100] "GET /robots.txt HTTP/1.1" 200 147 "-" "Mozilla/5.0 (compatible; Najdi.si/3.1)"
85.10.36.100 - - [21/Dec/2010:11:24:06 +0100] "GET / HTTP/1.1" 200 5974 "-" "Mozilla/5.0 (compatible; Najdi.si/3.1)"
85.10.36.100 - - [21/Dec/2010:11:24:21 +0100] "GET /sitemap.txt.gz HTTP/1.1" 301 374 "-" "Mozilla/5.0 (compatible; Najdi.si/3.1)"
85.10.36.100 - - [21/Dec/2010:11:24:21 +0100] "GET /sitemap.txt.gz HTTP/1.1" 404 - "-" "Mozilla/5.0 (compatible; Najdi.si/3.1)"
85.10.36.100 - - [21/Dec/2010:11:24:21 +0100] "GET /sitemap.xml.gz HTTP/1.1" 301 374 "-" "Mozilla/5.0 (compatible; Najdi.si/3.1)"
85.10.36.100 - - [21/Dec/2010:11:24:21 +0100] "GET /sitemap.xml.gz HTTP/1.1" 404 - "-" "Mozilla/5.0 (compatible; Najdi.si/3.1)"
85.10.36.100 - - [21/Dec/2010:11:24:21 +0100] "GET /sitemap.xml HTTP/1.1" 301 371 "-" "Mozilla/5.0 (compatible; Najdi.si/3.1)"
85.10.36.100 - - [21/Dec/2010:11:24:21 +0100] "GET /sitemap.xml HTTP/1.1" 404 - "-" "Mozilla/5.0 (compatible; Najdi.si/3.1)"
193.77.221.162 - - [21/Dec/2010:14:47:37 +0100] "GET / HTTP/1.1" 200 5974 "-" "Mozilla/5.0 (Windows; U; Windows NT 5.1; en-GB; rv:1.9.1.16) Gecko/20101130 Firefox/3.5.16 ( .NET CLR 3.5.30729)"
193.77.221.162 - - [21/Dec/2010:14:47:40 +0100] "GET /varpulis/_js/basic.js HTTP/1.1" 200 4470 "http://sl.sejem.si/" "Mozilla/5.0 (Windows; U; Windows NT 5.1; en-GB; rv:1.9.1.16) Gecko/20101130 Firefox/3.5.16 ( .NET CLR 3.5.30729)"
193.77.221.162 - - [21/Dec/2010:14:47:40 +0100] "GET /varpulis/_css/27_default.css HTTP/1.1" 200 24924 "http://sl.sejem.si/" "Mozilla/5.0 (Windows; U; Windows NT 5.1; en-GB; rv:1.9.1.16) Gecko/20101130 Firefox/3.5.16 ( .NET CLR 3.5.30729)"
193.77.221.162 - - [21/Dec/2010:14:47:40 +0100] "GET /themes/APR/images/search_btn.gif HTTP/1.1" 200 108 "http://sl.sejem.si/" "Mozilla/5.0 (Windows; U; Windows NT 5.1; en-GB; rv:1.9.1.16) Gecko/20101130 Firefox/3.5.16 ( .NET CLR 3.5.30729)"
193.77.221.162 - - [21/Dec/2010:14:47:40 +0100] "GET /sitedata/27/media/logo_2.gif HTTP/1.1" 200 3601 "http://sl.sejem.si/" "Mozilla/5.0 (Windows; U; Windows NT 5.1; en-GB; rv:1.9.1.16) Gecko/20101130 Firefox/3.5.16 ( .NET CLR 3.5.30729)"
193.77.221.162 - - [21/Dec/2010:14:47:40 +0100] "GET /themes/APR/images/sejemLogo-nurnberg.gif HTTP/1.1" 200 2590 "http://sl.sejem.si/" "Mozilla/5.0 (Windows; U; Windows NT 5.1; en-GB; rv:1.9.1.16) Gecko/20101130 Firefox/3.5.16 ( .NET CLR 3.5.30729)"
