89.212.16.22 - - [28/Dec/2006:14:06:37 +0100] "GET /varpulis/include/fckeditor/editor/skins/default/toolbar/outdent.gif HTTP/1.1" 304 - "http://sl.planinca.si/varpulis/include/fckeditor/editor/fckeditor.html?InstanceName=TEXT&Toolbar=Paketki" "Mozilla/4.0 (compatible; MSIE 6.0; Windows NT 5.1; SV1; .NET CLR 1.1.4322)"
89.212.16.22 - - [28/Dec/2006:14:06:37 +0100] "GET /varpulis/include/fckeditor/editor/skins/default/toolbar/indent.gif HTTP/1.1" 304 - "http://sl.planinca.si/varpulis/include/fckeditor/editor/fckeditor.html?InstanceName=TEXT&Toolbar=Paketki" "Mozilla/4.0 (compatible; MSIE 6.0; Windows NT 5.1; SV1; .NET CLR 1.1.4322)"
89.212.16.22 - - [28/Dec/2006:14:06:37 +0100] "GET /varpulis/include/fckeditor/editor/skins/default/toolbar/link.gif HTTP/1.1" 304 - "http://sl.planinca.si/varpulis/include/fckeditor/editor/fckeditor.html?InstanceName=TEXT&Toolbar=Paketki" "Mozilla/4.0 (compatible; MSIE 6.0; Windows NT 5.1; SV1; .NET CLR 1.1.4322)"
89.212.16.22 - - [28/Dec/2006:14:06:37 +0100] "GET /varpulis/include/fckeditor/editor/skins/default/toolbar/unlink.gif HTTP/1.1" 304 - "http://sl.planinca.si/varpulis/include/fckeditor/editor/fckeditor.html?InstanceName=TEXT&Toolbar=Paketki" "Mozilla/4.0 (compatible; MSIE 6.0; Windows NT 5.1; SV1; .NET CLR 1.1.4322)"
89.212.16.22 - - [28/Dec/2006:14:06:37 +0100] "GET /varpulis/include/fckeditor/editor/skins/default/toolbar/insertorderedlist.gif HTTP/1.1" 304 - "http://sl.planinca.si/varpulis/include/fckeditor/editor/fckeditor.html?InstanceName=TEXT&Toolbar=Paketki" "Mozilla/4.0 (compatible; MSIE 6.0; Windows NT 5.1; SV1; .NET CLR 1.1.4322)"
89.212.16.22 - - [28/Dec/2006:14:06:37 +0100] "GET /varpulis/include/fckeditor/editor/skins/default/toolbar/anchor.gif HTTP/1.1" 304 - "http://sl.planinca.si/varpulis/include/fckeditor/editor/fckeditor.html?InstanceName=TEXT&Toolbar=Paketki" "Mozilla/4.0 (compatible; MSIE 6.0; Windows NT 5.1; SV1; .NET CLR 1.1.4322)"
89.212.16.22 - - [28/Dec/2006:14:06:37 +0100] "GET /varpulis/include/fckeditor/editor/skins/default/toolbar/cut.gif HTTP/1.1" 304 - "http://sl.planinca.si/varpulis/include/fckeditor/editor/fckeditor.html?InstanceName=TEXT&Toolbar=Paketki" "Mozilla/4.0 (compatible; MSIE 6.0; Windows NT 5.1; SV1; .NET CLR 1.1.4322)"
89.212.16.22 - - [28/Dec/2006:14:06:37 +0100] "GET /varpulis/include/fckeditor/editor/skins/default/toolbar/pastetext.gif HTTP/1.1" 304 - "http://sl.planinca.si/varpulis/include/fckeditor/editor/fckeditor.html?InstanceName=TEXT&Toolbar=Paketki" "Mozilla/4.0 (compatible; MSIE 6.0; Windows NT 5.1; SV1; .NET CLR 1.1.4322)"
89.212.16.22 - - [28/Dec/2006:14:06:37 +0100] "GET /varpulis/include/fckeditor/editor/skins/default/toolbar/copy.gif HTTP/1.1" 304 - "http://sl.planinca.si/varpulis/include/fckeditor/editor/fckeditor.html?InstanceName=TEXT&Toolbar=Paketki" "Mozilla/4.0 (compatible; MSIE 6.0; Windows NT 5.1; SV1; .NET CLR 1.1.4322)"
89.212.16.22 - - [28/Dec/2006:14:06:37 +0100] "GET /varpulis/include/fckeditor/editor/skins/default/toolbar/undo.gif HTTP/1.1" 304 - "http://sl.planinca.si/varpulis/include/fckeditor/editor/fckeditor.html?InstanceName=TEXT&Toolbar=Paketki" "Mozilla/4.0 (compatible; MSIE 6.0; Windows NT 5.1; SV1; .NET CLR 1.1.4322)"
89.212.16.22 - - [28/Dec/2006:14:06:37 +0100] "GET /varpulis/include/fckeditor/editor/skins/default/toolbar/flash.gif HTTP/1.1" 304 - "http://sl.planinca.si/varpulis/include/fckeditor/editor/fckeditor.html?InstanceName=TEXT&Toolbar=Paketki" "Mozilla/4.0 (compatible; MSIE 6.0; Windows NT 5.1; SV1; .NET CLR 1.1.4322)"
89.212.16.22 - - [28/Dec/2006:14:06:37 +0100] "GET /varpulis/include/fckeditor/editor/skins/default/toolbar/redo.gif HTTP/1.1" 304 - "http://sl.planinca.si/varpulis/include/fckeditor/editor/fckeditor.html?InstanceName=TEXT&Toolbar=Paketki" "Mozilla/4.0 (compatible; MSIE 6.0; Windows NT 5.1; SV1; .NET CLR 1.1.4322)"
89.212.16.22 - - [28/Dec/2006:14:06:37 +0100] "GET /varpulis/include/fckeditor/editor/skins/default/toolbar/image.gif HTTP/1.1" 304 - "http://sl.planinca.si/varpulis/include/fckeditor/editor/fckeditor.html?InstanceName=TEXT&Toolbar=Paketki" "Mozilla/4.0 (compatible; MSIE 6.0; Windows NT 5.1; SV1; .NET CLR 1.1.4322)"
89.212.16.22 - - [28/Dec/2006:14:06:37 +0100] "GET /varpulis/include/fckeditor/editor/skins/default/toolbar/inserthorizontalrule.gif HTTP/1.1" 304 - "http://sl.planinca.si/varpulis/include/fckeditor/editor/fckeditor.html?InstanceName=TEXT&Toolbar=Paketki" "Mozilla/4.0 (compatible; MSIE 6.0; Windows NT 5.1; SV1; .NET CLR 1.1.4322)"
89.212.16.22 - - [28/Dec/2006:14:06:37 +0100] "GET /varpulis/include/fckeditor/editor/skins/default/toolbar/table.gif HTTP/1.1" 304 - "http://sl.planinca.si/varpulis/include/fckeditor/editor/fckeditor.html?InstanceName=TEXT&Toolbar=Paketki" "Mozilla/4.0 (compatible; MSIE 6.0; Windows NT 5.1; SV1; .NET CLR 1.1.4322)"
89.212.16.22 - - [28/Dec/2006:14:06:37 +0100] "GET /varpulis/include/fckeditor/editor/skins/default/toolbar/specialchar.gif HTTP/1.1" 304 - "http://sl.planinca.si/varpulis/include/fckeditor/editor/fckeditor.html?InstanceName=TEXT&Toolbar=Paketki" "Mozilla/4.0 (compatible; MSIE 6.0; Windows NT 5.1; SV1; .NET CLR 1.1.4322)"
89.212.16.22 - - [28/Dec/2006:14:06:38 +0100] "GET /varpulis/include/fckeditor/editor/css/images/fck_anchor.gif HTTP/1.1" 304 - "http://sl.planinca.si/varpulis/include/fckeditor/editor/fckeditor.html?InstanceName=TEXT&Toolbar=Paketki" "Mozilla/4.0 (compatible; MSIE 6.0; Windows NT 5.1; SV1; .NET CLR 1.1.4322)"
89.212.16.22 - - [28/Dec/2006:14:06:38 +0100] "GET /varpulis/include/fckeditor/editor/css/behaviors/disablehandles.htc HTTP/1.1" 304 - "-" "Mozilla/4.0 (compatible; MSIE 6.0; Windows NT 5.1; SV1; .NET CLR 1.1.4322)"
89.212.16.22 - - [28/Dec/2006:14:07:31 +0100] "POST /index.php HTTP/1.1" 200 4263 "http://sl.planinca.si/index.php?editBtn=1" "Mozilla/4.0 (compatible; MSIE 6.0; Windows NT 5.1; SV1; .NET CLR 1.1.4322)"
89.212.16.22 - - [28/Dec/2006:14:07:33 +0100] "GET /index.php?editBtn=1 HTTP/1.1" 200 3772 "-" "Mozilla/4.0 (compatible; MSIE 6.0; Windows NT 5.1; SV1; .NET CLR 1.1.4322)"
89.212.16.22 - - [28/Dec/2006:14:07:33 +0100] "GET /templates/fckconfig.js.php HTTP/1.1" 200 123 "http://sl.planinca.si/varpulis/include/fckeditor/editor/fckeditor.html?InstanceName=TEXT&Toolbar=Paketki" "Mozilla/4.0 (compatible; MSIE 6.0; Windows NT 5.1; SV1; .NET CLR 1.1.4322)"
89.212.16.22 - - [28/Dec/2006:14:09:42 +0100] "POST /index.php HTTP/1.1" 200 4285 "http://sl.planinca.si/index.php?editBtn=1" "Mozilla/4.0 (compatible; MSIE 6.0; Windows NT 5.1; SV1; .NET CLR 1.1.4322)"
89.212.16.22 - - [28/Dec/2006:14:13:38 +0100] "GET /index.php?menu_item=item_9254 HTTP/1.1" 200 2455 "http://sl.planinca.si/index.php" "Mozilla/4.0 (compatible; MSIE 6.0; Windows NT 5.1; SV1; .NET CLR 1.1.4322)"
89.212.16.22 - - [28/Dec/2006:14:13:39 +0100] "GET /sitedata/495/upload/Image/predstavitev.JPG HTTP/1.1" 304 - "http://sl.planinca.si/index.php?menu_item=item_9254" "Mozilla/4.0 (compatible; MSIE 6.0; Windows NT 5.1; SV1; .NET CLR 1.1.4322)"
89.212.16.22 - - [28/Dec/2006:14:28:45 +0100] "GET /index.php?menu_item=item_10469 HTTP/1.1" 200 4287 "http://sl.planinca.si/index.php?menu_item=item_9254" "Mozilla/4.0 (compatible; MSIE 6.0; Windows NT 5.1; SV1; .NET CLR 1.1.4322)"
89.212.102.158 - - [28/Dec/2006:14:32:26 +0100] "GET / HTTP/1.1" 301 306 "-" "Mozilla/4.0 (compatible; MSIE 7.0; Windows NT 5.1)"
89.212.102.158 - - [28/Dec/2006:14:32:26 +0100] "GET / HTTP/1.1" 200 1385 "-" "Mozilla/4.0 (compatible; MSIE 7.0; Windows NT 5.1)"
89.212.102.158 - - [28/Dec/2006:14:32:27 +0100] "GET /varpulis/_js/basic.js.gz HTTP/1.1" 200 4474 "http://sl.planinca.si/" "Mozilla/4.0 (compatible; MSIE 7.0; Windows NT 5.1)"
89.212.102.158 - - [28/Dec/2006:14:32:27 +0100] "GET /varpulis/_css/495_default.css.gz HTTP/1.1" 200 5385 "http://sl.planinca.si/" "Mozilla/4.0 (compatible; MSIE 7.0; Windows NT 5.1)"
89.212.102.158 - - [28/Dec/2006:14:32:28 +0100] "GET /sitedata/495/media/logo_6.gif HTTP/1.1" 200 6881 "http://sl.planinca.si/" "Mozilla/4.0 (compatible; MSIE 7.0; Windows NT 5.1)"
89.212.102.158 - - [28/Dec/2006:14:32:28 +0100] "GET /favicon.ico HTTP/1.1" 404 1840 "-" "Mozilla/4.0 (compatible; MSIE 7.0; Windows NT 5.1)"
89.212.102.158 - - [28/Dec/2006:14:32:34 +0100] "GET / HTTP/1.1" 200 3709 "-" "Mozilla/4.0 (compatible; MSIE 7.0; Windows NT 5.1)"
89.212.102.158 - - [28/Dec/2006:14:32:51 +0100] "GET /o-avtorjih/ HTTP/1.1" 200 1292 "http://sl.planinca.si/" "Mozilla/4.0 (compatible; MSIE 7.0; Windows NT 5.1)"
89.212.16.22 - - [28/Dec/2006:14:32:53 +0100] "GET /index.php?menu_item=item_9254 HTTP/1.1" 200 2455 "http://sl.planinca.si/index.php?menu_item=item_10469" "Mozilla/4.0 (compatible; MSIE 6.0; Windows NT 5.1; SV1; .NET CLR 1.1.4322)"
89.212.102.158 - - [28/Dec/2006:14:32:55 +0100] "GET /prijava/ HTTP/1.1" 200 1698 "http://sl.planinca.si/o-avtorjih/" "Mozilla/4.0 (compatible; MSIE 7.0; Windows NT 5.1)"
89.212.102.158 - - [28/Dec/2006:14:33:00 +0100] "GET /o-avtorjih/ HTTP/1.1" 200 2967 "-" "Mozilla/4.0 (compatible; MSIE 7.0; Windows NT 5.1)"
89.212.102.158 - - [28/Dec/2006:14:33:02 +0100] "GET /prijava/ HTTP/1.1" 200 1698 "http://sl.planinca.si/prijava/" "Mozilla/4.0 (compatible; MSIE 7.0; Windows NT 5.1)"
89.212.16.22 - - [28/Dec/2006:14:33:07 +0100] "GET /index.php?menu_item=logout HTTP/1.1" 302 2311 "http://sl.planinca.si/index.php?menu_item=item_9254" "Mozilla/4.0 (compatible; MSIE 6.0; Windows NT 5.1; SV1; .NET CLR 1.1.4322)"
89.212.16.22 - - [28/Dec/2006:14:33:08 +0100] "GET /index.php HTTP/1.1" 200 1385 "http://sl.planinca.si/index.php?menu_item=item_9254" "Mozilla/4.0 (compatible; MSIE 6.0; Windows NT 5.1; SV1; .NET CLR 1.1.4322)"
89.212.102.158 - - [28/Dec/2006:14:33:08 +0100] "GET /prijava/ HTTP/1.1" 200 4554 "-" "Mozilla/4.0 (compatible; MSIE 7.0; Windows NT 5.1)"
89.212.16.22 - - [28/Dec/2006:14:33:11 +0100] "GET /prijava/ HTTP/1.1" 200 1698 "http://sl.planinca.si/index.php" "Mozilla/4.0 (compatible; MSIE 6.0; Windows NT 5.1; SV1; .NET CLR 1.1.4322)"
89.212.102.158 - - [28/Dec/2006:14:33:13 +0100] "GET /prijava/ HTTP/1.1" 200 4554 "-" "Mozilla/4.0 (compatible; MSIE 7.0; Windows NT 5.1)"
89.212.16.22 - - [28/Dec/2006:14:33:32 +0100] "POST /prijava/ HTTP/1.1" 302 32 "http://sl.planinca.si/prijava/" "Mozilla/4.0 (compatible; MSIE 6.0; Windows NT 5.1; SV1; .NET CLR 1.1.4322)"
89.212.16.22 - - [28/Dec/2006:14:33:32 +0100] "GET /index.php?menu_item=HelpPage HTTP/1.1" 200 3567 "http://sl.planinca.si/prijava/" "Mozilla/4.0 (compatible; MSIE 6.0; Windows NT 5.1; SV1; .NET CLR 1.1.4322)"
89.212.102.158 - - [28/Dec/2006:14:33:34 +0100] "POST /prijava/ HTTP/1.1" 302 32 "http://sl.planinca.si/prijava/" "Mozilla/4.0 (compatible; MSIE 7.0; Windows NT 5.1)"
89.212.102.158 - - [28/Dec/2006:14:33:34 +0100] "GET /index.php?menu_item=HelpPage HTTP/1.1" 200 3567 "http://sl.planinca.si/prijava/" "Mozilla/4.0 (compatible; MSIE 7.0; Windows NT 5.1)"
89.212.102.158 - - [28/Dec/2006:14:33:35 +0100] "GET /varpulis/_js/495_menu.js.gz HTTP/1.1" 200 9333 "http://sl.planinca.si/index.php?menu_item=HelpPage" "Mozilla/4.0 (compatible; MSIE 7.0; Windows NT 5.1)"
89.212.102.158 - - [28/Dec/2006:14:33:41 +0100] "GET /index.php?menu_item=HelpPage HTTP/1.1" 200 13223 "-" "Mozilla/4.0 (compatible; MSIE 7.0; Windows NT 5.1)"
89.212.16.22 - - [28/Dec/2006:14:33:47 +0100] "GET /index.php?menu_item=item_9254 HTTP/1.1" 200 2455 "http://sl.planinca.si/index.php?menu_item=HelpPage" "Mozilla/4.0 (compatible; MSIE 6.0; Windows NT 5.1; SV1; .NET CLR 1.1.4322)"
89.212.102.158 - - [28/Dec/2006:14:33:52 +0100] "GET /index.php?menu_item=item_9254 HTTP/1.1" 200 2455 "http://sl.planinca.si/index.php?menu_item=HelpPage" "Mozilla/4.0 (compatible; MSIE 7.0; Windows NT 5.1)"
89.212.102.158 - - [28/Dec/2006:14:33:53 +0100] "GET /sitedata/495/upload/Image/predstavitev.JPG HTTP/1.1" 200 428259 "http://sl.planinca.si/index.php?menu_item=item_9254" "Mozilla/4.0 (compatible; MSIE 7.0; Windows NT 5.1)"
89.212.102.158 - - [28/Dec/2006:14:33:59 +0100] "GET /index.php?menu_item=item_9254 HTTP/1.1" 200 7338 "-" "Mozilla/4.0 (compatible; MSIE 7.0; Windows NT 5.1)"
89.212.16.22 - - [28/Dec/2006:14:34:04 +0100] "GET /index.php?menu_item=item_10471 HTTP/1.1" 200 2286 "http://sl.planinca.si/index.php?menu_item=item_9254" "Mozilla/4.0 (compatible; MSIE 6.0; Windows NT 5.1; SV1; .NET CLR 1.1.4322)"
89.212.16.22 - - [28/Dec/2006:14:34:20 +0100] "GET /index.php?menu_item=item_9254 HTTP/1.1" 200 2455 "http://sl.planinca.si/index.php?menu_item=item_10471" "Mozilla/4.0 (compatible; MSIE 6.0; Windows NT 5.1; SV1; .NET CLR 1.1.4322)"
89.212.16.22 - - [28/Dec/2006:14:34:31 +0100] "GET /index.php?editBtn=1 HTTP/1.1" 200 1917 "-" "Mozilla/4.0 (compatible; MSIE 6.0; Windows NT 5.1; SV1; .NET CLR 1.1.4322)"
89.212.16.22 - - [28/Dec/2006:14:34:32 +0100] "GET /templates/fckconfig.js.php HTTP/1.1" 200 123 "http://sl.planinca.si/varpulis/include/fckeditor/editor/fckeditor.html?InstanceName=TEXT&Toolbar=Paketki" "Mozilla/4.0 (compatible; MSIE 6.0; Windows NT 5.1; SV1; .NET CLR 1.1.4322)"
89.212.16.22 - - [28/Dec/2006:14:34:37 +0100] "GET /varpulis/include/fckeditor/editor/skins/default/toolbar/paste.gif HTTP/1.1" 304 - "-" "Mozilla/4.0 (compatible; MSIE 6.0; Windows NT 5.1; SV1; .NET CLR 1.1.4322)"
89.212.16.22 - - [28/Dec/2006:14:34:37 +0100] "GET /varpulis/include/fckeditor/editor/skins/default/toolbar/select.gif HTTP/1.1" 304 - "-" "Mozilla/4.0 (compatible; MSIE 6.0; Windows NT 5.1; SV1; .NET CLR 1.1.4322)"
89.212.16.22 - - [28/Dec/2006:14:34:37 +0100] "GET /varpulis/include/fckeditor/editor/skins/default/toolbar/textarea.gif HTTP/1.1" 304 - "-" "Mozilla/4.0 (compatible; MSIE 6.0; Windows NT 5.1; SV1; .NET CLR 1.1.4322)"
89.212.16.22 - - [28/Dec/2006:14:34:37 +0100] "GET /varpulis/include/fckeditor/editor/skins/default/toolbar/checkbox.gif HTTP/1.1" 304 - "-" "Mozilla/4.0 (compatible; MSIE 6.0; Windows NT 5.1; SV1; .NET CLR 1.1.4322)"
89.212.16.22 - - [28/Dec/2006:14:34:37 +0100] "GET /varpulis/include/fckeditor/editor/skins/default/toolbar/radio.gif HTTP/1.1" 304 - "-" "Mozilla/4.0 (compatible; MSIE 6.0; Windows NT 5.1; SV1; .NET CLR 1.1.4322)"
89.212.16.22 - - [28/Dec/2006:14:34:37 +0100] "GET /varpulis/include/fckeditor/editor/skins/default/toolbar/textfield.gif HTTP/1.1" 304 - "-" "Mozilla/4.0 (compatible; MSIE 6.0; Windows NT 5.1; SV1; .NET CLR 1.1.4322)"
89.212.16.22 - - [28/Dec/2006:14:34:37 +0100] "GET /varpulis/include/fckeditor/editor/skins/default/toolbar/hiddenfield.gif HTTP/1.1" 304 - "-" "Mozilla/4.0 (compatible; MSIE 6.0; Windows NT 5.1; SV1; .NET CLR 1.1.4322)"
89.212.16.22 - - [28/Dec/2006:14:34:37 +0100] "GET /varpulis/include/fckeditor/editor/skins/default/toolbar/imagebutton.gif HTTP/1.1" 304 - "-" "Mozilla/4.0 (compatible; MSIE 6.0; Windows NT 5.1; SV1; .NET CLR 1.1.4322)"
89.212.16.22 - - [28/Dec/2006:14:34:38 +0100] "GET /varpulis/include/fckeditor/editor/skins/default/toolbar/button.gif HTTP/1.1" 304 - "-" "Mozilla/4.0 (compatible; MSIE 6.0; Windows NT 5.1; SV1; .NET CLR 1.1.4322)"
89.212.16.22 - - [28/Dec/2006:14:34:38 +0100] "GET /varpulis/include/fckeditor/editor/skins/default/toolbar/numberedlist.gif HTTP/1.1" 304 - "-" "Mozilla/4.0 (compatible; MSIE 6.0; Windows NT 5.1; SV1; .NET CLR 1.1.4322)"
89.212.16.22 - - [28/Dec/2006:14:34:38 +0100] "GET /varpulis/include/fckeditor/editor/skins/default/toolbar/bulletedlist.gif HTTP/1.1" 304 - "-" "Mozilla/4.0 (compatible; MSIE 6.0; Windows NT 5.1; SV1; .NET CLR 1.1.4322)"
89.212.16.22 - - [28/Dec/2006:14:34:38 +0100] "GET /varpulis/include/fckeditor/editor/skins/default/toolbar/tableinsertcolumn.gif HTTP/1.1" 304 - "-" "Mozilla/4.0 (compatible; MSIE 6.0; Windows NT 5.1; SV1; .NET CLR 1.1.4322)"
89.212.16.22 - - [28/Dec/2006:14:34:38 +0100] "GET /varpulis/include/fckeditor/editor/skins/default/toolbar/tableinsertrow.gif HTTP/1.1" 304 - "-" "Mozilla/4.0 (compatible; MSIE 6.0; Windows NT 5.1; SV1; .NET CLR 1.1.4322)"
89.212.16.22 - - [28/Dec/2006:14:34:38 +0100] "GET /varpulis/include/fckeditor/editor/skins/default/toolbar/tabledeleterows.gif HTTP/1.1" 304 - "-" "Mozilla/4.0 (compatible; MSIE 6.0; Windows NT 5.1; SV1; .NET CLR 1.1.4322)"
89.212.16.22 - - [28/Dec/2006:14:34:38 +0100] "GET /varpulis/include/fckeditor/editor/skins/default/toolbar/tabledeletecolumns.gif HTTP/1.1" 304 - "-" "Mozilla/4.0 (compatible; MSIE 6.0; Windows NT 5.1; SV1; .NET CLR 1.1.4322)"
89.212.16.22 - - [28/Dec/2006:14:34:38 +0100] "GET /varpulis/include/fckeditor/editor/skins/default/toolbar/tableinsertcell.gif HTTP/1.1" 304 - "-" "Mozilla/4.0 (compatible; MSIE 6.0; Windows NT 5.1; SV1; .NET CLR 1.1.4322)"
89.212.16.22 - - [28/Dec/2006:14:34:38 +0100] "GET /varpulis/include/fckeditor/editor/skins/default/toolbar/tabledeletecells.gif HTTP/1.1" 304 - "-" "Mozilla/4.0 (compatible; MSIE 6.0; Windows NT 5.1; SV1; .NET CLR 1.1.4322)"
89.212.16.22 - - [28/Dec/2006:14:34:38 +0100] "GET /varpulis/include/fckeditor/editor/skins/default/toolbar/tablemergecells.gif HTTP/1.1" 304 - "-" "Mozilla/4.0 (compatible; MSIE 6.0; Windows NT 5.1; SV1; .NET CLR 1.1.4322)"
89.212.16.22 - - [28/Dec/2006:14:34:38 +0100] "GET /varpulis/include/fckeditor/editor/skins/default/toolbar/tablesplitcell.gif HTTP/1.1" 304 - "-" "Mozilla/4.0 (compatible; MSIE 6.0; Windows NT 5.1; SV1; .NET CLR 1.1.4322)"
89.212.16.22 - - [28/Dec/2006:14:34:38 +0100] "GET /varpulis/include/fckeditor/editor/skins/default/toolbar/tablecell.gif HTTP/1.1" 304 - "-" "Mozilla/4.0 (compatible; MSIE 6.0; Windows NT 5.1; SV1; .NET CLR 1.1.4322)"
89.212.16.22 - - [28/Dec/2006:14:34:38 +0100] "GET /varpulis/include/fckeditor/editor/skins/default/toolbar/form.gif HTTP/1.1" 304 - "-" "Mozilla/4.0 (compatible; MSIE 6.0; Windows NT 5.1; SV1; .NET CLR 1.1.4322)"
89.212.16.22 - - [28/Dec/2006:14:34:39 +0100] "GET /varpulis/include/fckeditor/editor/fckdialog.html HTTP/1.1" 304 - "-" "Mozilla/4.0 (compatible; MSIE 6.0; Windows NT 5.1; SV1; .NET CLR 1.1.4322)"
89.212.16.22 - - [28/Dec/2006:14:34:39 +0100] "GET /varpulis/include/fckeditor/editor/skins/default/fck_dialog.css HTTP/1.1" 304 - "http://sl.planinca.si/varpulis/include/fckeditor/editor/fckdialog.html" "Mozilla/4.0 (compatible; MSIE 6.0; Windows NT 5.1; SV1; .NET CLR 1.1.4322)"
89.212.16.22 - - [28/Dec/2006:14:34:39 +0100] "GET /varpulis/include/fckeditor/editor/dialog/fck_image.html HTTP/1.1" 304 - "http://sl.planinca.si/varpulis/include/fckeditor/editor/fckdialog.html" "Mozilla/4.0 (compatible; MSIE 6.0; Windows NT 5.1; SV1; .NET CLR 1.1.4322)"
89.212.16.22 - - [28/Dec/2006:14:34:39 +0100] "GET /varpulis/include/fckeditor/editor/dialog/common/fck_dialog_common.js HTTP/1.1" 304 - "http://sl.planinca.si/varpulis/include/fckeditor/editor/dialog/fck_image.html" "Mozilla/4.0 (compatible; MSIE 6.0; Windows NT 5.1; SV1; .NET CLR 1.1.4322)"
89.212.16.22 - - [28/Dec/2006:14:34:39 +0100] "GET /varpulis/include/fckeditor/editor/dialog/fck_image/fck_image.js HTTP/1.1" 304 - "http://sl.planinca.si/varpulis/include/fckeditor/editor/dialog/fck_image.html" "Mozilla/4.0 (compatible; MSIE 6.0; Windows NT 5.1; SV1; .NET CLR 1.1.4322)"
89.212.16.22 - - [28/Dec/2006:14:34:39 +0100] "GET /varpulis/include/fckeditor/editor/dialog/common/fck_dialog_common.css HTTP/1.1" 304 - "http://sl.planinca.si/varpulis/include/fckeditor/editor/dialog/fck_image.html" "Mozilla/4.0 (compatible; MSIE 6.0; Windows NT 5.1; SV1; .NET CLR 1.1.4322)"
89.212.16.22 - - [28/Dec/2006:14:34:40 +0100] "GET /varpulis/include/fckeditor/editor/dialog/fck_image/fck_image_preview.html HTTP/1.1" 304 - "http://sl.planinca.si/varpulis/include/fckeditor/editor/dialog/fck_image.html" "Mozilla/4.0 (compatible; MSIE 6.0; Windows NT 5.1; SV1; .NET CLR 1.1.4322)"
89.212.16.22 - - [28/Dec/2006:14:34:40 +0100] "GET /varpulis/include/fckeditor/editor/dialog/common/images/reset.gif HTTP/1.1" 304 - "http://sl.planinca.si/varpulis/include/fckeditor/editor/dialog/fck_image.html" "Mozilla/4.0 (compatible; MSIE 6.0; Windows NT 5.1; SV1; .NET CLR 1.1.4322)"
89.212.16.22 - - [28/Dec/2006:14:34:40 +0100] "GET /varpulis/include/fckeditor/editor/dialog/common/images/locked.gif HTTP/1.1" 304 - "http://sl.planinca.si/varpulis/include/fckeditor/editor/dialog/fck_image.html" "Mozilla/4.0 (compatible; MSIE 6.0; Windows NT 5.1; SV1; .NET CLR 1.1.4322)"
89.212.16.22 - - [28/Dec/2006:14:34:40 +0100] "GET /varpulis/include/fckeditor/editor/dialog/ HTTP/1.1" 403 1759 "http://sl.planinca.si/varpulis/include/fckeditor/editor/dialog/fck_image.html" "Mozilla/4.0 (compatible; MSIE 6.0; Windows NT 5.1; SV1; .NET CLR 1.1.4322)"
89.212.102.158 - - [28/Dec/2006:14:34:53 +0100] "GET /index.php?menu_item=HelpPage HTTP/1.1" 200 3567 "http://sl.planinca.si/prijava/" "Mozilla/4.0 (compatible; MSIE 7.0; Windows NT 5.1)"
89.212.16.22 - - [28/Dec/2006:14:34:53 +0100] "GET /varpulis/include/fckeditor/editor/dialog/ HTTP/1.1" 403 1759 "http://sl.planinca.si/varpulis/include/fckeditor/editor/dialog/fck_image.html" "Mozilla/4.0 (compatible; MSIE 6.0; Windows NT 5.1; SV1; .NET CLR 1.1.4322)"
89.212.102.158 - - [28/Dec/2006:14:34:57 +0100] "GET /index.php?menu_item=item_10462 HTTP/1.1" 200 4079 "http://sl.planinca.si/index.php?menu_item=HelpPage" "Mozilla/4.0 (compatible; MSIE 7.0; Windows NT 5.1)"
89.212.102.158 - - [28/Dec/2006:14:35:02 +0100] "GET /index.php?menu_item=HelpPage HTTP/1.1" 200 13223 "-" "Mozilla/4.0 (compatible; MSIE 7.0; Windows NT 5.1)"
89.212.102.158 - - [28/Dec/2006:14:35:07 +0100] "GET /index.php?menu_item=item_10462 HTTP/1.1" 200 10894 "-" "Mozilla/4.0 (compatible; MSIE 7.0; Windows NT 5.1)"
89.212.16.22 - - [28/Dec/2006:14:35:08 +0100] "POST /index.php HTTP/1.1" 200 2453 "http://sl.planinca.si/index.php?editBtn=1" "Mozilla/4.0 (compatible; MSIE 6.0; Windows NT 5.1; SV1; .NET CLR 1.1.4322)"
89.212.102.158 - - [28/Dec/2006:14:35:15 +0100] "GET /index.php?menu_item=HelpPage HTTP/1.1" 200 3567 "http://sl.planinca.si/prijava/" "Mozilla/4.0 (compatible; MSIE 7.0; Windows NT 5.1)"
89.212.102.158 - - [28/Dec/2006:14:35:18 +0100] "GET /index.php?menu_item=item_9254 HTTP/1.1" 200 2454 "http://sl.planinca.si/index.php?menu_item=HelpPage" "Mozilla/4.0 (compatible; MSIE 7.0; Windows NT 5.1)"
89.212.102.158 - - [28/Dec/2006:14:35:24 +0100] "GET /index.php?menu_item=HelpPage HTTP/1.1" 200 13223 "-" "Mozilla/4.0 (compatible; MSIE 7.0; Windows NT 5.1)"
89.212.102.158 - - [28/Dec/2006:14:35:29 +0100] "GET /index.php?menu_item=item_9254 HTTP/1.1" 200 7337 "-" "Mozilla/4.0 (compatible; MSIE 7.0; Windows NT 5.1)"
89.212.16.22 - - [28/Dec/2006:14:35:30 +0100] "GET /index.php?editBtn=1 HTTP/1.1" 200 1920 "-" "Mozilla/4.0 (compatible; MSIE 6.0; Windows NT 5.1; SV1; .NET CLR 1.1.4322)"
89.212.16.22 - - [28/Dec/2006:14:35:30 +0100] "GET /templates/fckconfig.js.php HTTP/1.1" 200 123 "http://sl.planinca.si/varpulis/include/fckeditor/editor/fckeditor.html?InstanceName=TEXT&Toolbar=Paketki" "Mozilla/4.0 (compatible; MSIE 6.0; Windows NT 5.1; SV1; .NET CLR 1.1.4322)"
89.212.16.22 - - [28/Dec/2006:14:35:37 +0100] "GET /varpulis/include/fckeditor/editor/dialog/ HTTP/1.1" 403 1759 "http://sl.planinca.si/varpulis/include/fckeditor/editor/dialog/fck_image.html" "Mozilla/4.0 (compatible; MSIE 6.0; Windows NT 5.1; SV1; .NET CLR 1.1.4322)"
89.212.16.22 - - [28/Dec/2006:14:35:51 +0100] "POST /index.php HTTP/1.1" 200 2443 "http://sl.planinca.si/index.php?editBtn=1" "Mozilla/4.0 (compatible; MSIE 6.0; Windows NT 5.1; SV1; .NET CLR 1.1.4322)"
89.212.16.22 - - [28/Dec/2006:14:35:55 +0100] "GET /index.php?menu_item=item_10471 HTTP/1.1" 200 2286 "http://sl.planinca.si/index.php" "Mozilla/4.0 (compatible; MSIE 6.0; Windows NT 5.1; SV1; .NET CLR 1.1.4322)"
89.212.102.158 - - [28/Dec/2006:14:35:59 +0100] "GET /index.php?menu_item=item_10471 HTTP/1.1" 200 2286 "http://sl.planinca.si/index.php?menu_item=item_9254" "Mozilla/4.0 (compatible; MSIE 7.0; Windows NT 5.1)"
89.212.16.22 - - [28/Dec/2006:14:35:59 +0100] "GET /index.php?menu_item=item_10475 HTTP/1.1" 200 4155 "http://sl.planinca.si/index.php?menu_item=item_10471" "Mozilla/4.0 (compatible; MSIE 6.0; Windows NT 5.1; SV1; .NET CLR 1.1.4322)"
89.212.102.158 - - [28/Dec/2006:14:36:05 +0100] "GET /index.php?menu_item=item_10471 HTTP/1.1" 200 6408 "-" "Mozilla/4.0 (compatible; MSIE 7.0; Windows NT 5.1)"
89.212.102.158 - - [28/Dec/2006:14:36:10 +0100] "GET /index.php?menu_item=item_9254 HTTP/1.1" 200 2444 "http://sl.planinca.si/index.php?menu_item=item_10471" "Mozilla/4.0 (compatible; MSIE 7.0; Windows NT 5.1)"
89.212.102.158 - - [28/Dec/2006:14:36:15 +0100] "GET /index.php?menu_item=item_10471 HTTP/1.1" 200 2286 "http://sl.planinca.si/index.php?menu_item=item_9254" "Mozilla/4.0 (compatible; MSIE 7.0; Windows NT 5.1)"
89.212.102.158 - - [28/Dec/2006:14:36:20 +0100] "GET /index.php?menu_item=item_9254 HTTP/1.1" 200 7323 "-" "Mozilla/4.0 (compatible; MSIE 7.0; Windows NT 5.1)"
89.212.102.158 - - [28/Dec/2006:14:36:25 +0100] "GET /index.php?menu_item=item_10471 HTTP/1.1" 200 6408 "-" "Mozilla/4.0 (compatible; MSIE 7.0; Windows NT 5.1)"
89.212.102.158 - - [28/Dec/2006:14:36:28 +0100] "GET /index.php?menu_item=item_10471 HTTP/1.1" 200 2286 "http://sl.planinca.si/index.php?menu_item=item_10471" "Mozilla/4.0 (compatible; MSIE 7.0; Windows NT 5.1)"
89.212.102.158 - - [28/Dec/2006:14:36:29 +0100] "GET /index.php?menu_item=item_10475 HTTP/1.1" 200 4155 "http://sl.planinca.si/index.php?menu_item=item_10471" "Mozilla/4.0 (compatible; MSIE 7.0; Windows NT 5.1)"
89.212.102.158 - - [28/Dec/2006:14:36:34 +0100] "GET /index.php?menu_item=item_10471 HTTP/1.1" 200 6408 "-" "Mozilla/4.0 (compatible; MSIE 7.0; Windows NT 5.1)"
89.212.102.158 - - [28/Dec/2006:14:36:39 +0100] "GET /index.php?menu_item=item_10475 HTTP/1.1" 200 11509 "-" "Mozilla/4.0 (compatible; MSIE 7.0; Windows NT 5.1)"
89.212.16.22 - - [28/Dec/2006:14:37:14 +0100] "GET /index.php?menu_item=item_10469 HTTP/1.1" 200 4287 "http://sl.planinca.si/index.php?menu_item=item_10475" "Mozilla/4.0 (compatible; MSIE 6.0; Windows NT 5.1; SV1; .NET CLR 1.1.4322)"
89.212.102.158 - - [28/Dec/2006:14:37:15 +0100] "GET /index.php?menu_item=item_10469 HTTP/1.1" 200 4287 "http://sl.planinca.si/index.php?menu_item=item_10475" "Mozilla/4.0 (compatible; MSIE 7.0; Windows NT 5.1)"
89.212.102.158 - - [28/Dec/2006:14:37:20 +0100] "GET /index.php?menu_item=item_10469 HTTP/1.1" 200 14209 "-" "Mozilla/4.0 (compatible; MSIE 7.0; Windows NT 5.1)"
89.212.102.158 - - [28/Dec/2006:14:37:41 +0100] "GET /index.php?menu_item=item_10478 HTTP/1.1" 200 2677 "http://sl.planinca.si/index.php?menu_item=item_10469" "Mozilla/4.0 (compatible; MSIE 7.0; Windows NT 5.1)"
89.212.102.158 - - [28/Dec/2006:14:37:42 +0100] "GET /getfile.php?idHash=30f3a5fccc862e435deafda83d83144e HTTP/1.1" 200 15191 "http://sl.planinca.si/index.php?menu_item=item_10478" "Mozilla/4.0 (compatible; MSIE 7.0; Windows NT 5.1)"
89.212.102.158 - - [28/Dec/2006:14:37:48 +0100] "GET /index.php?menu_item=item_10478 HTTP/1.1" 200 9173 "-" "Mozilla/4.0 (compatible; MSIE 7.0; Windows NT 5.1)"
89.212.16.22 - - [28/Dec/2006:14:37:50 +0100] "GET /index.php?menu_item=item_10478 HTTP/1.1" 200 2677 "http://sl.planinca.si/index.php?menu_item=item_10469" "Mozilla/4.0 (compatible; MSIE 6.0; Windows NT 5.1; SV1; .NET CLR 1.1.4322)"
89.212.16.22 - - [28/Dec/2006:14:37:51 +0100] "GET /getfile.php?idHash=30f3a5fccc862e435deafda83d83144e HTTP/1.1" 200 15191 "http://sl.planinca.si/index.php?menu_item=item_10478" "Mozilla/4.0 (compatible; MSIE 6.0; Windows NT 5.1; SV1; .NET CLR 1.1.4322)"
89.212.102.158 - - [28/Dec/2006:14:37:52 +0100] "GET /getfile.php?idHash=30f3a5fccc862e435deafda83d83144e HTTP/1.1" 200 15191 "-" "Mozilla/4.0 (compatible; MSIE 7.0; Windows NT 5.1)"
89.212.102.158 - - [28/Dec/2006:14:37:54 +0100] "GET /showPicture.php?pictureHash=a3a1098f9c018d414c4ce4eda097b752 HTTP/1.1" 200 796 "-" "Mozilla/4.0 (compatible; MSIE 7.0; Windows NT 5.1)"
89.212.102.158 - - [28/Dec/2006:14:37:54 +0100] "GET /varpulis/_css/495_default.css.gz HTTP/1.1" 304 - "http://sl.planinca.si/showPicture.php?pictureHash=a3a1098f9c018d414c4ce4eda097b752" "Mozilla/4.0 (compatible; MSIE 7.0; Windows NT 5.1)"
89.212.102.158 - - [28/Dec/2006:14:37:54 +0100] "GET /getfile.php?idHash=a3a1098f9c018d414c4ce4eda097b752 HTTP/1.1" 200 60389 "http://sl.planinca.si/showPicture.php?pictureHash=a3a1098f9c018d414c4ce4eda097b752" "Mozilla/4.0 (compatible; MSIE 7.0; Windows NT 5.1)"
89.212.102.158 - - [28/Dec/2006:14:38:00 +0100] "GET /showPicture.php?pictureHash=a3a1098f9c018d414c4ce4eda097b752 HTTP/1.1" 200 793 "-" "Mozilla/4.0 (compatible; MSIE 7.0; Windows NT 5.1)"
89.212.102.158 - - [28/Dec/2006:14:38:05 +0100] "GET /getfile.php?idHash=a3a1098f9c018d414c4ce4eda097b752 HTTP/1.1" 200 60389 "-" "Mozilla/4.0 (compatible; MSIE 7.0; Windows NT 5.1)"
89.212.102.158 - - [28/Dec/2006:14:38:55 +0100] "GET /showPicture.php?pictureHash=a3a1098f9c018d414c4ce4eda097b752 HTTP/1.1" 200 796 "-" "Mozilla/4.0 (compatible; MSIE 7.0; Windows NT 5.1)"
89.212.102.158 - - [28/Dec/2006:14:38:55 +0100] "GET /varpulis/_css/495_default.css.gz HTTP/1.1" 304 - "http://sl.planinca.si/showPicture.php?pictureHash=a3a1098f9c018d414c4ce4eda097b752" "Mozilla/4.0 (compatible; MSIE 7.0; Windows NT 5.1)"
89.212.102.158 - - [28/Dec/2006:14:38:56 +0100] "GET /getfile.php?idHash=a3a1098f9c018d414c4ce4eda097b752 HTTP/1.1" 200 60389 "http://sl.planinca.si/showPicture.php?pictureHash=a3a1098f9c018d414c4ce4eda097b752" "Mozilla/4.0 (compatible; MSIE 7.0; Windows NT 5.1)"
89.212.102.158 - - [28/Dec/2006:14:39:01 +0100] "GET /showPicture.php?pictureHash=a3a1098f9c018d414c4ce4eda097b752 HTTP/1.1" 200 793 "-" "Mozilla/4.0 (compatible; MSIE 7.0; Windows NT 5.1)"
89.212.102.158 - - [28/Dec/2006:14:39:06 +0100] "GET /getfile.php?idHash=a3a1098f9c018d414c4ce4eda097b752 HTTP/1.1" 200 60389 "-" "Mozilla/4.0 (compatible; MSIE 7.0; Windows NT 5.1)"
89.212.102.158 - - [28/Dec/2006:14:39:09 +0100] "GET /index.php?menu_item=item_10462 HTTP/1.1" 200 4079 "http://sl.planinca.si/index.php?menu_item=item_10478" "Mozilla/4.0 (compatible; MSIE 7.0; Windows NT 5.1)"
89.212.102.158 - - [28/Dec/2006:14:39:09 +0100] "GET /varpulis/_js/basic.js.gz HTTP/1.1" 304 - "http://sl.planinca.si/index.php?menu_item=item_10462" "Mozilla/4.0 (compatible; MSIE 7.0; Windows NT 5.1)"
89.212.102.158 - - [28/Dec/2006:14:39:10 +0100] "GET /varpulis/_js/495_menu.js.gz HTTP/1.1" 304 - "http://sl.planinca.si/index.php?menu_item=item_10462" "Mozilla/4.0 (compatible; MSIE 7.0; Windows NT 5.1)"
89.212.102.158 - - [28/Dec/2006:14:39:10 +0100] "GET /sitedata/495/media/logo_6.gif HTTP/1.1" 304 - "http://sl.planinca.si/index.php?menu_item=item_10462" "Mozilla/4.0 (compatible; MSIE 7.0; Windows NT 5.1)"
89.212.102.158 - - [28/Dec/2006:14:39:15 +0100] "GET /index.php?menu_item=item_10462 HTTP/1.1" 200 10894 "-" "Mozilla/4.0 (compatible; MSIE 7.0; Windows NT 5.1)"
89.212.102.158 - - [28/Dec/2006:14:41:15 +0100] "GET /index.php?menu_item=item_10468 HTTP/1.1" 200 2169 "http://sl.planinca.si/index.php?menu_item=item_10462" "Mozilla/4.0 (compatible; MSIE 7.0; Windows NT 5.1)"
89.212.102.158 - - [28/Dec/2006:14:41:19 +0100] "GET /index.php?menu_item=item_10469 HTTP/1.1" 200 4287 "http://sl.planinca.si/index.php?menu_item=item_10468" "Mozilla/4.0 (compatible; MSIE 7.0; Windows NT 5.1)"
89.212.102.158 - - [28/Dec/2006:14:41:24 +0100] "GET /index.php?menu_item=item_10468 HTTP/1.1" 200 5933 "-" "Mozilla/4.0 (compatible; MSIE 7.0; Windows NT 5.1)"
89.212.102.158 - - [28/Dec/2006:14:41:29 +0100] "GET /index.php?menu_item=item_10469 HTTP/1.1" 200 14209 "-" "Mozilla/4.0 (compatible; MSIE 7.0; Windows NT 5.1)"
89.212.16.22 - - [28/Dec/2006:14:41:47 +0100] "GET /index.php?menu_item=item_10469 HTTP/1.1" 200 4287 "http://sl.planinca.si/index.php?menu_item=item_10478" "Mozilla/4.0 (compatible; MSIE 6.0; Windows NT 5.1; SV1; .NET CLR 1.1.4322)"
89.212.16.22 - - [28/Dec/2006:14:42:10 +0100] "GET /index.php?editBtn=1 HTTP/1.1" 200 3797 "-" "Mozilla/4.0 (compatible; MSIE 6.0; Windows NT 5.1; SV1; .NET CLR 1.1.4322)"
89.212.16.22 - - [28/Dec/2006:14:42:11 +0100] "GET /templates/fckconfig.js.php HTTP/1.1" 200 123 "http://sl.planinca.si/varpulis/include/fckeditor/editor/fckeditor.html?InstanceName=TEXT&Toolbar=Paketki" "Mozilla/4.0 (compatible; MSIE 6.0; Windows NT 5.1; SV1; .NET CLR 1.1.4322)"
89.212.16.22 - - [28/Dec/2006:14:42:33 +0100] "POST /index.php HTTP/1.1" 200 4295 "http://sl.planinca.si/index.php?editBtn=1" "Mozilla/4.0 (compatible; MSIE 6.0; Windows NT 5.1; SV1; .NET CLR 1.1.4322)"
89.212.102.158 - - [28/Dec/2006:14:42:37 +0100] "GET /index.php?menu_item=item_10469 HTTP/1.1" 200 4297 "http://sl.planinca.si/index.php?menu_item=item_10469" "Mozilla/4.0 (compatible; MSIE 7.0; Windows NT 5.1)"
89.212.102.158 - - [28/Dec/2006:14:42:42 +0100] "GET /index.php?menu_item=item_10469 HTTP/1.1" 200 14260 "-" "Mozilla/4.0 (compatible; MSIE 7.0; Windows NT 5.1)"
89.212.16.22 - - [28/Dec/2006:14:42:57 +0100] "GET /index.php?menu_item=item_10476 HTTP/1.1" 200 2598 "http://sl.planinca.si/index.php" "Mozilla/4.0 (compatible; MSIE 6.0; Windows NT 5.1; SV1; .NET CLR 1.1.4322)"
89.212.102.158 - - [28/Dec/2006:14:43:03 +0100] "GET /index.php?menu_item=item_10476 HTTP/1.1" 200 2598 "http://sl.planinca.si/index.php?menu_item=item_10469" "Mozilla/4.0 (compatible; MSIE 7.0; Windows NT 5.1)"
89.212.16.22 - - [28/Dec/2006:14:43:05 +0100] "GET /index.php?editBtn=1 HTTP/1.1" 200 2598 "-" "Mozilla/4.0 (compatible; MSIE 6.0; Windows NT 5.1; SV1; .NET CLR 1.1.4322)"
89.212.16.22 - - [28/Dec/2006:14:43:06 +0100] "GET /index.php?menu_item=item_10469 HTTP/1.1" 200 4297 "http://sl.planinca.si/index.php?menu_item=item_10478" "Mozilla/4.0 (compatible; MSIE 6.0; Windows NT 5.1; SV1; .NET CLR 1.1.4322)"
89.212.102.158 - - [28/Dec/2006:14:43:08 +0100] "GET /index.php?menu_item=item_10476 HTTP/1.1" 200 7733 "-" "Mozilla/4.0 (compatible; MSIE 7.0; Windows NT 5.1)"
89.212.16.22 - - [28/Dec/2006:14:43:10 +0100] "GET /index.php?menu_item=item_10476 HTTP/1.1" 200 2598 "http://sl.planinca.si/index.php?menu_item=item_10469" "Mozilla/4.0 (compatible; MSIE 6.0; Windows NT 5.1; SV1; .NET CLR 1.1.4322)"
89.212.102.158 - - [28/Dec/2006:14:43:56 +0100] "GET /index.php?menu_item=item_10462 HTTP/1.1" 200 4079 "http://sl.planinca.si/index.php?menu_item=item_10476" "Mozilla/4.0 (compatible; MSIE 7.0; Windows NT 5.1)"
89.212.16.22 - - [28/Dec/2006:14:43:59 +0100] "GET /index.php?menu_item=item_10462 HTTP/1.1" 200 4079 "http://sl.planinca.si/index.php?menu_item=item_10476" "Mozilla/4.0 (compatible; MSIE 6.0; Windows NT 5.1; SV1; .NET CLR 1.1.4322)"
89.212.102.158 - - [28/Dec/2006:14:44:02 +0100] "GET /index.php?menu_item=item_10462 HTTP/1.1" 200 10894 "-" "Mozilla/4.0 (compatible; MSIE 7.0; Windows NT 5.1)"
89.212.102.158 - - [28/Dec/2006:14:44:04 +0100] "GET /index.php?menu_item=item_10468 HTTP/1.1" 200 2169 "http://sl.planinca.si/index.php?menu_item=item_10462" "Mozilla/4.0 (compatible; MSIE 7.0; Windows NT 5.1)"
89.212.102.158 - - [28/Dec/2006:14:44:07 +0100] "GET /index.php?menu_item=item_10470 HTTP/1.1" 200 3247 "http://sl.planinca.si/index.php?menu_item=item_10468" "Mozilla/4.0 (compatible; MSIE 7.0; Windows NT 5.1)"
89.212.16.22 - - [28/Dec/2006:14:44:09 +0100] "GET /index.php?menu_item=item_10468 HTTP/1.1" 200 2169 "http://sl.planinca.si/index.php?menu_item=item_10462" "Mozilla/4.0 (compatible; MSIE 6.0; Windows NT 5.1; SV1; .NET CLR 1.1.4322)"
89.212.16.22 - - [28/Dec/2006:14:44:12 +0100] "GET /index.php?menu_item=item_9254 HTTP/1.1" 200 2444 "http://sl.planinca.si/index.php?menu_item=item_10468" "Mozilla/4.0 (compatible; MSIE 6.0; Windows NT 5.1; SV1; .NET CLR 1.1.4322)"
89.212.102.158 - - [28/Dec/2006:14:44:12 +0100] "GET /index.php?menu_item=item_10468 HTTP/1.1" 200 5933 "-" "Mozilla/4.0 (compatible; MSIE 7.0; Windows NT 5.1)"
89.212.102.158 - - [28/Dec/2006:14:44:14 +0100] "GET /index.php?menu_item=item_10471 HTTP/1.1" 200 2286 "http://sl.planinca.si/index.php?menu_item=item_10470" "Mozilla/4.0 (compatible; MSIE 7.0; Windows NT 5.1)"
89.212.102.158 - - [28/Dec/2006:14:44:17 +0100] "GET /index.php?menu_item=item_10470 HTTP/1.1" 200 3247 "http://sl.planinca.si/index.php?menu_item=item_10471" "Mozilla/4.0 (compatible; MSIE 7.0; Windows NT 5.1)"
89.212.16.22 - - [28/Dec/2006:14:44:21 +0100] "GET /index.php?menu_item=item_10471 HTTP/1.1" 200 2286 "http://sl.planinca.si/index.php?menu_item=item_9254" "Mozilla/4.0 (compatible; MSIE 6.0; Windows NT 5.1; SV1; .NET CLR 1.1.4322)"
89.212.102.158 - - [28/Dec/2006:14:44:23 +0100] "GET /index.php?menu_item=item_10470 HTTP/1.1" 200 9851 "-" "Mozilla/4.0 (compatible; MSIE 7.0; Windows NT 5.1)"
89.212.102.158 - - [28/Dec/2006:14:44:28 +0100] "GET /index.php?menu_item=item_10471 HTTP/1.1" 200 6408 "-" "Mozilla/4.0 (compatible; MSIE 7.0; Windows NT 5.1)"
89.212.102.158 - - [28/Dec/2006:14:44:33 +0100] "GET /index.php?menu_item=item_10470 HTTP/1.1" 200 9851 "-" "Mozilla/4.0 (compatible; MSIE 7.0; Windows NT 5.1)"
89.212.16.22 - - [28/Dec/2006:14:44:49 +0100] "GET /index.php?menu_item=item_10469 HTTP/1.1" 200 4297 "http://sl.planinca.si/index.php?menu_item=item_10471" "Mozilla/4.0 (compatible; MSIE 6.0; Windows NT 5.1; SV1; .NET CLR 1.1.4322)"
89.212.102.158 - - [28/Dec/2006:14:44:51 +0100] "GET /index.php?menu_item=item_9254 HTTP/1.1" 200 2444 "http://sl.planinca.si/index.php?menu_item=item_10470" "Mozilla/4.0 (compatible; MSIE 7.0; Windows NT 5.1)"
89.212.102.158 - - [28/Dec/2006:14:44:51 +0100] "GET /sitedata/495/upload/Image/predstavitev.JPG HTTP/1.1" 304 - "http://sl.planinca.si/index.php?menu_item=item_9254" "Mozilla/4.0 (compatible; MSIE 7.0; Windows NT 5.1)"
89.212.102.158 - - [28/Dec/2006:14:44:57 +0100] "GET /index.php?menu_item=item_9254 HTTP/1.1" 200 7323 "-" "Mozilla/4.0 (compatible; MSIE 7.0; Windows NT 5.1)"
89.212.16.22 - - [28/Dec/2006:14:45:01 +0100] "GET /index.php?editBtn=1 HTTP/1.1" 200 3808 "-" "Mozilla/4.0 (compatible; MSIE 6.0; Windows NT 5.1; SV1; .NET CLR 1.1.4322)"
89.212.16.22 - - [28/Dec/2006:14:45:01 +0100] "GET /templates/fckconfig.js.php HTTP/1.1" 200 123 "http://sl.planinca.si/varpulis/include/fckeditor/editor/fckeditor.html?InstanceName=TEXT&Toolbar=Paketki" "Mozilla/4.0 (compatible; MSIE 6.0; Windows NT 5.1; SV1; .NET CLR 1.1.4322)"
89.212.102.158 - - [28/Dec/2006:14:45:27 +0100] "GET /index.php?menu_item=item_10471 HTTP/1.1" 200 2286 "http://sl.planinca.si/index.php?menu_item=item_9254" "Mozilla/4.0 (compatible; MSIE 7.0; Windows NT 5.1)"
89.212.102.158 - - [28/Dec/2006:14:45:33 +0100] "GET /index.php?menu_item=item_10471 HTTP/1.1" 200 6408 "-" "Mozilla/4.0 (compatible; MSIE 7.0; Windows NT 5.1)"
89.212.102.158 - - [28/Dec/2006:14:46:07 +0100] "GET /index.php?menu_item=item_10468 HTTP/1.1" 200 2169 "http://sl.planinca.si/index.php?menu_item=item_10471" "Mozilla/4.0 (compatible; MSIE 7.0; Windows NT 5.1)"
89.212.16.22 - - [28/Dec/2006:14:46:08 +0100] "POST /index.php HTTP/1.1" 200 4295 "http://sl.planinca.si/index.php?editBtn=1" "Mozilla/4.0 (compatible; MSIE 6.0; Windows NT 5.1; SV1; .NET CLR 1.1.4322)"
89.212.102.158 - - [28/Dec/2006:14:46:11 +0100] "GET /index.php?menu_item=item_10468 HTTP/1.1" 200 2169 "http://sl.planinca.si/index.php?menu_item=item_10468" "Mozilla/4.0 (compatible; MSIE 7.0; Windows NT 5.1)"
89.212.16.22 - - [28/Dec/2006:14:46:14 +0100] "GET /index.php?menu_item=item_10471 HTTP/1.1" 200 2286 "http://sl.planinca.si/index.php" "Mozilla/4.0 (compatible; MSIE 6.0; Windows NT 5.1; SV1; .NET CLR 1.1.4322)"
89.212.102.158 - - [28/Dec/2006:14:46:16 +0100] "GET /index.php?menu_item=item_10468 HTTP/1.1" 200 5933 "-" "Mozilla/4.0 (compatible; MSIE 7.0; Windows NT 5.1)"
89.212.16.22 - - [28/Dec/2006:14:46:18 +0100] "GET /index.php?menu_item=item_10472 HTTP/1.1" 200 3644 "http://sl.planinca.si/index.php?menu_item=item_10471" "Mozilla/4.0 (compatible; MSIE 6.0; Windows NT 5.1; SV1; .NET CLR 1.1.4322)"
89.212.102.158 - - [28/Dec/2006:14:46:21 +0100] "GET /index.php?menu_item=item_10468 HTTP/1.1" 200 5933 "-" "Mozilla/4.0 (compatible; MSIE 7.0; Windows NT 5.1)"
89.212.102.158 - - [28/Dec/2006:14:46:24 +0100] "GET /index.php?menu_item=item_10471 HTTP/1.1" 200 2286 "http://sl.planinca.si/index.php?menu_item=item_10468" "Mozilla/4.0 (compatible; MSIE 7.0; Windows NT 5.1)"
89.212.102.158 - - [28/Dec/2006:14:46:30 +0100] "GET /index.php?menu_item=item_10471 HTTP/1.1" 200 6408 "-" "Mozilla/4.0 (compatible; MSIE 7.0; Windows NT 5.1)"
89.212.102.158 - - [28/Dec/2006:14:46:56 +0100] "GET /index.php?menu_item=item_10472 HTTP/1.1" 200 3644 "http://sl.planinca.si/index.php?menu_item=item_10471" "Mozilla/4.0 (compatible; MSIE 7.0; Windows NT 5.1)"
89.212.102.158 - - [28/Dec/2006:14:47:02 +0100] "GET /index.php?menu_item=item_10472 HTTP/1.1" 200 10448 "-" "Mozilla/4.0 (compatible; MSIE 7.0; Windows NT 5.1)"
89.212.16.22 - - [28/Dec/2006:14:49:15 +0100] "GET /index.php?menu_item=item_9254 HTTP/1.1" 200 2444 "http://sl.planinca.si/index.php?menu_item=item_10472" "Mozilla/4.0 (compatible; MSIE 6.0; Windows NT 5.1; SV1; .NET CLR 1.1.4322)"
89.212.16.22 - - [28/Dec/2006:14:49:56 +0100] "GET /index.php?editBtn=1 HTTP/1.1" 200 1913 "-" "Mozilla/4.0 (compatible; MSIE 6.0; Windows NT 5.1; SV1; .NET CLR 1.1.4322)"
89.212.16.22 - - [28/Dec/2006:14:49:57 +0100] "GET /templates/fckconfig.js.php HTTP/1.1" 200 123 "http://sl.planinca.si/varpulis/include/fckeditor/editor/fckeditor.html?InstanceName=TEXT&Toolbar=Paketki" "Mozilla/4.0 (compatible; MSIE 6.0; Windows NT 5.1; SV1; .NET CLR 1.1.4322)"
89.212.16.22 - - [28/Dec/2006:14:50:01 +0100] "GET /varpulis/include/fckeditor/editor/dialog/ HTTP/1.1" 403 1759 "http://sl.planinca.si/varpulis/include/fckeditor/editor/dialog/fck_image.html" "Mozilla/4.0 (compatible; MSIE 6.0; Windows NT 5.1; SV1; .NET CLR 1.1.4322)"
89.212.102.158 - - [28/Dec/2006:14:51:53 +0100] "GET /index.php?menu_item=item_9254 HTTP/1.1" 200 2444 "http://sl.planinca.si/index.php?menu_item=item_10472" "Mozilla/4.0 (compatible; MSIE 7.0; Windows NT 5.1)"
89.212.16.22 - - [28/Dec/2006:14:51:58 +0100] "POST /index.php HTTP/1.1" 200 2453 "http://sl.planinca.si/index.php?editBtn=1" "Mozilla/4.0 (compatible; MSIE 6.0; Windows NT 5.1; SV1; .NET CLR 1.1.4322)"
89.212.102.158 - - [28/Dec/2006:14:51:58 +0100] "GET /index.php?menu_item=item_9254 HTTP/1.1" 200 7335 "-" "Mozilla/4.0 (compatible; MSIE 7.0; Windows NT 5.1)"
89.212.102.158 - - [28/Dec/2006:14:52:03 +0100] "GET /index.php?menu_item=item_9254 HTTP/1.1" 200 2454 "http://sl.planinca.si/index.php?menu_item=item_9254" "Mozilla/4.0 (compatible; MSIE 7.0; Windows NT 5.1)"
89.212.102.158 - - [28/Dec/2006:14:52:08 +0100] "GET /index.php?menu_item=item_9254 HTTP/1.1" 200 7335 "-" "Mozilla/4.0 (compatible; MSIE 7.0; Windows NT 5.1)"
89.212.16.22 - - [28/Dec/2006:14:58:19 +0100] "GET /index.php?menu_item=item_10469 HTTP/1.1" 200 4297 "http://sl.planinca.si/index.php" "Mozilla/4.0 (compatible; MSIE 6.0; Windows NT 5.1; SV1; .NET CLR 1.1.4322)"
89.212.16.22 - - [28/Dec/2006:14:58:26 +0100] "GET /index.php?editBtn=1 HTTP/1.1" 200 3808 "-" "Mozilla/4.0 (compatible; MSIE 6.0; Windows NT 5.1; SV1; .NET CLR 1.1.4322)"
89.212.16.22 - - [28/Dec/2006:14:58:26 +0100] "GET /templates/fckconfig.js.php HTTP/1.1" 200 123 "http://sl.planinca.si/varpulis/include/fckeditor/editor/fckeditor.html?InstanceName=TEXT&Toolbar=Paketki" "Mozilla/4.0 (compatible; MSIE 6.0; Windows NT 5.1; SV1; .NET CLR 1.1.4322)"
89.212.16.22 - - [28/Dec/2006:15:02:14 +0100] "GET /varpulis/include/fckeditor/editor/dialog/fck_link.html HTTP/1.1" 304 - "http://sl.planinca.si/varpulis/include/fckeditor/editor/fckdialog.html" "Mozilla/4.0 (compatible; MSIE 6.0; Windows NT 5.1; SV1; .NET CLR 1.1.4322)"
89.212.16.22 - - [28/Dec/2006:15:02:14 +0100] "GET /varpulis/include/fckeditor/editor/dialog/fck_link/fck_link.js HTTP/1.1" 304 - "http://sl.planinca.si/varpulis/include/fckeditor/editor/dialog/fck_link.html" "Mozilla/4.0 (compatible; MSIE 6.0; Windows NT 5.1; SV1; .NET CLR 1.1.4322)"
89.212.16.22 - - [28/Dec/2006:15:02:33 +0100] "GET /varpulis/include/fckeditor/editor/dialog/fck_anchor.html HTTP/1.1" 304 - "http://sl.planinca.si/varpulis/include/fckeditor/editor/fckdialog.html" "Mozilla/4.0 (compatible; MSIE 6.0; Windows NT 5.1; SV1; .NET CLR 1.1.4322)"
89.212.16.22 - - [28/Dec/2006:15:03:04 +0100] "POST /index.php HTTP/1.1" 200 4312 "http://sl.planinca.si/index.php?editBtn=1" "Mozilla/4.0 (compatible; MSIE 6.0; Windows NT 5.1; SV1; .NET CLR 1.1.4322)"
89.212.16.22 - - [28/Dec/2006:15:03:09 +0100] "GET /index.php?menu_item=item_10476 HTTP/1.1" 200 2598 "http://sl.planinca.si/index.php" "Mozilla/4.0 (compatible; MSIE 6.0; Windows NT 5.1; SV1; .NET CLR 1.1.4322)"
89.212.16.22 - - [28/Dec/2006:15:03:13 +0100] "GET /index.php?editBtn=1 HTTP/1.1" 200 2598 "-" "Mozilla/4.0 (compatible; MSIE 6.0; Windows NT 5.1; SV1; .NET CLR 1.1.4322)"
89.212.16.22 - - [28/Dec/2006:15:03:19 +0100] "GET /index.php?menu_item=item_10469 HTTP/1.1" 200 4314 "http://sl.planinca.si/index.php?editBtn=1" "Mozilla/4.0 (compatible; MSIE 6.0; Windows NT 5.1; SV1; .NET CLR 1.1.4322)"
89.212.16.22 - - [28/Dec/2006:15:09:22 +0100] "GET /index.php?editBtn=1 HTTP/1.1" 200 3827 "-" "Mozilla/4.0 (compatible; MSIE 6.0; Windows NT 5.1; SV1; .NET CLR 1.1.4322)"
89.212.16.22 - - [28/Dec/2006:15:09:22 +0100] "GET /templates/fckconfig.js.php HTTP/1.1" 200 123 "http://sl.planinca.si/varpulis/include/fckeditor/editor/fckeditor.html?InstanceName=TEXT&Toolbar=Paketki" "Mozilla/4.0 (compatible; MSIE 6.0; Windows NT 5.1; SV1; .NET CLR 1.1.4322)"
89.212.16.22 - - [28/Dec/2006:15:13:26 +0100] "POST /index.php HTTP/1.1" 200 4358 "http://sl.planinca.si/index.php?editBtn=1" "Mozilla/4.0 (compatible; MSIE 6.0; Windows NT 5.1; SV1; .NET CLR 1.1.4322)"
89.212.16.22 - - [28/Dec/2006:15:13:38 +0100] "GET /index.php?editBtn=1 HTTP/1.1" 200 3876 "-" "Mozilla/4.0 (compatible; MSIE 6.0; Windows NT 5.1; SV1; .NET CLR 1.1.4322)"
89.212.16.22 - - [28/Dec/2006:15:13:39 +0100] "GET /templates/fckconfig.js.php HTTP/1.1" 200 123 "http://sl.planinca.si/varpulis/include/fckeditor/editor/fckeditor.html?InstanceName=TEXT&Toolbar=Paketki" "Mozilla/4.0 (compatible; MSIE 6.0; Windows NT 5.1; SV1; .NET CLR 1.1.4322)"
89.212.16.22 - - [28/Dec/2006:15:13:54 +0100] "POST /index.php HTTP/1.1" 200 4359 "http://sl.planinca.si/index.php?editBtn=1" "Mozilla/4.0 (compatible; MSIE 6.0; Windows NT 5.1; SV1; .NET CLR 1.1.4322)"
89.212.16.22 - - [28/Dec/2006:15:14:06 +0100] "GET /index.php?editBtn=1 HTTP/1.1" 200 3876 "-" "Mozilla/4.0 (compatible; MSIE 6.0; Windows NT 5.1; SV1; .NET CLR 1.1.4322)"
89.212.16.22 - - [28/Dec/2006:15:14:06 +0100] "GET /templates/fckconfig.js.php HTTP/1.1" 200 123 "http://sl.planinca.si/varpulis/include/fckeditor/editor/fckeditor.html?InstanceName=TEXT&Toolbar=Paketki" "Mozilla/4.0 (compatible; MSIE 6.0; Windows NT 5.1; SV1; .NET CLR 1.1.4322)"
89.212.16.22 - - [28/Dec/2006:15:14:24 +0100] "POST /index.php HTTP/1.1" 200 4362 "http://sl.planinca.si/index.php?editBtn=1" "Mozilla/4.0 (compatible; MSIE 6.0; Windows NT 5.1; SV1; .NET CLR 1.1.4322)"
89.212.16.22 - - [28/Dec/2006:15:16:45 +0100] "GET /index.php?editBtn=1 HTTP/1.1" 200 3880 "-" "Mozilla/4.0 (compatible; MSIE 6.0; Windows NT 5.1; SV1; .NET CLR 1.1.4322)"
89.212.16.22 - - [28/Dec/2006:15:16:45 +0100] "GET /templates/fckconfig.js.php HTTP/1.1" 200 123 "http://sl.planinca.si/varpulis/include/fckeditor/editor/fckeditor.html?InstanceName=TEXT&Toolbar=Paketki" "Mozilla/4.0 (compatible; MSIE 6.0; Windows NT 5.1; SV1; .NET CLR 1.1.4322)"
89.212.16.22 - - [28/Dec/2006:15:21:46 +0100] "POST /index.php HTTP/1.1" 200 4380 "http://sl.planinca.si/index.php?editBtn=1" "Mozilla/4.0 (compatible; MSIE 6.0; Windows NT 5.1; SV1; .NET CLR 1.1.4322)"
89.212.16.22 - - [28/Dec/2006:15:21:54 +0100] "GET /index.php?editBtn=1 HTTP/1.1" 200 3899 "-" "Mozilla/4.0 (compatible; MSIE 6.0; Windows NT 5.1; SV1; .NET CLR 1.1.4322)"
89.212.16.22 - - [28/Dec/2006:15:21:54 +0100] "GET /templates/fckconfig.js.php HTTP/1.1" 200 123 "http://sl.planinca.si/varpulis/include/fckeditor/editor/fckeditor.html?InstanceName=TEXT&Toolbar=Paketki" "Mozilla/4.0 (compatible; MSIE 6.0; Windows NT 5.1; SV1; .NET CLR 1.1.4322)"
89.212.16.22 - - [28/Dec/2006:15:23:14 +0100] "POST /index.php HTTP/1.1" 200 4391 "http://sl.planinca.si/index.php?editBtn=1" "Mozilla/4.0 (compatible; MSIE 6.0; Windows NT 5.1; SV1; .NET CLR 1.1.4322)"
89.212.16.22 - - [28/Dec/2006:15:23:25 +0100] "GET /index.php?editBtn=1 HTTP/1.1" 200 3909 "-" "Mozilla/4.0 (compatible; MSIE 6.0; Windows NT 5.1; SV1; .NET CLR 1.1.4322)"
89.212.16.22 - - [28/Dec/2006:15:23:26 +0100] "GET /templates/fckconfig.js.php HTTP/1.1" 200 123 "http://sl.planinca.si/varpulis/include/fckeditor/editor/fckeditor.html?InstanceName=TEXT&Toolbar=Paketki" "Mozilla/4.0 (compatible; MSIE 6.0; Windows NT 5.1; SV1; .NET CLR 1.1.4322)"
89.212.16.22 - - [28/Dec/2006:15:30:41 +0100] "POST /index.php HTTP/1.1" 200 4438 "http://sl.planinca.si/index.php?editBtn=1" "Mozilla/4.0 (compatible; MSIE 6.0; Windows NT 5.1; SV1; .NET CLR 1.1.4322)"
89.212.16.22 - - [28/Dec/2006:15:32:44 +0100] "GET /index.php?editBtn=1 HTTP/1.1" 200 3953 "-" "Mozilla/4.0 (compatible; MSIE 6.0; Windows NT 5.1; SV1; .NET CLR 1.1.4322)"
89.212.16.22 - - [28/Dec/2006:15:32:44 +0100] "GET /templates/fckconfig.js.php HTTP/1.1" 200 123 "http://sl.planinca.si/varpulis/include/fckeditor/editor/fckeditor.html?InstanceName=TEXT&Toolbar=Paketki" "Mozilla/4.0 (compatible; MSIE 6.0; Windows NT 5.1; SV1; .NET CLR 1.1.4322)"
89.212.16.22 - - [28/Dec/2006:15:48:09 +0100] "POST /index.php HTTP/1.1" 200 4558 "http://sl.planinca.si/index.php?editBtn=1" "Mozilla/4.0 (compatible; MSIE 6.0; Windows NT 5.1; SV1; .NET CLR 1.1.4322)"
89.212.16.22 - - [28/Dec/2006:15:48:34 +0100] "GET /index.php?menu_item=item_10476 HTTP/1.1" 200 2598 "http://sl.planinca.si/index.php" "Mozilla/4.0 (compatible; MSIE 6.0; Windows NT 5.1; SV1; .NET CLR 1.1.4322)"
89.212.16.22 - - [28/Dec/2006:15:48:37 +0100] "GET /index.php?menu_item=hojSiteFMailFormAddEdit&idCaller=item_10476&idForm=509 HTTP/1.1" 200 4911 "-" "Mozilla/4.0 (compatible; MSIE 6.0; Windows NT 5.1; SV1; .NET CLR 1.1.4322)"
89.212.16.22 - - [28/Dec/2006:15:48:37 +0100] "GET /include/js/sl_fmailadmin.lang.js HTTP/1.1" 304 - "http://sl.planinca.si/index.php?menu_item=hojSiteFMailFormAddEdit&idCaller=item_10476&idForm=509" "Mozilla/4.0 (compatible; MSIE 6.0; Windows NT 5.1; SV1; .NET CLR 1.1.4322)"
