81.52.143.26 - - [27/Nov/2010:01:13:53 +0100] "GET / HTTP/1.1" 302 570 "-" "Mozilla/5.0 (Windows; U; Windows NT 5.1; fr; rv:1.8.1) VoilaBot BETA 1.2 (support.voilabot@orange-ftgroup.com)"
85.10.36.100 - - [27/Nov/2010:04:34:25 +0100] "GET /robots.txt HTTP/1.1" 301 368 "-" "Mozilla/5.0 (compatible; Najdi.si/3.1)"
85.10.36.100 - - [27/Nov/2010:04:34:26 +0100] "GET / HTTP/1.1" 301 358 "-" "Mozilla/5.0 (compatible; Najdi.si/3.1)"
85.10.36.100 - - [27/Nov/2010:04:34:26 +0100] "GET /robots.txt HTTP/1.1" 200 147 "-" "Mozilla/5.0 (compatible; Najdi.si/3.1)"
85.10.36.100 - - [27/Nov/2010:04:34:28 +0100] "GET / HTTP/1.1" 302 570 "-" "Mozilla/5.0 (compatible; Najdi.si/3.1)"
85.10.36.100 - - [27/Nov/2010:04:34:28 +0100] "GET /index.php?menu_item=login HTTP/1.1" 200 1361 "-" "Mozilla/5.0 (compatible; Najdi.si/3.1)"
85.10.36.100 - - [27/Nov/2010:04:34:30 +0100] "GET /sitemap.txt.gz HTTP/1.1" 301 372 "-" "Mozilla/5.0 (compatible; Najdi.si/3.1)"
85.10.36.100 - - [27/Nov/2010:04:34:30 +0100] "GET /sitemap.txt.gz HTTP/1.1" 404 - "-" "Mozilla/5.0 (compatible; Najdi.si/3.1)"
85.10.36.100 - - [27/Nov/2010:04:34:31 +0100] "GET /sitemap.xml.gz HTTP/1.1" 301 372 "-" "Mozilla/5.0 (compatible; Najdi.si/3.1)"
85.10.36.100 - - [27/Nov/2010:04:34:31 +0100] "GET /sitemap.xml.gz HTTP/1.1" 404 - "-" "Mozilla/5.0 (compatible; Najdi.si/3.1)"
85.10.36.100 - - [27/Nov/2010:04:34:31 +0100] "GET /sitemap.xml HTTP/1.1" 301 369 "-" "Mozilla/5.0 (compatible; Najdi.si/3.1)"
85.10.36.100 - - [27/Nov/2010:04:34:31 +0100] "GET /sitemap.xml HTTP/1.1" 404 - "-" "Mozilla/5.0 (compatible; Najdi.si/3.1)"
85.10.36.100 - - [28/Nov/2010:13:26:45 +0100] "GET / HTTP/1.1" 301 358 "-" "Mozilla/5.0 (compatible; Najdi.si/3.1)"
85.10.36.100 - - [28/Nov/2010:13:26:46 +0100] "GET / HTTP/1.1" 302 570 "-" "Mozilla/5.0 (compatible; Najdi.si/3.1)"
85.10.36.100 - - [28/Nov/2010:13:26:47 +0100] "GET /index.php?menu_item=login HTTP/1.1" 200 1361 "-" "Mozilla/5.0 (compatible; Najdi.si/3.1)"
85.10.36.100 - - [28/Nov/2010:13:26:51 +0100] "GET /sitemap.txt.gz HTTP/1.1" 301 372 "-" "Mozilla/5.0 (compatible; Najdi.si/3.1)"
85.10.36.100 - - [28/Nov/2010:13:26:51 +0100] "GET /sitemap.txt.gz HTTP/1.1" 404 - "-" "Mozilla/5.0 (compatible; Najdi.si/3.1)"
85.10.36.100 - - [28/Nov/2010:13:26:51 +0100] "GET /sitemap.xml.gz HTTP/1.1" 301 372 "-" "Mozilla/5.0 (compatible; Najdi.si/3.1)"
85.10.36.100 - - [28/Nov/2010:13:26:52 +0100] "GET /sitemap.xml.gz HTTP/1.1" 404 - "-" "Mozilla/5.0 (compatible; Najdi.si/3.1)"
85.10.36.100 - - [28/Nov/2010:13:26:52 +0100] "GET /sitemap.xml HTTP/1.1" 301 369 "-" "Mozilla/5.0 (compatible; Najdi.si/3.1)"
85.10.36.100 - - [28/Nov/2010:13:26:59 +0100] "GET /sitemap.xml HTTP/1.1" 404 - "-" "Mozilla/5.0 (compatible; Najdi.si/3.1)"
95.108.150.235 - - [28/Nov/2010:14:30:41 +0100] "GET /robots.txt HTTP/1.1" 200 147 "-" "Mozilla/5.0 (compatible; YandexBot/3.0; MirrorDetector; +http://yandex.com/bots)"
95.108.150.235 - - [28/Nov/2010:14:30:42 +0100] "GET / HTTP/1.1" 302 570 "-" "Mozilla/5.0 (compatible; YandexBot/3.0; MirrorDetector; +http://yandex.com/bots)"
95.108.150.235 - - [28/Nov/2010:14:30:43 +0100] "GET /index.php?menu_item=login HTTP/1.1" 200 1361 "-" "Mozilla/5.0 (compatible; YandexBot/3.0; MirrorDetector; +http://yandex.com/bots)"
95.108.150.235 - - [28/Nov/2010:14:30:48 +0100] "GET /index.php?menu_item=login HTTP/1.1" 200 1361 "-" "Mozilla/5.0 (compatible; YandexBot/3.0; MirrorDetector; +http://yandex.com/bots)"
95.108.150.235 - - [28/Nov/2010:14:31:01 +0100] "GET /robots.txt HTTP/1.1" 301 368 "-" "Mozilla/5.0 (compatible; YandexBot/3.0; MirrorDetector; +http://yandex.com/bots)"
95.108.150.235 - - [28/Nov/2010:14:31:02 +0100] "GET / HTTP/1.1" 301 358 "-" "Mozilla/5.0 (compatible; YandexBot/3.0; MirrorDetector; +http://yandex.com/bots)"
67.195.112.39 - - [28/Nov/2010:18:48:22 +0100] "GET /robots.txt HTTP/1.0" 200 147 "-" "Mozilla/5.0 (compatible; Yahoo! Slurp; http://help.yahoo.com/help/us/ysearch/slurp)"
67.195.112.39 - - [28/Nov/2010:18:48:34 +0100] "GET / HTTP/1.0" 302 570 "-" "Mozilla/5.0 (compatible; Yahoo! Slurp; http://help.yahoo.com/help/us/ysearch/slurp)"
67.195.112.39 - - [28/Nov/2010:18:48:36 +0100] "GET /index.php?menu_item=login HTTP/1.0" 200 1361 "-" "Mozilla/5.0 (compatible; Yahoo! Slurp; http://help.yahoo.com/help/us/ysearch/slurp)"
67.195.112.39 - - [28/Nov/2010:18:48:52 +0100] "GET /stil.css HTTP/1.0" 200 2229 "http://sl.kili.si/index.php?menu_item=login" "Mozilla/5.0 (compatible; Yahoo! Slurp; http://help.yahoo.com/help/us/ysearch/slurp)"
67.195.112.39 - - [28/Nov/2010:18:48:53 +0100] "GET /templates/stil_forms.php HTTP/1.0" 200 1191 "http://sl.kili.si/index.php?menu_item=login" "Mozilla/5.0 (compatible; Yahoo! Slurp; http://help.yahoo.com/help/us/ysearch/slurp)"
194.153.113.8 - - [29/Nov/2010:03:23:47 +0100] "GET /robots.txt HTTP/1.1" 301 364 "-" "Mozilla/4.0 (compatible; MSIE 5.5; Windows NT 4.0; obot)"
194.153.113.8 - - [29/Nov/2010:03:23:47 +0100] "GET / HTTP/1.1" 301 354 "-" "Mozilla/4.0 (compatible; MSIE 5.5; Windows NT 4.0; obot)"
66.249.65.229 - - [29/Nov/2010:13:52:02 +0100] "GET /robots.txt HTTP/1.1" 200 147 "-" "Mozilla/5.0 (compatible; Googlebot/2.1; +http://www.google.com/bot.html)"
81.52.143.26 - - [30/Nov/2010:00:33:48 +0100] "GET /robots.txt HTTP/1.1" 200 147 "-" "Mozilla/5.0 (Windows; U; Windows NT 5.1; fr; rv:1.8.1) VoilaBot BETA 1.2 (support.voilabot@orange-ftgroup.com)"
81.52.143.26 - - [30/Nov/2010:00:33:50 +0100] "GET / HTTP/1.1" 302 570 "-" "Mozilla/5.0 (Windows; U; Windows NT 5.1; fr; rv:1.8.1) VoilaBot BETA 1.2 (support.voilabot@orange-ftgroup.com)"
95.108.150.235 - - [30/Nov/2010:14:11:16 +0100] "GET /robots.txt HTTP/1.1" 200 147 "-" "Mozilla/5.0 (compatible; YandexBot/3.0; MirrorDetector; +http://yandex.com/bots)"
95.108.150.235 - - [30/Nov/2010:14:11:17 +0100] "GET / HTTP/1.1" 302 570 "-" "Mozilla/5.0 (compatible; YandexBot/3.0; MirrorDetector; +http://yandex.com/bots)"
95.108.150.235 - - [30/Nov/2010:14:11:18 +0100] "GET /index.php?menu_item=login HTTP/1.1" 200 1361 "-" "Mozilla/5.0 (compatible; YandexBot/3.0; MirrorDetector; +http://yandex.com/bots)"
95.108.150.235 - - [30/Nov/2010:14:11:19 +0100] "GET /index.php?menu_item=login HTTP/1.1" 200 1361 "-" "Mozilla/5.0 (compatible; YandexBot/3.0; MirrorDetector; +http://yandex.com/bots)"
95.108.150.235 - - [30/Nov/2010:14:11:36 +0100] "GET /robots.txt HTTP/1.1" 301 368 "-" "Mozilla/5.0 (compatible; YandexBot/3.0; MirrorDetector; +http://yandex.com/bots)"
95.108.150.235 - - [30/Nov/2010:14:11:37 +0100] "GET / HTTP/1.1" 301 358 "-" "Mozilla/5.0 (compatible; YandexBot/3.0; MirrorDetector; +http://yandex.com/bots)"
85.25.176.34 - - [01/Dec/2010:19:34:09 +0100] "GET / HTTP/1.1" 301 358 "-" "Mozilla/5.0 (X11; U; Linux i686; de; rv:1.9.0.1; compatible; iCjobs Stellenangebote Jobs; http://www.icjobs.de) Gecko/20100401 iCjobs/3.2.3"
85.25.176.34 - - [01/Dec/2010:19:34:10 +0100] "GET / HTTP/1.1" 302 570 "http://www.kili.si" "Mozilla/5.0 (X11; U; Linux i686; de; rv:1.9.0.1; compatible; iCjobs Stellenangebote Jobs; http://www.icjobs.de) Gecko/20100401 iCjobs/3.2.3"
85.25.176.34 - - [01/Dec/2010:19:34:10 +0100] "GET /index.php?menu_item=login HTTP/1.1" 200 1361 "http://sl.kili.si/" "Mozilla/5.0 (X11; U; Linux i686; de; rv:1.9.0.1; compatible; iCjobs Stellenangebote Jobs; http://www.icjobs.de) Gecko/20100401 iCjobs/3.2.3"
85.25.176.34 - - [01/Dec/2010:19:34:10 +0100] "GET / HTTP/1.1" 200 1361 "-" "Mozilla/5.0 (X11; U; Linux i686; de; rv:1.9.0.1; compatible; iCjobs Stellenangebote Jobs; http://www.icjobs.de) Gecko/20100401 iCjobs/3.2.3"
85.10.36.100 - - [01/Dec/2010:23:49:46 +0100] "GET /robots.txt HTTP/1.1" 301 368 "-" "Mozilla/5.0 (compatible; Najdi.si/3.1)"
85.10.36.100 - - [01/Dec/2010:23:49:46 +0100] "GET / HTTP/1.1" 301 358 "-" "Mozilla/5.0 (compatible; Najdi.si/3.1)"
85.10.36.100 - - [01/Dec/2010:23:49:46 +0100] "GET /robots.txt HTTP/1.1" 200 147 "-" "Mozilla/5.0 (compatible; Najdi.si/3.1)"
85.10.36.100 - - [01/Dec/2010:23:49:47 +0100] "GET / HTTP/1.1" 302 570 "-" "Mozilla/5.0 (compatible; Najdi.si/3.1)"
85.10.36.100 - - [01/Dec/2010:23:49:47 +0100] "GET /index.php?menu_item=login HTTP/1.1" 200 1361 "-" "Mozilla/5.0 (compatible; Najdi.si/3.1)"
85.10.36.100 - - [01/Dec/2010:23:49:49 +0100] "GET /sitemap.txt.gz HTTP/1.1" 301 372 "-" "Mozilla/5.0 (compatible; Najdi.si/3.1)"
85.10.36.100 - - [01/Dec/2010:23:49:49 +0100] "GET /sitemap.txt.gz HTTP/1.1" 404 - "-" "Mozilla/5.0 (compatible; Najdi.si/3.1)"
85.10.36.100 - - [01/Dec/2010:23:49:49 +0100] "GET /sitemap.xml.gz HTTP/1.1" 301 372 "-" "Mozilla/5.0 (compatible; Najdi.si/3.1)"
85.10.36.100 - - [01/Dec/2010:23:49:49 +0100] "GET /sitemap.xml.gz HTTP/1.1" 404 - "-" "Mozilla/5.0 (compatible; Najdi.si/3.1)"
85.10.36.100 - - [01/Dec/2010:23:49:49 +0100] "GET /sitemap.xml HTTP/1.1" 301 369 "-" "Mozilla/5.0 (compatible; Najdi.si/3.1)"
85.10.36.100 - - [01/Dec/2010:23:49:49 +0100] "GET /sitemap.xml HTTP/1.1" 404 - "-" "Mozilla/5.0 (compatible; Najdi.si/3.1)"
64.246.165.50 - - [02/Dec/2010:10:17:30 +0100] "GET /robots.txt HTTP/1.0" 301 368 "-" "Mozilla/5.0 (Windows; U; Windows NT 5.1; en; rv:1.9.0.13) Gecko/2009073022 Firefox/3.5.2 (.NET CLR 3.5.30729) SurveyBot/2.3 (DomainTools)"
64.246.165.50 - - [02/Dec/2010:10:17:30 +0100] "GET / HTTP/1.1" 301 358 "http://whois.domaintools.com/kili.si" "Mozilla/5.0 (Windows; U; Windows NT 5.1; en; rv:1.9.0.13) Gecko/2009073022 Firefox/3.5.2 (.NET CLR 3.5.30729) SurveyBot/2.3 (DomainTools)"
64.246.165.50 - - [02/Dec/2010:10:17:31 +0100] "GET / HTTP/1.1" 302 570 "http://whois.domaintools.com/kili.si" "Mozilla/5.0 (Windows; U; Windows NT 5.1; en; rv:1.9.0.13) Gecko/2009073022 Firefox/3.5.2 (.NET CLR 3.5.30729) SurveyBot/2.3 (DomainTools)"
64.246.165.50 - - [02/Dec/2010:10:17:32 +0100] "GET /index.php?menu_item=login HTTP/1.1" 200 1361 "http://whois.domaintools.com/kili.si" "Mozilla/5.0 (Windows; U; Windows NT 5.1; en; rv:1.9.0.13) Gecko/2009073022 Firefox/3.5.2 (.NET CLR 3.5.30729) SurveyBot/2.3 (DomainTools)"
66.249.71.97 - - [02/Dec/2010:10:24:07 +0100] "GET /robots.txt HTTP/1.1" 200 147 "-" "Mozilla/5.0 (compatible; Googlebot/2.1; +http://www.google.com/bot.html)"
95.108.150.235 - - [02/Dec/2010:14:32:12 +0100] "GET /robots.txt HTTP/1.1" 200 147 "-" "Mozilla/5.0 (compatible; YandexBot/3.0; MirrorDetector; +http://yandex.com/bots)"
95.108.150.235 - - [02/Dec/2010:14:32:14 +0100] "GET / HTTP/1.1" 302 570 "-" "Mozilla/5.0 (compatible; YandexBot/3.0; MirrorDetector; +http://yandex.com/bots)"
95.108.150.235 - - [02/Dec/2010:14:32:15 +0100] "GET /index.php?menu_item=login HTTP/1.1" 200 1361 "-" "Mozilla/5.0 (compatible; YandexBot/3.0; MirrorDetector; +http://yandex.com/bots)"
95.108.150.235 - - [02/Dec/2010:14:32:16 +0100] "GET /index.php?menu_item=login HTTP/1.1" 200 1361 "-" "Mozilla/5.0 (compatible; YandexBot/3.0; MirrorDetector; +http://yandex.com/bots)"
95.108.150.235 - - [02/Dec/2010:14:32:36 +0100] "GET /robots.txt HTTP/1.1" 301 368 "-" "Mozilla/5.0 (compatible; YandexBot/3.0; MirrorDetector; +http://yandex.com/bots)"
95.108.150.235 - - [02/Dec/2010:14:32:37 +0100] "GET / HTTP/1.1" 301 358 "-" "Mozilla/5.0 (compatible; YandexBot/3.0; MirrorDetector; +http://yandex.com/bots)"
81.52.143.26 - - [03/Dec/2010:00:48:11 +0100] "GET /robots.txt HTTP/1.1" 200 147 "-" "Mozilla/5.0 (Windows; U; Windows NT 5.1; fr; rv:1.8.1) VoilaBot BETA 1.2 (support.voilabot@orange-ftgroup.com)"
81.52.143.26 - - [03/Dec/2010:00:48:13 +0100] "GET / HTTP/1.1" 302 570 "-" "Mozilla/5.0 (Windows; U; Windows NT 5.1; fr; rv:1.8.1) VoilaBot BETA 1.2 (support.voilabot@orange-ftgroup.com)"
174.129.112.9 - - [04/Dec/2010:03:40:44 +0100] "GET / HTTP/1.0" 301 358 "-" "Mozilla/5.0 (compatible; NetcraftSurveyAgent/1.0; +info@netcraft.com)"
174.129.112.9 - - [04/Dec/2010:03:41:05 +0100] "GET / HTTP/1.0" 302 1148 "-" "Mozilla/5.0 (compatible; NetcraftSurveyAgent/1.0; +info@netcraft.com)"
174.129.112.9 - - [04/Dec/2010:03:41:26 +0100] "GET /index.php?menu_item=login HTTP/1.0" 200 4054 "-" "Mozilla/5.0 (compatible; NetcraftSurveyAgent/1.0; +info@netcraft.com)"
184.72.203.108 - - [04/Dec/2010:04:33:25 +0100] "GET / HTTP/1.0" 302 1148 "-" "Mozilla/5.0 (compatible; NetcraftSurveyAgent/1.0; +info@netcraft.com)"
184.72.203.108 - - [04/Dec/2010:04:33:37 +0100] "GET /index.php?menu_item=login HTTP/1.0" 200 4054 "-" "Mozilla/5.0 (compatible; NetcraftSurveyAgent/1.0; +info@netcraft.com)"
95.108.150.235 - - [04/Dec/2010:16:27:31 +0100] "GET /robots.txt HTTP/1.1" 200 147 "-" "Mozilla/5.0 (compatible; YandexBot/3.0; MirrorDetector; +http://yandex.com/bots)"
95.108.150.235 - - [04/Dec/2010:16:27:32 +0100] "GET / HTTP/1.1" 302 570 "-" "Mozilla/5.0 (compatible; YandexBot/3.0; MirrorDetector; +http://yandex.com/bots)"
95.108.150.235 - - [04/Dec/2010:16:27:33 +0100] "GET /index.php?menu_item=login HTTP/1.1" 200 1361 "-" "Mozilla/5.0 (compatible; YandexBot/3.0; MirrorDetector; +http://yandex.com/bots)"
95.108.150.235 - - [04/Dec/2010:16:27:34 +0100] "GET /index.php?menu_item=login HTTP/1.1" 200 1361 "-" "Mozilla/5.0 (compatible; YandexBot/3.0; MirrorDetector; +http://yandex.com/bots)"
95.108.150.235 - - [04/Dec/2010:16:27:56 +0100] "GET /robots.txt HTTP/1.1" 301 368 "-" "Mozilla/5.0 (compatible; YandexBot/3.0; MirrorDetector; +http://yandex.com/bots)"
95.108.150.235 - - [04/Dec/2010:16:28:01 +0100] "GET / HTTP/1.1" 301 358 "-" "Mozilla/5.0 (compatible; YandexBot/3.0; MirrorDetector; +http://yandex.com/bots)"
85.10.36.100 - - [04/Dec/2010:17:50:52 +0100] "GET /robots.txt HTTP/1.1" 301 368 "-" "Mozilla/5.0 (compatible; Najdi.si/3.1)"
85.10.36.100 - - [04/Dec/2010:17:50:53 +0100] "GET / HTTP/1.1" 301 358 "-" "Mozilla/5.0 (compatible; Najdi.si/3.1)"
85.10.36.100 - - [04/Dec/2010:17:50:53 +0100] "GET /robots.txt HTTP/1.1" 200 147 "-" "Mozilla/5.0 (compatible; Najdi.si/3.1)"
85.10.36.100 - - [04/Dec/2010:17:50:53 +0100] "GET / HTTP/1.1" 302 570 "-" "Mozilla/5.0 (compatible; Najdi.si/3.1)"
85.10.36.100 - - [04/Dec/2010:17:50:53 +0100] "GET /index.php?menu_item=login HTTP/1.1" 200 1361 "-" "Mozilla/5.0 (compatible; Najdi.si/3.1)"
85.10.36.100 - - [04/Dec/2010:17:50:53 +0100] "GET /sitemap.txt.gz HTTP/1.1" 301 372 "-" "Mozilla/5.0 (compatible; Najdi.si/3.1)"
85.10.36.100 - - [04/Dec/2010:17:50:53 +0100] "GET /sitemap.txt.gz HTTP/1.1" 404 - "-" "Mozilla/5.0 (compatible; Najdi.si/3.1)"
85.10.36.100 - - [04/Dec/2010:17:50:53 +0100] "GET /sitemap.xml.gz HTTP/1.1" 301 372 "-" "Mozilla/5.0 (compatible; Najdi.si/3.1)"
85.10.36.100 - - [04/Dec/2010:17:50:53 +0100] "GET /sitemap.xml.gz HTTP/1.1" 404 - "-" "Mozilla/5.0 (compatible; Najdi.si/3.1)"
85.10.36.100 - - [04/Dec/2010:17:50:53 +0100] "GET /sitemap.xml HTTP/1.1" 301 369 "-" "Mozilla/5.0 (compatible; Najdi.si/3.1)"
85.10.36.100 - - [04/Dec/2010:17:50:54 +0100] "GET /sitemap.xml HTTP/1.1" 404 - "-" "Mozilla/5.0 (compatible; Najdi.si/3.1)"
66.249.65.238 - - [05/Dec/2010:02:48:10 +0100] "GET /robots.txt HTTP/1.1" 200 147 "-" "Mozilla/5.0 (compatible; Googlebot/2.1; +http://www.google.com/bot.html)"
81.52.143.26 - - [06/Dec/2010:01:26:10 +0100] "GET / HTTP/1.1" 302 570 "-" "Mozilla/5.0 (Windows; U; Windows NT 5.1; fr; rv:1.8.1) VoilaBot BETA 1.2 (support.voilabot@orange-ftgroup.com)"
85.10.36.125 - - [06/Dec/2010:12:03:20 +0100] "GET /robots.txt HTTP/1.1" 301 368 "-" "Mozilla/5.0 (compatible; Najdi.si/3.1)"
85.10.36.125 - - [06/Dec/2010:12:03:20 +0100] "GET /sitemap.txt.gz HTTP/1.1" 301 372 "-" "Mozilla/5.0 (compatible; Najdi.si/3.1)"
85.10.36.125 - - [06/Dec/2010:12:03:20 +0100] "GET /robots.txt HTTP/1.1" 200 147 "-" "Mozilla/5.0 (compatible; Najdi.si/3.1)"
85.10.36.125 - - [06/Dec/2010:12:03:20 +0100] "GET /sitemap.txt.gz HTTP/1.1" 404 - "-" "Mozilla/5.0 (compatible; Najdi.si/3.1)"
85.10.36.125 - - [06/Dec/2010:12:03:20 +0100] "GET /sitemap.xml.gz HTTP/1.1" 301 372 "-" "Mozilla/5.0 (compatible; Najdi.si/3.1)"
85.10.36.125 - - [06/Dec/2010:12:03:20 +0100] "GET /sitemap.xml.gz HTTP/1.1" 404 - "-" "Mozilla/5.0 (compatible; Najdi.si/3.1)"
85.10.36.125 - - [06/Dec/2010:12:03:20 +0100] "GET /sitemap.xml HTTP/1.1" 301 369 "-" "Mozilla/5.0 (compatible; Najdi.si/3.1)"
85.10.36.125 - - [06/Dec/2010:12:03:20 +0100] "GET /sitemap.xml HTTP/1.1" 404 - "-" "Mozilla/5.0 (compatible; Najdi.si/3.1)"
89.212.170.19 - - [06/Dec/2010:17:16:19 +0100] "GET / HTTP/1.1" 301 358 "-" "Mozilla/5.0 (Windows; U; Windows NT 6.1; sl; rv:1.9.2.12) Gecko/20101026 Firefox/3.6.12"
89.212.170.19 - - [06/Dec/2010:17:16:19 +0100] "GET / HTTP/1.1" 302 570 "-" "Mozilla/5.0 (Windows; U; Windows NT 6.1; sl; rv:1.9.2.12) Gecko/20101026 Firefox/3.6.12"
89.212.170.19 - - [06/Dec/2010:17:16:19 +0100] "GET /index.php?menu_item=login HTTP/1.1" 200 1361 "-" "Mozilla/5.0 (Windows; U; Windows NT 6.1; sl; rv:1.9.2.12) Gecko/20101026 Firefox/3.6.12"
89.212.170.19 - - [06/Dec/2010:17:16:19 +0100] "GET /stil.css HTTP/1.1" 200 2229 "http://sl.kili.si/index.php?menu_item=login" "Mozilla/5.0 (Windows; U; Windows NT 6.1; sl; rv:1.9.2.12) Gecko/20101026 Firefox/3.6.12"
89.212.170.19 - - [06/Dec/2010:17:16:19 +0100] "GET /templates/stil_forms.php HTTP/1.1" 200 1191 "http://sl.kili.si/index.php?menu_item=login" "Mozilla/5.0 (Windows; U; Windows NT 6.1; sl; rv:1.9.2.12) Gecko/20101026 Firefox/3.6.12"
89.212.170.19 - - [06/Dec/2010:17:16:19 +0100] "GET /images/favicon.ico HTTP/1.1" 200 3638 "-" "Mozilla/5.0 (Windows; U; Windows NT 6.1; sl; rv:1.9.2.12) Gecko/20101026 Firefox/3.6.12"
89.212.170.19 - - [06/Dec/2010:17:16:19 +0100] "GET /varpulis/_js/basic.js HTTP/1.1" 200 4470 "http://sl.kili.si/index.php?menu_item=login" "Mozilla/5.0 (Windows; U; Windows NT 6.1; sl; rv:1.9.2.12) Gecko/20101026 Firefox/3.6.12"
89.212.170.19 - - [06/Dec/2010:17:16:19 +0100] "GET /include/jscookmenu/ThemeSS/theme.css HTTP/1.1" 200 7303 "http://sl.kili.si/index.php?menu_item=login" "Mozilla/5.0 (Windows; U; Windows NT 6.1; sl; rv:1.9.2.12) Gecko/20101026 Firefox/3.6.12"
89.212.170.19 - - [06/Dec/2010:17:16:19 +0100] "GET /include/jscookmenu/ThemeSS/theme.js HTTP/1.1" 200 2033 "http://sl.kili.si/index.php?menu_item=login" "Mozilla/5.0 (Windows; U; Windows NT 6.1; sl; rv:1.9.2.12) Gecko/20101026 Firefox/3.6.12"
89.212.170.19 - - [06/Dec/2010:17:16:19 +0100] "GET /include/jscookmenu/JSCookMenu.js HTTP/1.1" 200 31539 "http://sl.kili.si/index.php?menu_item=login" "Mozilla/5.0 (Windows; U; Windows NT 6.1; sl; rv:1.9.2.12) Gecko/20101026 Firefox/3.6.12"
89.212.170.19 - - [06/Dec/2010:17:16:19 +0100] "GET /images/logo.png HTTP/1.1" 200 14584 "http://sl.kili.si/index.php?menu_item=login" "Mozilla/5.0 (Windows; U; Windows NT 6.1; sl; rv:1.9.2.12) Gecko/20101026 Firefox/3.6.12"
89.212.170.19 - - [06/Dec/2010:17:16:20 +0100] "GET /images/loginbtn.png HTTP/1.1" 200 585 "http://sl.kili.si/index.php?menu_item=login" "Mozilla/5.0 (Windows; U; Windows NT 6.1; sl; rv:1.9.2.12) Gecko/20101026 Firefox/3.6.12"
89.212.170.19 - - [06/Dec/2010:17:16:20 +0100] "GET /images/loginbg.png HTTP/1.1" 200 6621 "http://sl.kili.si/stil.css" "Mozilla/5.0 (Windows; U; Windows NT 6.1; sl; rv:1.9.2.12) Gecko/20101026 Firefox/3.6.12"
89.212.170.19 - - [06/Dec/2010:17:16:20 +0100] "GET /images/inputbg.png HTTP/1.1" 200 506 "http://sl.kili.si/stil.css" "Mozilla/5.0 (Windows; U; Windows NT 6.1; sl; rv:1.9.2.12) Gecko/20101026 Firefox/3.6.12"
50.16.24.47 - - [06/Dec/2010:23:51:21 +0100] "GET /varpulis/_js/basic.js HTTP/1.1" 200 4470 "http://sl.kili.si/varpulis/_js/basic.js" "Mozilla/4.0 (compatible; MSIE 7.0; Windows NT 5.1)"
66.249.65.227 - - [07/Dec/2010:02:41:30 +0100] "GET /robots.txt HTTP/1.1" 200 147 "-" "Mozilla/5.0 (compatible; Googlebot/2.1; +http://www.google.com/bot.html)"
92.36.152.94 - - [08/Dec/2010:07:38:59 +0100] "GET / HTTP/1.1" 301 358 "-" "Mozilla/4.0 (compatible; MSIE 8.0; Windows NT 6.0; Trident/4.0; SLCC1; .NET CLR 2.0.50727; Media Center PC 5.0; .NET CLR 3.5.30729; .NET CLR 3.0.30729; .NET4.0C)"
92.36.152.94 - - [08/Dec/2010:07:38:59 +0100] "GET / HTTP/1.1" 302 570 "-" "Mozilla/4.0 (compatible; MSIE 8.0; Windows NT 6.0; Trident/4.0; SLCC1; .NET CLR 2.0.50727; Media Center PC 5.0; .NET CLR 3.5.30729; .NET CLR 3.0.30729; .NET4.0C)"
92.36.152.94 - - [08/Dec/2010:07:38:59 +0100] "GET /index.php?menu_item=login HTTP/1.1" 200 1361 "-" "Mozilla/4.0 (compatible; MSIE 8.0; Windows NT 6.0; Trident/4.0; SLCC1; .NET CLR 2.0.50727; Media Center PC 5.0; .NET CLR 3.5.30729; .NET CLR 3.0.30729; .NET4.0C)"
92.36.152.94 - - [08/Dec/2010:07:39:00 +0100] "GET /stil.css HTTP/1.1" 200 2229 "http://sl.kili.si/index.php?menu_item=login" "Mozilla/4.0 (compatible; MSIE 8.0; Windows NT 6.0; Trident/4.0; SLCC1; .NET CLR 2.0.50727; Media Center PC 5.0; .NET CLR 3.5.30729; .NET CLR 3.0.30729; .NET4.0C)"
92.36.152.94 - - [08/Dec/2010:07:39:00 +0100] "GET /include/jscookmenu/ThemeSS/theme.css HTTP/1.1" 200 7303 "http://sl.kili.si/index.php?menu_item=login" "Mozilla/4.0 (compatible; MSIE 8.0; Windows NT 6.0; Trident/4.0; SLCC1; .NET CLR 2.0.50727; Media Center PC 5.0; .NET CLR 3.5.30729; .NET CLR 3.0.30729; .NET4.0C)"
92.36.152.94 - - [08/Dec/2010:07:39:00 +0100] "GET /varpulis/_js/basic.js HTTP/1.1" 200 4470 "http://sl.kili.si/index.php?menu_item=login" "Mozilla/4.0 (compatible; MSIE 8.0; Windows NT 6.0; Trident/4.0; SLCC1; .NET CLR 2.0.50727; Media Center PC 5.0; .NET CLR 3.5.30729; .NET CLR 3.0.30729; .NET4.0C)"
92.36.152.94 - - [08/Dec/2010:07:39:00 +0100] "GET /templates/stil_forms.php HTTP/1.1" 200 1191 "http://sl.kili.si/index.php?menu_item=login" "Mozilla/4.0 (compatible; MSIE 8.0; Windows NT 6.0; Trident/4.0; SLCC1; .NET CLR 2.0.50727; Media Center PC 5.0; .NET CLR 3.5.30729; .NET CLR 3.0.30729; .NET4.0C)"
92.36.152.94 - - [08/Dec/2010:07:39:00 +0100] "GET /include/jscookmenu/ThemeSS/theme.js HTTP/1.1" 200 2033 "http://sl.kili.si/index.php?menu_item=login" "Mozilla/4.0 (compatible; MSIE 8.0; Windows NT 6.0; Trident/4.0; SLCC1; .NET CLR 2.0.50727; Media Center PC 5.0; .NET CLR 3.5.30729; .NET CLR 3.0.30729; .NET4.0C)"
92.36.152.94 - - [08/Dec/2010:07:39:00 +0100] "GET /include/jscookmenu/JSCookMenu.js HTTP/1.1" 200 31539 "http://sl.kili.si/index.php?menu_item=login" "Mozilla/4.0 (compatible; MSIE 8.0; Windows NT 6.0; Trident/4.0; SLCC1; .NET CLR 2.0.50727; Media Center PC 5.0; .NET CLR 3.5.30729; .NET CLR 3.0.30729; .NET4.0C)"
92.36.152.94 - - [08/Dec/2010:07:39:00 +0100] "GET /images/loginbtn.png HTTP/1.1" 200 585 "http://sl.kili.si/index.php?menu_item=login" "Mozilla/4.0 (compatible; MSIE 8.0; Windows NT 6.0; Trident/4.0; SLCC1; .NET CLR 2.0.50727; Media Center PC 5.0; .NET CLR 3.5.30729; .NET CLR 3.0.30729; .NET4.0C)"
92.36.152.94 - - [08/Dec/2010:07:39:00 +0100] "GET /images/loginbg.png HTTP/1.1" 200 6621 "http://sl.kili.si/index.php?menu_item=login" "Mozilla/4.0 (compatible; MSIE 8.0; Windows NT 6.0; Trident/4.0; SLCC1; .NET CLR 2.0.50727; Media Center PC 5.0; .NET CLR 3.5.30729; .NET CLR 3.0.30729; .NET4.0C)"
92.36.152.94 - - [08/Dec/2010:07:39:00 +0100] "GET /images/inputbg.png HTTP/1.1" 200 506 "http://sl.kili.si/index.php?menu_item=login" "Mozilla/4.0 (compatible; MSIE 8.0; Windows NT 6.0; Trident/4.0; SLCC1; .NET CLR 2.0.50727; Media Center PC 5.0; .NET CLR 3.5.30729; .NET CLR 3.0.30729; .NET4.0C)"
92.36.152.94 - - [08/Dec/2010:07:39:00 +0100] "GET /images/logo.png HTTP/1.1" 200 14584 "http://sl.kili.si/index.php?menu_item=login" "Mozilla/4.0 (compatible; MSIE 8.0; Windows NT 6.0; Trident/4.0; SLCC1; .NET CLR 2.0.50727; Media Center PC 5.0; .NET CLR 3.5.30729; .NET CLR 3.0.30729; .NET4.0C)"
92.36.152.94 - - [08/Dec/2010:07:39:00 +0100] "GET /images/favicon.ico HTTP/1.1" 200 3638 "-" "Mozilla/4.0 (compatible; MSIE 8.0; Windows NT 6.0; Trident/4.0; SLCC1; .NET CLR 2.0.50727; Media Center PC 5.0; .NET CLR 3.5.30729; .NET CLR 3.0.30729; .NET4.0C)"
95.108.150.235 - - [08/Dec/2010:13:32:00 +0100] "GET /robots.txt HTTP/1.1" 200 147 "-" "Mozilla/5.0 (compatible; YandexBot/3.0; MirrorDetector; +http://yandex.com/bots)"
95.108.150.235 - - [08/Dec/2010:13:32:01 +0100] "GET / HTTP/1.1" 302 570 "-" "Mozilla/5.0 (compatible; YandexBot/3.0; MirrorDetector; +http://yandex.com/bots)"
95.108.150.235 - - [08/Dec/2010:13:32:02 +0100] "GET /index.php?menu_item=login HTTP/1.1" 200 1361 "-" "Mozilla/5.0 (compatible; YandexBot/3.0; MirrorDetector; +http://yandex.com/bots)"
95.108.150.235 - - [08/Dec/2010:13:32:03 +0100] "GET /index.php?menu_item=login HTTP/1.1" 200 1361 "-" "Mozilla/5.0 (compatible; YandexBot/3.0; MirrorDetector; +http://yandex.com/bots)"
95.108.150.235 - - [08/Dec/2010:13:32:16 +0100] "GET /robots.txt HTTP/1.1" 301 368 "-" "Mozilla/5.0 (compatible; YandexBot/3.0; MirrorDetector; +http://yandex.com/bots)"
95.108.150.235 - - [08/Dec/2010:13:32:22 +0100] "GET / HTTP/1.1" 301 358 "-" "Mozilla/5.0 (compatible; YandexBot/3.0; MirrorDetector; +http://yandex.com/bots)"
81.52.143.26 - - [09/Dec/2010:09:11:30 +0100] "GET /robots.txt HTTP/1.1" 200 147 "-" "Mozilla/5.0 (Windows; U; Windows NT 5.1; fr; rv:1.8.1) VoilaBot BETA 1.2 (support.voilabot@orange-ftgroup.com)"
81.52.143.26 - - [09/Dec/2010:09:11:33 +0100] "GET / HTTP/1.1" 302 570 "-" "Mozilla/5.0 (Windows; U; Windows NT 5.1; fr; rv:1.8.1) VoilaBot BETA 1.2 (support.voilabot@orange-ftgroup.com)"
66.249.68.97 - - [09/Dec/2010:09:24:17 +0100] "GET /robots.txt HTTP/1.1" 200 147 "-" "Mozilla/5.0 (compatible; Googlebot/2.1; +http://www.google.com/bot.html)"
85.10.36.125 - - [09/Dec/2010:14:37:03 +0100] "GET /robots.txt HTTP/1.1" 301 368 "-" "Mozilla/5.0 (compatible; Najdi.si/3.1)"
85.10.36.125 - - [09/Dec/2010:14:37:03 +0100] "GET /sitemap.txt.gz HTTP/1.1" 301 372 "-" "Mozilla/5.0 (compatible; Najdi.si/3.1)"
85.10.36.125 - - [09/Dec/2010:14:37:03 +0100] "GET /robots.txt HTTP/1.1" 200 147 "-" "Mozilla/5.0 (compatible; Najdi.si/3.1)"
85.10.36.125 - - [09/Dec/2010:14:37:03 +0100] "GET /sitemap.txt.gz HTTP/1.1" 404 - "-" "Mozilla/5.0 (compatible; Najdi.si/3.1)"
85.10.36.125 - - [09/Dec/2010:14:37:03 +0100] "GET /sitemap.xml.gz HTTP/1.1" 301 372 "-" "Mozilla/5.0 (compatible; Najdi.si/3.1)"
85.10.36.125 - - [09/Dec/2010:14:37:03 +0100] "GET /sitemap.xml.gz HTTP/1.1" 404 - "-" "Mozilla/5.0 (compatible; Najdi.si/3.1)"
85.10.36.125 - - [09/Dec/2010:14:37:03 +0100] "GET /sitemap.xml HTTP/1.1" 301 369 "-" "Mozilla/5.0 (compatible; Najdi.si/3.1)"
85.10.36.125 - - [09/Dec/2010:14:37:03 +0100] "GET /sitemap.xml HTTP/1.1" 404 - "-" "Mozilla/5.0 (compatible; Najdi.si/3.1)"
85.10.36.125 - - [09/Dec/2010:16:38:10 +0100] "GET /robots.txt HTTP/1.1" 301 368 "-" "Mozilla/5.0 (compatible; Najdi.si/3.1)"
85.10.36.125 - - [09/Dec/2010:16:38:10 +0100] "GET /sitemap.txt.gz HTTP/1.1" 301 372 "-" "Mozilla/5.0 (compatible; Najdi.si/3.1)"
85.10.36.125 - - [09/Dec/2010:16:38:10 +0100] "GET /robots.txt HTTP/1.1" 200 147 "-" "Mozilla/5.0 (compatible; Najdi.si/3.1)"
85.10.36.125 - - [09/Dec/2010:16:38:10 +0100] "GET /sitemap.txt.gz HTTP/1.1" 404 - "-" "Mozilla/5.0 (compatible; Najdi.si/3.1)"
85.10.36.125 - - [09/Dec/2010:16:38:10 +0100] "GET /sitemap.xml.gz HTTP/1.1" 301 372 "-" "Mozilla/5.0 (compatible; Najdi.si/3.1)"
85.10.36.125 - - [09/Dec/2010:16:38:10 +0100] "GET /sitemap.xml.gz HTTP/1.1" 404 - "-" "Mozilla/5.0 (compatible; Najdi.si/3.1)"
85.10.36.125 - - [09/Dec/2010:16:38:10 +0100] "GET /sitemap.xml HTTP/1.1" 301 369 "-" "Mozilla/5.0 (compatible; Najdi.si/3.1)"
85.10.36.125 - - [09/Dec/2010:16:38:10 +0100] "GET /sitemap.xml HTTP/1.1" 404 - "-" "Mozilla/5.0 (compatible; Najdi.si/3.1)"
95.108.150.235 - - [10/Dec/2010:13:40:19 +0100] "GET /robots.txt HTTP/1.1" 200 147 "-" "Mozilla/5.0 (compatible; YandexBot/3.0; MirrorDetector; +http://yandex.com/bots)"
95.108.150.235 - - [10/Dec/2010:13:40:25 +0100] "GET / HTTP/1.1" 302 570 "-" "Mozilla/5.0 (compatible; YandexBot/3.0; MirrorDetector; +http://yandex.com/bots)"
95.108.150.235 - - [10/Dec/2010:13:40:26 +0100] "GET /index.php?menu_item=login HTTP/1.1" 200 1361 "-" "Mozilla/5.0 (compatible; YandexBot/3.0; MirrorDetector; +http://yandex.com/bots)"
95.108.150.235 - - [10/Dec/2010:13:40:27 +0100] "GET /index.php?menu_item=login HTTP/1.1" 200 1361 "-" "Mozilla/5.0 (compatible; YandexBot/3.0; MirrorDetector; +http://yandex.com/bots)"
95.108.150.235 - - [10/Dec/2010:13:40:43 +0100] "GET /robots.txt HTTP/1.1" 301 368 "-" "Mozilla/5.0 (compatible; YandexBot/3.0; MirrorDetector; +http://yandex.com/bots)"
95.108.150.235 - - [10/Dec/2010:13:40:44 +0100] "GET / HTTP/1.1" 301 358 "-" "Mozilla/5.0 (compatible; YandexBot/3.0; MirrorDetector; +http://yandex.com/bots)"
81.52.143.26 - - [12/Dec/2010:00:36:41 +0100] "GET / HTTP/1.1" 302 570 "-" "Mozilla/5.0 (Windows; U; Windows NT 5.1; fr; rv:1.8.1) VoilaBot BETA 1.2 (support.voilabot@orange-ftgroup.com)"
85.10.36.100 - - [12/Dec/2010:00:53:37 +0100] "GET /robots.txt HTTP/1.1" 301 368 "-" "Mozilla/5.0 (compatible; Najdi.si/3.1)"
85.10.36.100 - - [12/Dec/2010:00:53:37 +0100] "GET / HTTP/1.1" 301 358 "-" "Mozilla/5.0 (compatible; Najdi.si/3.1)"
85.10.36.100 - - [12/Dec/2010:00:53:37 +0100] "GET /robots.txt HTTP/1.1" 200 147 "-" "Mozilla/5.0 (compatible; Najdi.si/3.1)"
85.10.36.100 - - [12/Dec/2010:00:53:37 +0100] "GET / HTTP/1.1" 302 570 "-" "Mozilla/5.0 (compatible; Najdi.si/3.1)"
85.10.36.100 - - [12/Dec/2010:00:53:37 +0100] "GET /index.php?menu_item=login HTTP/1.1" 200 1361 "-" "Mozilla/5.0 (compatible; Najdi.si/3.1)"
85.10.36.100 - - [12/Dec/2010:00:53:38 +0100] "GET /sitemap.txt.gz HTTP/1.1" 301 372 "-" "Mozilla/5.0 (compatible; Najdi.si/3.1)"
85.10.36.100 - - [12/Dec/2010:00:53:38 +0100] "GET /sitemap.txt.gz HTTP/1.1" 404 - "-" "Mozilla/5.0 (compatible; Najdi.si/3.1)"
85.10.36.100 - - [12/Dec/2010:00:53:38 +0100] "GET /sitemap.xml.gz HTTP/1.1" 301 372 "-" "Mozilla/5.0 (compatible; Najdi.si/3.1)"
85.10.36.100 - - [12/Dec/2010:00:53:38 +0100] "GET /sitemap.xml.gz HTTP/1.1" 404 - "-" "Mozilla/5.0 (compatible; Najdi.si/3.1)"
85.10.36.100 - - [12/Dec/2010:00:53:38 +0100] "GET /sitemap.xml HTTP/1.1" 301 369 "-" "Mozilla/5.0 (compatible; Najdi.si/3.1)"
85.10.36.100 - - [12/Dec/2010:00:53:38 +0100] "GET /sitemap.xml HTTP/1.1" 404 - "-" "Mozilla/5.0 (compatible; Najdi.si/3.1)"
66.249.72.42 - - [12/Dec/2010:11:57:10 +0100] "GET /robots.txt HTTP/1.1" 200 147 "-" "Mozilla/5.0 (compatible; Googlebot/2.1; +http://www.google.com/bot.html)"
95.108.150.235 - - [12/Dec/2010:12:11:30 +0100] "GET /robots.txt HTTP/1.1" 200 147 "-" "Mozilla/5.0 (compatible; YandexBot/3.0; MirrorDetector; +http://yandex.com/bots)"
95.108.150.235 - - [12/Dec/2010:12:11:32 +0100] "GET / HTTP/1.1" 302 570 "-" "-"
95.108.150.235 - - [12/Dec/2010:12:11:35 +0100] "GET /index.php?menu_item=login HTTP/1.1" 200 1361 "-" "-"
95.108.150.235 - - [12/Dec/2010:12:11:36 +0100] "GET /index.php?menu_item=login HTTP/1.1" 200 1361 "-" "-"
95.108.150.235 - - [12/Dec/2010:12:11:47 +0100] "GET /robots.txt HTTP/1.1" 301 368 "-" "Mozilla/5.0 (compatible; YandexBot/3.0; MirrorDetector; +http://yandex.com/bots)"
95.108.150.235 - - [12/Dec/2010:12:11:48 +0100] "GET / HTTP/1.1" 301 358 "-" "-"
64.246.165.210 - - [13/Dec/2010:08:11:53 +0100] "GET /robots.txt HTTP/1.0" 301 368 "-" "Mozilla/5.0 (Windows; U; Windows NT 5.1; en; rv:1.9.0.13) Gecko/2009073022 Firefox/3.5.2 (.NET CLR 3.5.30729) SurveyBot/2.3 (DomainTools)"
64.246.165.210 - - [13/Dec/2010:08:11:53 +0100] "GET / HTTP/1.1" 301 358 "http://whois.domaintools.com/kili.si" "Mozilla/5.0 (Windows; U; Windows NT 5.1; en; rv:1.9.0.13) Gecko/2009073022 Firefox/3.5.2 (.NET CLR 3.5.30729) SurveyBot/2.3 (DomainTools)"
64.246.165.210 - - [13/Dec/2010:08:11:54 +0100] "GET / HTTP/1.1" 302 570 "http://whois.domaintools.com/kili.si" "Mozilla/5.0 (Windows; U; Windows NT 5.1; en; rv:1.9.0.13) Gecko/2009073022 Firefox/3.5.2 (.NET CLR 3.5.30729) SurveyBot/2.3 (DomainTools)"
64.246.165.210 - - [13/Dec/2010:08:11:55 +0100] "GET /index.php?menu_item=login HTTP/1.1" 200 1361 "http://whois.domaintools.com/kili.si" "Mozilla/5.0 (Windows; U; Windows NT 5.1; en; rv:1.9.0.13) Gecko/2009073022 Firefox/3.5.2 (.NET CLR 3.5.30729) SurveyBot/2.3 (DomainTools)"
85.10.36.125 - - [13/Dec/2010:14:59:52 +0100] "GET /robots.txt HTTP/1.1" 301 368 "-" "Mozilla/5.0 (compatible; Najdi.si/3.1)"
85.10.36.125 - - [13/Dec/2010:14:59:52 +0100] "GET / HTTP/1.1" 301 358 "-" "Mozilla/5.0 (compatible; Najdi.si/3.1)"
85.10.36.125 - - [13/Dec/2010:14:59:52 +0100] "GET /robots.txt HTTP/1.1" 200 147 "-" "Mozilla/5.0 (compatible; Najdi.si/3.1)"
85.10.36.125 - - [13/Dec/2010:14:59:52 +0100] "GET / HTTP/1.1" 302 570 "-" "Mozilla/5.0 (compatible; Najdi.si/3.1)"
85.10.36.125 - - [13/Dec/2010:14:59:52 +0100] "GET /index.php?menu_item=login HTTP/1.1" 200 1361 "-" "Mozilla/5.0 (compatible; Najdi.si/3.1)"
85.10.36.125 - - [13/Dec/2010:14:59:52 +0100] "GET /sitemap.txt.gz HTTP/1.1" 301 372 "-" "Mozilla/5.0 (compatible; Najdi.si/3.1)"
85.10.36.125 - - [13/Dec/2010:14:59:52 +0100] "GET /sitemap.txt.gz HTTP/1.1" 404 - "-" "Mozilla/5.0 (compatible; Najdi.si/3.1)"
85.10.36.125 - - [13/Dec/2010:14:59:52 +0100] "GET /sitemap.xml.gz HTTP/1.1" 301 372 "-" "Mozilla/5.0 (compatible; Najdi.si/3.1)"
85.10.36.125 - - [13/Dec/2010:14:59:52 +0100] "GET /sitemap.xml.gz HTTP/1.1" 404 - "-" "Mozilla/5.0 (compatible; Najdi.si/3.1)"
85.10.36.125 - - [13/Dec/2010:14:59:52 +0100] "GET /sitemap.xml HTTP/1.1" 301 369 "-" "Mozilla/5.0 (compatible; Najdi.si/3.1)"
85.10.36.125 - - [13/Dec/2010:14:59:52 +0100] "GET /sitemap.xml HTTP/1.1" 404 - "-" "Mozilla/5.0 (compatible; Najdi.si/3.1)"
95.108.150.235 - - [14/Dec/2010:12:49:53 +0100] "GET /robots.txt HTTP/1.1" 200 147 "-" "Mozilla/5.0 (compatible; YandexBot/3.0; MirrorDetector; +http://yandex.com/bots)"
95.108.150.235 - - [14/Dec/2010:12:49:54 +0100] "GET / HTTP/1.1" 302 570 "-" "-"
95.108.150.235 - - [14/Dec/2010:12:49:57 +0100] "GET /index.php?menu_item=login HTTP/1.1" 200 1361 "-" "-"
95.108.150.235 - - [14/Dec/2010:12:49:58 +0100] "GET /index.php?menu_item=login HTTP/1.1" 200 1361 "-" "-"
95.108.150.235 - - [14/Dec/2010:12:50:20 +0100] "GET /robots.txt HTTP/1.1" 301 368 "-" "Mozilla/5.0 (compatible; YandexBot/3.0; MirrorDetector; +http://yandex.com/bots)"
95.108.150.235 - - [14/Dec/2010:12:50:21 +0100] "GET / HTTP/1.1" 301 358 "-" "-"
66.249.71.97 - - [14/Dec/2010:16:30:28 +0100] "GET /robots.txt HTTP/1.1" 200 147 "-" "Mozilla/5.0 (compatible; Googlebot/2.1; +http://www.google.com/bot.html)"
81.52.143.26 - - [15/Dec/2010:00:31:58 +0100] "GET /robots.txt HTTP/1.1" 200 147 "-" "Mozilla/5.0 (Windows; U; Windows NT 5.1; fr; rv:1.8.1) VoilaBot BETA 1.2 (support.voilabot@orange-ftgroup.com)"
81.52.143.26 - - [15/Dec/2010:00:32:00 +0100] "GET / HTTP/1.1" 302 570 "-" "Mozilla/5.0 (Windows; U; Windows NT 5.1; fr; rv:1.8.1) VoilaBot BETA 1.2 (support.voilabot@orange-ftgroup.com)"
66.249.68.100 - - [16/Dec/2010:12:44:03 +0100] "GET /robots.txt HTTP/1.1" 200 147 "-" "Mozilla/5.0 (compatible; Googlebot/2.1; +http://www.google.com/bot.html)"
66.249.68.100 - - [16/Dec/2010:12:44:03 +0100] "GET / HTTP/1.1" 302 570 "-" "Mozilla/5.0 (compatible; Googlebot/2.1; +http://www.google.com/bot.html)"
66.249.68.100 - - [16/Dec/2010:12:44:03 +0100] "GET /index.php?menu_item=login HTTP/1.1" 200 1361 "-" "Mozilla/5.0 (compatible; Googlebot/2.1; +http://www.google.com/bot.html)"
95.108.150.235 - - [16/Dec/2010:13:12:26 +0100] "GET /robots.txt HTTP/1.1" 200 147 "-" "Mozilla/5.0 (compatible; YandexBot/3.0; MirrorDetector; +http://yandex.com/bots)"
95.108.150.235 - - [16/Dec/2010:13:12:28 +0100] "GET / HTTP/1.1" 302 570 "-" "-"
95.108.150.235 - - [16/Dec/2010:13:12:31 +0100] "GET /index.php?menu_item=login HTTP/1.1" 200 1361 "-" "-"
95.108.150.235 - - [16/Dec/2010:13:12:32 +0100] "GET /index.php?menu_item=login HTTP/1.1" 200 1361 "-" "-"
95.108.150.235 - - [16/Dec/2010:13:12:44 +0100] "GET /robots.txt HTTP/1.1" 301 368 "-" "Mozilla/5.0 (compatible; YandexBot/3.0; MirrorDetector; +http://yandex.com/bots)"
95.108.150.235 - - [16/Dec/2010:13:12:45 +0100] "GET / HTTP/1.1" 301 358 "-" "-"
66.249.68.185 - - [16/Dec/2010:13:16:43 +0100] "GET /robots.txt HTTP/1.1" 301 368 "-" "Mozilla/5.0 (compatible; Googlebot/2.1; +http://www.google.com/bot.html)"
66.249.68.185 - - [16/Dec/2010:13:16:43 +0100] "GET / HTTP/1.1" 301 358 "-" "Mozilla/5.0 (compatible; Googlebot/2.1; +http://www.google.com/bot.html)"
208.115.111.243 - - [17/Dec/2010:00:37:11 +0100] "GET /robots.txt HTTP/1.1" 301 368 "-" "Mozilla/5.0 (compatible; DotBot/1.1; http://www.dotnetdotcom.org/, crawler@dotnetdotcom.org)"
208.115.111.243 - - [17/Dec/2010:00:37:11 +0100] "GET /robots.txt HTTP/1.1" 200 147 "-" "Mozilla/5.0 (compatible; DotBot/1.1; http://www.dotnetdotcom.org/, crawler@dotnetdotcom.org)"
208.115.111.243 - - [17/Dec/2010:00:37:11 +0100] "GET /robots.txt HTTP/1.1" 200 147 "-" "Mozilla/5.0 (compatible; DotBot/1.1; http://www.dotnetdotcom.org/, crawler@dotnetdotcom.org)"
66.249.72.33 - - [17/Dec/2010:02:06:08 +0100] "GET /robots.txt HTTP/1.1" 200 147 "-" "Mozilla/5.0 (compatible; Googlebot/2.1; +http://www.google.com/bot.html)"
208.115.111.243 - - [17/Dec/2010:05:04:24 +0100] "GET / HTTP/1.1" 302 570 "-" "Mozilla/5.0 (compatible; DotBot/1.1; http://www.dotnetdotcom.org/, crawler@dotnetdotcom.org)"
208.115.111.243 - - [17/Dec/2010:05:04:26 +0100] "GET /index.php?menu_item=login HTTP/1.1" 200 1361 "-" "Mozilla/5.0 (compatible; DotBot/1.1; http://www.dotnetdotcom.org/, crawler@dotnetdotcom.org)"
208.115.111.243 - - [17/Dec/2010:05:05:01 +0100] "GET / HTTP/1.1" 301 358 "-" "Mozilla/5.0 (compatible; DotBot/1.1; http://www.dotnetdotcom.org/, crawler@dotnetdotcom.org)"
62.231.141.193 - - [17/Dec/2010:17:38:04 +0100] "GET /robots.txt HTTP/1.0" 301 368 "-" "Mozilla/5.0 (compatible; MJ12bot/v1.3.3; http://www.majestic12.co.uk/bot.php?+)"
62.231.141.193 - - [17/Dec/2010:17:38:05 +0100] "GET / HTTP/1.0" 301 358 "-" "Mozilla/5.0 (compatible; MJ12bot/v1.3.3; http://www.majestic12.co.uk/bot.php?+)"
62.231.141.193 - - [17/Dec/2010:17:38:05 +0100] "GET /robots.txt HTTP/1.0" 200 147 "-" "Mozilla/5.0 (compatible; MJ12bot/v1.3.3; http://www.majestic12.co.uk/bot.php?+)"
62.231.141.193 - - [17/Dec/2010:17:38:06 +0100] "GET / HTTP/1.0" 302 570 "-" "Mozilla/5.0 (compatible; MJ12bot/v1.3.3; http://www.majestic12.co.uk/bot.php?+)"
62.231.141.193 - - [17/Dec/2010:17:38:08 +0100] "GET /index.php?menu_item=login HTTP/1.0" 200 4054 "-" "Mozilla/5.0 (compatible; MJ12bot/v1.3.3; http://www.majestic12.co.uk/bot.php?+)"
81.52.143.26 - - [18/Dec/2010:01:21:31 +0100] "GET / HTTP/1.1" 302 570 "-" "Mozilla/5.0 (Windows; U; Windows NT 5.1; fr; rv:1.8.1) VoilaBot BETA 1.2 (support.voilabot@orange-ftgroup.com)"
81.52.143.19 - - [18/Dec/2010:03:07:44 +0100] "GET /robots.txt HTTP/1.1" 200 147 "-" "Mozilla/5.0 (iPhone; U; CPU iPhone OS 4_0_1 like Mac OS X; fr-fr) OrangeBot-Mobile AppleWebKit/532.9 (KHTML, like Gecko) Version/4.0.5 Mobile/8A306 Safari/(mobilesearch.support@orange-ftgroup.com)"
81.52.143.19 - - [18/Dec/2010:03:07:45 +0100] "GET / HTTP/1.1" 302 570 "-" "Mozilla/5.0 (iPhone; U; CPU iPhone OS 4_0_1 like Mac OS X; fr-fr) OrangeBot-Mobile AppleWebKit/532.9 (KHTML, like Gecko) Version/4.0.5 Mobile/8A306 Safari/(mobilesearch.support@orange-ftgroup.com)"
66.249.72.33 - - [18/Dec/2010:14:16:05 +0100] "GET /robots.txt HTTP/1.1" 200 147 "-" "Mozilla/5.0 (compatible; Googlebot/2.1; +http://www.google.com/bot.html)"
85.10.36.100 - - [19/Dec/2010:01:58:24 +0100] "GET /robots.txt HTTP/1.1" 301 368 "-" "Mozilla/5.0 (compatible; Najdi.si/3.1)"
85.10.36.100 - - [19/Dec/2010:01:58:25 +0100] "GET / HTTP/1.1" 301 358 "-" "Mozilla/5.0 (compatible; Najdi.si/3.1)"
85.10.36.100 - - [19/Dec/2010:01:58:25 +0100] "GET /robots.txt HTTP/1.1" 200 147 "-" "Mozilla/5.0 (compatible; Najdi.si/3.1)"
85.10.36.100 - - [19/Dec/2010:01:58:25 +0100] "GET / HTTP/1.1" 302 570 "-" "Mozilla/5.0 (compatible; Najdi.si/3.1)"
85.10.36.100 - - [19/Dec/2010:01:58:25 +0100] "GET /index.php?menu_item=login HTTP/1.1" 200 1361 "-" "Mozilla/5.0 (compatible; Najdi.si/3.1)"
85.10.36.100 - - [19/Dec/2010:01:58:26 +0100] "GET /sitemap.txt.gz HTTP/1.1" 301 372 "-" "Mozilla/5.0 (compatible; Najdi.si/3.1)"
85.10.36.100 - - [19/Dec/2010:01:58:26 +0100] "GET /sitemap.txt.gz HTTP/1.1" 404 - "-" "Mozilla/5.0 (compatible; Najdi.si/3.1)"
85.10.36.100 - - [19/Dec/2010:01:58:26 +0100] "GET /sitemap.xml.gz HTTP/1.1" 301 372 "-" "Mozilla/5.0 (compatible; Najdi.si/3.1)"
85.10.36.100 - - [19/Dec/2010:01:58:26 +0100] "GET /sitemap.xml.gz HTTP/1.1" 404 - "-" "Mozilla/5.0 (compatible; Najdi.si/3.1)"
85.10.36.100 - - [19/Dec/2010:01:58:26 +0100] "GET /sitemap.xml HTTP/1.1" 301 369 "-" "Mozilla/5.0 (compatible; Najdi.si/3.1)"
85.10.36.100 - - [19/Dec/2010:01:58:26 +0100] "GET /sitemap.xml HTTP/1.1" 404 - "-" "Mozilla/5.0 (compatible; Najdi.si/3.1)"
67.195.112.39 - - [19/Dec/2010:18:58:33 +0100] "GET /robots.txt HTTP/1.0" 200 147 "-" "Mozilla/5.0 (compatible; Yahoo! Slurp; http://help.yahoo.com/help/us/ysearch/slurp)"
67.195.112.39 - - [19/Dec/2010:18:58:33 +0100] "GET / HTTP/1.0" 302 570 "-" "Mozilla/5.0 (compatible; Yahoo! Slurp; http://help.yahoo.com/help/us/ysearch/slurp)"
67.195.112.39 - - [19/Dec/2010:18:58:34 +0100] "GET /index.php?menu_item=login HTTP/1.0" 200 1361 "-" "Mozilla/5.0 (compatible; Yahoo! Slurp; http://help.yahoo.com/help/us/ysearch/slurp)"
67.195.112.39 - - [19/Dec/2010:18:58:36 +0100] "GET /stil.css HTTP/1.0" 200 2229 "http://sl.kili.si/index.php?menu_item=login" "Mozilla/5.0 (compatible; Yahoo! Slurp; http://help.yahoo.com/help/us/ysearch/slurp)"
67.195.112.39 - - [19/Dec/2010:18:58:37 +0100] "GET /templates/stil_forms.php HTTP/1.0" 200 1191 "http://sl.kili.si/index.php?menu_item=login" "Mozilla/5.0 (compatible; Yahoo! Slurp; http://help.yahoo.com/help/us/ysearch/slurp)"
66.249.72.33 - - [20/Dec/2010:07:07:37 +0100] "GET /robots.txt HTTP/1.1" 200 147 "-" "Mozilla/5.0 (compatible; Googlebot/2.1; +http://www.google.com/bot.html)"
81.52.143.26 - - [21/Dec/2010:00:18:27 +0100] "GET /robots.txt HTTP/1.1" 200 147 "-" "Mozilla/5.0 (Windows; U; Windows NT 5.1; fr; rv:1.8.1) VoilaBot BETA 1.2 (support.voilabot@orange-ftgroup.com)"
81.52.143.26 - - [21/Dec/2010:00:18:31 +0100] "GET / HTTP/1.1" 302 570 "-" "Mozilla/5.0 (Windows; U; Windows NT 5.1; fr; rv:1.8.1) VoilaBot BETA 1.2 (support.voilabot@orange-ftgroup.com)"
67.195.113.215 - - [21/Dec/2010:14:43:33 +0100] "GET /robots.txt HTTP/1.0" 301 368 "-" "Mozilla/5.0 (compatible; Yahoo! Slurp; http://help.yahoo.com/help/us/ysearch/slurp)"
67.195.113.215 - - [21/Dec/2010:14:43:34 +0100] "GET /robots.txt HTTP/1.0" 200 147 "-" "Mozilla/5.0 (compatible; Yahoo! Slurp; http://help.yahoo.com/help/us/ysearch/slurp)"
67.195.113.215 - - [21/Dec/2010:14:43:35 +0100] "GET / HTTP/1.0" 301 358 "-" "Mozilla/5.0 (compatible; Yahoo! Slurp; http://help.yahoo.com/help/us/ysearch/slurp)"
67.195.112.39 - - [21/Dec/2010:14:43:37 +0100] "GET /robots.txt HTTP/1.0" 200 147 "-" "Mozilla/5.0 (compatible; Yahoo! Slurp; http://help.yahoo.com/help/us/ysearch/slurp)"
67.195.112.39 - - [21/Dec/2010:14:43:37 +0100] "GET / HTTP/1.0" 302 570 "-" "Mozilla/5.0 (compatible; Yahoo! Slurp; http://help.yahoo.com/help/us/ysearch/slurp)"
67.195.112.39 - - [21/Dec/2010:14:43:39 +0100] "GET /index.php?menu_item=login HTTP/1.0" 200 1361 "-" "Mozilla/5.0 (compatible; Yahoo! Slurp; http://help.yahoo.com/help/us/ysearch/slurp)"
67.195.112.39 - - [21/Dec/2010:14:43:40 +0100] "GET /stil.css HTTP/1.0" 200 2229 "http://sl.kili.si/index.php?menu_item=login" "Mozilla/5.0 (compatible; Yahoo! Slurp; http://help.yahoo.com/help/us/ysearch/slurp)"
67.195.112.39 - - [21/Dec/2010:14:43:41 +0100] "GET /templates/stil_forms.php HTTP/1.0" 200 1191 "http://sl.kili.si/index.php?menu_item=login" "Mozilla/5.0 (compatible; Yahoo! Slurp; http://help.yahoo.com/help/us/ysearch/slurp)"
95.108.150.235 - - [22/Dec/2010:13:13:50 +0100] "GET /robots.txt HTTP/1.1" 200 147 "-" "Mozilla/5.0 (compatible; YandexBot/3.0; MirrorDetector; +http://yandex.com/bots)"
95.108.150.235 - - [22/Dec/2010:13:13:51 +0100] "GET / HTTP/1.1" 302 570 "-" "Mozilla/5.0 (compatible; YandexBot/3.0; MirrorDetector; +http://yandex.com/bots)"
95.108.150.235 - - [22/Dec/2010:13:13:52 +0100] "GET /index.php?menu_item=login HTTP/1.1" 200 1361 "-" "Mozilla/5.0 (compatible; YandexBot/3.0; MirrorDetector; +http://yandex.com/bots)"
95.108.150.235 - - [22/Dec/2010:13:13:53 +0100] "GET /index.php?menu_item=login HTTP/1.1" 200 1361 "-" "Mozilla/5.0 (compatible; YandexBot/3.0; MirrorDetector; +http://yandex.com/bots)"
95.108.150.235 - - [22/Dec/2010:13:14:03 +0100] "GET /robots.txt HTTP/1.1" 301 368 "-" "Mozilla/5.0 (compatible; YandexBot/3.0; MirrorDetector; +http://yandex.com/bots)"
95.108.150.235 - - [22/Dec/2010:13:14:04 +0100] "GET / HTTP/1.1" 301 358 "-" "Mozilla/5.0 (compatible; YandexBot/3.0; MirrorDetector; +http://yandex.com/bots)"
66.249.72.33 - - [22/Dec/2010:22:31:11 +0100] "GET /robots.txt HTTP/1.1" 200 147 "-" "Mozilla/5.0 (compatible; Googlebot/2.1; +http://www.google.com/bot.html)"
81.52.143.19 - - [23/Dec/2010:07:25:40 +0100] "GET /robots.txt HTTP/1.1" 200 147 "-" "Mozilla/5.0 (iPhone; U; CPU iPhone OS 4_0_1 like Mac OS X; fr-fr) OrangeBot-Mobile AppleWebKit/532.9 (KHTML, like Gecko) Version/4.0.5 Mobile/8A306 Safari/(mobilesearch.support@orange-ftgroup.com)"
81.52.143.19 - - [23/Dec/2010:07:25:42 +0100] "GET / HTTP/1.1" 302 570 "-" "Mozilla/5.0 (iPhone; U; CPU iPhone OS 4_0_1 like Mac OS X; fr-fr) OrangeBot-Mobile AppleWebKit/532.9 (KHTML, like Gecko) Version/4.0.5 Mobile/8A306 Safari/(mobilesearch.support@orange-ftgroup.com)"
81.52.143.26 - - [24/Dec/2010:01:27:37 +0100] "GET / HTTP/1.1" 302 570 "-" "Mozilla/5.0 (Windows; U; Windows NT 5.1; fr; rv:1.8.1) VoilaBot BETA 1.2 (support.voilabot@orange-ftgroup.com)"
66.249.72.193 - - [24/Dec/2010:04:22:29 +0100] "GET /robots.txt HTTP/1.1" 200 147 "-" "Mozilla/5.0 (compatible; Googlebot/2.1; +http://www.google.com/bot.html)"
216.145.17.190 - - [24/Dec/2010:09:39:23 +0100] "GET /robots.txt HTTP/1.0" 301 368 "-" "Mozilla/5.0 (Windows; U; Windows NT 5.1; en; rv:1.9.0.13) Gecko/2009073022 Firefox/3.5.2 (.NET CLR 3.5.30729) SurveyBot/2.3 (DomainTools)"
216.145.17.190 - - [24/Dec/2010:09:39:24 +0100] "GET / HTTP/1.1" 301 358 "http://whois.domaintools.com/kili.si" "Mozilla/5.0 (Windows; U; Windows NT 5.1; en; rv:1.9.0.13) Gecko/2009073022 Firefox/3.5.2 (.NET CLR 3.5.30729) SurveyBot/2.3 (DomainTools)"
216.145.17.190 - - [24/Dec/2010:09:39:25 +0100] "GET / HTTP/1.1" 302 570 "http://whois.domaintools.com/kili.si" "Mozilla/5.0 (Windows; U; Windows NT 5.1; en; rv:1.9.0.13) Gecko/2009073022 Firefox/3.5.2 (.NET CLR 3.5.30729) SurveyBot/2.3 (DomainTools)"
216.145.17.190 - - [24/Dec/2010:09:39:26 +0100] "GET /index.php?menu_item=login HTTP/1.1" 200 1361 "http://whois.domaintools.com/kili.si" "Mozilla/5.0 (Windows; U; Windows NT 5.1; en; rv:1.9.0.13) Gecko/2009073022 Firefox/3.5.2 (.NET CLR 3.5.30729) SurveyBot/2.3 (DomainTools)"
95.108.150.235 - - [24/Dec/2010:13:34:50 +0100] "GET /robots.txt HTTP/1.1" 200 147 "-" "Mozilla/5.0 (compatible; YandexBot/3.0; MirrorDetector; +http://yandex.com/bots)"
95.108.150.235 - - [24/Dec/2010:13:34:51 +0100] "GET / HTTP/1.1" 302 570 "-" "Mozilla/5.0 (compatible; YandexBot/3.0; MirrorDetector; +http://yandex.com/bots)"
95.108.150.235 - - [24/Dec/2010:13:34:52 +0100] "GET /index.php?menu_item=login HTTP/1.1" 200 1361 "-" "Mozilla/5.0 (compatible; YandexBot/3.0; MirrorDetector; +http://yandex.com/bots)"
95.108.150.235 - - [24/Dec/2010:13:34:53 +0100] "GET /index.php?menu_item=login HTTP/1.1" 200 1361 "-" "Mozilla/5.0 (compatible; YandexBot/3.0; MirrorDetector; +http://yandex.com/bots)"
95.108.150.235 - - [24/Dec/2010:13:35:06 +0100] "GET /robots.txt HTTP/1.1" 301 368 "-" "Mozilla/5.0 (compatible; YandexBot/3.0; MirrorDetector; +http://yandex.com/bots)"
95.108.150.235 - - [24/Dec/2010:13:35:07 +0100] "GET / HTTP/1.1" 301 358 "-" "Mozilla/5.0 (compatible; YandexBot/3.0; MirrorDetector; +http://yandex.com/bots)"
88.159.67.221 - - [24/Dec/2010:19:18:49 +0100] "GET /robots.txt HTTP/1.0" 301 368 "-" "Mozilla/5.0 (compatible; MJ12bot/v1.3.3; http://www.majestic12.co.uk/bot.php?+)"
88.159.67.221 - - [24/Dec/2010:19:19:00 +0100] "GET / HTTP/1.1" 301 358 "-" "Mozilla/5.0 (compatible; MJ12bot/v1.3.3; http://www.majestic12.co.uk/bot.php?+)"
88.159.67.221 - - [24/Dec/2010:19:19:45 +0100] "GET / HTTP/1.1" 302 1148 "-" "Mozilla/5.0 (compatible; MJ12bot/v1.3.3; http://www.majestic12.co.uk/bot.php?+)"
88.159.67.221 - - [24/Dec/2010:19:19:47 +0100] "GET /index.php?menu_item=login HTTP/1.1" 200 4054 "-" "Mozilla/5.0 (compatible; MJ12bot/v1.3.3; http://www.majestic12.co.uk/bot.php?+)"
66.249.71.33 - - [26/Dec/2010:10:08:17 +0100] "GET /robots.txt HTTP/1.1" 200 147 "-" "Mozilla/5.0 (compatible; Googlebot/2.1; +http://www.google.com/bot.html)"
95.108.150.235 - - [26/Dec/2010:12:09:27 +0100] "GET /robots.txt HTTP/1.1" 200 147 "-" "Mozilla/5.0 (compatible; YandexBot/3.0; MirrorDetector; +http://yandex.com/bots)"
95.108.150.235 - - [26/Dec/2010:12:09:28 +0100] "GET / HTTP/1.1" 302 570 "-" "Mozilla/5.0 (compatible; YandexBot/3.0; MirrorDetector; +http://yandex.com/bots)"
95.108.150.235 - - [26/Dec/2010:12:09:29 +0100] "GET /index.php?menu_item=login HTTP/1.1" 200 1361 "-" "Mozilla/5.0 (compatible; YandexBot/3.0; MirrorDetector; +http://yandex.com/bots)"
95.108.150.235 - - [26/Dec/2010:12:09:30 +0100] "GET /index.php?menu_item=login HTTP/1.1" 200 1361 "-" "Mozilla/5.0 (compatible; YandexBot/3.0; MirrorDetector; +http://yandex.com/bots)"
95.108.150.235 - - [26/Dec/2010:12:09:44 +0100] "GET /robots.txt HTTP/1.1" 301 368 "-" "Mozilla/5.0 (compatible; YandexBot/3.0; MirrorDetector; +http://yandex.com/bots)"
95.108.150.235 - - [26/Dec/2010:12:09:45 +0100] "GET / HTTP/1.1" 301 358 "-" "Mozilla/5.0 (compatible; YandexBot/3.0; MirrorDetector; +http://yandex.com/bots)"
85.10.36.100 - - [26/Dec/2010:21:07:59 +0100] "GET /robots.txt HTTP/1.1" 301 368 "-" "Mozilla/5.0 (compatible; Najdi.si/3.1)"
85.10.36.100 - - [26/Dec/2010:21:07:59 +0100] "GET / HTTP/1.1" 301 358 "-" "Mozilla/5.0 (compatible; Najdi.si/3.1)"
85.10.36.100 - - [26/Dec/2010:21:07:59 +0100] "GET /robots.txt HTTP/1.1" 200 147 "-" "Mozilla/5.0 (compatible; Najdi.si/3.1)"
85.10.36.100 - - [26/Dec/2010:21:07:59 +0100] "GET / HTTP/1.1" 302 570 "-" "Mozilla/5.0 (compatible; Najdi.si/3.1)"
85.10.36.100 - - [26/Dec/2010:21:07:59 +0100] "GET /index.php?menu_item=login HTTP/1.1" 200 1361 "-" "Mozilla/5.0 (compatible; Najdi.si/3.1)"
85.10.36.100 - - [26/Dec/2010:21:08:00 +0100] "GET /sitemap.txt.gz HTTP/1.1" 301 372 "-" "Mozilla/5.0 (compatible; Najdi.si/3.1)"
