180.76.5.155 - - [01/Jan/2015:00:43:44 +0100] "GET /iskanje-in-izbor-kadrov/ HTTP/1.1" 200 4514 "-" "Mozilla/5.0 (compatible; Baiduspider/2.0; +http://www.baidu.com/search/spider.html)"
180.76.5.143 - - [01/Jan/2015:01:45:47 +0100] "GET / HTTP/1.1" 301 227 "-" "Mozilla/5.0 (compatible; Baiduspider/2.0; +http://www.baidu.com/search/spider.html)"
180.76.6.144 - - [01/Jan/2015:01:45:48 +0100] "GET / HTTP/1.1" 200 4346 "-" "Mozilla/5.0 (compatible; Baiduspider/2.0; +http://www.baidu.com/search/spider.html)"
213.143.80.10 - - [01/Jan/2015:03:13:55 +0100] "HEAD / HTTP/1.1" 200 - "-" "Mosad/2.0"
178.255.215.75 - - [01/Jan/2015:05:49:31 +0100] "GET / HTTP/1.1" 200 148 "-" "Mozilla/5.0 (compatible; Exabot/3.0; +http://www.exabot.com/go/robot)"
178.255.215.87 - - [01/Jan/2015:06:01:36 +0100] "GET /robots.txt HTTP/1.1" 404 208 "-" "Mozilla/5.0 (compatible; Exabot/3.0 (BiggerBetter); +http://www.exabot.com/go/robot)"
178.255.215.87 - - [01/Jan/2015:06:01:36 +0100] "GET /?menu_item=SSWorkAdvertisment&menu_level=2 HTTP/1.1" 200 148 "-" "Mozilla/5.0 (compatible; Exabot/3.0 (BiggerBetter); +http://www.exabot.com/go/robot)"
68.180.229.24 - - [01/Jan/2015:07:18:06 +0100] "GET /robots.txt HTTP/1.1" 404 208 "-" "Mozilla/5.0 (compatible; Yahoo! Slurp; http://help.yahoo.com/help/us/ysearch/slurp)"
68.180.229.24 - - [01/Jan/2015:07:18:06 +0100] "GET /?menu_item=SSWorkAdvertisment&menu_level=2 HTTP/1.1" 200 148 "-" "Mozilla/5.0 (compatible; Yahoo! Slurp; http://help.yahoo.com/help/us/ysearch/slurp)"
68.180.229.24 - - [01/Jan/2015:07:18:36 +0100] "GET /?menu_item=SSWorkAdvertisment&menu_level=2 HTTP/1.1" 200 148 "-" "Mozilla/5.0 (compatible; Yahoo! Slurp; http://help.yahoo.com/help/us/ysearch/slurp)"
68.180.229.24 - - [01/Jan/2015:07:19:08 +0100] "GET /?menu_item=SSWorkAdvertisment&menu_level=2 HTTP/1.1" 200 148 "-" "Mozilla/5.0 (compatible; Yahoo! Slurp; http://help.yahoo.com/help/us/ysearch/slurp)"
68.180.229.24 - - [01/Jan/2015:07:19:39 +0100] "GET /?menu_item=SSWorkAdvertisment&menu_level=2 HTTP/1.1" 200 148 "-" "Mozilla/5.0 (compatible; Yahoo! Slurp; http://help.yahoo.com/help/us/ysearch/slurp)"
68.180.229.24 - - [01/Jan/2015:07:20:10 +0100] "GET /?menu_item=SSWorkAdvertisment&menu_level=2 HTTP/1.1" 200 148 "-" "Mozilla/5.0 (compatible; Yahoo! Slurp; http://help.yahoo.com/help/us/ysearch/slurp)"
68.180.229.24 - - [01/Jan/2015:07:20:41 +0100] "GET /?menu_item=SSWorkAdvertisment&menu_level=2 HTTP/1.1" 200 148 "-" "Mozilla/5.0 (compatible; Yahoo! Slurp; http://help.yahoo.com/help/us/ysearch/slurp)"
66.249.78.38 - - [01/Jan/2015:08:15:28 +0100] "GET /robots.txt HTTP/1.1" 404 208 "-" "Mozilla/5.0 (compatible; Googlebot/2.1; +http://www.google.com/bot.html)"
220.181.108.177 - - [01/Jan/2015:08:26:51 +0100] "GET /zaposlitev/predstavitev/ HTTP/1.1" 200 4260 "-" "Mozilla/5.0 (compatible; Baiduspider/2.0; +http://www.baidu.com/search/spider.html)"
123.125.71.26 - - [01/Jan/2015:08:32:25 +0100] "GET /sitedata/282/conf/custom.css.php HTTP/1.1" 200 99 "http://sl.kadis.si/zaposlitev/predstavitev/" "Mozilla/5.0 (compatible; Baiduspider/2.0; +http://www.baidu.com/search/spider.html)"
123.125.71.44 - - [01/Jan/2015:08:32:26 +0100] "GET /varpulis/_css/282_default.css HTTP/1.1" 200 36228 "http://sl.kadis.si/zaposlitev/predstavitev/" "Mozilla/5.0 (compatible; Baiduspider/2.0; +http://www.baidu.com/search/spider.html)"
123.125.71.20 - - [01/Jan/2015:08:32:27 +0100] "GET /varpulis/_js/basic.js HTTP/1.1" 200 14116 "http://sl.kadis.si/zaposlitev/predstavitev/" "Mozilla/5.0 (compatible; Baiduspider/2.0; +http://www.baidu.com/search/spider.html)"
123.125.71.46 - - [01/Jan/2015:08:32:28 +0100] "GET /varpulis/_js/282_menu.js HTTP/1.1" 200 34962 "http://sl.kadis.si/zaposlitev/predstavitev/" "Mozilla/5.0 (compatible; Baiduspider/2.0; +http://www.baidu.com/search/spider.html)"
123.125.71.28 - - [01/Jan/2015:08:32:29 +0100] "GET /.php?source=images/backgrounds/.png&destination=bgImage_body&format=&color1=&color2= HTTP/1.1" 404 - "http://sl.kadis.si/zaposlitev/predstavitev/" "Mozilla/5.0 (compatible; Baiduspider/2.0; +http://www.baidu.com/search/spider.html)"
123.125.71.32 - - [01/Jan/2015:08:32:29 +0100] "GET /imageColor.php?source=themes/Zaba/images/langBG.png&trueColor=1&color=ABDA4D HTTP/1.1" 200 144 "http://sl.kadis.si/zaposlitev/predstavitev/" "Mozilla/5.0 (compatible; Baiduspider/2.0; +http://www.baidu.com/search/spider.html)"
123.125.71.32 - - [01/Jan/2015:08:32:30 +0100] "GET /imageFill.php?source=themes/Zaba/images/companyInfoBG.png&color=FFFFFF HTTP/1.1" 200 43 "http://sl.kadis.si/zaposlitev/predstavitev/" "Mozilla/5.0 (compatible; Baiduspider/2.0; +http://www.baidu.com/search/spider.html)"
123.125.71.29 - - [01/Jan/2015:08:32:32 +0100] "GET /varpulis/_css/282_print.css HTTP/1.1" 200 14138 "http://sl.kadis.si/zaposlitev/predstavitev/" "Mozilla/5.0 (compatible; Baiduspider/2.0; +http://www.baidu.com/search/spider.html)"
180.76.6.142 - - [01/Jan/2015:08:42:53 +0100] "GET /iskanje-in-izbor-kadrov/ocenjevalni-assessment-center/ HTTP/1.1" 200 6216 "-" "Mozilla/5.0 (compatible; Baiduspider/2.0; +http://www.baidu.com/search/spider.html)"
180.76.5.170 - - [01/Jan/2015:08:54:14 +0100] "GET / HTTP/1.1" 200 148 "-" "Mozilla/5.0 (compatible; Baiduspider/2.0; +http://www.baidu.com/search/spider.html)"
193.77.14.14 - - [01/Jan/2015:10:36:39 +0100] "GET /robots.txt HTTP/1.1" 404 208 "-" "Mozilla/5.0 (compatible; Najdi.si/3.1)"
193.77.14.14 - - [01/Jan/2015:10:36:42 +0100] "GET / HTTP/1.1" 200 148 "-" "Mozilla/5.0 (compatible; Najdi.si/3.1)"
193.77.14.14 - - [01/Jan/2015:10:37:47 +0100] "GET /sitemap.txt.gz HTTP/1.1" 404 212 "-" "Mozilla/5.0 (compatible; Najdi.si/3.1)"
193.77.14.14 - - [01/Jan/2015:10:37:48 +0100] "GET /sitemap.xml.gz HTTP/1.1" 404 212 "-" "Mozilla/5.0 (compatible; Najdi.si/3.1)"
193.77.14.14 - - [01/Jan/2015:10:37:48 +0100] "GET /sitemap.xml HTTP/1.1" 404 209 "-" "Mozilla/5.0 (compatible; Najdi.si/3.1)"
87.98.161.163 - - [01/Jan/2015:10:45:42 +0100] "GET / HTTP/1.1" 301 232 "http://robo.kadis.si" "Mozilla/5.0 (Macintosh; Intel Mac OS X 10.7; rv:22.0) Gecko/20100101 Firefox/22.0"
87.98.161.163 - - [01/Jan/2015:10:45:46 +0100] "GET / HTTP/1.1" 200 2761 "http://robo.kadis.si" "Mozilla/5.0 (Macintosh; Intel Mac OS X 10.7; rv:22.0) Gecko/20100101 Firefox/22.0"
66.249.78.248 - - [01/Jan/2015:11:10:51 +0100] "GET / HTTP/1.1" 200 2761 "-" "Mozilla/5.0 (iPhone; CPU iPhone OS 6_0 like Mac OS X) AppleWebKit/536.26 (KHTML, like Gecko) Version/6.0 Mobile/10A5376e Safari/8536.25 (compatible; Googlebot/2.1; +http://www.google.com/bot.html)"
66.249.67.74 - - [01/Jan/2015:12:18:48 +0100] "GET /robots.txt HTTP/1.1" 404 208 "-" "Mozilla/5.0 (compatible; Googlebot/2.1; +http://www.google.com/bot.html)"
66.249.67.58 - - [01/Jan/2015:12:18:48 +0100] "GET / HTTP/1.1" 302 - "-" "Mozilla/5.0 (iPhone; CPU iPhone OS 6_0 like Mac OS X) AppleWebKit/536.26 (KHTML, like Gecko) Version/6.0 Mobile/10A5376e Safari/8536.25 (compatible; Googlebot/2.1; +http://www.google.com/bot.html)"
66.249.67.74 - - [01/Jan/2015:12:18:49 +0100] "GET /src/login.php HTTP/1.1" 200 2216 "-" "Mozilla/5.0 (iPhone; CPU iPhone OS 6_0 like Mac OS X) AppleWebKit/536.26 (KHTML, like Gecko) Version/6.0 Mobile/10A5376e Safari/8536.25 (compatible; Googlebot/2.1; +http://www.google.com/bot.html)"
66.249.67.66 - - [01/Jan/2015:12:26:41 +0100] "GET /themes/css/arial-10.css HTTP/1.1" 200 246 "-" "Mozilla/5.0 (compatible; Googlebot/2.1; +http://www.google.com/bot.html)"
162.210.196.98 - - [01/Jan/2015:14:13:45 +0100] "GET /robots.txt HTTP/1.0" 404 208 "-" "Mozilla/5.0 (compatible; MJ12bot/v1.4.5; http://www.majestic12.co.uk/bot.php?+)"
162.210.196.98 - - [01/Jan/2015:14:13:50 +0100] "GET /?menu_item=SSWorkAdvertisment&menu_level=2 HTTP/1.0" 200 148 "-" "Mozilla/5.0 (compatible; MJ12bot/v1.4.5; http://www.majestic12.co.uk/bot.php?+)"
66.249.67.33 - - [01/Jan/2015:14:48:00 +0100] "GET /robots.txt HTTP/1.1" 404 208 "-" "Mozilla/5.0 (compatible; Googlebot/2.1; +http://www.google.com/bot.html)"
66.249.67.33 - - [01/Jan/2015:14:48:01 +0100] "GET / HTTP/1.1" 200 148 "-" "Mozilla/5.0 (compatible; Googlebot/2.1; +http://www.google.com/bot.html)"
180.76.5.177 - - [01/Jan/2015:15:14:48 +0100] "GET / HTTP/1.1" 200 4346 "-" "Mozilla/5.0 (compatible; Baiduspider/2.0; +http://www.baidu.com/search/spider.html)"
180.76.5.177 - - [01/Jan/2015:15:14:48 +0100] "GET /varpulis/_js/basic.js HTTP/1.1" 200 4470 "http://sl.kadis.si/" "Mozilla/5.0 (compatible; Baiduspider/2.0; +http://www.baidu.com/search/spider.html)"
180.76.5.19 - - [01/Jan/2015:15:14:49 +0100] "GET /varpulis/_js/282_menu.js HTTP/1.1" 200 9444 "http://sl.kadis.si/" "Mozilla/5.0 (compatible; Baiduspider/2.0; +http://www.baidu.com/search/spider.html)"
66.249.67.33 - - [01/Jan/2015:15:38:41 +0100] "GET / HTTP/1.1" 200 148 "-" "DoCoMo/2.0 N905i(c100;TB;W24H16) (compatible; Googlebot-Mobile/2.1; +http://www.google.com/bot.html)"
37.140.141.16 - - [01/Jan/2015:18:54:03 +0100] "GET /robots.txt HTTP/1.1" 301 242 "-" "Mozilla/5.0 (compatible; YandexBot/3.0; +http://yandex.com/bots)"
66.249.67.25 - - [01/Jan/2015:19:48:47 +0100] "GET / HTTP/1.1" 200 148 "-" "Mozilla/5.0 (compatible; Googlebot/2.1; +http://www.google.com/bot.html)"
37.140.141.16 - - [01/Jan/2015:20:03:52 +0100] "GET / HTTP/1.1" 301 232 "-" "Mozilla/5.0 (compatible; YandexBot/3.0; +http://yandex.com/bots)"
220.181.108.100 - - [01/Jan/2015:20:26:51 +0100] "GET /human-resource-selection/psychological-testing/ HTTP/1.1" 200 3976 "-" "Mozilla/5.0 (compatible; Baiduspider/2.0; +http://www.baidu.com/search/spider.html)"
123.125.71.12 - - [01/Jan/2015:20:32:55 +0100] "GET /varpulis/_js/basic.js HTTP/1.1" 200 14116 "http://en.kadis.si/human-resource-selection/psychological-testing/" "Mozilla/5.0 (compatible; Baiduspider/2.0; +http://www.baidu.com/search/spider.html)"
123.125.71.54 - - [01/Jan/2015:20:32:55 +0100] "GET /sitedata/553/conf/custom.css.php HTTP/1.1" 200 52 "http://en.kadis.si/human-resource-selection/psychological-testing/" "Mozilla/5.0 (compatible; Baiduspider/2.0; +http://www.baidu.com/search/spider.html)"
123.125.71.19 - - [01/Jan/2015:20:32:55 +0100] "GET /varpulis/_css/553_default.css HTTP/1.1" 200 36288 "http://en.kadis.si/human-resource-selection/psychological-testing/" "Mozilla/5.0 (compatible; Baiduspider/2.0; +http://www.baidu.com/search/spider.html)"
123.125.71.16 - - [01/Jan/2015:20:32:56 +0100] "GET /varpulis/_js/553_menu.js HTTP/1.1" 200 34962 "http://en.kadis.si/human-resource-selection/psychological-testing/" "Mozilla/5.0 (compatible; Baiduspider/2.0; +http://www.baidu.com/search/spider.html)"
123.125.71.38 - - [01/Jan/2015:20:32:58 +0100] "GET /imageColorReplace.php?source=images/backgrounds/ozadje30.png&destination=bgImage_body&format=png&color1=EEF8DB&color2=ffffff HTTP/1.1" 200 499 "http://en.kadis.si/human-resource-selection/psychological-testing/" "Mozilla/5.0 (compatible; Baiduspider/2.0; +http://www.baidu.com/search/spider.html)"
123.125.71.19 - - [01/Jan/2015:20:32:58 +0100] "GET /imageColor.php?source=themes/Zaba/images/langBG.png&trueColor=1&color=ABDA4D HTTP/1.1" 200 144 "http://en.kadis.si/human-resource-selection/psychological-testing/" "Mozilla/5.0 (compatible; Baiduspider/2.0; +http://www.baidu.com/search/spider.html)"
123.125.71.34 - - [01/Jan/2015:20:32:58 +0100] "GET /imageFill.php?source=themes/Zaba/images/companyInfoBG.png&color=FFFFFF HTTP/1.1" 200 43 "http://en.kadis.si/human-resource-selection/psychological-testing/" "Mozilla/5.0 (compatible; Baiduspider/2.0; +http://www.baidu.com/search/spider.html)"
123.125.71.46 - - [01/Jan/2015:20:32:59 +0100] "GET /varpulis/_css/553_print.css HTTP/1.1" 200 14138 "http://en.kadis.si/human-resource-selection/psychological-testing/" "Mozilla/5.0 (compatible; Baiduspider/2.0; +http://www.baidu.com/search/spider.html)"
157.55.39.156 - - [01/Jan/2015:20:51:25 +0100] "GET /robots.txt HTTP/1.1" 301 242 "-" "Mozilla/5.0 (compatible; bingbot/2.0; +http://www.bing.com/bingbot.htm)"
157.55.39.156 - - [01/Jan/2015:20:51:27 +0100] "GET /robots.txt HTTP/1.1" 200 147 "-" "Mozilla/5.0 (compatible; bingbot/2.0; +http://www.bing.com/bingbot.htm)"
157.55.39.156 - - [01/Jan/2015:20:56:55 +0100] "GET / HTTP/1.1" 301 232 "-" "Mozilla/5.0 (compatible; bingbot/2.0; +http://www.bing.com/bingbot.htm)"
207.46.13.16 - - [01/Jan/2015:22:16:12 +0100] "GET /robots.txt HTTP/1.1" 404 208 "-" "Mozilla/5.0 (compatible; bingbot/2.0; +http://www.bing.com/bingbot.htm)"
207.46.13.16 - - [01/Jan/2015:22:16:16 +0100] "GET / HTTP/1.1" 200 148 "-" "Mozilla/5.0 (compatible; bingbot/2.0; +http://www.bing.com/bingbot.htm)"
207.46.13.16 - - [01/Jan/2015:22:43:40 +0100] "GET /robots.txt HTTP/1.1" 404 208 "-" "Mozilla/5.0 (compatible; bingbot/2.0; +http://www.bing.com/bingbot.htm)"
207.46.13.16 - - [01/Jan/2015:22:43:43 +0100] "GET / HTTP/1.1" 200 148 "-" "Mozilla/5.0 (compatible; bingbot/2.0; +http://www.bing.com/bingbot.htm)"
193.77.14.5 - - [01/Jan/2015:23:30:31 +0100] "GET / HTTP/1.1" 200 148 "-" "Mozilla/5.0 (compatible; Najdi.si/3.1)"
193.77.14.5 - - [01/Jan/2015:23:31:34 +0100] "GET /sitemap.txt.gz HTTP/1.1" 404 212 "-" "Mozilla/5.0 (compatible; Najdi.si/3.1)"
193.77.14.5 - - [01/Jan/2015:23:31:34 +0100] "GET /sitemap.xml.gz HTTP/1.1" 404 212 "-" "Mozilla/5.0 (compatible; Najdi.si/3.1)"
193.77.14.5 - - [01/Jan/2015:23:31:34 +0100] "GET /sitemap.xml HTTP/1.1" 404 209 "-" "Mozilla/5.0 (compatible; Najdi.si/3.1)"
180.76.6.139 - - [02/Jan/2015:00:52:54 +0100] "GET / HTTP/1.1" 200 4346 "-" "Mozilla/5.0 (compatible; Baiduspider/2.0; +http://www.baidu.com/search/spider.html)"
180.76.6.139 - - [02/Jan/2015:00:52:55 +0100] "GET /varpulis/_js/basic.js HTTP/1.1" 200 4470 "http://sl.kadis.si/" "Mozilla/5.0 (compatible; Baiduspider/2.0; +http://www.baidu.com/search/spider.html)"
180.76.6.42 - - [02/Jan/2015:00:52:55 +0100] "GET /varpulis/_js/282_menu.js HTTP/1.1" 200 9444 "http://sl.kadis.si/" "Mozilla/5.0 (compatible; Baiduspider/2.0; +http://www.baidu.com/search/spider.html)"
66.249.67.17 - - [02/Jan/2015:00:57:45 +0100] "GET / HTTP/1.1" 200 148 "-" "Mozilla/5.0 (iPhone; CPU iPhone OS 6_0 like Mac OS X) AppleWebKit/536.26 (KHTML, like Gecko) Version/6.0 Mobile/10A5376e Safari/8536.25 (compatible; Googlebot/2.1; +http://www.google.com/bot.html)"
66.249.67.141 - - [02/Jan/2015:02:46:38 +0100] "GET /robots.txt HTTP/1.1" 200 147 "-" "Mozilla/5.0 (compatible; Googlebot/2.1; +http://www.google.com/bot.html)"
66.249.67.133 - - [02/Jan/2015:02:46:38 +0100] "GET /kje-smo/ HTTP/1.1" 200 1904 "-" "Mozilla/5.0 (compatible; Googlebot/2.1; +http://www.google.com/bot.html)"
66.249.67.17 - - [02/Jan/2015:03:01:39 +0100] "GET /robots.txt HTTP/1.1" 404 208 "-" "Mozilla/5.0 (compatible; Googlebot/2.1; +http://www.google.com/bot.html)"
66.249.67.33 - - [02/Jan/2015:03:01:39 +0100] "GET / HTTP/1.1" 200 148 "-" "Mozilla/5.0 (compatible; Googlebot/2.1; +http://www.google.com/bot.html)"
213.143.80.10 - - [02/Jan/2015:03:12:11 +0100] "HEAD / HTTP/1.1" 200 - "-" "Mosad/2.0"
66.249.67.141 - - [02/Jan/2015:03:51:47 +0100] "GET /spletno-ucenje/ HTTP/1.1" 200 4725 "-" "Mozilla/5.0 (compatible; Googlebot/2.1; +http://www.google.com/bot.html)"
188.165.15.195 - - [02/Jan/2015:04:20:52 +0100] "GET / HTTP/1.1" 301 227 "-" "Mozilla/5.0 (compatible; AhrefsBot/5.0; +http://ahrefs.com/robot/)"
188.165.15.195 - - [02/Jan/2015:04:20:04 +0100] "GET / HTTP/1.1" 200 148 "-" "Mozilla/5.0 (compatible; AhrefsBot/5.0; +http://ahrefs.com/robot/)"
66.249.67.149 - - [02/Jan/2015:04:54:02 +0100] "GET /kje-smo/ HTTP/1.1" 200 1904 "-" "Mozilla/5.0 (compatible; Googlebot/2.1; +http://www.google.com/bot.html)"
66.249.67.149 - - [02/Jan/2015:04:56:30 +0100] "GET /anketa/ HTTP/1.1" 200 2984 "-" "Mozilla/5.0 (iPhone; CPU iPhone OS 6_0 like Mac OS X) AppleWebKit/536.26 (KHTML, like Gecko) Version/6.0 Mobile/10A5376e Safari/8536.25 (compatible; Googlebot/2.1; +http://www.google.com/bot.html)"
188.165.15.160 - - [02/Jan/2015:05:37:29 +0100] "GET /education/application-form-slovenian-only/ HTTP/1.1" 200 3442 "-" "Mozilla/5.0 (compatible; AhrefsBot/5.0; +http://ahrefs.com/robot/)"
188.165.15.165 - - [02/Jan/2015:05:37:49 +0100] "GET /career-development/job-interview-preparations/ HTTP/1.1" 200 3254 "-" "Mozilla/5.0 (compatible; AhrefsBot/5.0; +http://ahrefs.com/robot/)"
66.249.67.33 - - [02/Jan/2015:05:42:20 +0100] "GET / HTTP/1.1" 200 148 "-" "Mozilla/5.0 (compatible; Googlebot/2.1; +http://www.google.com/bot.html)"
66.249.67.133 - - [02/Jan/2015:06:09:55 +0100] "GET / HTTP/1.1" 200 2761 "-" "Mozilla/5.0 (compatible; Googlebot/2.1; +http://www.google.com/bot.html)"
66.249.67.141 - - [02/Jan/2015:07:17:39 +0100] "GET /aktualno/ HTTP/1.1" 200 4877 "-" "Mozilla/5.0 (compatible; Googlebot/2.1; +http://www.google.com/bot.html)"
188.165.15.165 - - [02/Jan/2015:07:51:39 +0100] "GET /druga-dejavnost/mednarodni-projekti/tekoci-projekti/alseeda/ HTTP/1.1" 200 4822 "-" "Mozilla/5.0 (compatible; AhrefsBot/5.0; +http://ahrefs.com/robot/)"
188.165.15.233 - - [02/Jan/2015:08:05:32 +0100] "GET /info/articles-slovenian-only/ HTTP/1.1" 200 2871 "-" "Mozilla/5.0 (compatible; AhrefsBot/5.0; +http://ahrefs.com/robot/)"
66.249.67.141 - - [02/Jan/2015:08:40:51 +0100] "GET /anketa/ HTTP/1.1" 200 2984 "-" "Mozilla/5.0 (compatible; Googlebot/2.1; +http://www.google.com/bot.html)"
188.165.15.160 - - [02/Jan/2015:09:46:34 +0100] "GET /index.php?menu_item=item_5012 HTTP/1.1" 200 4828 "-" "Mozilla/5.0 (compatible; AhrefsBot/5.0; +http://ahrefs.com/robot/)"
66.249.67.141 - - [02/Jan/2015:10:32:29 +0100] "GET / HTTP/1.1" 200 2761 "-" "Mozilla/5.0 (compatible; Googlebot/2.1; +http://www.google.com/bot.html)"
188.165.15.5 - - [02/Jan/2015:10:58:22 +0100] "GET /druga-dejavnost/mednarodni-projekti/ HTTP/1.1" 200 4828 "-" "Mozilla/5.0 (compatible; AhrefsBot/5.0; +http://ahrefs.com/robot/)"
66.249.67.133 - - [02/Jan/2015:11:08:52 +0100] "GET /aktualno/ HTTP/1.1" 200 4877 "-" "Mozilla/5.0 (compatible; Googlebot/2.1; +http://www.google.com/bot.html)"
66.249.67.58 - - [02/Jan/2015:11:59:02 +0100] "GET /robots.txt HTTP/1.1" 404 208 "-" "Mozilla/5.0 (compatible; Googlebot/2.1; +http://www.google.com/bot.html)"
66.249.67.74 - - [02/Jan/2015:11:59:03 +0100] "GET / HTTP/1.1" 302 - "-" "Mozilla/5.0 (compatible; Googlebot/2.1; +http://www.google.com/bot.html)"
66.249.67.66 - - [02/Jan/2015:11:59:03 +0100] "GET /src/login.php HTTP/1.1" 200 2216 "-" "Mozilla/5.0 (compatible; Googlebot/2.1; +http://www.google.com/bot.html)"
68.180.229.24 - - [02/Jan/2015:12:01:43 +0100] "GET /robots.txt HTTP/1.1" 404 208 "-" "Mozilla/5.0 (compatible; Yahoo! Slurp; http://help.yahoo.com/help/us/ysearch/slurp)"
68.180.229.24 - - [02/Jan/2015:12:01:44 +0100] "GET /?menu_item=SSWorkAdvertisment&menu_level=2 HTTP/1.1" 200 148 "-" "Mozilla/5.0 (compatible; Yahoo! Slurp; http://help.yahoo.com/help/us/ysearch/slurp)"
68.180.229.24 - - [02/Jan/2015:12:02:15 +0100] "GET /?menu_item=SSWorkAdvertisment&menu_level=2 HTTP/1.1" 200 148 "-" "Mozilla/5.0 (compatible; Yahoo! Slurp; http://help.yahoo.com/help/us/ysearch/slurp)"
68.180.229.24 - - [02/Jan/2015:12:02:46 +0100] "GET /?menu_item=SSWorkAdvertisment&menu_level=2 HTTP/1.1" 200 148 "-" "Mozilla/5.0 (compatible; Yahoo! Slurp; http://help.yahoo.com/help/us/ysearch/slurp)"
68.180.229.24 - - [02/Jan/2015:12:03:17 +0100] "GET /?menu_item=SSWorkAdvertisment&menu_level=2 HTTP/1.1" 200 148 "-" "Mozilla/5.0 (compatible; Yahoo! Slurp; http://help.yahoo.com/help/us/ysearch/slurp)"
68.180.229.24 - - [02/Jan/2015:12:03:48 +0100] "GET /?menu_item=SSWorkAdvertisment&menu_level=2 HTTP/1.1" 200 148 "-" "Mozilla/5.0 (compatible; Yahoo! Slurp; http://help.yahoo.com/help/us/ysearch/slurp)"
68.180.229.24 - - [02/Jan/2015:12:04:19 +0100] "GET /?menu_item=SSWorkAdvertisment&menu_level=2 HTTP/1.1" 200 148 "-" "Mozilla/5.0 (compatible; Yahoo! Slurp; http://help.yahoo.com/help/us/ysearch/slurp)"
180.76.5.18 - - [02/Jan/2015:12:13:25 +0100] "GET / HTTP/1.1" 200 148 "-" "Mozilla/5.0 (compatible; Baiduspider/2.0; +http://www.baidu.com/search/spider.html)"
66.249.67.141 - - [02/Jan/2015:12:59:15 +0100] "GET /anketa/ HTTP/1.1" 200 2984 "-" "Mozilla/5.0 (compatible; Googlebot/2.1; +http://www.google.com/bot.html)"
188.165.15.233 - - [02/Jan/2015:13:31:52 +0100] "GET /izobrazevanje/prijavnica/ HTTP/1.1" 200 5048 "-" "Mozilla/5.0 (compatible; AhrefsBot/5.0; +http://ahrefs.com/robot/)"
66.249.67.149 - - [02/Jan/2015:13:46:03 +0100] "GET / HTTP/1.1" 200 2761 "-" "Mozilla/5.0 (compatible; Googlebot/2.1; +http://www.google.com/bot.html)"
66.249.67.8 - - [02/Jan/2015:13:53:10 +0100] "GET /robots.txt HTTP/1.1" 301 242 "-" "Mozilla/5.0 (compatible; Googlebot/2.1; +http://www.google.com/bot.html)"
66.249.67.133 - - [02/Jan/2015:13:53:11 +0100] "GET /robots.txt HTTP/1.1" 200 147 "-" "Mozilla/5.0 (compatible; Googlebot/2.1; +http://www.google.com/bot.html)"
66.249.67.152 - - [02/Jan/2015:13:53:11 +0100] "GET / HTTP/1.1" 301 232 "-" "Mozilla/5.0 (iPhone; CPU iPhone OS 6_0 like Mac OS X) AppleWebKit/536.26 (KHTML, like Gecko) Version/6.0 Mobile/10A5376e Safari/8536.25 (compatible; Googlebot/2.1; +http://www.google.com/bot.html)"
66.249.67.133 - - [02/Jan/2015:13:53:11 +0100] "GET / HTTP/1.1" 200 2761 "-" "Mozilla/5.0 (iPhone; CPU iPhone OS 6_0 like Mac OS X) AppleWebKit/536.26 (KHTML, like Gecko) Version/6.0 Mobile/10A5376e Safari/8536.25 (compatible; Googlebot/2.1; +http://www.google.com/bot.html)"
37.140.141.16 - - [02/Jan/2015:14:18:27 +0100] "GET /robots.txt HTTP/1.1" 404 208 "-" "Mozilla/5.0 (compatible; YandexBot/3.0; +http://yandex.com/bots)"
37.140.141.16 - - [02/Jan/2015:14:18:28 +0100] "GET /robots.txt HTTP/1.1" 404 208 "-" "Mozilla/5.0 (compatible; YandexBot/3.0; +http://yandex.com/bots)"
37.140.141.16 - - [02/Jan/2015:14:18:30 +0100] "GET / HTTP/1.1" 200 148 "-" "Mozilla/5.0 (compatible; YandexBot/3.0; +http://yandex.com/bots)"
37.140.141.16 - - [02/Jan/2015:14:18:30 +0100] "GET / HTTP/1.1" 200 148 "-" "Mozilla/5.0 (compatible; YandexBot/3.0; +http://yandex.com/bots)"
37.140.141.16 - - [02/Jan/2015:14:19:36 +0100] "GET / HTTP/1.1" 200 148 "-" "Mozilla/5.0 (compatible; YandexBot/3.0; +http://yandex.com/bots)"
37.140.141.16 - - [02/Jan/2015:14:19:37 +0100] "GET / HTTP/1.1" 200 148 "-" "Mozilla/5.0 (compatible; YandexBot/3.0; +http://yandex.com/bots)"
66.249.67.149 - - [02/Jan/2015:15:38:39 +0100] "GET /kje-smo/ HTTP/1.1" 200 1904 "-" "Mozilla/5.0 (compatible; Googlebot/2.1; +http://www.google.com/bot.html)"
193.77.14.11 - - [02/Jan/2015:15:42:48 +0100] "GET /robots.txt HTTP/1.1" 200 147 "-" "Mozilla/5.0 (compatible; Najdi.si/3.1)"
193.77.14.11 - - [02/Jan/2015:15:42:48 +0100] "GET /vsebine/excel/ HTTP/1.1" 200 2015 "-" "Mozilla/5.0 (compatible; Najdi.si/3.1)"
193.77.14.14 - - [02/Jan/2015:15:42:56 +0100] "GET /vsebine/internet-in-elektronska-posta/ HTTP/1.1" 200 1953 "-" "Mozilla/5.0 (compatible; Najdi.si/3.1)"
193.77.14.10 - - [02/Jan/2015:15:43:03 +0100] "GET /mnenja/ HTTP/1.1" 200 1929 "-" "Mozilla/5.0 (compatible; Najdi.si/3.1)"
193.77.14.10 - - [02/Jan/2015:15:43:11 +0100] "GET /e-posta/ HTTP/1.1" 200 1980 "-" "Mozilla/5.0 (compatible; Najdi.si/3.1)"
193.77.14.12 - - [02/Jan/2015:15:43:18 +0100] "GET /anketa/ HTTP/1.1" 200 2984 "-" "Mozilla/5.0 (compatible; Najdi.si/3.1)"
193.77.14.5 - - [02/Jan/2015:15:43:25 +0100] "GET /robo/ HTTP/1.1" 200 2761 "-" "Mozilla/5.0 (compatible; Najdi.si/3.1)"
66.249.67.133 - - [02/Jan/2015:15:43:40 +0100] "GET / HTTP/1.1" 200 2761 "-" "Mozilla/5.0 (compatible; Googlebot/2.1; +http://www.google.com/bot.html)"
193.77.14.12 - - [02/Jan/2015:15:44:36 +0100] "GET /o-avtorjih/ HTTP/1.1" 200 1595 "-" "Mozilla/5.0 (compatible; Najdi.si/3.1)"
193.77.14.10 - - [02/Jan/2015:15:44:45 +0100] "GET /prijava/ HTTP/1.1" 200 1971 "-" "Mozilla/5.0 (compatible; Najdi.si/3.1)"
193.77.14.10 - - [02/Jan/2015:15:44:51 +0100] "GET /forum/ HTTP/1.1" 200 4882 "-" "Mozilla/5.0 (compatible; Najdi.si/3.1)"
193.77.14.13 - - [02/Jan/2015:15:44:58 +0100] "GET /aktualno/ HTTP/1.1" 200 4877 "-" "Mozilla/5.0 (compatible; Najdi.si/3.1)"
193.77.14.12 - - [02/Jan/2015:15:45:09 +0100] "GET /vsebine/word/ HTTP/1.1" 200 2068 "-" "Mozilla/5.0 (compatible; Najdi.si/3.1)"
193.77.14.12 - - [02/Jan/2015:15:45:15 +0100] "GET /pravni-poduk/ HTTP/1.1" 200 2610 "-" "Mozilla/5.0 (compatible; Najdi.si/3.1)"
193.77.14.13 - - [02/Jan/2015:15:45:22 +0100] "GET /kje-smo/ HTTP/1.1" 200 1904 "-" "Mozilla/5.0 (compatible; Najdi.si/3.1)"
193.77.14.11 - - [02/Jan/2015:15:45:28 +0100] "GET /vsebine/windows/ HTTP/1.1" 200 2144 "-" "Mozilla/5.0 (compatible; Najdi.si/3.1)"
193.77.14.13 - - [02/Jan/2015:15:45:35 +0100] "GET /spletno-ucenje/ HTTP/1.1" 200 4725 "-" "Mozilla/5.0 (compatible; Najdi.si/3.1)"
193.77.14.13 - - [02/Jan/2015:15:45:41 +0100] "GET /vsebine/ HTTP/1.1" 200 2138 "-" "Mozilla/5.0 (compatible; Najdi.si/3.1)"
66.249.67.152 - - [02/Jan/2015:15:48:41 +0100] "GET / HTTP/1.1" 301 232 "-" "Mozilla/5.0 (compatible; Googlebot/2.1; +http://www.google.com/bot.html)"
66.249.67.133 - - [02/Jan/2015:17:03:56 +0100] "GET /spletno-ucenje/ HTTP/1.1" 200 4725 "-" "Mozilla/5.0 (compatible; Googlebot/2.1; +http://www.google.com/bot.html)"
66.249.67.149 - - [02/Jan/2015:17:39:56 +0100] "GET /kje-smo/ HTTP/1.1" 200 1904 "-" "Mozilla/5.0 (compatible; Googlebot/2.1; +http://www.google.com/bot.html)"
66.249.67.149 - - [02/Jan/2015:17:46:13 +0100] "GET / HTTP/1.1" 200 2761 "-" "Mozilla/5.0 (compatible; Googlebot/2.1; +http://www.google.com/bot.html)"
188.165.15.165 - - [02/Jan/2015:17:49:18 +0100] "GET /druga-dejavnost/mednarodni-projekti/zakljuceni-projekti/winkit/ HTTP/1.1" 200 5562 "-" "Mozilla/5.0 (compatible; AhrefsBot/5.0; +http://ahrefs.com/robot/)"
188.165.15.5 - - [02/Jan/2015:18:22:34 +0100] "GET /index.php?menu_item=item_5013 HTTP/1.1" 200 4910 "-" "Mozilla/5.0 (compatible; AhrefsBot/5.0; +http://ahrefs.com/robot/)"
188.165.15.117 - - [02/Jan/2015:19:30:33 +0100] "GET /index.php?menu_item=item_5109 HTTP/1.1" 200 8592 "-" "Mozilla/5.0 (compatible; AhrefsBot/5.0; +http://ahrefs.com/robot/)"
66.249.67.141 - - [02/Jan/2015:19:49:08 +0100] "GET / HTTP/1.1" 200 2761 "-" "Mozilla/5.0 (compatible; Googlebot/2.1; +http://www.google.com/bot.html)"
66.249.67.133 - - [02/Jan/2015:20:06:42 +0100] "GET /anketa/ HTTP/1.1" 200 2984 "-" "Mozilla/5.0 (compatible; Googlebot/2.1; +http://www.google.com/bot.html)"
157.55.39.31 - - [02/Jan/2015:20:16:35 +0100] "GET /robots.txt HTTP/1.1" 301 242 "-" "Mozilla/5.0 (compatible; bingbot/2.0; +http://www.bing.com/bingbot.htm)"
157.55.39.31 - - [02/Jan/2015:20:16:36 +0100] "GET /robots.txt HTTP/1.1" 200 147 "-" "Mozilla/5.0 (compatible; bingbot/2.0; +http://www.bing.com/bingbot.htm)"
157.55.39.31 - - [02/Jan/2015:20:16:38 +0100] "GET / HTTP/1.1" 301 232 "-" "Mozilla/5.0 (compatible; bingbot/2.0; +http://www.bing.com/bingbot.htm)"
188.165.15.5 - - [02/Jan/2015:20:35:43 +0100] "GET /index.php?menu_item=item_13798 HTTP/1.1" 200 6019 "-" "Mozilla/5.0 (compatible; AhrefsBot/5.0; +http://ahrefs.com/robot/)"
188.165.15.235 - - [02/Jan/2015:20:44:34 +0100] "GET /index.php?menu_item=item_10373 HTTP/1.1" 200 2913 "-" "Mozilla/5.0 (compatible; AhrefsBot/5.0; +http://ahrefs.com/robot/)"
193.77.14.5 - - [02/Jan/2015:20:47:49 +0100] "GET /getfile.php?idHash=7fbfaba6fecef159355fcd1333237756 HTTP/1.1" 200 19 "-" "Mozilla/5.0 (compatible; Najdi.si/3.1)"
193.77.14.12 - - [02/Jan/2015:20:48:26 +0100] "GET /index.php?menu_item=item_4980 HTTP/1.1" 200 2144 "-" "Mozilla/5.0 (compatible; Najdi.si/3.1)"
193.77.14.12 - - [02/Jan/2015:20:48:57 +0100] "GET /index.php?menu_item=item_5133 HTTP/1.1" 200 2015 "-" "Mozilla/5.0 (compatible; Najdi.si/3.1)"
193.77.14.10 - - [02/Jan/2015:20:49:29 +0100] "GET /index.php?menu_item=item_5132 HTTP/1.1" 200 2068 "-" "Mozilla/5.0 (compatible; Najdi.si/3.1)"
193.77.14.11 - - [02/Jan/2015:20:50:00 +0100] "GET /index.php?menu_item=item_5134 HTTP/1.1" 200 1953 "-" "Mozilla/5.0 (compatible; Najdi.si/3.1)"
193.77.14.14 - - [02/Jan/2015:20:50:31 +0100] "GET /index.php?menu_item=item_4887 HTTP/1.1" 200 2138 "-" "Mozilla/5.0 (compatible; Najdi.si/3.1)"
193.77.14.5 - - [02/Jan/2015:20:51:03 +0100] "GET /robots.txt HTTP/1.1" 404 208 "-" "Mozilla/5.0 (compatible; Najdi.si/3.1)"
193.77.14.5 - - [02/Jan/2015:20:51:03 +0100] "GET / HTTP/1.1" 302 - "-" "Mozilla/5.0 (compatible; Najdi.si/3.1)"
193.77.14.12 - - [02/Jan/2015:20:51:09 +0100] "GET / HTTP/1.1" 200 2138 "-" "Mozilla/5.0 (compatible; Najdi.si/3.1)"
193.77.14.12 - - [02/Jan/2015:20:51:10 +0100] "GET /sitemap.txt.gz HTTP/1.1" 404 - "-" "Mozilla/5.0 (compatible; Najdi.si/3.1)"
193.77.14.12 - - [02/Jan/2015:20:51:10 +0100] "GET /sitemap.xml.gz HTTP/1.1" 404 - "-" "Mozilla/5.0 (compatible; Najdi.si/3.1)"
193.77.14.12 - - [02/Jan/2015:20:51:10 +0100] "GET /sitemap.xml HTTP/1.1" 404 - "-" "Mozilla/5.0 (compatible; Najdi.si/3.1)"
188.165.15.240 - - [02/Jan/2015:21:01:54 +0100] "GET /international-projects/introduction/ HTTP/1.1" 200 3872 "-" "Mozilla/5.0 (compatible; AhrefsBot/5.0; +http://ahrefs.com/robot/)"
66.249.67.141 - - [02/Jan/2015:21:33:15 +0100] "GET /vsebine/internet-in-elektronska-posta/ HTTP/1.1" 200 1953 "-" "Mozilla/5.0 (compatible; Googlebot/2.1; +http://www.google.com/bot.html)"
66.249.67.149 - - [02/Jan/2015:22:05:52 +0100] "GET /kje-smo/ HTTP/1.1" 200 1904 "-" "Mozilla/5.0 (compatible; Googlebot/2.1; +http://www.google.com/bot.html)"
188.165.15.240 - - [02/Jan/2015:22:10:46 +0100] "GET /aktualno HTTP/1.1" 404 - "-" "Mozilla/5.0 (compatible; AhrefsBot/5.0; +http://ahrefs.com/robot/)"
188.165.15.235 - - [02/Jan/2015:22:16:22 +0100] "GET /info/contact/kontakt-vid/ HTTP/1.1" 200 2919 "-" "Mozilla/5.0 (compatible; AhrefsBot/5.0; +http://ahrefs.com/robot/)"
66.249.67.133 - - [02/Jan/2015:22:52:16 +0100] "GET /spletno-ucenje/ HTTP/1.1" 200 4725 "-" "Mozilla/5.0 (compatible; Googlebot/2.1; +http://www.google.com/bot.html)"
37.140.141.16 - - [02/Jan/2015:23:08:09 +0100] "GET /robots.txt HTTP/1.1" 301 242 "-" "Mozilla/5.0 (compatible; YandexBot/3.0; +http://yandex.com/bots)"
37.140.141.16 - - [02/Jan/2015:23:08:09 +0100] "GET /robots.txt HTTP/1.1" 200 147 "-" "Mozilla/5.0 (compatible; YandexBot/3.0; +http://yandex.com/bots)"
37.140.141.16 - - [02/Jan/2015:23:08:11 +0100] "GET / HTTP/1.1" 301 232 "-" "Mozilla/5.0 (compatible; YandexBot/3.0; +http://yandex.com/bots)"
37.140.141.16 - - [02/Jan/2015:23:08:11 +0100] "GET / HTTP/1.1" 200 2761 "-" "Mozilla/5.0 (compatible; YandexBot/3.0; +http://yandex.com/bots)"
37.140.141.16 - - [02/Jan/2015:23:08:15 +0100] "GET / HTTP/1.1" 200 2761 "-" "Mozilla/5.0 (compatible; YandexBot/3.0; +http://yandex.com/bots)"
193.77.14.14 - - [02/Jan/2015:23:17:52 +0100] "GET /robots.txt HTTP/1.1" 404 208 "-" "Mozilla/5.0 (compatible; Najdi.si/3.1)"
193.77.14.14 - - [02/Jan/2015:23:17:53 +0100] "GET / HTTP/1.1" 200 148 "-" "Mozilla/5.0 (compatible; Najdi.si/3.1)"
193.77.14.14 - - [02/Jan/2015:23:18:58 +0100] "GET /sitemap.txt.gz HTTP/1.1" 404 212 "-" "Mozilla/5.0 (compatible; Najdi.si/3.1)"
193.77.14.14 - - [02/Jan/2015:23:18:59 +0100] "GET /sitemap.xml.gz HTTP/1.1" 404 212 "-" "Mozilla/5.0 (compatible; Najdi.si/3.1)"
193.77.14.14 - - [02/Jan/2015:23:18:59 +0100] "GET /sitemap.xml HTTP/1.1" 404 209 "-" "Mozilla/5.0 (compatible; Najdi.si/3.1)"
180.76.4.194 - - [03/Jan/2015:00:02:11 +0100] "GET / HTTP/1.1" 200 148 "-" "Mozilla/4.0 (compatible; MSIE 7.0; Windows NT 6.0)"
188.165.15.188 - - [03/Jan/2015:01:37:48 +0100] "GET /druga-dejavnost/mednarodni-projekti/zakljuceni-projekti/ccw/ HTTP/1.1" 200 4910 "-" "Mozilla/5.0 (compatible; AhrefsBot/5.0; +http://ahrefs.com/robot/)"
188.165.15.117 - - [03/Jan/2015:02:35:50 +0100] "GET /index.php?menu_item=item_13845 HTTP/1.1" 200 3138 "-" "Mozilla/5.0 (compatible; AhrefsBot/5.0; +http://ahrefs.com/robot/)"
188.165.15.233 - - [03/Jan/2015:03:06:25 +0100] "GET /education/foreign-language-courses/ HTTP/1.1" 200 3309 "-" "Mozilla/5.0 (compatible; AhrefsBot/5.0; +http://ahrefs.com/robot/)"
188.165.15.233 - - [03/Jan/2015:08:10:08 +0100] "GET /izobrazevanje/karierna-orientacija-za-zaposlene/ HTTP/1.1" 200 4350 "-" "Mozilla/5.0 (compatible; AhrefsBot/5.0; +http://ahrefs.com/robot/)"
188.165.15.233 - - [03/Jan/2015:08:15:03 +0100] "GET /karierno-svetovanje/delavnice-za-iskanje-zaposlitve/ HTTP/1.1" 200 4632 "-" "Mozilla/5.0 (compatible; AhrefsBot/5.0; +http://ahrefs.com/robot/)"
188.165.15.44 - - [03/Jan/2015:09:30:14 +0100] "GET /index.php?menu_item=item_10355 HTTP/1.1" 200 3872 "-" "Mozilla/5.0 (compatible; AhrefsBot/5.0; +http://ahrefs.com/robot/)"
188.165.15.233 - - [03/Jan/2015:09:43:23 +0100] "GET /druga-dejavnost/mednarodni-projekti/tekoci-projekti/seiling/ HTTP/1.1" 200 4783 "-" "Mozilla/5.0 (compatible; AhrefsBot/5.0; +http://ahrefs.com/robot/)"
188.165.15.241 - - [03/Jan/2015:10:20:58 +0100] "GET /career-development/career-counselling/ HTTP/1.1" 200 3142 "-" "Mozilla/5.0 (compatible; AhrefsBot/5.0; +http://ahrefs.com/robot/)"
188.165.15.165 - - [03/Jan/2015:11:41:43 +0100] "GET /index.php?menu_item=item_13626 HTTP/1.1" 200 6459 "-" "Mozilla/5.0 (compatible; AhrefsBot/5.0; +http://ahrefs.com/robot/)"
188.165.15.5 - - [03/Jan/2015:13:42:47 +0100] "GET /robo/ HTTP/1.1" 200 2761 "-" "Mozilla/5.0 (compatible; AhrefsBot/5.0; +http://ahrefs.com/robot/)"
188.165.15.240 - - [03/Jan/2015:14:05:02 +0100] "GET /druga-dejavnost/mednarodni-projekti/tekoci-projekti/givet/ HTTP/1.1" 200 13047 "-" "Mozilla/5.0 (compatible; AhrefsBot/5.0; +http://ahrefs.com/robot/)"
188.165.15.165 - - [03/Jan/2015:15:17:25 +0100] "GET /druga-dejavnost/mednarodni-projekti/tekoci-projekti/inco-ii/produkti/ HTTP/1.1" 200 4970 "-" "Mozilla/5.0 (compatible; AhrefsBot/5.0; +http://ahrefs.com/robot/)"
188.165.15.235 - - [03/Jan/2015:16:20:08 +0100] "GET /international-projects/ictem/ictem-results-in-slovenia/ HTTP/1.1" 200 3246 "-" "Mozilla/5.0 (compatible; AhrefsBot/5.0; +http://ahrefs.com/robot/)"
188.165.15.117 - - [03/Jan/2015:17:00:39 +0100] "GET /index.php?menu_item=item_14003 HTTP/1.1" 200 6712 "-" "Mozilla/5.0 (compatible; AhrefsBot/5.0; +http://ahrefs.com/robot/)"
188.165.15.44 - - [03/Jan/2015:17:14:46 +0100] "GET /iskanje-in-izbor-kadrov/oddaja-narocila/narocilo-storitve-iskanja-in-izbora-kadrov/ HTTP/1.1" 200 5212 "-" "Mozilla/5.0 (compatible; AhrefsBot/5.0; +http://ahrefs.com/robot/)"
123.125.71.20 - - [03/Jan/2015:17:55:54 +0100] "GET / HTTP/1.1" 200 15185 "-" "Mozilla/5.0 (compatible; Baiduspider/2.0; +http://www.baidu.com/search/spider.html)"
220.181.108.163 - - [03/Jan/2015:17:56:08 +0100] "GET / HTTP/1.1" 200 15185 "-" "Mozilla/5.0 (compatible; Baiduspider/2.0; +http://www.baidu.com/search/spider.html)"
188.165.15.160 - - [03/Jan/2015:19:16:06 +0100] "GET /index.php?menu_item=item_13844 HTTP/1.1" 200 3984 "-" "Mozilla/5.0 (compatible; AhrefsBot/5.0; +http://ahrefs.com/robot/)"
188.165.15.44 - - [03/Jan/2015:19:40:11 +0100] "GET /index.php?menu_item=item_4985 HTTP/1.1" 200 4527 "-" "Mozilla/5.0 (compatible; AhrefsBot/5.0; +http://ahrefs.com/robot/)"
207.46.13.16 - - [03/Jan/2015:20:16:35 +0100] "GET /robots.txt HTTP/1.1" 200 147 "-" "Mozilla/5.0 (compatible; bingbot/2.0; +http://www.bing.com/bingbot.htm)"
207.46.13.16 - - [03/Jan/2015:20:16:44 +0100] "GET /aktualno/ HTTP/1.1" 200 4877 "-" "Mozilla/5.0 (compatible; bingbot/2.0; +http://www.bing.com/bingbot.htm)"
157.55.39.228 - - [03/Jan/2015:20:16:45 +0100] "GET /anketa/ HTTP/1.1" 200 2984 "-" "Mozilla/5.0 (compatible; bingbot/2.0; +http://www.bing.com/bingbot.htm)"
157.55.39.31 - - [03/Jan/2015:20:27:37 +0100] "GET /forum/ HTTP/1.1" 200 4882 "-" "Mozilla/5.0 (compatible; bingbot/2.0; +http://www.bing.com/bingbot.htm)"
198.252.44.11 - - [03/Jan/2015:20:35:48 +0100] "GET / HTTP/1.0" 301 232 "-" "=Mozilla/5.0 (Windows; U; Windows NT 6.1; en-US) AppleWebKit/534.16 (KHTML, like Gecko) Chrome/10.0.648.204 Safari/534.16"
198.252.44.11 - - [03/Jan/2015:20:35:48 +0100] "GET / HTTP/1.0" 200 8111 "-" "=Mozilla/5.0 (Windows; U; Windows NT 6.1; en-US) AppleWebKit/534.16 (KHTML, like Gecko) Chrome/10.0.648.204 Safari/534.16"
157.55.39.31 - - [03/Jan/2015:21:51:18 +0100] "GET / HTTP/1.1" 301 232 "-" "Mozilla/5.0 (compatible; bingbot/2.0; +http://www.bing.com/bingbot.htm)"
66.249.78.73 - - [03/Jan/2015:21:57:44 +0100] "GET /robots.txt HTTP/1.1" 404 208 "-" "Mozilla/5.0 (compatible; Googlebot/2.1; +http://www.google.com/bot.html)"
66.249.78.73 - - [03/Jan/2015:21:57:44 +0100] "GET / HTTP/1.1" 200 148 "-" "Mozilla/5.0 (iPhone; CPU iPhone OS 6_0 like Mac OS X) AppleWebKit/536.26 (KHTML, like Gecko) Version/6.0 Mobile/10A5376e Safari/8536.25 (compatible; Googlebot/2.1; +http://www.google.com/bot.html)"
207.46.13.16 - - [03/Jan/2015:23:15:06 +0100] "GET / HTTP/1.1" 200 148 "-" "Mozilla/5.0 (compatible; bingbot/2.0; +http://www.bing.com/bingbot.htm)"
193.77.14.11 - - [03/Jan/2015:23:31:45 +0100] "GET / HTTP/1.1" 200 148 "-" "Mozilla/5.0 (compatible; Najdi.si/3.1)"
193.77.14.11 - - [03/Jan/2015:23:32:48 +0100] "GET /sitemap.txt.gz HTTP/1.1" 404 212 "-" "Mozilla/5.0 (compatible; Najdi.si/3.1)"
193.77.14.11 - - [03/Jan/2015:23:32:49 +0100] "GET /sitemap.xml.gz HTTP/1.1" 404 212 "-" "Mozilla/5.0 (compatible; Najdi.si/3.1)"
193.77.14.11 - - [03/Jan/2015:23:32:49 +0100] "GET /sitemap.xml HTTP/1.1" 404 209 "-" "Mozilla/5.0 (compatible; Najdi.si/3.1)"
207.46.13.16 - - [03/Jan/2015:23:42:28 +0100] "GET /robots.txt HTTP/1.1" 404 208 "-" "Mozilla/5.0 (compatible; bingbot/2.0; +http://www.bing.com/bingbot.htm)"
207.46.13.16 - - [03/Jan/2015:23:42:37 +0100] "GET / HTTP/1.1" 200 148 "-" "Mozilla/5.0 (compatible; bingbot/2.0; +http://www.bing.com/bingbot.htm)"
188.165.15.165 - - [04/Jan/2015:00:35:23 +0100] "GET /druga-dejavnost/mednarodni-projekti/zakljuceni-projekti/stories-of-a-possible-europe/ HTTP/1.1" 200 6019 "-" "Mozilla/5.0 (compatible; AhrefsBot/5.0; +http://ahrefs.com/robot/)"
195.88.14.211 - - [04/Jan/2015:03:57:48 +0100] "GET / HTTP/1.0" 301 232 "http://robo.kadis.si/" "Mozilla/5.0 (Windows NT 6.1) AppleWebKit/537.36 (KHTML, like Gecko) Chrome/39.0.2171.71 Safari/537.36"
195.88.14.211 - - [04/Jan/2015:03:57:48 +0100] "GET / HTTP/1.0" 200 8111 "http://sl.robo.kadis.si/" "Mozilla/5.0 (Windows NT 6.1) AppleWebKit/537.36 (KHTML, like Gecko) Chrome/39.0.2171.71 Safari/537.36"
195.88.14.211 - - [04/Jan/2015:03:57:48 +0100] "GET /forum/ HTTP/1.0" 200 14307 "http://sl.robo.kadis.si/forum/" "Mozilla/5.0 (Windows NT 6.1) AppleWebKit/537.36 (KHTML, like Gecko) Chrome/39.0.2171.71 Safari/537.36"
195.88.14.211 - - [04/Jan/2015:03:57:49 +0100] "GET /forum/index.php HTTP/1.0" 404 - "http://sl.robo.kadis.si/index.php" "Mozilla/5.0 (Windows NT 6.1) AppleWebKit/537.36 (KHTML, like Gecko) Chrome/39.0.2171.71 Safari/537.36"
195.88.14.211 - - [04/Jan/2015:03:57:49 +0100] "GET /index.php HTTP/1.0" 200 14307 "http://sl.robo.kadis.si/index.php" "Mozilla/5.0 (Windows NT 6.1) AppleWebKit/537.36 (KHTML, like Gecko) Chrome/39.0.2171.71 Safari/537.36"
68.180.229.24 - - [04/Jan/2015:05:23:02 +0100] "GET /robots.txt HTTP/1.1" 404 208 "-" "Mozilla/5.0 (compatible; Yahoo! Slurp; http://help.yahoo.com/help/us/ysearch/slurp)"
68.180.229.24 - - [04/Jan/2015:05:23:02 +0100] "GET /?menu_item=SSWorkAdvertisment&menu_level=2 HTTP/1.1" 200 148 "-" "Mozilla/5.0 (compatible; Yahoo! Slurp; http://help.yahoo.com/help/us/ysearch/slurp)"
68.180.229.24 - - [04/Jan/2015:05:23:33 +0100] "GET /?menu_item=SSWorkAdvertisment&menu_level=2 HTTP/1.1" 200 148 "-" "Mozilla/5.0 (compatible; Yahoo! Slurp; http://help.yahoo.com/help/us/ysearch/slurp)"
68.180.229.24 - - [04/Jan/2015:05:24:04 +0100] "GET /?menu_item=SSWorkAdvertisment&menu_level=2 HTTP/1.1" 200 148 "-" "Mozilla/5.0 (compatible; Yahoo! Slurp; http://help.yahoo.com/help/us/ysearch/slurp)"
68.180.229.24 - - [04/Jan/2015:05:24:35 +0100] "GET /?menu_item=SSWorkAdvertisment&menu_level=2 HTTP/1.1" 200 148 "-" "Mozilla/5.0 (compatible; Yahoo! Slurp; http://help.yahoo.com/help/us/ysearch/slurp)"
68.180.229.24 - - [04/Jan/2015:05:25:06 +0100] "GET /?menu_item=SSWorkAdvertisment&menu_level=2 HTTP/1.1" 200 148 "-" "Mozilla/5.0 (compatible; Yahoo! Slurp; http://help.yahoo.com/help/us/ysearch/slurp)"
68.180.229.24 - - [04/Jan/2015:05:25:37 +0100] "GET /?menu_item=SSWorkAdvertisment&menu_level=2 HTTP/1.1" 200 148 "-" "Mozilla/5.0 (compatible; Yahoo! Slurp; http://help.yahoo.com/help/us/ysearch/slurp)"
213.143.80.10 - - [04/Jan/2015:05:35:03 +0100] "HEAD / HTTP/1.1" 200 - "-" "Mosad/2.0"
188.165.15.165 - - [04/Jan/2015:06:37:59 +0100] "GET /international-projects/gcrf/ HTTP/1.1" 200 3307 "-" "Mozilla/5.0 (compatible; AhrefsBot/5.0; +http://ahrefs.com/robot/)"
188.165.15.117 - - [04/Jan/2015:06:45:33 +0100] "GET /index.php?menu_item=item_4980 HTTP/1.1" 200 2144 "-" "Mozilla/5.0 (compatible; AhrefsBot/5.0; +http://ahrefs.com/robot/)"
188.165.15.165 - - [04/Jan/2015:08:16:30 +0100] "GET /index.php?menu_item=item_10357 HTTP/1.1" 200 3624 "-" "Mozilla/5.0 (compatible; AhrefsBot/5.0; +http://ahrefs.com/robot/)"
157.55.39.228 - - [04/Jan/2015:08:21:35 +0100] "GET / HTTP/1.1" 200 2761 "-" "Mozilla/5.0 (iPhone; CPU iPhone OS 7_0 like Mac OS X) AppleWebKit/537.51.1 (KHTML, like Gecko) Version/7.0 Mobile/11A465 Safari/9537.53 (compatible; bingbot/2.0; http://www.bing.com/bingbot.htm)"
65.55.210.8 - - [04/Jan/2015:08:21:39 +0100] "GET /varpulis/_js/basic.js HTTP/1.1" 200 4470 "http://sl.robo.kadis.si/" "Mozilla/5.0 (iPhone; CPU iPhone OS 7_0 like Mac OS X) AppleWebKit/537.51.1 (KHTML, like Gecko) Version/7.0 Mobile/11A465 Safari/9537.53 BingPreview/1.0b"
65.55.210.8 - - [04/Jan/2015:08:21:39 +0100] "GET /varpulis/_css/277_default.css HTTP/1.1" 200 36036 "http://sl.robo.kadis.si/" "Mozilla/5.0 (iPhone; CPU iPhone OS 7_0 like Mac OS X) AppleWebKit/537.51.1 (KHTML, like Gecko) Version/7.0 Mobile/11A465 Safari/9537.53 BingPreview/1.0b"
65.55.210.8 - - [04/Jan/2015:08:21:39 +0100] "GET /varpulis/_js/277_menu.js HTTP/1.1" 200 9444 "http://sl.robo.kadis.si/" "Mozilla/5.0 (iPhone; CPU iPhone OS 7_0 like Mac OS X) AppleWebKit/537.51.1 (KHTML, like Gecko) Version/7.0 Mobile/11A465 Safari/9537.53 BingPreview/1.0b"
65.55.210.8 - - [04/Jan/2015:08:21:40 +0100] "GET /sitedata/277/media/logo_z.jpg HTTP/1.1" 200 2750 "http://sl.robo.kadis.si/" "Mozilla/5.0 (iPhone; CPU iPhone OS 7_0 like Mac OS X) AppleWebKit/537.51.1 (KHTML, like Gecko) Version/7.0 Mobile/11A465 Safari/9537.53 BingPreview/1.0b"
65.55.210.8 - - [04/Jan/2015:08:21:40 +0100] "GET /sitedata/277/media/pasica%20robo2.jpg HTTP/1.1" 200 15118 "http://sl.robo.kadis.si/" "Mozilla/5.0 (iPhone; CPU iPhone OS 7_0 like Mac OS X) AppleWebKit/537.51.1 (KHTML, like Gecko) Version/7.0 Mobile/11A465 Safari/9537.53 BingPreview/1.0b"
65.55.210.8 - - [04/Jan/2015:08:21:40 +0100] "GET /sitedata/277/upload/Image/eu_logo_color2.jpg HTTP/1.1" 200 3342 "http://sl.robo.kadis.si/" "Mozilla/5.0 (iPhone; CPU iPhone OS 7_0 like Mac OS X) AppleWebKit/537.51.1 (KHTML, like Gecko) Version/7.0 Mobile/11A465 Safari/9537.53 BingPreview/1.0b"
65.55.210.8 - - [04/Jan/2015:08:21:40 +0100] "GET /sitedata/277/upload/Image/MDDSZ_logotip_color_3.jpg HTTP/1.1" 200 9050 "http://sl.robo.kadis.si/" "Mozilla/5.0 (iPhone; CPU iPhone OS 7_0 like Mac OS X) AppleWebKit/537.51.1 (KHTML, like Gecko) Version/7.0 Mobile/11A465 Safari/9537.53 BingPreview/1.0b"
65.55.210.8 - - [04/Jan/2015:08:21:40 +0100] "GET /imageColor.php?source=themes/Zaba/images/langBG.png&trueColor=1&color=ABDA4E HTTP/1.1" 200 144 "http://sl.robo.kadis.si/" "Mozilla/5.0 (iPhone; CPU iPhone OS 7_0 like Mac OS X) AppleWebKit/537.51.1 (KHTML, like Gecko) Version/7.0 Mobile/11A465 Safari/9537.53 BingPreview/1.0b"
65.55.210.8 - - [04/Jan/2015:08:21:40 +0100] "GET /imageFill.php?source=themes/Zaba/images/companyInfoBG.png&color=FFFFFF HTTP/1.1" 200 43 "http://sl.robo.kadis.si/" "Mozilla/5.0 (iPhone; CPU iPhone OS 7_0 like Mac OS X) AppleWebKit/537.51.1 (KHTML, like Gecko) Version/7.0 Mobile/11A465 Safari/9537.53 BingPreview/1.0b"
65.55.210.8 - - [04/Jan/2015:08:21:40 +0100] "GET /varpulis/_css/277_print.css HTTP/1.1" 200 14138 "http://sl.robo.kadis.si/" "Mozilla/5.0 (iPhone; CPU iPhone OS 7_0 like Mac OS X) AppleWebKit/537.51.1 (KHTML, like Gecko) Version/7.0 Mobile/11A465 Safari/9537.53 BingPreview/1.0b"
207.46.13.16 - - [04/Jan/2015:09:34:31 +0100] "GET /robots.txt HTTP/1.1" 404 208 "-" "Mozilla/5.0 (compatible; bingbot/2.0; +http://www.bing.com/bingbot.htm)"
207.46.13.16 - - [04/Jan/2015:09:34:47 +0100] "GET / HTTP/1.1" 200 148 "-" "Mozilla/5.0 (iPhone; CPU iPhone OS 7_0 like Mac OS X) AppleWebKit/537.51.1 (KHTML, like Gecko) Version/7.0 Mobile/11A465 Safari/9537.53 (compatible; bingbot/2.0; http://www.bing.com/bingbot.htm)"
112.18.73.11 - - [04/Jan/2015:10:02:58 +0100] "GET /obvestilo.pdf HTTP/1.1" 200 1089745 "http://student.kadis.si/obvestilo.pdf" "Mozilla/5.0 (Windows NT 6.1) AppleWebKit/537.1 (KHTML like Gecko) Chrome/21.0.1180.83 Safari/537.1"
117.177.242.171 - - [04/Jan/2015:10:19:24 +0100] "HEAD /obvestilo.pdf HTTP/1.1" 200 - "-" "-"
188.165.15.117 - - [04/Jan/2015:10:40:52 +0100] "GET /info/links/ HTTP/1.1" 200 3033 "-" "Mozilla/5.0 (compatible; AhrefsBot/5.0; +http://ahrefs.com/robot/)"
188.165.15.117 - - [04/Jan/2015:10:55:38 +0100] "GET /karierno-svetovanje/za-iskalce-zaposlitve-jasno-je/ HTTP/1.1" 200 3900 "-" "Mozilla/5.0 (compatible; AhrefsBot/5.0; +http://ahrefs.com/robot/)"
66.249.78.248 - - [04/Jan/2015:11:02:49 +0100] "GET /robots.txt HTTP/1.1" 200 147 "-" "Mozilla/5.0 (compatible; Googlebot/2.1; +http://www.google.com/bot.html)"
66.249.78.241 - - [04/Jan/2015:11:02:49 +0100] "GET /kje-smo/ HTTP/1.1" 200 1904 "-" "Mozilla/5.0 (compatible; Googlebot/2.1; +http://www.google.com/bot.html)"
188.165.15.241 - - [04/Jan/2015:11:24:21 +0100] "GET /index.php?menu_item=item_4991 HTTP/1.1" 200 4528 "-" "Mozilla/5.0 (compatible; AhrefsBot/5.0; +http://ahrefs.com/robot/)"
93.182.136.164 - - [04/Jan/2015:11:29:25 +0100] "GET / HTTP/1.0" 301 232 "http://robo.kadis.si/" "Mozilla/5.0 (Windows NT 6.3; WOW64) AppleWebKit/537.36 (KHTML, like Gecko) Chrome/35.0.1916.153 YaBrowser/14.7.1916.15705 Safari/537.36"
93.182.136.164 - - [04/Jan/2015:11:29:25 +0100] "GET / HTTP/1.0" 200 8111 "http://sl.robo.kadis.si/" "Mozilla/5.0 (Windows NT 6.3; WOW64) AppleWebKit/537.36 (KHTML, like Gecko) Chrome/35.0.1916.153 YaBrowser/14.7.1916.15705 Safari/537.36"
93.182.136.164 - - [04/Jan/2015:11:29:25 +0100] "GET /forum/ HTTP/1.0" 200 14307 "http://sl.robo.kadis.si/forum/" "Mozilla/5.0 (Windows NT 6.3; WOW64) AppleWebKit/537.36 (KHTML, like Gecko) Chrome/35.0.1916.153 YaBrowser/14.7.1916.15705 Safari/537.36"
66.249.69.157 - - [04/Jan/2015:11:57:30 +0100] "GET /spletno-ucenje/ HTTP/1.1" 200 4725 "-" "Mozilla/5.0 (compatible; Googlebot/2.1; +http://www.google.com/bot.html)"
223.86.78.235 - - [04/Jan/2015:12:23:08 +0100] "GET /sub/Kadis-vpisni-list.pdf HTTP/1.1" 200 30399 "http://student.kadis.si/sub/Kadis-vpisni-list.pdf" "Mozilla/5.0 (Windows NT 6.1) AppleWebKit/537.36 (KHTML like Gecko) Chrome/32.0.1700.107 Safari/537.36"
24.246.140.169 - - [04/Jan/2015:12:23:30 +0100] "GET /sub/Kadis-vpisni-list.pdf HTTP/1.1" 200 30399 "http://student.kadis.si/sub/Kadis-vpisni-list.pdf" "Mozilla/5.0 (Windows NT 6.2; WOW64; rv:25.0) Gecko/20100101 Firefox/25.0"
188.165.15.5 - - [04/Jan/2015:13:01:26 +0100] "GET / HTTP/1.1" 200 4346 "-" "Mozilla/5.0 (compatible; AhrefsBot/5.0; +http://ahrefs.com/robot/)"
66.249.78.66 - - [04/Jan/2015:13:18:03 +0100] "GET /robots.txt HTTP/1.1" 404 208 "-" "Mozilla/5.0 (compatible; Googlebot/2.1; +http://www.google.com/bot.html)"
188.165.15.165 - - [04/Jan/2015:13:18:56 +0100] "GET /index.php?menu_item=item_5133 HTTP/1.1" 200 2015 "-" "Mozilla/5.0 (compatible; AhrefsBot/5.0; +http://ahrefs.com/robot/)"
66.249.78.66 - - [04/Jan/2015:13:18:03 +0100] "GET / HTTP/1.1" 200 148 "-" "Mozilla/5.0 (compatible; Googlebot/2.1; +http://www.google.com/bot.html)"
188.165.15.136 - - [04/Jan/2015:14:25:35 +0100] "GET /iskanje-in-izbor-kadrov/postopek-iskanja-in-izbora-kadrov/ HTTP/1.1" 200 4809 "-" "Mozilla/5.0 (compatible; AhrefsBot/5.0; +http://ahrefs.com/robot/)"
66.249.78.241 - - [04/Jan/2015:15:04:22 +0100] "GET /kje-smo/ HTTP/1.1" 200 1904 "-" "Mozilla/5.0 (compatible; Googlebot/2.1; +http://www.google.com/bot.html)"
217.73.208.26 - - [04/Jan/2015:15:07:48 +0100] "GET / HTTP/1.1" 200 8111 "-" "Mozilla/5.0 (X11; Linux i686; rv:13.0) Gecko/20100101 Firefox/13.0.1"
188.165.15.160 - - [04/Jan/2015:15:23:08 +0100] "GET /karierno-svetovanje/trening-zaposlitvenega-razgovora/ HTTP/1.1" 200 4645 "-" "Mozilla/5.0 (compatible; AhrefsBot/5.0; +http://ahrefs.com/robot/)"
66.249.78.241 - - [04/Jan/2015:15:33:11 +0100] "GET /spletno-ucenje/ HTTP/1.1" 200 4725 "-" "Mozilla/5.0 (compatible; Googlebot/2.1; +http://www.google.com/bot.html)"
188.165.15.160 - - [04/Jan/2015:15:37:53 +0100] "GET /index.php?menu_item=item_5003 HTTP/1.1" 200 4645 "-" "Mozilla/5.0 (compatible; AhrefsBot/5.0; +http://ahrefs.com/robot/)"
188.165.15.44 - - [04/Jan/2015:16:26:34 +0100] "GET /index.php?menu_item=item_10351 HTTP/1.1" 200 3254 "-" "Mozilla/5.0 (compatible; AhrefsBot/5.0; +http://ahrefs.com/robot/)"
188.165.15.160 - - [04/Jan/2015:16:42:29 +0100] "GET /index.php?menu_item=item_14006 HTTP/1.1" 200 3317 "-" "Mozilla/5.0 (compatible; AhrefsBot/5.0; +http://ahrefs.com/robot/)"
5.254.147.247 - - [04/Jan/2015:16:49:08 +0100] "GET / HTTP/1.0" 301 232 "http://robo.kadis.si/" "Mozilla/5.0 (Windows NT 6.1; WOW64) AppleWebKit/537.36 (KHTML, like Gecko) Chrome/39.0.2171.65 Safari/537.36 OPR/26.0.1656.24"
5.254.147.247 - - [04/Jan/2015:16:49:08 +0100] "GET / HTTP/1.0" 200 8111 "http://sl.robo.kadis.si/" "Mozilla/5.0 (Windows NT 6.1; WOW64) AppleWebKit/537.36 (KHTML, like Gecko) Chrome/39.0.2171.65 Safari/537.36 OPR/26.0.1656.24"
5.254.147.247 - - [04/Jan/2015:16:49:09 +0100] "GET /forum/ HTTP/1.0" 200 14307 "http://sl.robo.kadis.si/forum/" "Mozilla/5.0 (Windows NT 6.1; WOW64) AppleWebKit/537.36 (KHTML, like Gecko) Chrome/39.0.2171.65 Safari/537.36 OPR/26.0.1656.24"
5.254.147.247 - - [04/Jan/2015:16:49:09 +0100] "GET /forum/index.php HTTP/1.0" 404 - "http://sl.robo.kadis.si/index.php" "Mozilla/5.0 (Windows NT 6.1; WOW64) AppleWebKit/537.36 (KHTML, like Gecko) Chrome/39.0.2171.65 Safari/537.36 OPR/26.0.1656.24"
5.254.147.247 - - [04/Jan/2015:16:49:10 +0100] "GET /index.php HTTP/1.0" 200 14307 "http://sl.robo.kadis.si/index.php" "Mozilla/5.0 (Windows NT 6.1; WOW64) AppleWebKit/537.36 (KHTML, like Gecko) Chrome/39.0.2171.65 Safari/537.36 OPR/26.0.1656.24"
