85.10.36.100 - - [29/Nov/2010:04:52:45 +0100] "GET / HTTP/1.1" 301 360 "-" "Mozilla/5.0 (compatible; Najdi.si/3.1)"
85.10.36.100 - - [29/Nov/2010:04:52:45 +0100] "GET / HTTP/1.1" 200 4031 "-" "Mozilla/5.0 (compatible; Najdi.si/3.1)"
85.10.36.100 - - [29/Nov/2010:04:52:46 +0100] "GET /sitemap.txt.gz HTTP/1.1" 301 374 "-" "Mozilla/5.0 (compatible; Najdi.si/3.1)"
85.10.36.100 - - [29/Nov/2010:04:52:46 +0100] "GET /sitemap.txt.gz HTTP/1.1" 404 - "-" "Mozilla/5.0 (compatible; Najdi.si/3.1)"
85.10.36.100 - - [29/Nov/2010:04:52:46 +0100] "GET /sitemap.xml.gz HTTP/1.1" 301 374 "-" "Mozilla/5.0 (compatible; Najdi.si/3.1)"
85.10.36.100 - - [29/Nov/2010:04:52:46 +0100] "GET /sitemap.xml.gz HTTP/1.1" 404 - "-" "Mozilla/5.0 (compatible; Najdi.si/3.1)"
85.10.36.100 - - [29/Nov/2010:04:52:46 +0100] "GET /sitemap.xml HTTP/1.1" 301 371 "-" "Mozilla/5.0 (compatible; Najdi.si/3.1)"
85.10.36.100 - - [29/Nov/2010:04:52:46 +0100] "GET /sitemap.xml HTTP/1.1" 404 - "-" "Mozilla/5.0 (compatible; Najdi.si/3.1)"
58.61.164.40 - - [29/Nov/2010:04:55:57 +0100] "GET / HTTP/1.1" 200 3025 "-" "Mozilla/4.0 (compatible; MSIE 6.0; Windows NT 5.1)"
85.10.36.100 - - [29/Nov/2010:04:55:54 +0100] "GET / HTTP/1.1" 200 12720 "-" "Mozilla/5.0 (compatible; Najdi.si/3.1)"
85.10.36.100 - - [29/Nov/2010:04:55:58 +0100] "GET /sitemap.txt.gz HTTP/1.1" 404 349 "-" "Mozilla/5.0 (compatible; Najdi.si/3.1)"
85.10.36.100 - - [29/Nov/2010:04:55:58 +0100] "GET /sitemap.xml.gz HTTP/1.1" 404 349 "-" "Mozilla/5.0 (compatible; Najdi.si/3.1)"
85.10.36.100 - - [29/Nov/2010:04:55:58 +0100] "GET /sitemap.xml HTTP/1.1" 404 346 "-" "Mozilla/5.0 (compatible; Najdi.si/3.1)"
67.195.115.49 - - [29/Nov/2010:04:56:39 +0100] "GET /robots.txt HTTP/1.0" 200 147 "-" "Mozilla/5.0 (compatible; Yahoo! Slurp; http://help.yahoo.com/help/us/ysearch/slurp)"
67.195.115.49 - - [29/Nov/2010:04:56:39 +0100] "GET /index.php?menu_item=item_10311 HTTP/1.0" 200 3025 "-" "Mozilla/5.0 (compatible; Yahoo! Slurp; http://help.yahoo.com/help/us/ysearch/slurp)"
207.46.194.110 - - [29/Nov/2010:04:58:50 +0100] "GET /robots.txt HTTP/1.1" 200 147 "-" "msnbot-media/1.1 (+http://search.msn.com/msnbot.htm)"
207.46.194.110 - - [29/Nov/2010:04:58:50 +0100] "GET /getfile.php?idHash=92f7b729dd087329bb5f0bab0902f04e HTTP/1.1" 200 19 "-" "msnbot-media/1.1 (+http://search.msn.com/msnbot.htm)"
207.46.194.110 - - [29/Nov/2010:04:58:51 +0100] "GET /druga-dejavnost/tabor-za-zoisove-stipendiste/galerija/ HTTP/1.1" 200 4220 "-" "msnbot-media/1.1 (+http://search.msn.com/msnbot.htm)"
66.249.65.193 - - [29/Nov/2010:04:59:35 +0100] "GET /robots.txt HTTP/1.1" 301 370 "-" "SAMSUNG-SGH-E250/1.0 Profile/MIDP-2.0 Configuration/CLDC-1.1 UP.Browser/6.2.3.3.c.1.101 (GUI) MMP/2.0 (compatible; Googlebot-Mobile/2.1; +http://www.google.com/bot.html)"
66.249.65.236 - - [29/Nov/2010:04:59:35 +0100] "GET /robots.txt HTTP/1.1" 200 147 "-" "SAMSUNG-SGH-E250/1.0 Profile/MIDP-2.0 Configuration/CLDC-1.1 UP.Browser/6.2.3.3.c.1.101 (GUI) MMP/2.0 (compatible; Googlebot-Mobile/2.1; +http://www.google.com/bot.html)"
66.249.65.193 - - [29/Nov/2010:04:59:35 +0100] "GET / HTTP/1.1" 301 360 "-" "SAMSUNG-SGH-E250/1.0 Profile/MIDP-2.0 Configuration/CLDC-1.1 UP.Browser/6.2.3.3.c.1.101 (GUI) MMP/2.0 (compatible; Googlebot-Mobile/2.1; +http://www.google.com/bot.html)"
66.249.65.236 - - [29/Nov/2010:04:59:36 +0100] "GET / HTTP/1.1" 200 4031 "-" "SAMSUNG-SGH-E250/1.0 Profile/MIDP-2.0 Configuration/CLDC-1.1 UP.Browser/6.2.3.3.c.1.101 (GUI) MMP/2.0 (compatible; Googlebot-Mobile/2.1; +http://www.google.com/bot.html)"
207.46.199.178 - - [29/Nov/2010:05:01:14 +0100] "GET /robots.txt HTTP/1.1" 200 147 "-" "Mozilla/5.0 (compatible; bingbot/2.0; +http://www.bing.com/bingbot.htm)"
220.181.108.82 - - [29/Nov/2010:05:04:59 +0100] "GET / HTTP/1.1" 301 360 "-" "Baiduspider+(+http://www.baidu.com/search/spider.htm)"
220.181.108.86 - - [29/Nov/2010:05:05:02 +0100] "GET / HTTP/1.1" 200 4031 "-" "Baiduspider+(+http://www.baidu.com/search/spider.htm)"
81.52.143.33 - - [29/Nov/2010:05:07:58 +0100] "GET /index.php?menu_item=item_5109 HTTP/1.1" 200 3182 "-" "Mozilla/5.0 (Windows; U; Windows NT 5.1; fr; rv:1.8.1) VoilaBot BETA 1.2 (support.voilabot@orange-ftgroup.com)"
58.61.164.40 - - [29/Nov/2010:05:12:08 +0100] "GET /zaposlitev/vpis-v-bazo-podatkov/ HTTP/1.1" 200 3320 "-" "Mozilla/4.0 (compatible; MSIE 6.0; Windows NT 5.1)"
85.10.32.222 - - [29/Nov/2010:05:12:15 +0100] "GET /kadis_dela.php HTTP/1.0" 200 14470 "-" "-"
67.195.115.49 - - [29/Nov/2010:05:15:46 +0100] "GET /legal-counsel/overview/ HTTP/1.0" 200 3065 "-" "Mozilla/5.0 (compatible; Yahoo! Slurp; http://help.yahoo.com/help/us/ysearch/slurp)"
122.152.52.37 - - [29/Nov/2010:05:17:25 +0100] "GET /legal-counsel/rights-obligations-and-responsibilities-of-the-employees/ HTTP/1.1" 200 3151 "-" "Opera/9.80 (Windows NT 5.1; U; en) Presto/2.6.30 Version/10.63"
122.152.52.37 - - [29/Nov/2010:05:17:27 +0100] "GET /varpulis/_js/basic.js HTTP/1.1" 200 4470 "http://en.kadis.si/legal-counsel/rights-obligations-and-responsibilities-of-the-employees/" "Opera/9.80 (Windows NT 5.1; U; en) Presto/2.6.30 Version/10.63"
122.152.52.37 - - [29/Nov/2010:05:17:27 +0100] "GET /sitedata/553/conf/custom.css.php HTTP/1.1" 200 77 "http://en.kadis.si/legal-counsel/rights-obligations-and-responsibilities-of-the-employees/" "Opera/9.80 (Windows NT 5.1; U; en) Presto/2.6.30 Version/10.63"
122.152.52.37 - - [29/Nov/2010:05:17:28 +0100] "GET /varpulis/_js/553_menu.js HTTP/1.1" 200 9444 "http://en.kadis.si/legal-counsel/rights-obligations-and-responsibilities-of-the-employees/" "Opera/9.80 (Windows NT 5.1; U; en) Presto/2.6.30 Version/10.63"
122.152.52.37 - - [29/Nov/2010:05:17:26 +0100] "GET /varpulis/_css/553_default.css HTTP/1.1" 200 36288 "http://en.kadis.si/legal-counsel/rights-obligations-and-responsibilities-of-the-employees/" "Opera/9.80 (Windows NT 5.1; U; en) Presto/2.6.30 Version/10.63"
122.152.52.37 - - [29/Nov/2010:05:17:27 +0100] "GET /varpulis/_css/553_print.css HTTP/1.1" 200 14138 "http://en.kadis.si/legal-counsel/rights-obligations-and-responsibilities-of-the-employees/" "Opera/9.80 (Windows NT 5.1; U; en) Presto/2.6.30 Version/10.63"
122.152.52.37 - - [29/Nov/2010:05:17:32 +0100] "GET /sitedata/553/media/logo.jpg HTTP/1.1" 200 3197 "http://en.kadis.si/legal-counsel/rights-obligations-and-responsibilities-of-the-employees/" "Opera/9.80 (Windows NT 5.1; U; en) Presto/2.6.30 Version/10.63"
122.152.52.37 - - [29/Nov/2010:05:17:32 +0100] "GET /sitedata/553/conf/alineja.png HTTP/1.1" 200 714 "http://en.kadis.si/legal-counsel/rights-obligations-and-responsibilities-of-the-employees/" "Opera/9.80 (Windows NT 5.1; U; en) Presto/2.6.30 Version/10.63"
122.152.52.37 - - [29/Nov/2010:05:17:32 +0100] "GET /sitedata/553/media/page/image%20fotka%2003.jpg HTTP/1.1" 200 57472 "http://en.kadis.si/legal-counsel/rights-obligations-and-responsibilities-of-the-employees/" "Opera/9.80 (Windows NT 5.1; U; en) Presto/2.6.30 Version/10.63"
122.152.52.37 - - [29/Nov/2010:05:17:38 +0100] "GET /favicon.ico HTTP/1.1" 404 - "http://en.kadis.si/legal-counsel/rights-obligations-and-responsibilities-of-the-employees/" "Opera/9.80 (Windows NT 5.1; U; en) Presto/2.6.30 Version/10.63"
122.152.52.37 - - [29/Nov/2010:05:17:56 +0100] "GET /imageColor.php?source=themes/Zaba/images/langBG.png&trueColor=1&color=ABDA4D HTTP/1.1" 200 144 "http://en.kadis.si/legal-counsel/rights-obligations-and-responsibilities-of-the-employees/" "Opera/9.80 (Windows NT 5.1; U; en) Presto/2.6.30 Version/10.63"
122.152.52.37 - - [29/Nov/2010:05:17:56 +0100] "GET /imageFill.php?source=themes/Zaba/images/companyInfoBG.png&color=FFFFFF HTTP/1.1" 200 43 "http://en.kadis.si/legal-counsel/rights-obligations-and-responsibilities-of-the-employees/" "Opera/9.80 (Windows NT 5.1; U; en) Presto/2.6.30 Version/10.63"
122.152.52.37 - - [29/Nov/2010:05:17:56 +0100] "GET /imageColorReplace.php?source=images/backgrounds/ozadje30.png&destination=bgImage_body&format=png&color1=EEF8DB&color2=ffffff HTTP/1.1" 200 499 "http://en.kadis.si/legal-counsel/rights-obligations-and-responsibilities-of-the-employees/" "Opera/9.80 (Windows NT 5.1; U; en) Presto/2.6.30 Version/10.63"
85.10.36.100 - - [29/Nov/2010:05:22:09 +0100] "GET / HTTP/1.1" 301 360 "-" "Mozilla/5.0 (compatible; Najdi.si/3.1)"
85.10.36.100 - - [29/Nov/2010:05:22:10 +0100] "GET / HTTP/1.1" 200 4031 "-" "Mozilla/5.0 (compatible; Najdi.si/3.1)"
85.10.36.100 - - [29/Nov/2010:05:22:13 +0100] "GET /sitemap.txt.gz HTTP/1.1" 301 374 "-" "Mozilla/5.0 (compatible; Najdi.si/3.1)"
85.10.36.100 - - [29/Nov/2010:05:22:13 +0100] "GET /sitemap.txt.gz HTTP/1.1" 404 - "-" "Mozilla/5.0 (compatible; Najdi.si/3.1)"
85.10.36.100 - - [29/Nov/2010:05:22:13 +0100] "GET /sitemap.xml.gz HTTP/1.1" 301 374 "-" "Mozilla/5.0 (compatible; Najdi.si/3.1)"
85.10.36.100 - - [29/Nov/2010:05:22:13 +0100] "GET /sitemap.xml.gz HTTP/1.1" 404 - "-" "Mozilla/5.0 (compatible; Najdi.si/3.1)"
85.10.36.100 - - [29/Nov/2010:05:22:13 +0100] "GET /sitemap.xml HTTP/1.1" 301 371 "-" "Mozilla/5.0 (compatible; Najdi.si/3.1)"
85.10.36.100 - - [29/Nov/2010:05:22:13 +0100] "GET /sitemap.xml HTTP/1.1" 404 - "-" "Mozilla/5.0 (compatible; Najdi.si/3.1)"
66.249.65.236 - - [29/Nov/2010:05:23:04 +0100] "GET /karierno-svetovanje/karierni-programi-za-sole/ HTTP/1.1" 200 6242 "-" "Mozilla/5.0 (compatible; Googlebot/2.1; +http://www.google.com/bot.html)"
207.46.13.43 - - [29/Nov/2010:05:24:25 +0100] "GET /robots.txt HTTP/1.1" 200 147 "-" "Mozilla/5.0 (compatible; bingbot/2.0; +http://www.bing.com/bingbot.htm)"
207.46.13.43 - - [29/Nov/2010:05:36:35 +0100] "GET /zaposlitev/prosta-delovna-mesta/ HTTP/1.1" 200 3182 "-" "Mozilla/5.0 (compatible; bingbot/2.0; +http://www.bing.com/bingbot.htm)"
66.249.65.236 - - [29/Nov/2010:05:37:14 +0100] "GET /iskanje-in-izbor-kadrov/postopek-iskanja-in-izbora-kadrov/ HTTP/1.1" 200 4085 "-" "Mozilla/5.0 (compatible; Googlebot/2.1; +http://www.google.com/bot.html)"
124.115.0.109 - - [29/Nov/2010:05:38:40 +0100] "GET /index.php?menu_item=item_4992 HTTP/1.1" 200 3764 "-" "Sosospider+(+http://help.soso.com/webspider.htm)"
58.61.164.139 - - [29/Nov/2010:05:39:11 +0100] "GET / HTTP/1.1" 200 4031 "-" "Mozilla/4.0 (compatible; MSIE 6.0; Windows NT 5.1)"
66.249.65.236 - - [29/Nov/2010:05:40:16 +0100] "GET /druga-dejavnost/mednarodni-projekti/tekoci-projekti/ccw/konferenca-novi-pristopi-h-karierni-orientaciji/ HTTP/1.1" 200 7137 "-" "Mozilla/5.0 (compatible; Googlebot/2.1; +http://www.google.com/bot.html)"
218.213.130.98 - - [29/Nov/2010:05:50:21 +0100] "GET /prijava/ HTTP/1.1" 200 16821 "-" "DoCoMo/2.0 P900i(c100;TB;W24H11)(compatible; ichiro/mobile goo;+http://help.goo.ne.jp/door/crawler.html)"
88.131.106.22 - - [29/Nov/2010:05:50:33 +0100] "GET /robots.txt HTTP/1.0" 200 147 "-" "Mozilla/5.0 (Windows; U; Windows NT 5.1; en-US) Speedy Spider (http://www.entireweb.com/about/search_tech/speedy_spider/)"
88.131.106.22 - - [29/Nov/2010:05:50:33 +0100] "GET /karierno-svetovanje/trening-zaposlitvenega-razgovora/ HTTP/1.0" 200 3904 "-" "Mozilla/5.0 (Windows; U; Windows NT 5.1; en-US) Speedy Spider (http://www.entireweb.com/about/search_tech/speedy_spider/)"
207.46.12.238 - - [29/Nov/2010:05:51:04 +0100] "GET /druga-dejavnost/mednarodni-projekti/tekoci-projekti/seiling/ HTTP/1.1" 200 3990 "-" "Mozilla/5.0 (compatible; bingbot/2.0; +http://www.bing.com/bingbot.htm)"
85.10.36.100 - - [29/Nov/2010:05:52:33 +0100] "GET / HTTP/1.1" 301 360 "-" "Mozilla/5.0 (compatible; Najdi.si/3.1)"
85.10.36.100 - - [29/Nov/2010:05:52:33 +0100] "GET / HTTP/1.1" 200 4031 "-" "Mozilla/5.0 (compatible; Najdi.si/3.1)"
85.10.36.100 - - [29/Nov/2010:05:52:40 +0100] "GET /sitemap.txt.gz HTTP/1.1" 301 374 "-" "Mozilla/5.0 (compatible; Najdi.si/3.1)"
85.10.36.100 - - [29/Nov/2010:05:52:40 +0100] "GET /sitemap.txt.gz HTTP/1.1" 404 - "-" "Mozilla/5.0 (compatible; Najdi.si/3.1)"
85.10.36.100 - - [29/Nov/2010:05:52:40 +0100] "GET /sitemap.xml.gz HTTP/1.1" 301 374 "-" "Mozilla/5.0 (compatible; Najdi.si/3.1)"
85.10.36.100 - - [29/Nov/2010:05:52:40 +0100] "GET /sitemap.xml.gz HTTP/1.1" 404 - "-" "Mozilla/5.0 (compatible; Najdi.si/3.1)"
85.10.36.100 - - [29/Nov/2010:05:52:41 +0100] "GET /sitemap.xml HTTP/1.1" 301 371 "-" "Mozilla/5.0 (compatible; Najdi.si/3.1)"
85.10.36.100 - - [29/Nov/2010:05:52:42 +0100] "GET /sitemap.xml HTTP/1.1" 404 - "-" "Mozilla/5.0 (compatible; Najdi.si/3.1)"
66.249.65.236 - - [29/Nov/2010:05:53:27 +0100] "GET /kadrovska-dejavnost/pravice-obveznosti-in-odgovornosti-delavcev/ HTTP/1.1" 200 3904 "-" "Mozilla/5.0 (compatible; Googlebot/2.1; +http://www.google.com/bot.html)"
90.157.136.90 - - [29/Nov/2010:06:07:09 +0100] "GET /index.php?menu_item=item_5109 HTTP/1.1" 200 3182 "http://www.prosnja.info/prosta_delovna_mesta.html" "Mozilla/4.0 (compatible; MSIE 8.0; Windows NT 6.1; Trident/4.0; SLCC2; .NET CLR 2.0.50727; .NET CLR 3.5.30729; .NET CLR 3.0.30729; Media Center PC 6.0)"
90.157.136.90 - - [29/Nov/2010:06:07:09 +0100] "GET /sitedata/282/conf/custom.css.php HTTP/1.1" 200 114 "http://sl.kadis.si/index.php?menu_item=item_5109" "Mozilla/4.0 (compatible; MSIE 8.0; Windows NT 6.1; Trident/4.0; SLCC2; .NET CLR 2.0.50727; .NET CLR 3.5.30729; .NET CLR 3.0.30729; Media Center PC 6.0)"
90.157.136.90 - - [29/Nov/2010:06:07:09 +0100] "GET /varpulis/_css/282_default.css.gz HTTP/1.1" 200 6287 "http://sl.kadis.si/index.php?menu_item=item_5109" "Mozilla/4.0 (compatible; MSIE 8.0; Windows NT 6.1; Trident/4.0; SLCC2; .NET CLR 2.0.50727; .NET CLR 3.5.30729; .NET CLR 3.0.30729; Media Center PC 6.0)"
90.157.136.90 - - [29/Nov/2010:06:07:09 +0100] "GET /varpulis/_css/282_print.css.gz HTTP/1.1" 200 2634 "http://sl.kadis.si/index.php?menu_item=item_5109" "Mozilla/4.0 (compatible; MSIE 8.0; Windows NT 6.1; Trident/4.0; SLCC2; .NET CLR 2.0.50727; .NET CLR 3.5.30729; .NET CLR 3.0.30729; Media Center PC 6.0)"
90.157.136.90 - - [29/Nov/2010:06:07:09 +0100] "GET /varpulis/_js/basic.js HTTP/1.1" 200 4470 "http://sl.kadis.si/index.php?menu_item=item_5109" "Mozilla/4.0 (compatible; MSIE 8.0; Windows NT 6.1; Trident/4.0; SLCC2; .NET CLR 2.0.50727; .NET CLR 3.5.30729; .NET CLR 3.0.30729; Media Center PC 6.0)"
90.157.136.90 - - [29/Nov/2010:06:07:10 +0100] "GET /varpulis/_js/282_menu.js HTTP/1.1" 200 9444 "http://sl.kadis.si/index.php?menu_item=item_5109" "Mozilla/4.0 (compatible; MSIE 8.0; Windows NT 6.1; Trident/4.0; SLCC2; .NET CLR 2.0.50727; .NET CLR 3.5.30729; .NET CLR 3.0.30729; Media Center PC 6.0)"
90.157.136.90 - - [29/Nov/2010:06:07:10 +0100] "GET /sitedata/282/media/kadis_logo.jpg HTTP/1.1" 200 7784 "http://sl.kadis.si/index.php?menu_item=item_5109" "Mozilla/4.0 (compatible; MSIE 8.0; Windows NT 6.1; Trident/4.0; SLCC2; .NET CLR 2.0.50727; .NET CLR 3.5.30729; .NET CLR 3.0.30729; Media Center PC 6.0)"
90.157.136.90 - - [29/Nov/2010:06:07:10 +0100] "GET /imageColorReplace.php?source=images/backgrounds/ozadje30.png&destination=bgImage_body&format=png&color1=EEF8DB&color2=FFFFFF HTTP/1.1" 200 499 "http://sl.kadis.si/index.php?menu_item=item_5109" "Mozilla/4.0 (compatible; MSIE 8.0; Windows NT 6.1; Trident/4.0; SLCC2; .NET CLR 2.0.50727; .NET CLR 3.5.30729; .NET CLR 3.0.30729; Media Center PC 6.0)"
90.157.136.90 - - [29/Nov/2010:06:07:10 +0100] "GET /sitedata/282/media/page/kadis_image.jpg HTTP/1.1" 200 48614 "http://sl.kadis.si/index.php?menu_item=item_5109" "Mozilla/4.0 (compatible; MSIE 8.0; Windows NT 6.1; Trident/4.0; SLCC2; .NET CLR 2.0.50727; .NET CLR 3.5.30729; .NET CLR 3.0.30729; Media Center PC 6.0)"
90.157.136.90 - - [29/Nov/2010:06:07:10 +0100] "GET /imageColor.php?source=themes/Zaba/images/langBG.png&trueColor=1&color=ABDA4D HTTP/1.1" 200 144 "http://sl.kadis.si/index.php?menu_item=item_5109" "Mozilla/4.0 (compatible; MSIE 8.0; Windows NT 6.1; Trident/4.0; SLCC2; .NET CLR 2.0.50727; .NET CLR 3.5.30729; .NET CLR 3.0.30729; Media Center PC 6.0)"
90.157.136.90 - - [29/Nov/2010:06:07:10 +0100] "GET /sitedata/282/conf/alineja.png HTTP/1.1" 200 714 "http://sl.kadis.si/index.php?menu_item=item_5109" "Mozilla/4.0 (compatible; MSIE 8.0; Windows NT 6.1; Trident/4.0; SLCC2; .NET CLR 2.0.50727; .NET CLR 3.5.30729; .NET CLR 3.0.30729; Media Center PC 6.0)"
90.157.136.90 - - [29/Nov/2010:06:07:10 +0100] "GET /imageFill.php?source=themes/Zaba/images/companyInfoBG.png&color=FFFFFF HTTP/1.1" 200 43 "http://sl.kadis.si/index.php?menu_item=item_5109" "Mozilla/4.0 (compatible; MSIE 8.0; Windows NT 6.1; Trident/4.0; SLCC2; .NET CLR 2.0.50727; .NET CLR 3.5.30729; .NET CLR 3.0.30729; Media Center PC 6.0)"
90.157.136.90 - - [29/Nov/2010:06:07:13 +0100] "GET /favicon.ico HTTP/1.1" 404 - "-" "Mozilla/4.0 (compatible; MSIE 8.0; Windows NT 6.1; Trident/4.0; SLCC2; .NET CLR 2.0.50727; .NET CLR 3.5.30729; .NET CLR 3.0.30729; Media Center PC 6.0)"
66.249.65.236 - - [29/Nov/2010:06:07:36 +0100] "GET /izobrazevanje/ HTTP/1.1" 200 4102 "-" "Mozilla/5.0 (compatible; Googlebot/2.1; +http://www.google.com/bot.html)"
58.61.164.139 - - [29/Nov/2010:06:19:52 +0100] "GET / HTTP/1.1" 200 3025 "-" "Mozilla/4.0 (compatible; MSIE 6.0; Windows NT 5.1)"
67.195.115.49 - - [29/Nov/2010:06:22:07 +0100] "GET /education/professional-qualifications-for-construction-workers/ HTTP/1.0" 200 12209 "-" "Mozilla/5.0 (compatible; Yahoo! Slurp; http://help.yahoo.com/help/us/ysearch/slurp)"
85.10.36.100 - - [29/Nov/2010:06:23:05 +0100] "GET / HTTP/1.1" 301 360 "-" "Mozilla/5.0 (compatible; Najdi.si/3.1)"
85.10.36.100 - - [29/Nov/2010:06:23:07 +0100] "GET / HTTP/1.1" 200 4031 "-" "Mozilla/5.0 (compatible; Najdi.si/3.1)"
85.10.36.100 - - [29/Nov/2010:06:23:21 +0100] "GET /sitemap.txt.gz HTTP/1.1" 301 374 "-" "Mozilla/5.0 (compatible; Najdi.si/3.1)"
85.10.36.100 - - [29/Nov/2010:06:23:21 +0100] "GET /sitemap.txt.gz HTTP/1.1" 404 - "-" "Mozilla/5.0 (compatible; Najdi.si/3.1)"
85.10.36.100 - - [29/Nov/2010:06:23:22 +0100] "GET /sitemap.xml.gz HTTP/1.1" 301 374 "-" "Mozilla/5.0 (compatible; Najdi.si/3.1)"
85.10.36.100 - - [29/Nov/2010:06:23:22 +0100] "GET /sitemap.xml.gz HTTP/1.1" 404 - "-" "Mozilla/5.0 (compatible; Najdi.si/3.1)"
85.10.36.100 - - [29/Nov/2010:06:23:22 +0100] "GET /sitemap.xml HTTP/1.1" 301 371 "-" "Mozilla/5.0 (compatible; Najdi.si/3.1)"
85.10.36.100 - - [29/Nov/2010:06:23:22 +0100] "GET /sitemap.xml HTTP/1.1" 404 - "-" "Mozilla/5.0 (compatible; Najdi.si/3.1)"
66.249.65.236 - - [29/Nov/2010:06:23:47 +0100] "GET /vizitka/osnovni-podatki/ HTTP/1.1" 200 3537 "-" "Mozilla/5.0 (compatible; Googlebot/2.1; +http://www.google.com/bot.html)"
88.131.106.22 - - [29/Nov/2010:06:26:42 +0100] "GET /robots.txt HTTP/1.0" 200 147 "-" "Mozilla/5.0 (Windows; U; Windows NT 5.1; en-US) Speedy Spider (http://www.entireweb.com/about/search_tech/speedy_spider/)"
88.131.106.22 - - [29/Nov/2010:06:26:42 +0100] "GET /international-projects/kontakt/ HTTP/1.0" 200 2697 "-" "Mozilla/5.0 (Windows; U; Windows NT 5.1; en-US) Speedy Spider (http://www.entireweb.com/about/search_tech/speedy_spider/)"
67.195.112.174 - - [29/Nov/2010:06:27:58 +0100] "GET /robots.txt HTTP/1.0" 301 370 "-" "Mozilla/5.0 (compatible; Yahoo! Slurp; http://help.yahoo.com/help/us/ysearch/slurp)"
67.195.112.174 - - [29/Nov/2010:06:28:00 +0100] "GET /robots.txt HTTP/1.0" 200 147 "-" "Mozilla/5.0 (compatible; Yahoo! Slurp; http://help.yahoo.com/help/us/ysearch/slurp)"
67.195.112.174 - - [29/Nov/2010:06:28:00 +0100] "GET / HTTP/1.0" 301 360 "-" "Mozilla/5.0 (compatible; Yahoo! Slurp; http://help.yahoo.com/help/us/ysearch/slurp)"
67.195.110.172 - - [29/Nov/2010:06:28:02 +0100] "GET / HTTP/1.0" 200 4031 "-" "Mozilla/5.0 (compatible; Yahoo! Slurp; http://help.yahoo.com/help/us/ysearch/slurp)"
124.115.1.7 - - [29/Nov/2010:06:28:55 +0100] "GET / HTTP/1.1" 200 3025 "-" "Mozilla/4.0 (compatible; MSIE 6.0; Windows NT 5.1)"
124.115.1.8 - - [29/Nov/2010:06:30:02 +0100] "GET / HTTP/1.1" 200 3025 "-" "Mozilla/4.0 (compatible; MSIE 6.0; Windows NT 5.1)"
67.195.115.49 - - [29/Nov/2010:06:32:23 +0100] "GET /job-seeker-programs/study-groups/ HTTP/1.0" 200 3391 "-" "Mozilla/5.0 (compatible; Yahoo! Slurp; http://help.yahoo.com/help/us/ysearch/slurp)"
66.249.65.236 - - [29/Nov/2010:06:33:54 +0100] "GET /iskanje-in-izbor-kadrov/oddaja-narocila/ HTTP/1.1" 200 4487 "-" "Mozilla/5.0 (compatible; Googlebot/2.1; +http://www.google.com/bot.html)"
66.249.65.236 - - [29/Nov/2010:06:40:59 +0100] "GET /karierno-svetovanje/delavnice-za-iskanje-zaposlitve/ HTTP/1.1" 200 3898 "-" "Mozilla/5.0 (compatible; Googlebot/2.1; +http://www.google.com/bot.html)"
66.249.65.236 - - [29/Nov/2010:06:43:00 +0100] "GET /kadrovska-dejavnost/zaposlovanje-in-delo-tujcev/ HTTP/1.1" 200 3764 "-" "Mozilla/5.0 (compatible; Googlebot/2.1; +http://www.google.com/bot.html)"
207.46.199.180 - - [29/Nov/2010:06:43:22 +0100] "GET /robots.txt HTTP/1.1" 200 147 "-" "Mozilla/5.0 (compatible; bingbot/2.0; +http://www.bing.com/bingbot.htm)"
66.249.65.236 - - [29/Nov/2010:06:48:04 +0100] "GET /druga-dejavnost/mediacija/druzinska-mediacija/ HTTP/1.1" 200 4612 "-" "Mozilla/5.0 (compatible; Googlebot/2.1; +http://www.google.com/bot.html)"
66.249.65.236 - - [29/Nov/2010:06:52:13 +0100] "GET /druga-dejavnost/mednarodni-projekti/zakljuceni-projekti/eurotrainers/ HTTP/1.1" 200 3714 "-" "Mozilla/5.0 (compatible; Googlebot/2.1; +http://www.google.com/bot.html)"
85.10.36.100 - - [29/Nov/2010:06:53:01 +0100] "GET / HTTP/1.1" 301 360 "-" "Mozilla/5.0 (compatible; Najdi.si/3.1)"
85.10.36.100 - - [29/Nov/2010:06:53:01 +0100] "GET / HTTP/1.1" 200 4031 "-" "Mozilla/5.0 (compatible; Najdi.si/3.1)"
85.10.36.100 - - [29/Nov/2010:06:53:03 +0100] "GET /sitemap.txt.gz HTTP/1.1" 301 374 "-" "Mozilla/5.0 (compatible; Najdi.si/3.1)"
85.10.36.100 - - [29/Nov/2010:06:53:03 +0100] "GET /sitemap.txt.gz HTTP/1.1" 404 - "-" "Mozilla/5.0 (compatible; Najdi.si/3.1)"
85.10.36.100 - - [29/Nov/2010:06:53:03 +0100] "GET /sitemap.xml.gz HTTP/1.1" 301 374 "-" "Mozilla/5.0 (compatible; Najdi.si/3.1)"
85.10.36.100 - - [29/Nov/2010:06:53:03 +0100] "GET /sitemap.xml.gz HTTP/1.1" 404 - "-" "Mozilla/5.0 (compatible; Najdi.si/3.1)"
85.10.36.100 - - [29/Nov/2010:06:53:04 +0100] "GET /sitemap.xml HTTP/1.1" 301 371 "-" "Mozilla/5.0 (compatible; Najdi.si/3.1)"
85.10.36.100 - - [29/Nov/2010:06:53:04 +0100] "GET /sitemap.xml HTTP/1.1" 404 - "-" "Mozilla/5.0 (compatible; Najdi.si/3.1)"
124.115.0.159 - - [29/Nov/2010:06:53:39 +0100] "GET / HTTP/1.1" 301 360 "-" "Sosospider+(+http://help.soso.com/webspider.htm)"
124.115.0.159 - - [29/Nov/2010:06:53:41 +0100] "GET / HTTP/1.1" 200 4031 "-" "Sosospider+(+http://help.soso.com/webspider.htm)"
91.201.66.91 - - [29/Nov/2010:06:54:53 +0100] "GET /index.php HTTP/1.0" 200 20010 "http://sl.kadis.si/index.php" "Mozilla/4.0 (compatible; MSIE 6.0; Windows 98; Win 9x 4.90)"
91.201.66.91 - - [29/Nov/2010:06:54:58 +0100] "GET /index.php?menu_item=item_4952 HTTP/1.0" 200 20010 "http://sl.kadis.si/index.php?menu_item=item_4952" "Mozilla/4.0 (compatible; MSIE 6.0; Windows 98; Win 9x 4.90)"
91.201.66.91 - - [29/Nov/2010:06:55:00 +0100] "GET /index.php HTTP/1.0" 200 20010 "http://sl.kadis.si/index.php" "Mozilla/4.0 (compatible; MSIE 6.0; Windows 98; Win 9x 4.90)"
85.10.36.100 - - [29/Nov/2010:06:57:17 +0100] "GET / HTTP/1.1" 200 12720 "-" "Mozilla/5.0 (compatible; Najdi.si/3.1)"
178.154.163.29 - - [29/Nov/2010:06:57:27 +0100] "GET / HTTP/1.1" 200 4031 "-" "Mozilla/5.0 (compatible; YandexBot/3.0; +http://yandex.com/bots)"
85.10.36.100 - - [29/Nov/2010:06:57:28 +0100] "GET /sitemap.txt.gz HTTP/1.1" 404 349 "-" "Mozilla/5.0 (compatible; Najdi.si/3.1)"
85.10.36.100 - - [29/Nov/2010:06:57:28 +0100] "GET /sitemap.xml.gz HTTP/1.1" 404 349 "-" "Mozilla/5.0 (compatible; Najdi.si/3.1)"
85.10.36.100 - - [29/Nov/2010:06:57:28 +0100] "GET /sitemap.xml HTTP/1.1" 404 346 "-" "Mozilla/5.0 (compatible; Najdi.si/3.1)"
66.249.65.236 - - [29/Nov/2010:07:05:16 +0100] "GET /izobrazevanje/tuji-jeziki/ HTTP/1.1" 200 4120 "-" "Mozilla/5.0 (compatible; Googlebot/2.1; +http://www.google.com/bot.html)"
65.52.109.59 - - [29/Nov/2010:07:05:41 +0100] "GET /robots.txt HTTP/1.1" 200 147 "-" "Mozilla/5.0 (compatible; bingbot/2.0; +http://www.bing.com/bingbot.htm)"
66.249.65.236 - - [29/Nov/2010:07:06:17 +0100] "GET /druga-dejavnost/mednarodni-projekti/tekoci-projekti/ccw/ HTTP/1.1" 200 4184 "-" "Mozilla/5.0 (compatible; Googlebot/2.1; +http://www.google.com/bot.html)"
66.249.65.236 - - [29/Nov/2010:07:07:17 +0100] "GET /druga-dejavnost/mediacija/ HTTP/1.1" 200 3129 "-" "Mozilla/5.0 (compatible; Googlebot/2.1; +http://www.google.com/bot.html)"
65.52.109.59 - - [29/Nov/2010:07:08:04 +0100] "GET /karierno-svetovanje/predstavitev/ HTTP/1.1" 200 3936 "-" "Mozilla/5.0 (compatible; bingbot/2.0; +http://www.bing.com/bingbot.htm)"
66.249.65.236 - - [29/Nov/2010:07:08:18 +0100] "GET /druga-dejavnost/mednarodni-projekti/zakljuceni-projekti/winkit/ HTTP/1.1" 200 4835 "-" "Mozilla/5.0 (compatible; Googlebot/2.1; +http://www.google.com/bot.html)"
66.249.65.236 - - [29/Nov/2010:07:09:19 +0100] "GET /druga-dejavnost/mednarodni-projekti/zakljuceni-projekti/abata/ HTTP/1.1" 200 4559 "-" "Mozilla/5.0 (compatible; Googlebot/2.1; +http://www.google.com/bot.html)"
66.249.65.236 - - [29/Nov/2010:07:10:19 +0100] "GET /vizitka/clanki/ HTTP/1.1" 200 3534 "-" "Mozilla/5.0 (compatible; Googlebot/2.1; +http://www.google.com/bot.html)"
218.213.130.98 - - [29/Nov/2010:07:10:53 +0100] "GET /index.php?menu_item=item_5109 HTTP/1.1" 200 15213 "-" "DoCoMo/2.0 P900i(c100;TB;W24H11)(compatible; ichiro/mobile goo;+http://help.goo.ne.jp/door/crawler.html)"
207.46.195.233 - - [29/Nov/2010:07:12:54 +0100] "GET /robots.txt HTTP/1.1" 200 147 "-" "Mozilla/5.0 (compatible; bingbot/2.0; +http://www.bing.com/bingbot.htm)"
207.46.195.233 - - [29/Nov/2010:07:15:05 +0100] "GET /index.php?menu_item=item_10372 HTTP/1.1" 200 2822 "-" "Mozilla/5.0 (compatible; bingbot/2.0; +http://www.bing.com/bingbot.htm)"
66.249.65.236 - - [29/Nov/2010:07:18:25 +0100] "GET /izobrazevanje/prijavnica/ HTTP/1.1" 200 4324 "-" "Mozilla/5.0 (compatible; Googlebot/2.1; +http://www.google.com/bot.html)"
207.46.199.37 - - [29/Nov/2010:07:18:34 +0100] "GET /education/offer/ HTTP/1.1" 200 3291 "-" "Mozilla/5.0 (compatible; bingbot/2.0; +http://www.bing.com/bingbot.htm)"
85.10.36.100 - - [29/Nov/2010:07:22:37 +0100] "GET / HTTP/1.1" 301 360 "-" "Mozilla/5.0 (compatible; Najdi.si/3.1)"
85.10.36.100 - - [29/Nov/2010:07:22:37 +0100] "GET / HTTP/1.1" 200 4031 "-" "Mozilla/5.0 (compatible; Najdi.si/3.1)"
85.10.36.100 - - [29/Nov/2010:07:22:38 +0100] "GET /sitemap.txt.gz HTTP/1.1" 301 374 "-" "Mozilla/5.0 (compatible; Najdi.si/3.1)"
85.10.36.100 - - [29/Nov/2010:07:22:39 +0100] "GET /sitemap.txt.gz HTTP/1.1" 404 - "-" "Mozilla/5.0 (compatible; Najdi.si/3.1)"
85.10.36.100 - - [29/Nov/2010:07:22:39 +0100] "GET /sitemap.xml.gz HTTP/1.1" 301 374 "-" "Mozilla/5.0 (compatible; Najdi.si/3.1)"
85.10.36.100 - - [29/Nov/2010:07:22:39 +0100] "GET /sitemap.xml.gz HTTP/1.1" 404 - "-" "Mozilla/5.0 (compatible; Najdi.si/3.1)"
85.10.36.100 - - [29/Nov/2010:07:22:39 +0100] "GET /sitemap.xml HTTP/1.1" 301 371 "-" "Mozilla/5.0 (compatible; Najdi.si/3.1)"
85.10.36.100 - - [29/Nov/2010:07:22:39 +0100] "GET /sitemap.xml HTTP/1.1" 404 - "-" "Mozilla/5.0 (compatible; Najdi.si/3.1)"
66.249.65.236 - - [29/Nov/2010:07:23:28 +0100] "GET /druga-dejavnost/ HTTP/1.1" 200 3908 "-" "Mozilla/5.0 (compatible; Googlebot/2.1; +http://www.google.com/bot.html)"
207.46.13.91 - - [29/Nov/2010:07:24:34 +0100] "GET /druga-dejavnost/mednarodni-projekti/zakljuceni-projekti/abata/ HTTP/1.1" 200 4559 "-" "Mozilla/5.0 (compatible; bingbot/2.0; +http://www.bing.com/bingbot.htm)"
178.154.163.29 - - [29/Nov/2010:07:26:42 +0100] "GET /international-projects/seiling/ HTTP/1.1" 200 3104 "-" "Mozilla/5.0 (compatible; YandexBot/3.0; +http://yandex.com/bots)"
66.249.65.236 - - [29/Nov/2010:07:30:33 +0100] "GET /druga-dejavnost/mednarodni-projekti/tekoci-projekti/trainframe/ HTTP/1.1" 200 3211 "-" "Mozilla/5.0 (compatible; Googlebot/2.1; +http://www.google.com/bot.html)"
66.249.65.236 - - [29/Nov/2010:07:40:40 +0100] "GET /index.php?menu_item=item_9958 HTTP/1.1" 200 3635 "-" "Mozilla/5.0 (compatible; Googlebot/2.1; +http://www.google.com/bot.html)"
207.46.13.54 - - [29/Nov/2010:07:47:35 +0100] "GET /index.php?menu_item=item_4971 HTTP/1.1" 200 4486 "-" "Mozilla/5.0 (compatible; bingbot/2.0; +http://www.bing.com/bingbot.htm)"
157.55.16.231 - - [29/Nov/2010:07:49:04 +0100] "GET /pravni-poduk/ HTTP/1.1" 200 4218 "-" "Mozilla/5.0 (compatible; bingbot/2.0; +http://www.bing.com/bingbot.htm)"
193.77.157.109 - - [29/Nov/2010:07:49:18 +0100] "GET / HTTP/1.1" 200 4031 "-" "Mozilla/5.0 (Windows; U; Windows NT 5.1; sl; rv:1.9.2.12) Gecko/20101026 Firefox/3.6.12 ( .NET CLR 3.5.30729)"
193.77.157.109 - - [29/Nov/2010:07:49:18 +0100] "GET /sitedata/282/conf/custom.css.php HTTP/1.1" 200 114 "http://sl.kadis.si/" "Mozilla/5.0 (Windows; U; Windows NT 5.1; sl; rv:1.9.2.12) Gecko/20101026 Firefox/3.6.12 ( .NET CLR 3.5.30729)"
193.77.157.109 - - [29/Nov/2010:07:49:19 +0100] "GET /sitedata/282/media/kadis_logo.jpg HTTP/1.1" 200 7784 "http://sl.kadis.si/" "Mozilla/5.0 (Windows; U; Windows NT 5.1; sl; rv:1.9.2.12) Gecko/20101026 Firefox/3.6.12 ( .NET CLR 3.5.30729)"
193.77.157.109 - - [29/Nov/2010:07:49:19 +0100] "GET /sitedata/282/media/page/kadis_image.jpg HTTP/1.1" 200 48614 "http://sl.kadis.si/" "Mozilla/5.0 (Windows; U; Windows NT 5.1; sl; rv:1.9.2.12) Gecko/20101026 Firefox/3.6.12 ( .NET CLR 3.5.30729)"
193.77.157.109 - - [29/Nov/2010:07:49:20 +0100] "GET /imageColorReplace.php?source=images/backgrounds/ozadje30.png&destination=bgImage_body&format=png&color1=EEF8DB&color2=FFFFFF HTTP/1.1" 200 499 "http://sl.kadis.si/varpulis/_css/282_default.css.gz" "Mozilla/5.0 (Windows; U; Windows NT 5.1; sl; rv:1.9.2.12) Gecko/20101026 Firefox/3.6.12 ( .NET CLR 3.5.30729)"
193.77.157.109 - - [29/Nov/2010:07:49:20 +0100] "GET /imageColor.php?source=themes/Zaba/images/langBG.png&trueColor=1&color=ABDA4D HTTP/1.1" 200 144 "http://sl.kadis.si/varpulis/_css/282_default.css.gz" "Mozilla/5.0 (Windows; U; Windows NT 5.1; sl; rv:1.9.2.12) Gecko/20101026 Firefox/3.6.12 ( .NET CLR 3.5.30729)"
193.77.157.109 - - [29/Nov/2010:07:49:20 +0100] "GET /sitedata/282/conf/alineja.png HTTP/1.1" 200 714 "http://sl.kadis.si/sitedata/282/conf/custom.css.php" "Mozilla/5.0 (Windows; U; Windows NT 5.1; sl; rv:1.9.2.12) Gecko/20101026 Firefox/3.6.12 ( .NET CLR 3.5.30729)"
193.77.157.109 - - [29/Nov/2010:07:49:20 +0100] "GET /imageFill.php?source=themes/Zaba/images/companyInfoBG.png&color=FFFFFF HTTP/1.1" 200 43 "http://sl.kadis.si/varpulis/_css/282_default.css.gz" "Mozilla/5.0 (Windows; U; Windows NT 5.1; sl; rv:1.9.2.12) Gecko/20101026 Firefox/3.6.12 ( .NET CLR 3.5.30729)"
193.77.157.109 - - [29/Nov/2010:07:49:24 +0100] "GET /favicon.ico HTTP/1.1" 404 - "-" "Mozilla/5.0 (Windows; U; Windows NT 5.1; sl; rv:1.9.2.12) Gecko/20101026 Firefox/3.6.12 ( .NET CLR 3.5.30729)"
207.46.204.184 - - [29/Nov/2010:07:51:04 +0100] "GET /index.php?menu_item=item_13745 HTTP/1.1" 200 5478 "-" "Mozilla/5.0 (compatible; bingbot/2.0; +http://www.bing.com/bingbot.htm)"
173.234.158.234 - - [29/Nov/2010:07:52:20 +0100] "GET /index.php?menu_item=item_10354 HTTP/1.0" 200 13197 "-" "Mozilla/4.0 (compatible; ICS)"
85.10.36.100 - - [29/Nov/2010:07:52:52 +0100] "GET / HTTP/1.1" 301 360 "-" "Mozilla/5.0 (compatible; Najdi.si/3.1)"
85.10.36.100 - - [29/Nov/2010:07:52:52 +0100] "GET / HTTP/1.1" 200 4031 "-" "Mozilla/5.0 (compatible; Najdi.si/3.1)"
85.10.36.100 - - [29/Nov/2010:07:52:54 +0100] "GET /sitemap.txt.gz HTTP/1.1" 301 374 "-" "Mozilla/5.0 (compatible; Najdi.si/3.1)"
85.10.36.100 - - [29/Nov/2010:07:52:55 +0100] "GET /sitemap.txt.gz HTTP/1.1" 404 - "-" "Mozilla/5.0 (compatible; Najdi.si/3.1)"
85.10.36.100 - - [29/Nov/2010:07:52:55 +0100] "GET /sitemap.xml.gz HTTP/1.1" 301 374 "-" "Mozilla/5.0 (compatible; Najdi.si/3.1)"
85.10.36.100 - - [29/Nov/2010:07:52:55 +0100] "GET /sitemap.xml.gz HTTP/1.1" 404 - "-" "Mozilla/5.0 (compatible; Najdi.si/3.1)"
85.10.36.100 - - [29/Nov/2010:07:52:55 +0100] "GET /sitemap.xml HTTP/1.1" 301 371 "-" "Mozilla/5.0 (compatible; Najdi.si/3.1)"
85.10.36.100 - - [29/Nov/2010:07:52:55 +0100] "GET /sitemap.xml HTTP/1.1" 404 - "-" "Mozilla/5.0 (compatible; Najdi.si/3.1)"
207.46.195.241 - - [29/Nov/2010:07:54:34 +0100] "GET /druga-dejavnost/mednarodni-projekti/zakljuceni-projekti/stories-of-a-possible-europe/ HTTP/1.1" 200 5291 "-" "Mozilla/5.0 (compatible; bingbot/2.0; +http://www.bing.com/bingbot.htm)"
95.176.129.46 - - [29/Nov/2010:07:56:28 +0100] "GET / HTTP/1.1" 200 4031 "http://www.google.si/url?sa=t&source=web&cd=1&sqi=2&ved=0CBcQhgIwAA&url=http%3A%2F%2Fsl.kadis.si%2F&rct=j&q=kadis%C5%BE&ei=mU7zTP7SNsb5sgaryLmFCw&usg=AFQjCNEXPvqMxIPbi2G5bvaixU60U4OWsg&sig2=PshlEOwPfq7vB1TSxvP7vA" "Mozilla/5.0 (Windows; U; Windows NT 5.0; en-US; rv:1.9.2.12) Gecko/20101026 Firefox/3.6.12"
95.176.129.46 - - [29/Nov/2010:07:56:29 +0100] "GET /varpulis/_css/282_default.css.gz HTTP/1.1" 200 6287 "http://sl.kadis.si/" "Mozilla/5.0 (Windows; U; Windows NT 5.0; en-US; rv:1.9.2.12) Gecko/20101026 Firefox/3.6.12"
95.176.129.46 - - [29/Nov/2010:07:56:29 +0100] "GET /sitedata/282/conf/custom.css.php HTTP/1.1" 200 114 "http://sl.kadis.si/" "Mozilla/5.0 (Windows; U; Windows NT 5.0; en-US; rv:1.9.2.12) Gecko/20101026 Firefox/3.6.12"
95.176.129.46 - - [29/Nov/2010:07:56:29 +0100] "GET /varpulis/_css/282_print.css.gz HTTP/1.1" 200 2634 "http://sl.kadis.si/" "Mozilla/5.0 (Windows; U; Windows NT 5.0; en-US; rv:1.9.2.12) Gecko/20101026 Firefox/3.6.12"
95.176.129.46 - - [29/Nov/2010:07:56:29 +0100] "GET /varpulis/_js/basic.js HTTP/1.1" 200 4470 "http://sl.kadis.si/" "Mozilla/5.0 (Windows; U; Windows NT 5.0; en-US; rv:1.9.2.12) Gecko/20101026 Firefox/3.6.12"
95.176.129.46 - - [29/Nov/2010:07:56:30 +0100] "GET /sitedata/282/media/kadis_logo.jpg HTTP/1.1" 200 7784 "http://sl.kadis.si/" "Mozilla/5.0 (Windows; U; Windows NT 5.0; en-US; rv:1.9.2.12) Gecko/20101026 Firefox/3.6.12"
95.176.129.46 - - [29/Nov/2010:07:56:30 +0100] "GET /varpulis/_js/282_menu.js HTTP/1.1" 200 9444 "http://sl.kadis.si/" "Mozilla/5.0 (Windows; U; Windows NT 5.0; en-US; rv:1.9.2.12) Gecko/20101026 Firefox/3.6.12"
95.176.129.46 - - [29/Nov/2010:07:56:30 +0100] "GET /sitedata/282/media/page/kadis_image.jpg HTTP/1.1" 200 48614 "http://sl.kadis.si/" "Mozilla/5.0 (Windows; U; Windows NT 5.0; en-US; rv:1.9.2.12) Gecko/20101026 Firefox/3.6.12"
95.176.129.46 - - [29/Nov/2010:07:56:31 +0100] "GET /sitedata/282/conf/alineja.png HTTP/1.1" 200 714 "http://sl.kadis.si/sitedata/282/conf/custom.css.php" "Mozilla/5.0 (Windows; U; Windows NT 5.0; en-US; rv:1.9.2.12) Gecko/20101026 Firefox/3.6.12"
95.176.129.46 - - [29/Nov/2010:07:56:31 +0100] "GET /imageColorReplace.php?source=images/backgrounds/ozadje30.png&destination=bgImage_body&format=png&color1=EEF8DB&color2=FFFFFF HTTP/1.1" 200 499 "http://sl.kadis.si/varpulis/_css/282_default.css.gz" "Mozilla/5.0 (Windows; U; Windows NT 5.0; en-US; rv:1.9.2.12) Gecko/20101026 Firefox/3.6.12"
95.176.129.46 - - [29/Nov/2010:07:56:31 +0100] "GET /imageColor.php?source=themes/Zaba/images/langBG.png&trueColor=1&color=ABDA4D HTTP/1.1" 200 144 "http://sl.kadis.si/varpulis/_css/282_default.css.gz" "Mozilla/5.0 (Windows; U; Windows NT 5.0; en-US; rv:1.9.2.12) Gecko/20101026 Firefox/3.6.12"
95.176.129.46 - - [29/Nov/2010:07:56:32 +0100] "GET /imageFill.php?source=themes/Zaba/images/companyInfoBG.png&color=FFFFFF HTTP/1.1" 200 43 "http://sl.kadis.si/varpulis/_css/282_default.css.gz" "Mozilla/5.0 (Windows; U; Windows NT 5.0; en-US; rv:1.9.2.12) Gecko/20101026 Firefox/3.6.12"
95.176.129.46 - - [29/Nov/2010:07:56:33 +0100] "GET /favicon.ico HTTP/1.1" 404 - "-" "Mozilla/5.0 (Windows; U; Windows NT 5.0; en-US; rv:1.9.2.12) Gecko/20101026 Firefox/3.6.12"
95.176.129.46 - - [29/Nov/2010:07:56:36 +0100] "GET /favicon.ico HTTP/1.1" 404 - "-" "Mozilla/5.0 (Windows; U; Windows NT 5.0; en-US; rv:1.9.2.12) Gecko/20101026 Firefox/3.6.12"
95.176.129.46 - - [29/Nov/2010:07:56:36 +0100] "GET / HTTP/1.1" 200 12720 "http://sl.kadis.si/" "Mozilla/5.0 (Windows; U; Windows NT 5.0; en-US; rv:1.9.2.12) Gecko/20101026 Firefox/3.6.12"
95.176.129.46 - - [29/Nov/2010:07:56:38 +0100] "GET /include/htmlarea.js HTTP/1.1" 200 626 "http://student.kadis.si/" "Mozilla/5.0 (Windows; U; Windows NT 5.0; en-US; rv:1.9.2.12) Gecko/20101026 Firefox/3.6.12"
95.176.129.46 - - [29/Nov/2010:07:56:38 +0100] "GET /include/KMain.js HTTP/1.1" 200 1933 "http://student.kadis.si/" "Mozilla/5.0 (Windows; U; Windows NT 5.0; en-US; rv:1.9.2.12) Gecko/20101026 Firefox/3.6.12"
95.176.129.46 - - [29/Nov/2010:07:56:38 +0100] "GET /include/okno.js HTTP/1.1" 200 466 "http://student.kadis.si/" "Mozilla/5.0 (Windows; U; Windows NT 5.0; en-US; rv:1.9.2.12) Gecko/20101026 Firefox/3.6.12"
95.176.129.46 - - [29/Nov/2010:07:56:38 +0100] "GET /stil.css HTTP/1.1" 200 12334 "http://student.kadis.si/" "Mozilla/5.0 (Windows; U; Windows NT 5.0; en-US; rv:1.9.2.12) Gecko/20101026 Firefox/3.6.12"
95.176.129.46 - - [29/Nov/2010:07:56:38 +0100] "GET /include/menu.js HTTP/1.1" 200 1439 "http://student.kadis.si/" "Mozilla/5.0 (Windows; U; Windows NT 5.0; en-US; rv:1.9.2.12) Gecko/20101026 Firefox/3.6.12"
95.176.129.46 - - [29/Nov/2010:07:56:38 +0100] "GET /jscook/ThemeKadis/theme.css HTTP/1.1" 200 1579 "http://student.kadis.si/" "Mozilla/5.0 (Windows; U; Windows NT 5.0; en-US; rv:1.9.2.12) Gecko/20101026 Firefox/3.6.12"
95.176.129.46 - - [29/Nov/2010:07:56:38 +0100] "GET /jscook/ThemeKadisStatic/theme.css HTTP/1.1" 200 7048 "http://student.kadis.si/" "Mozilla/5.0 (Windows; U; Windows NT 5.0; en-US; rv:1.9.2.12) Gecko/20101026 Firefox/3.6.12"
95.176.129.46 - - [29/Nov/2010:07:56:38 +0100] "GET /include/photoWindow.js HTTP/1.1" 200 329 "http://student.kadis.si/" "Mozilla/5.0 (Windows; U; Windows NT 5.0; en-US; rv:1.9.2.12) Gecko/20101026 Firefox/3.6.12"
95.176.129.46 - - [29/Nov/2010:07:56:38 +0100] "GET /include/sl_KValidate.lang.js HTTP/1.1" 200 611 "http://student.kadis.si/" "Mozilla/5.0 (Windows; U; Windows NT 5.0; en-US; rv:1.9.2.12) Gecko/20101026 Firefox/3.6.12"
95.176.129.46 - - [29/Nov/2010:07:56:38 +0100] "GET /include/KUtil.js HTTP/1.1" 200 1635 "http://student.kadis.si/" "Mozilla/5.0 (Windows; U; Windows NT 5.0; en-US; rv:1.9.2.12) Gecko/20101026 Firefox/3.6.12"
95.176.129.46 - - [29/Nov/2010:07:56:38 +0100] "GET /include/KValidate.js HTTP/1.1" 200 17557 "http://student.kadis.si/" "Mozilla/5.0 (Windows; U; Windows NT 5.0; en-US; rv:1.9.2.12) Gecko/20101026 Firefox/3.6.12"
95.176.129.46 - - [29/Nov/2010:07:56:38 +0100] "GET /include/KModeChange.js HTTP/1.1" 200 8248 "http://student.kadis.si/" "Mozilla/5.0 (Windows; U; Windows NT 5.0; en-US; rv:1.9.2.12) Gecko/20101026 Firefox/3.6.12"
95.176.129.46 - - [29/Nov/2010:07:56:38 +0100] "GET /include/KModeChange.lang.js HTTP/1.1" 200 284 "http://student.kadis.si/" "Mozilla/5.0 (Windows; U; Windows NT 5.0; en-US; rv:1.9.2.12) Gecko/20101026 Firefox/3.6.12"
95.176.129.46 - - [29/Nov/2010:07:56:38 +0100] "GET /include/layerDisplay.js HTTP/1.1" 200 2338 "http://student.kadis.si/" "Mozilla/5.0 (Windows; U; Windows NT 5.0; en-US; rv:1.9.2.12) Gecko/20101026 Firefox/3.6.12"
95.176.129.46 - - [29/Nov/2010:07:56:38 +0100] "GET /include/jsCookArray.js HTTP/1.1" 200 811 "http://student.kadis.si/" "Mozilla/5.0 (Windows; U; Windows NT 5.0; en-US; rv:1.9.2.12) Gecko/20101026 Firefox/3.6.12"
95.176.129.46 - - [29/Nov/2010:07:56:38 +0100] "GET /jscook/ThemeKadis/theme.js HTTP/1.1" 200 1527 "http://student.kadis.si/" "Mozilla/5.0 (Windows; U; Windows NT 5.0; en-US; rv:1.9.2.12) Gecko/20101026 Firefox/3.6.12"
95.176.129.46 - - [29/Nov/2010:07:56:38 +0100] "GET /jscook/JSCookMenu.js HTTP/1.1" 200 20671 "http://student.kadis.si/" "Mozilla/5.0 (Windows; U; Windows NT 5.0; en-US; rv:1.9.2.12) Gecko/20101026 Firefox/3.6.12"
95.176.129.46 - - [29/Nov/2010:07:56:39 +0100] "GET /jscook/ThemeKadisStatic/theme.js HTTP/1.1" 200 1798 "http://student.kadis.si/" "Mozilla/5.0 (Windows; U; Windows NT 5.0; en-US; rv:1.9.2.12) Gecko/20101026 Firefox/3.6.12"
95.176.129.46 - - [29/Nov/2010:07:56:39 +0100] "GET /tigraCalendar/calendar1.js HTTP/1.1" 200 6251 "http://student.kadis.si/" "Mozilla/5.0 (Windows; U; Windows NT 5.0; en-US; rv:1.9.2.12) Gecko/20101026 Firefox/3.6.12"
95.176.129.46 - - [29/Nov/2010:07:56:39 +0100] "GET /images/logo.jpg HTTP/1.1" 200 15525 "http://student.kadis.si/" "Mozilla/5.0 (Windows; U; Windows NT 5.0; en-US; rv:1.9.2.12) Gecko/20101026 Firefox/3.6.12"
95.176.129.46 - - [29/Nov/2010:07:56:39 +0100] "GET /images/piksl.gif HTTP/1.1" 200 43 "http://student.kadis.si/" "Mozilla/5.0 (Windows; U; Windows NT 5.0; en-US; rv:1.9.2.12) Gecko/20101026 Firefox/3.6.12"
95.176.129.46 - - [29/Nov/2010:07:56:39 +0100] "GET /images/stat_menu_levi_rob.gif HTTP/1.1" 200 58 "http://student.kadis.si/" "Mozilla/5.0 (Windows; U; Windows NT 5.0; en-US; rv:1.9.2.12) Gecko/20101026 Firefox/3.6.12"
95.176.129.46 - - [29/Nov/2010:07:56:39 +0100] "GET /images/stat_menu_desni_rob.gif HTTP/1.1" 200 58 "http://student.kadis.si/" "Mozilla/5.0 (Windows; U; Windows NT 5.0; en-US; rv:1.9.2.12) Gecko/20101026 Firefox/3.6.12"
95.176.129.46 - - [29/Nov/2010:07:56:39 +0100] "GET /images/button_aktualno.gif HTTP/1.1" 200 542 "http://student.kadis.si/" "Mozilla/5.0 (Windows; U; Windows NT 5.0; en-US; rv:1.9.2.12) Gecko/20101026 Firefox/3.6.12"
95.176.129.46 - - [29/Nov/2010:07:56:39 +0100] "GET /images/button_vclanitev.gif HTTP/1.1" 200 557 "http://student.kadis.si/" "Mozilla/5.0 (Windows; U; Windows NT 5.0; en-US; rv:1.9.2.12) Gecko/20101026 Firefox/3.6.12"
95.176.129.46 - - [29/Nov/2010:07:56:39 +0100] "GET /images/button_pogojiVpis.gif HTTP/1.1" 200 709 "http://student.kadis.si/" "Mozilla/5.0 (Windows; U; Windows NT 5.0; en-US; rv:1.9.2.12) Gecko/20101026 Firefox/3.6.12"
95.176.129.46 - - [29/Nov/2010:07:56:39 +0100] "GET /images/button_oglasi.gif HTTP/1.1" 200 668 "http://student.kadis.si/" "Mozilla/5.0 (Windows; U; Windows NT 5.0; en-US; rv:1.9.2.12) Gecko/20101026 Firefox/3.6.12"
95.176.129.46 - - [29/Nov/2010:07:56:39 +0100] "GET /images/login_studenti.gif HTTP/1.1" 200 535 "http://student.kadis.si/" "Mozilla/5.0 (Windows; U; Windows NT 5.0; en-US; rv:1.9.2.12) Gecko/20101026 Firefox/3.6.12"
95.176.129.46 - - [29/Nov/2010:07:56:39 +0100] "GET /images/login_podjetja.gif HTTP/1.1" 200 567 "http://student.kadis.si/" "Mozilla/5.0 (Windows; U; Windows NT 5.0; en-US; rv:1.9.2.12) Gecko/20101026 Firefox/3.6.12"
95.176.129.46 - - [29/Nov/2010:07:56:39 +0100] "GET /images/sl_b_newUserAccountStudent_off.gif HTTP/1.1" 200 733 "http://student.kadis.si/" "Mozilla/5.0 (Windows; U; Windows NT 5.0; en-US; rv:1.9.2.12) Gecko/20101026 Firefox/3.6.12"
95.176.129.46 - - [29/Nov/2010:07:56:39 +0100] "GET /images/spodaj_rob_levo.gif HTTP/1.1" 200 56 "http://student.kadis.si/" "Mozilla/5.0 (Windows; U; Windows NT 5.0; en-US; rv:1.9.2.12) Gecko/20101026 Firefox/3.6.12"
95.176.129.46 - - [29/Nov/2010:07:56:39 +0100] "GET /images/sl_b_newUserAccountCompany_off.gif HTTP/1.1" 200 733 "http://student.kadis.si/" "Mozilla/5.0 (Windows; U; Windows NT 5.0; en-US; rv:1.9.2.12) Gecko/20101026 Firefox/3.6.12"
95.176.129.46 - - [29/Nov/2010:07:56:39 +0100] "GET /images/spodaj_rob_desno.gif HTTP/1.1" 200 57 "http://student.kadis.si/" "Mozilla/5.0 (Windows; U; Windows NT 5.0; en-US; rv:1.9.2.12) Gecko/20101026 Firefox/3.6.12"
95.176.129.46 - - [29/Nov/2010:07:56:39 +0100] "GET /images/kadis_ss_logo.swf HTTP/1.1" 200 42153 "http://student.kadis.si/" "Mozilla/5.0 (Windows; U; Windows NT 5.0; en-US; rv:1.9.2.12) Gecko/20101026 Firefox/3.6.12"
95.176.129.46 - - [29/Nov/2010:07:56:40 +0100] "GET /images/top_menu_ozadje.gif HTTP/1.1" 200 46 "http://student.kadis.si/" "Mozilla/5.0 (Windows; U; Windows NT 5.0; en-US; rv:1.9.2.12) Gecko/20101026 Firefox/3.6.12"
95.176.129.46 - - [29/Nov/2010:07:56:40 +0100] "GET /images/top_menu_kontakt.gif HTTP/1.1" 200 457 "http://student.kadis.si/" "Mozilla/5.0 (Windows; U; Windows NT 5.0; en-US; rv:1.9.2.12) Gecko/20101026 Firefox/3.6.12"
95.176.129.46 - - [29/Nov/2010:07:56:40 +0100] "GET /images/top_menu_eServis.gif HTTP/1.1" 200 460 "http://student.kadis.si/" "Mozilla/5.0 (Windows; U; Windows NT 5.0; en-US; rv:1.9.2.12) Gecko/20101026 Firefox/3.6.12"
95.176.129.46 - - [29/Nov/2010:07:56:40 +0100] "GET /images/top_menu_prijava.gif HTTP/1.1" 200 439 "http://student.kadis.si/" "Mozilla/5.0 (Windows; U; Windows NT 5.0; en-US; rv:1.9.2.12) Gecko/20101026 Firefox/3.6.12"
95.176.129.46 - - [29/Nov/2010:07:56:40 +0100] "GET /images/top_menu_aktualno.gif HTTP/1.1" 200 496 "http://student.kadis.si/" "Mozilla/5.0 (Windows; U; Windows NT 5.0; en-US; rv:1.9.2.12) Gecko/20101026 Firefox/3.6.12"
95.176.129.46 - - [29/Nov/2010:07:56:40 +0100] "GET /images/top_menu_oglasi.gif HTTP/1.1" 200 675 "http://student.kadis.si/" "Mozilla/5.0 (Windows; U; Windows NT 5.0; en-US; rv:1.9.2.12) Gecko/20101026 Firefox/3.6.12"
95.176.129.46 - - [29/Nov/2010:07:56:40 +0100] "GET /images/top_menu_ugodnosti.gif HTTP/1.1" 200 534 "http://student.kadis.si/" "Mozilla/5.0 (Windows; U; Windows NT 5.0; en-US; rv:1.9.2.12) Gecko/20101026 Firefox/3.6.12"
95.176.129.46 - - [29/Nov/2010:07:56:40 +0100] "GET /jscook/ThemeKadis/top_menu_ozadje.gif HTTP/1.1" 200 46 "http://student.kadis.si/jscook/ThemeKadis/theme.css" "Mozilla/5.0 (Windows; U; Windows NT 5.0; en-US; rv:1.9.2.12) Gecko/20101026 Firefox/3.6.12"
95.176.129.46 - - [29/Nov/2010:07:56:40 +0100] "GET /images/login_studenti_button.gif HTTP/1.1" 200 212 "http://student.kadis.si/" "Mozilla/5.0 (Windows; U; Windows NT 5.0; en-US; rv:1.9.2.12) Gecko/20101026 Firefox/3.6.12"
95.176.129.46 - - [29/Nov/2010:07:56:40 +0100] "GET /images/login_podjetja_button.gif HTTP/1.1" 200 216 "http://student.kadis.si/" "Mozilla/5.0 (Windows; U; Windows NT 5.0; en-US; rv:1.9.2.12) Gecko/20101026 Firefox/3.6.12"
95.176.129.46 - - [29/Nov/2010:07:56:40 +0100] "GET /images/login_studenti_crta.gif HTTP/1.1" 200 44 "http://student.kadis.si/" "Mozilla/5.0 (Windows; U; Windows NT 5.0; en-US; rv:1.9.2.12) Gecko/20101026 Firefox/3.6.12"
95.176.129.46 - - [29/Nov/2010:07:56:40 +0100] "GET /images/login_podjetja_crta.gif HTTP/1.1" 200 44 "http://student.kadis.si/" "Mozilla/5.0 (Windows; U; Windows NT 5.0; en-US; rv:1.9.2.12) Gecko/20101026 Firefox/3.6.12"
95.176.129.46 - - [29/Nov/2010:07:56:43 +0100] "GET /favicon.ico HTTP/1.1" 404 346 "-" "Mozilla/5.0 (Windows; U; Windows NT 5.0; en-US; rv:1.9.2.12) Gecko/20101026 Firefox/3.6.12"
95.176.129.46 - - [29/Nov/2010:07:56:46 +0100] "GET /favicon.ico HTTP/1.1" 404 346 "-" "Mozilla/5.0 (Windows; U; Windows NT 5.0; en-US; rv:1.9.2.12) Gecko/20101026 Firefox/3.6.12"
95.176.129.46 - - [29/Nov/2010:07:57:13 +0100] "POST /login.php HTTP/1.1" 302 2 "http://student.kadis.si/" "Mozilla/5.0 (Windows; U; Windows NT 5.0; en-US; rv:1.9.2.12) Gecko/20101026 Firefox/3.6.12"
95.176.129.46 - - [29/Nov/2010:07:57:13 +0100] "GET /index.php?menu_item=SSWorkAdvertisment HTTP/1.1" 200 33835 "http://student.kadis.si/" "Mozilla/5.0 (Windows; U; Windows NT 5.0; en-US; rv:1.9.2.12) Gecko/20101026 Firefox/3.6.12"
95.176.129.46 - - [29/Nov/2010:07:57:14 +0100] "GET /images/napis_oglasi.gif HTTP/1.1" 200 673 "http://student.kadis.si/index.php?menu_item=SSWorkAdvertisment" "Mozilla/5.0 (Windows; U; Windows NT 5.0; en-US; rv:1.9.2.12) Gecko/20101026 Firefox/3.6.12"
95.176.129.46 - - [29/Nov/2010:07:57:14 +0100] "GET /images/kadis_ss_logo.swf HTTP/1.1" 206 42153 "http://student.kadis.si/index.php?menu_item=SSWorkAdvertisment" "Mozilla/5.0 (Windows; U; Windows NT 5.0; en-US; rv:1.9.2.12) Gecko/20101026 Firefox/3.6.12"
95.176.129.46 - - [29/Nov/2010:07:57:15 +0100] "GET /images/top_menu_napotnice.gif HTTP/1.1" 200 839 "http://student.kadis.si/index.php?menu_item=SSWorkAdvertisment" "Mozilla/5.0 (Windows; U; Windows NT 5.0; en-US; rv:1.9.2.12) Gecko/20101026 Firefox/3.6.12"
95.176.129.46 - - [29/Nov/2010:07:57:15 +0100] "GET /images/top_menu_ePosta.gif HTTP/1.1" 200 651 "http://student.kadis.si/index.php?menu_item=SSWorkAdvertisment" "Mozilla/5.0 (Windows; U; Windows NT 5.0; en-US; rv:1.9.2.12) Gecko/20101026 Firefox/3.6.12"
95.176.129.46 - - [29/Nov/2010:07:57:15 +0100] "GET /images/sl_b_searchGreen_off.gif HTTP/1.1" 200 283 "http://student.kadis.si/index.php?menu_item=SSWorkAdvertisment" "Mozilla/5.0 (Windows; U; Windows NT 5.0; en-US; rv:1.9.2.12) Gecko/20101026 Firefox/3.6.12"
95.176.129.46 - - [29/Nov/2010:07:57:15 +0100] "GET /images/top_menu_odjava.gif HTTP/1.1" 200 430 "http://student.kadis.si/index.php?menu_item=SSWorkAdvertisment" "Mozilla/5.0 (Windows; U; Windows NT 5.0; en-US; rv:1.9.2.12) Gecko/20101026 Firefox/3.6.12"
95.176.129.46 - - [29/Nov/2010:07:57:15 +0100] "GET /images/sl_b_findGreen_off.gif HTTP/1.1" 200 203 "http://student.kadis.si/index.php?menu_item=SSWorkAdvertisment" "Mozilla/5.0 (Windows; U; Windows NT 5.0; en-US; rv:1.9.2.12) Gecko/20101026 Firefox/3.6.12"
95.176.129.46 - - [29/Nov/2010:07:57:15 +0100] "GET /images/sl_b_iAmInterestedGreen_off.gif HTTP/1.1" 200 326 "http://student.kadis.si/index.php?menu_item=SSWorkAdvertisment" "Mozilla/5.0 (Windows; U; Windows NT 5.0; en-US; rv:1.9.2.12) Gecko/20101026 Firefox/3.6.12"
85.10.36.100 - - [29/Nov/2010:07:57:49 +0100] "GET /index.php?menu_item=item_12512 HTTP/1.1" 200 4981 "-" "Mozilla/5.0 (compatible; Najdi.si/3.1)"
95.176.129.46 - - [29/Nov/2010:07:58:02 +0100] "GET /index.php?menu_item=SStudentPaymentDocument&menu_level=2 HTTP/1.1" 200 10834 "http://student.kadis.si/index.php?menu_item=SSWorkAdvertisment" "Mozilla/5.0 (Windows; U; Windows NT 5.0; en-US; rv:1.9.2.12) Gecko/20101026 Firefox/3.6.12"
95.176.129.46 - - [29/Nov/2010:07:58:03 +0100] "GET /images/napis_napotnice.gif HTTP/1.1" 200 828 "http://student.kadis.si/index.php?menu_item=SStudentPaymentDocument&menu_level=2" "Mozilla/5.0 (Windows; U; Windows NT 5.0; en-US; rv:1.9.2.12) Gecko/20101026 Firefox/3.6.12"
95.176.129.46 - - [29/Nov/2010:07:58:03 +0100] "GET /images/sl_b_addStudentPaymentPink_off.gif HTTP/1.1" 200 454 "http://student.kadis.si/index.php?menu_item=SStudentPaymentDocument&menu_level=2" "Mozilla/5.0 (Windows; U; Windows NT 5.0; en-US; rv:1.9.2.12) Gecko/20101026 Firefox/3.6.12"
95.176.129.46 - - [29/Nov/2010:07:58:03 +0100] "GET /images/sort_asc_off.gif HTTP/1.1" 200 64 "http://student.kadis.si/index.php?menu_item=SStudentPaymentDocument&menu_level=2" "Mozilla/5.0 (Windows; U; Windows NT 5.0; en-US; rv:1.9.2.12) Gecko/20101026 Firefox/3.6.12"
