178.154.163.29 - - [29/Nov/2010:00:51:48 +0100] "GET / HTTP/1.1" 200 12720 "-" "Mozilla/5.0 (compatible; YandexBot/3.0; +http://yandex.com/bots)"
85.10.36.100 - - [29/Nov/2010:00:52:25 +0100] "GET / HTTP/1.1" 200 12720 "-" "Mozilla/5.0 (compatible; Najdi.si/3.1)"
85.10.36.100 - - [29/Nov/2010:00:52:27 +0100] "GET /sitemap.txt.gz HTTP/1.1" 404 349 "-" "Mozilla/5.0 (compatible; Najdi.si/3.1)"
85.10.36.100 - - [29/Nov/2010:00:52:28 +0100] "GET /sitemap.xml.gz HTTP/1.1" 404 349 "-" "Mozilla/5.0 (compatible; Najdi.si/3.1)"
85.10.36.100 - - [29/Nov/2010:00:52:28 +0100] "GET /sitemap.xml HTTP/1.1" 404 346 "-" "Mozilla/5.0 (compatible; Najdi.si/3.1)"
88.131.106.22 - - [29/Nov/2010:00:54:44 +0100] "GET /robots.txt HTTP/1.0" 200 147 "-" "Mozilla/5.0 (Windows; U; Windows NT 5.1; en-US) Speedy Spider (http://www.entireweb.com/about/search_tech/speedy_spider/)"
88.131.106.22 - - [29/Nov/2010:00:54:48 +0100] "GET /education/ HTTP/1.0" 200 3291 "-" "Mozilla/5.0 (Windows; U; Windows NT 5.1; en-US) Speedy Spider (http://www.entireweb.com/about/search_tech/speedy_spider/)"
67.195.110.172 - - [29/Nov/2010:01:10:04 +0100] "GET /robots.txt HTTP/1.0" 200 147 "-" "Mozilla/5.0 (compatible; Yahoo! Slurp; http://help.yahoo.com/help/us/ysearch/slurp)"
67.195.110.172 - - [29/Nov/2010:01:10:05 +0100] "GET /index.php?menu_item=item_12514 HTTP/1.0" 200 3869 "-" "Mozilla/5.0 (compatible; Yahoo! Slurp; http://help.yahoo.com/help/us/ysearch/slurp)"
124.115.1.8 - - [29/Nov/2010:01:14:00 +0100] "GET / HTTP/1.1" 200 4031 "-" "Mozilla/4.0 (compatible; MSIE 6.0; Windows NT 5.1)"
85.10.36.100 - - [29/Nov/2010:01:21:48 +0100] "GET / HTTP/1.1" 301 360 "-" "Mozilla/5.0 (compatible; Najdi.si/3.1)"
85.10.36.100 - - [29/Nov/2010:01:21:50 +0100] "GET / HTTP/1.1" 200 4031 "-" "Mozilla/5.0 (compatible; Najdi.si/3.1)"
85.10.36.100 - - [29/Nov/2010:01:22:22 +0100] "GET /sitemap.txt.gz HTTP/1.1" 301 374 "-" "Mozilla/5.0 (compatible; Najdi.si/3.1)"
85.10.36.100 - - [29/Nov/2010:01:22:23 +0100] "GET /sitemap.txt.gz HTTP/1.1" 404 - "-" "Mozilla/5.0 (compatible; Najdi.si/3.1)"
85.10.36.100 - - [29/Nov/2010:01:22:23 +0100] "GET /sitemap.xml.gz HTTP/1.1" 301 374 "-" "Mozilla/5.0 (compatible; Najdi.si/3.1)"
85.10.36.100 - - [29/Nov/2010:01:22:23 +0100] "GET /sitemap.xml.gz HTTP/1.1" 404 - "-" "Mozilla/5.0 (compatible; Najdi.si/3.1)"
85.10.36.100 - - [29/Nov/2010:01:22:23 +0100] "GET /sitemap.xml HTTP/1.1" 301 371 "-" "Mozilla/5.0 (compatible; Najdi.si/3.1)"
85.10.36.100 - - [29/Nov/2010:01:22:24 +0100] "GET /sitemap.xml HTTP/1.1" 404 - "-" "Mozilla/5.0 (compatible; Najdi.si/3.1)"
85.10.36.100 - - [29/Nov/2010:01:27:21 +0100] "GET /karierno-svetovanje/trening-zaposlitvenega-razgovora/ HTTP/1.1" 200 3904 "-" "Mozilla/5.0 (compatible; Najdi.si/3.1)"
85.10.36.100 - - [29/Nov/2010:01:27:24 +0100] "GET /zaposlitev/prosta-delovna-mesta/ HTTP/1.1" 200 3182 "-" "Mozilla/5.0 (compatible; Najdi.si/3.1)"
85.10.36.100 - - [29/Nov/2010:01:27:26 +0100] "GET /izobrazevanje/ HTTP/1.1" 200 4102 "-" "Mozilla/5.0 (compatible; Najdi.si/3.1)"
85.10.36.100 - - [29/Nov/2010:01:27:28 +0100] "GET /vizitka/osnovni-podatki/ HTTP/1.1" 200 3537 "-" "Mozilla/5.0 (compatible; Najdi.si/3.1)"
85.10.36.100 - - [29/Nov/2010:01:27:35 +0100] "GET /zaposlitev/studentski-servis/ HTTP/1.1" 200 3294 "-" "Mozilla/5.0 (compatible; Najdi.si/3.1)"
207.46.13.135 - - [29/Nov/2010:01:47:08 +0100] "GET /robots.txt HTTP/1.1" 200 147 "-" "Mozilla/5.0 (compatible; bingbot/2.0; +http://www.bing.com/bingbot.htm)"
85.10.36.100 - - [29/Nov/2010:01:52:02 +0100] "GET / HTTP/1.1" 301 360 "-" "Mozilla/5.0 (compatible; Najdi.si/3.1)"
85.10.36.100 - - [29/Nov/2010:01:52:02 +0100] "GET / HTTP/1.1" 200 4031 "-" "Mozilla/5.0 (compatible; Najdi.si/3.1)"
85.10.36.100 - - [29/Nov/2010:01:52:12 +0100] "GET /sitemap.txt.gz HTTP/1.1" 301 374 "-" "Mozilla/5.0 (compatible; Najdi.si/3.1)"
85.10.36.100 - - [29/Nov/2010:01:52:13 +0100] "GET /sitemap.txt.gz HTTP/1.1" 404 - "-" "Mozilla/5.0 (compatible; Najdi.si/3.1)"
85.10.36.100 - - [29/Nov/2010:01:52:14 +0100] "GET /sitemap.xml.gz HTTP/1.1" 301 374 "-" "Mozilla/5.0 (compatible; Najdi.si/3.1)"
85.10.36.100 - - [29/Nov/2010:01:52:14 +0100] "GET /sitemap.xml.gz HTTP/1.1" 404 - "-" "Mozilla/5.0 (compatible; Najdi.si/3.1)"
85.10.36.100 - - [29/Nov/2010:01:52:15 +0100] "GET /sitemap.xml HTTP/1.1" 301 371 "-" "Mozilla/5.0 (compatible; Najdi.si/3.1)"
85.10.36.100 - - [29/Nov/2010:01:52:15 +0100] "GET /sitemap.xml HTTP/1.1" 404 - "-" "Mozilla/5.0 (compatible; Najdi.si/3.1)"
67.195.110.172 - - [29/Nov/2010:01:54:01 +0100] "GET /index.php?menu_item=item_12470 HTTP/1.0" 200 4146 "-" "Mozilla/5.0 (compatible; Yahoo! Slurp; http://help.yahoo.com/help/us/ysearch/slurp)"
207.46.199.38 - - [29/Nov/2010:01:57:47 +0100] "GET /robots.txt HTTP/1.1" 200 147 "-" "Mozilla/5.0 (compatible; bingbot/2.0; +http://www.bing.com/bingbot.htm)"
85.10.36.100 - - [29/Nov/2010:01:58:11 +0100] "GET / HTTP/1.1" 301 366 "-" "Mozilla/5.0 (compatible; Najdi.si/3.1)"
85.10.36.100 - - [29/Nov/2010:01:58:11 +0100] "GET / HTTP/1.1" 200 2761 "-" "Mozilla/5.0 (compatible; Najdi.si/3.1)"
85.10.36.100 - - [29/Nov/2010:01:58:13 +0100] "GET /sitemap.txt.gz HTTP/1.1" 301 380 "-" "Mozilla/5.0 (compatible; Najdi.si/3.1)"
85.10.36.100 - - [29/Nov/2010:01:58:13 +0100] "GET /sitemap.txt.gz HTTP/1.1" 404 - "-" "Mozilla/5.0 (compatible; Najdi.si/3.1)"
85.10.36.100 - - [29/Nov/2010:01:58:14 +0100] "GET /sitemap.xml.gz HTTP/1.1" 301 380 "-" "Mozilla/5.0 (compatible; Najdi.si/3.1)"
85.10.36.100 - - [29/Nov/2010:01:58:14 +0100] "GET /sitemap.xml.gz HTTP/1.1" 404 - "-" "Mozilla/5.0 (compatible; Najdi.si/3.1)"
85.10.36.100 - - [29/Nov/2010:01:58:14 +0100] "GET /sitemap.xml HTTP/1.1" 301 377 "-" "Mozilla/5.0 (compatible; Najdi.si/3.1)"
85.10.36.100 - - [29/Nov/2010:01:58:14 +0100] "GET /sitemap.xml HTTP/1.1" 404 - "-" "Mozilla/5.0 (compatible; Najdi.si/3.1)"
92.82.235.218 - - [29/Nov/2010:01:58:47 +0100] "GET / HTTP/1.1" 301 360 "-" "Java/1.6.0_04"
92.82.235.218 - - [29/Nov/2010:01:58:48 +0100] "GET / HTTP/1.1" 200 20010 "-" "Java/1.6.0_04"
92.82.235.218 - - [29/Nov/2010:01:58:49 +0100] "GET /index.php HTTP/1.1" 301 369 "-" "Java/1.6.0_04"
92.82.235.218 - - [29/Nov/2010:01:58:49 +0100] "GET /index.php HTTP/1.1" 200 20010 "-" "Java/1.6.0_04"
207.46.199.38 - - [29/Nov/2010:02:00:04 +0100] "GET /education/application-form-slovenian-only/ HTTP/1.1" 200 3406 "-" "Mozilla/5.0 (compatible; bingbot/2.0; +http://www.bing.com/bingbot.htm)"
208.80.194.27 - - [29/Nov/2010:02:01:49 +0100] "GET / HTTP/1.0" 200 12720 "-" "Mozilla/4.0 (compatible; MSIE 6.0; Windows NT 5.0; Embedded Web Browser from: http://bsalsa.com/; .NET CLR 1.1.4322)"
207.46.13.133 - - [29/Nov/2010:02:04:34 +0100] "GET /legal-counsel/employment-contract/termination-of-employment-contract/ HTTP/1.1" 200 3378 "-" "Mozilla/5.0 (compatible; bingbot/2.0; +http://www.bing.com/bingbot.htm)"
207.46.13.135 - - [29/Nov/2010:02:04:35 +0100] "GET /index.php?menu_item=item_13404 HTTP/1.1" 200 4359 "-" "Mozilla/5.0 (compatible; bingbot/2.0; +http://www.bing.com/bingbot.htm)"
124.115.4.196 - - [29/Nov/2010:02:09:07 +0100] "GET / HTTP/1.1" 200 4031 "-" "Sosospider+(+http://help.soso.com/webspider.htm)"
85.10.36.100 - - [29/Nov/2010:02:17:19 +0100] "GET /izobrazevanje/strokovna-znanja-za-gradbenike/ HTTP/1.1" 200 12846 "-" "Mozilla/5.0 (compatible; Najdi.si/3.1)"
85.10.36.100 - - [29/Nov/2010:02:22:47 +0100] "GET / HTTP/1.1" 301 360 "-" "Mozilla/5.0 (compatible; Najdi.si/3.1)"
85.10.36.100 - - [29/Nov/2010:02:22:47 +0100] "GET / HTTP/1.1" 200 4031 "-" "Mozilla/5.0 (compatible; Najdi.si/3.1)"
85.10.36.100 - - [29/Nov/2010:02:22:49 +0100] "GET /sitemap.txt.gz HTTP/1.1" 301 374 "-" "Mozilla/5.0 (compatible; Najdi.si/3.1)"
85.10.36.100 - - [29/Nov/2010:02:22:50 +0100] "GET /sitemap.txt.gz HTTP/1.1" 404 - "-" "Mozilla/5.0 (compatible; Najdi.si/3.1)"
85.10.36.100 - - [29/Nov/2010:02:22:50 +0100] "GET /sitemap.xml.gz HTTP/1.1" 301 374 "-" "Mozilla/5.0 (compatible; Najdi.si/3.1)"
85.10.36.100 - - [29/Nov/2010:02:22:51 +0100] "GET /sitemap.xml.gz HTTP/1.1" 404 - "-" "Mozilla/5.0 (compatible; Najdi.si/3.1)"
85.10.36.100 - - [29/Nov/2010:02:22:52 +0100] "GET /sitemap.xml HTTP/1.1" 301 371 "-" "Mozilla/5.0 (compatible; Najdi.si/3.1)"
85.10.36.100 - - [29/Nov/2010:02:22:52 +0100] "GET /sitemap.xml HTTP/1.1" 404 - "-" "Mozilla/5.0 (compatible; Najdi.si/3.1)"
85.10.36.100 - - [29/Nov/2010:02:24:30 +0100] "GET /kadrovska-dejavnost/pogodba-o-zaposlitvi/ HTTP/1.1" 200 3881 "-" "Mozilla/5.0 (compatible; Najdi.si/3.1)"
85.10.36.100 - - [29/Nov/2010:02:24:33 +0100] "GET /prijava/ HTTP/1.1" 200 3581 "-" "Mozilla/5.0 (compatible; Najdi.si/3.1)"
85.10.36.100 - - [29/Nov/2010:02:24:33 +0100] "GET /domov/ HTTP/1.1" 200 4031 "-" "Mozilla/5.0 (compatible; Najdi.si/3.1)"
85.10.36.100 - - [29/Nov/2010:02:24:34 +0100] "GET /vizitka/ HTTP/1.1" 200 3952 "-" "Mozilla/5.0 (compatible; Najdi.si/3.1)"
67.195.37.93 - - [29/Nov/2010:02:25:55 +0100] "GET /robots.txt HTTP/1.0" 404 345 "-" "Mozilla/5.0 (compatible; Yahoo! Slurp; http://help.yahoo.com/help/us/ysearch/slurp)"
67.195.37.93 - - [29/Nov/2010:02:25:56 +0100] "GET / HTTP/1.0" 200 12720 "-" "Mozilla/5.0 (compatible; Yahoo! Slurp; http://help.yahoo.com/help/us/ysearch/slurp)"
67.195.37.93 - - [29/Nov/2010:02:26:07 +0100] "GET /stil.css HTTP/1.0" 200 12334 "http://student.kadis.si/" "Mozilla/5.0 (compatible; Yahoo! Slurp; http://help.yahoo.com/help/us/ysearch/slurp)"
67.195.37.93 - - [29/Nov/2010:02:26:07 +0100] "GET /jscook/ThemeKadis/theme.css HTTP/1.0" 200 1579 "http://student.kadis.si/" "Mozilla/5.0 (compatible; Yahoo! Slurp; http://help.yahoo.com/help/us/ysearch/slurp)"
67.195.37.93 - - [29/Nov/2010:02:26:08 +0100] "GET /jscook/ThemeKadisStatic/theme.css HTTP/1.0" 200 7048 "http://student.kadis.si/" "Mozilla/5.0 (compatible; Yahoo! Slurp; http://help.yahoo.com/help/us/ysearch/slurp)"
178.154.163.29 - - [29/Nov/2010:02:29:57 +0100] "GET /index.php?menu_item=item_4952 HTTP/1.1" 200 4031 "-" "Mozilla/5.0 (compatible; YandexBot/3.0; +http://yandex.com/bots)"
207.46.199.180 - - [29/Nov/2010:02:30:13 +0100] "GET /robots.txt HTTP/1.1" 200 147 "-" "Mozilla/5.0 (compatible; bingbot/2.0; +http://www.bing.com/bingbot.htm)"
88.131.106.22 - - [29/Nov/2010:02:31:07 +0100] "GET /robots.txt HTTP/1.0" 200 147 "-" "Mozilla/5.0 (Windows; U; Windows NT 5.1; en-US) Speedy Spider (http://www.entireweb.com/about/search_tech/speedy_spider/)"
88.131.106.22 - - [29/Nov/2010:02:31:08 +0100] "GET /legal-counsel/health-pension-and-disability-insurance/ HTTP/1.0" 200 3118 "-" "Mozilla/5.0 (Windows; U; Windows NT 5.1; en-US) Speedy Spider (http://www.entireweb.com/about/search_tech/speedy_spider/)"
85.10.36.100 - - [29/Nov/2010:02:31:53 +0100] "GET /zaposlitev/ HTTP/1.1" 200 3515 "-" "Mozilla/5.0 (compatible; Najdi.si/3.1)"
85.10.36.100 - - [29/Nov/2010:02:31:55 +0100] "GET /kadrovska-dejavnost/pogodba-o-zaposlitvi/prenehanje-pogodbe-o-zaposlitvi/ HTTP/1.1" 200 4167 "-" "Mozilla/5.0 (compatible; Najdi.si/3.1)"
85.10.36.100 - - [29/Nov/2010:02:31:58 +0100] "GET /kadrovska-dejavnost/zdravstveno-pokojninsko-in-invalidsko-zavarovanje/ HTTP/1.1" 200 3832 "-" "Mozilla/5.0 (compatible; Najdi.si/3.1)"
85.10.36.100 - - [29/Nov/2010:02:31:59 +0100] "GET / HTTP/1.1" 200 3025 "-" "Mozilla/5.0 (compatible; Najdi.si/3.1)"
85.10.36.100 - - [29/Nov/2010:02:32:01 +0100] "GET /sitemap.txt.gz HTTP/1.1" 404 - "-" "Mozilla/5.0 (compatible; Najdi.si/3.1)"
85.10.36.100 - - [29/Nov/2010:02:32:01 +0100] "GET /sitemap.xml.gz HTTP/1.1" 404 - "-" "Mozilla/5.0 (compatible; Najdi.si/3.1)"
85.10.36.100 - - [29/Nov/2010:02:32:02 +0100] "GET /sitemap.xml HTTP/1.1" 404 - "-" "Mozilla/5.0 (compatible; Najdi.si/3.1)"
85.10.36.100 - - [29/Nov/2010:02:32:02 +0100] "GET /o-avtorjih/ HTTP/1.1" 200 3202 "-" "Mozilla/5.0 (compatible; Najdi.si/3.1)"
66.249.65.236 - - [29/Nov/2010:02:32:05 +0100] "GET / HTTP/1.1" 200 4031 "-" "Mozilla/5.0 (compatible; Googlebot/2.1; +http://www.google.com/bot.html)"
66.249.65.252 - - [29/Nov/2010:02:34:07 +0100] "GET /robots.txt HTTP/1.1" 301 366 "-" "Mozilla/5.0 (compatible; Googlebot/2.1; +http://www.google.com/bot.html)"
66.249.65.236 - - [29/Nov/2010:02:34:07 +0100] "GET /robots.txt HTTP/1.1" 200 147 "-" "Mozilla/5.0 (compatible; Googlebot/2.1; +http://www.google.com/bot.html)"
66.249.65.252 - - [29/Nov/2010:02:34:07 +0100] "GET / HTTP/1.1" 301 356 "-" "Mozilla/5.0 (compatible; Googlebot/2.1; +http://www.google.com/bot.html)"
85.10.36.100 - - [29/Nov/2010:02:35:08 +0100] "GET /iskanje-in-izbor-kadrov/psiholosko-testiranje/ HTTP/1.1" 200 5346 "-" "Mozilla/5.0 (compatible; Najdi.si/3.1)"
85.10.36.100 - - [29/Nov/2010:02:35:10 +0100] "GET /kadrovska-dejavnost/obracun-plac/ HTTP/1.1" 200 3440 "-" "Mozilla/5.0 (compatible; Najdi.si/3.1)"
85.10.36.100 - - [29/Nov/2010:02:35:10 +0100] "GET /karierno-svetovanje/ HTTP/1.1" 200 3936 "-" "Mozilla/5.0 (compatible; Najdi.si/3.1)"
85.10.36.100 - - [29/Nov/2010:02:35:12 +0100] "GET /aktualno/ HTTP/1.1" 200 31322 "-" "Mozilla/5.0 (compatible; Najdi.si/3.1)"
66.249.65.240 - - [29/Nov/2010:02:36:08 +0100] "GET /robots.txt HTTP/1.1" 200 147 "-" "Mozilla/5.0 (compatible; Googlebot/2.1; +http://www.google.com/bot.html)"
66.249.65.240 - - [29/Nov/2010:02:36:08 +0100] "GET / HTTP/1.1" 200 3025 "-" "Mozilla/5.0 (compatible; Googlebot/2.1; +http://www.google.com/bot.html)"
85.10.36.100 - - [29/Nov/2010:02:36:50 +0100] "GET / HTTP/1.1" 200 31322 "-" "Mozilla/5.0 (compatible; Najdi.si/3.1)"
85.10.36.100 - - [29/Nov/2010:02:36:55 +0100] "GET /sitemap.txt.gz HTTP/1.1" 404 - "-" "Mozilla/5.0 (compatible; Najdi.si/3.1)"
85.10.36.100 - - [29/Nov/2010:02:36:56 +0100] "GET /sitemap.xml.gz HTTP/1.1" 404 - "-" "Mozilla/5.0 (compatible; Najdi.si/3.1)"
85.10.36.100 - - [29/Nov/2010:02:36:56 +0100] "GET /sitemap.xml HTTP/1.1" 404 - "-" "Mozilla/5.0 (compatible; Najdi.si/3.1)"
85.10.36.100 - - [29/Nov/2010:02:36:57 +0100] "GET /vizitka/clanki/ HTTP/1.1" 200 3534 "-" "Mozilla/5.0 (compatible; Najdi.si/3.1)"
85.10.36.100 - - [29/Nov/2010:02:36:58 +0100] "GET /kadrovska-dejavnost/zaposlovanje-in-delo-tujcev/ HTTP/1.1" 200 3764 "-" "Mozilla/5.0 (compatible; Najdi.si/3.1)"
85.10.36.100 - - [29/Nov/2010:02:37:01 +0100] "GET /iskanje-in-izbor-kadrov/postopek-iskanja-in-izbora-kadrov/ HTTP/1.1" 200 4085 "-" "Mozilla/5.0 (compatible; Najdi.si/3.1)"
85.10.36.100 - - [29/Nov/2010:02:37:02 +0100] "GET /zaposlitev/vpis-v-bazo-podatkov/ HTTP/1.1" 200 3320 "-" "Mozilla/5.0 (compatible; Najdi.si/3.1)"
85.10.36.100 - - [29/Nov/2010:02:37:04 +0100] "GET /domov/vpis-na-eseznam/ HTTP/1.1" 200 3471 "-" "Mozilla/5.0 (compatible; Najdi.si/3.1)"
66.249.65.236 - - [29/Nov/2010:02:38:09 +0100] "GET /zaposlitev/prosta-delovna-mesta/ HTTP/1.1" 200 3182 "-" "Mozilla/5.0 (compatible; Googlebot/2.1; +http://www.google.com/bot.html)"
58.61.164.140 - - [29/Nov/2010:02:38:11 +0100] "GET / HTTP/1.1" 200 3025 "-" "Mozilla/4.0 (compatible; MSIE 6.0; Windows NT 5.1)"
66.249.65.236 - - [29/Nov/2010:02:41:11 +0100] "GET /iskanje-in-izbor-kadrov/psiholosko-testiranje/ HTTP/1.1" 200 5346 "-" "Mozilla/5.0 (compatible; Googlebot/2.1; +http://www.google.com/bot.html)"
173.216.51.74 - - [29/Nov/2010:02:41:55 +0100] "GET /human-resource-selection/psychological-testing/ HTTP/1.1" 200 3944 "http://search.yahoo.com/search;_ylt=AlFDF4SFNlYdErbRtCkvsDObvZx4?p=are+psychological+tests+good+for+team+selection%3F&toggle=1&cop=mss&ei=UTF-8&fr=yfp-t-701" "Mozilla/4.0 (compatible; MSIE 7.0; Windows NT 5.1; Trident/4.0)"
173.216.51.74 - - [29/Nov/2010:02:41:55 +0100] "GET /varpulis/_js/basic.js HTTP/1.1" 200 4470 "http://en.kadis.si/human-resource-selection/psychological-testing/" "Mozilla/4.0 (compatible; MSIE 8.0; Windows NT 5.1; Trident/4.0)"
173.216.51.74 - - [29/Nov/2010:02:41:56 +0100] "GET /sitedata/553/conf/custom.css.php HTTP/1.1" 200 77 "http://en.kadis.si/human-resource-selection/psychological-testing/" "Mozilla/4.0 (compatible; MSIE 8.0; Windows NT 5.1; Trident/4.0)"
173.216.51.74 - - [29/Nov/2010:02:41:56 +0100] "GET /varpulis/_css/553_print.css HTTP/1.1" 200 14138 "http://en.kadis.si/human-resource-selection/psychological-testing/" "Mozilla/4.0 (compatible; MSIE 8.0; Windows NT 5.1; Trident/4.0)"
173.216.51.74 - - [29/Nov/2010:02:41:55 +0100] "GET /varpulis/_css/553_default.css HTTP/1.1" 200 36288 "http://en.kadis.si/human-resource-selection/psychological-testing/" "Mozilla/4.0 (compatible; MSIE 8.0; Windows NT 5.1; Trident/4.0)"
173.216.51.74 - - [29/Nov/2010:02:41:56 +0100] "GET /varpulis/_js/553_menu.js HTTP/1.1" 200 9444 "http://en.kadis.si/human-resource-selection/psychological-testing/" "Mozilla/4.0 (compatible; MSIE 8.0; Windows NT 5.1; Trident/4.0)"
173.216.51.74 - - [29/Nov/2010:02:41:57 +0100] "GET /sitedata/553/media/logo.jpg HTTP/1.1" 200 3197 "http://en.kadis.si/human-resource-selection/psychological-testing/" "Mozilla/4.0 (compatible; MSIE 8.0; Windows NT 5.1; Trident/4.0)"
173.216.51.74 - - [29/Nov/2010:02:41:57 +0100] "GET /imageColorReplace.php?source=images/backgrounds/ozadje30.png&destination=bgImage_body&format=png&color1=EEF8DB&color2=ffffff HTTP/1.1" 200 499 "http://en.kadis.si/human-resource-selection/psychological-testing/" "Mozilla/4.0 (compatible; MSIE 8.0; Windows NT 5.1; Trident/4.0)"
173.216.51.74 - - [29/Nov/2010:02:41:57 +0100] "GET /sitedata/553/conf/alineja.png HTTP/1.1" 200 714 "http://en.kadis.si/human-resource-selection/psychological-testing/" "Mozilla/4.0 (compatible; MSIE 8.0; Windows NT 5.1; Trident/4.0)"
173.216.51.74 - - [29/Nov/2010:02:41:57 +0100] "GET /imageColor.php?source=themes/Zaba/images/langBG.png&trueColor=1&color=ABDA4D HTTP/1.1" 200 144 "http://en.kadis.si/human-resource-selection/psychological-testing/" "Mozilla/4.0 (compatible; MSIE 8.0; Windows NT 5.1; Trident/4.0)"
173.216.51.74 - - [29/Nov/2010:02:41:57 +0100] "GET /imageFill.php?source=themes/Zaba/images/companyInfoBG.png&color=FFFFFF HTTP/1.1" 200 43 "http://en.kadis.si/human-resource-selection/psychological-testing/" "Mozilla/4.0 (compatible; MSIE 8.0; Windows NT 5.1; Trident/4.0)"
173.216.51.74 - - [29/Nov/2010:02:41:57 +0100] "GET /sitedata/553/media/page/image%20fotka%2003.jpg HTTP/1.1" 200 57472 "http://en.kadis.si/human-resource-selection/psychological-testing/" "Mozilla/4.0 (compatible; MSIE 8.0; Windows NT 5.1; Trident/4.0)"
173.216.51.74 - - [29/Nov/2010:02:41:58 +0100] "GET /favicon.ico HTTP/1.1" 404 - "-" "Mozilla/4.0 (compatible; MSIE 8.0; Windows NT 5.1; Trident/4.0)"
66.249.65.236 - - [29/Nov/2010:02:44:13 +0100] "GET /vizitka/kontaktni-podatki/ HTTP/1.1" 200 3969 "-" "Mozilla/5.0 (compatible; Googlebot/2.1; +http://www.google.com/bot.html)"
66.249.65.240 - - [29/Nov/2010:02:49:17 +0100] "GET /human-resource-selection/procedure-of-human-resource-selection/ HTTP/1.1" 200 3294 "-" "Mozilla/5.0 (compatible; Googlebot/2.1; +http://www.google.com/bot.html)"
207.46.13.140 - - [29/Nov/2010:02:50:35 +0100] "GET /legal-counsel/accounting-of-salaries/ HTTP/1.1" 200 2696 "-" "Mozilla/5.0 (compatible; bingbot/2.0; +http://www.bing.com/bingbot.htm)"
66.249.65.236 - - [29/Nov/2010:02:52:19 +0100] "GET /izobrazevanje/strokovna-znanja-za-gradbenike/ HTTP/1.1" 200 12846 "-" "Mozilla/5.0 (compatible; Googlebot/2.1; +http://www.google.com/bot.html)"
85.10.36.100 - - [29/Nov/2010:02:52:46 +0100] "GET / HTTP/1.1" 301 360 "-" "Mozilla/5.0 (compatible; Najdi.si/3.1)"
85.10.36.100 - - [29/Nov/2010:02:52:46 +0100] "GET / HTTP/1.1" 200 4031 "-" "Mozilla/5.0 (compatible; Najdi.si/3.1)"
85.10.36.100 - - [29/Nov/2010:02:52:49 +0100] "GET /sitemap.txt.gz HTTP/1.1" 301 374 "-" "Mozilla/5.0 (compatible; Najdi.si/3.1)"
85.10.36.100 - - [29/Nov/2010:02:52:49 +0100] "GET /sitemap.txt.gz HTTP/1.1" 404 - "-" "Mozilla/5.0 (compatible; Najdi.si/3.1)"
85.10.36.100 - - [29/Nov/2010:02:52:50 +0100] "GET /sitemap.xml.gz HTTP/1.1" 301 374 "-" "Mozilla/5.0 (compatible; Najdi.si/3.1)"
85.10.36.100 - - [29/Nov/2010:02:52:50 +0100] "GET /sitemap.xml.gz HTTP/1.1" 404 - "-" "Mozilla/5.0 (compatible; Najdi.si/3.1)"
85.10.36.100 - - [29/Nov/2010:02:52:50 +0100] "GET /sitemap.xml HTTP/1.1" 301 371 "-" "Mozilla/5.0 (compatible; Najdi.si/3.1)"
85.10.36.100 - - [29/Nov/2010:02:52:50 +0100] "GET /sitemap.xml HTTP/1.1" 404 - "-" "Mozilla/5.0 (compatible; Najdi.si/3.1)"
58.61.164.140 - - [29/Nov/2010:02:53:06 +0100] "GET /iskanje-in-izbor-kadrov/predstavitev/ HTTP/1.1" 200 3787 "-" "Mozilla/4.0 (compatible; MSIE 6.0; Windows NT 5.1)"
58.61.164.39 - - [29/Nov/2010:02:54:28 +0100] "GET /kadrovska-dejavnost/izdelava-splosnih-aktov-druzbe/ HTTP/1.1" 200 3839 "-" "Mozilla/4.0 (compatible; MSIE 6.0; Windows NT 5.1)"
85.10.36.100 - - [29/Nov/2010:02:55:49 +0100] "GET / HTTP/1.1" 200 12720 "-" "Mozilla/5.0 (compatible; Najdi.si/3.1)"
85.10.36.100 - - [29/Nov/2010:02:55:56 +0100] "GET /sitemap.txt.gz HTTP/1.1" 404 349 "-" "Mozilla/5.0 (compatible; Najdi.si/3.1)"
85.10.36.100 - - [29/Nov/2010:02:55:57 +0100] "GET /sitemap.xml.gz HTTP/1.1" 404 349 "-" "Mozilla/5.0 (compatible; Najdi.si/3.1)"
85.10.36.100 - - [29/Nov/2010:02:55:58 +0100] "GET /sitemap.xml HTTP/1.1" 404 346 "-" "Mozilla/5.0 (compatible; Najdi.si/3.1)"
58.61.164.39 - - [29/Nov/2010:02:57:39 +0100] "GET /human-resource-selection/procedure-of-human-resource-selection/ HTTP/1.1" 200 3294 "-" "Mozilla/4.0 (compatible; MSIE 6.0; Windows NT 5.1)"
66.249.65.236 - - [29/Nov/2010:02:58:23 +0100] "GET /kadrovska-dejavnost/pogodba-o-zaposlitvi/prenehanje-pogodbe-o-zaposlitvi/ HTTP/1.1" 200 4167 "-" "Mozilla/5.0 (compatible; Googlebot/2.1; +http://www.google.com/bot.html)"
66.249.65.236 - - [29/Nov/2010:02:59:24 +0100] "GET /aktualno/ HTTP/1.1" 200 31322 "-" "Mozilla/5.0 (compatible; Googlebot/2.1; +http://www.google.com/bot.html)"
213.143.80.10 - - [29/Nov/2010:03:04:16 +0100] "HEAD / HTTP/1.1" 200 - "-" "Mosad/2.0"
66.249.65.236 - - [29/Nov/2010:03:04:27 +0100] "GET /druga-dejavnost/mednarodni-projekti/tekoci-projekti/eguide/ HTTP/1.1" 200 4541 "-" "Mozilla/5.0 (compatible; Googlebot/2.1; +http://www.google.com/bot.html)"
66.249.65.236 - - [29/Nov/2010:03:05:28 +0100] "GET /zaposlitev/studentski-servis/ HTTP/1.1" 200 3294 "-" "Mozilla/5.0 (compatible; Googlebot/2.1; +http://www.google.com/bot.html)"
66.249.65.236 - - [29/Nov/2010:03:10:32 +0100] "GET /kadrovska-dejavnost/zdravstveno-pokojninsko-in-invalidsko-zavarovanje/ HTTP/1.1" 200 3832 "-" "Mozilla/5.0 (compatible; Googlebot/2.1; +http://www.google.com/bot.html)"
66.249.65.236 - - [29/Nov/2010:03:11:32 +0100] "GET /kadrovska-dejavnost/pogodba-o-zaposlitvi/ HTTP/1.1" 200 3881 "-" "Mozilla/5.0 (compatible; Googlebot/2.1; +http://www.google.com/bot.html)"
213.143.80.10 - - [29/Nov/2010:03:12:20 +0100] "HEAD / HTTP/1.1" 301 - "-" "Mosad/2.0"
213.143.80.10 - - [29/Nov/2010:03:12:20 +0100] "HEAD / HTTP/1.1" 200 - "-" "Mosad/2.0"
207.46.199.200 - - [29/Nov/2010:03:21:54 +0100] "GET /robots.txt HTTP/1.1" 200 147 "-" "Mozilla/5.0 (compatible; bingbot/2.0; +http://www.bing.com/bingbot.htm)"
85.10.36.100 - - [29/Nov/2010:03:22:51 +0100] "GET / HTTP/1.1" 301 360 "-" "Mozilla/5.0 (compatible; Najdi.si/3.1)"
85.10.36.100 - - [29/Nov/2010:03:22:52 +0100] "GET / HTTP/1.1" 200 4031 "-" "Mozilla/5.0 (compatible; Najdi.si/3.1)"
85.10.36.100 - - [29/Nov/2010:03:23:00 +0100] "GET /sitemap.txt.gz HTTP/1.1" 301 374 "-" "Mozilla/5.0 (compatible; Najdi.si/3.1)"
85.10.36.100 - - [29/Nov/2010:03:23:01 +0100] "GET /sitemap.txt.gz HTTP/1.1" 404 - "-" "Mozilla/5.0 (compatible; Najdi.si/3.1)"
85.10.36.100 - - [29/Nov/2010:03:23:02 +0100] "GET /sitemap.xml.gz HTTP/1.1" 301 374 "-" "Mozilla/5.0 (compatible; Najdi.si/3.1)"
85.10.36.100 - - [29/Nov/2010:03:23:02 +0100] "GET /sitemap.xml.gz HTTP/1.1" 404 - "-" "Mozilla/5.0 (compatible; Najdi.si/3.1)"
85.10.36.100 - - [29/Nov/2010:03:23:02 +0100] "GET /sitemap.xml HTTP/1.1" 301 371 "-" "Mozilla/5.0 (compatible; Najdi.si/3.1)"
85.10.36.100 - - [29/Nov/2010:03:23:02 +0100] "GET /sitemap.xml HTTP/1.1" 404 - "-" "Mozilla/5.0 (compatible; Najdi.si/3.1)"
124.115.1.7 - - [29/Nov/2010:03:26:29 +0100] "GET /index.php?menu_item=item_5016 HTTP/1.1" 200 4013 "-" "Mozilla/4.0 (compatible; MSIE 6.0; Windows NT 5.1)"
220.181.108.81 - - [29/Nov/2010:03:33:06 +0100] "GET / HTTP/1.1" 301 360 "-" "Baiduspider+(+http://www.baidu.com/search/spider.htm)"
207.46.195.107 - - [29/Nov/2010:03:34:35 +0100] "GET /robots.txt HTTP/1.1" 200 147 "-" "Mozilla/5.0 (compatible; bingbot/2.0; +http://www.bing.com/bingbot.htm)"
207.46.195.107 - - [29/Nov/2010:03:35:35 +0100] "GET /zaposlitev/studentski-servis/ HTTP/1.1" 200 3294 "-" "Mozilla/5.0 (compatible; bingbot/2.0; +http://www.bing.com/bingbot.htm)"
66.249.65.236 - - [29/Nov/2010:03:37:51 +0100] "GET /robots.txt HTTP/1.1" 200 147 "-" "Mozilla/5.0 (compatible; Googlebot/2.1; +http://www.google.com/bot.html)"
66.249.65.236 - - [29/Nov/2010:03:37:51 +0100] "GET /karierno-svetovanje/ HTTP/1.1" 200 3936 "-" "Mozilla/5.0 (compatible; Googlebot/2.1; +http://www.google.com/bot.html)"
66.249.65.236 - - [29/Nov/2010:03:38:51 +0100] "GET /druga-dejavnost/konferenca-vsezivljenjska-karierna-orientacija-v-sloveniji/ HTTP/1.1" 200 4945 "-" "Mozilla/5.0 (compatible; Googlebot/2.1; +http://www.google.com/bot.html)"
66.249.65.233 - - [29/Nov/2010:03:42:55 +0100] "GET /robots.txt HTTP/1.1" 404 345 "-" "Mozilla/5.0 (compatible; Googlebot/2.1; +http://www.google.com/bot.html)"
66.249.65.233 - - [29/Nov/2010:03:42:56 +0100] "GET / HTTP/1.1" 200 12720 "-" "Mozilla/5.0 (compatible; Googlebot/2.1; +http://www.google.com/bot.html)"
67.195.110.172 - - [29/Nov/2010:03:44:02 +0100] "GET /index.php?menu_item=item_4952 HTTP/1.0" 200 4031 "-" "Mozilla/5.0 (compatible; Yahoo! Slurp; http://help.yahoo.com/help/us/ysearch/slurp)"
207.46.13.142 - - [29/Nov/2010:03:47:34 +0100] "GET /index.php?menu_item=item_13624 HTTP/1.1" 200 3129 "-" "Mozilla/5.0 (compatible; bingbot/2.0; +http://www.bing.com/bingbot.htm)"
85.10.36.100 - - [29/Nov/2010:03:50:12 +0100] "GET /?menu_item=prva&menu_level=2 HTTP/1.1" 301 392 "-" "Mozilla/5.0 (compatible; Najdi.si/3.1)"
85.10.36.100 - - [29/Nov/2010:03:50:14 +0100] "GET /?menu_item=prva&menu_level=2 HTTP/1.1" 200 4031 "-" "Mozilla/5.0 (compatible; Najdi.si/3.1)"
85.10.36.100 - - [29/Nov/2010:03:52:58 +0100] "GET / HTTP/1.1" 301 360 "-" "Mozilla/5.0 (compatible; Najdi.si/3.1)"
85.10.36.100 - - [29/Nov/2010:03:52:58 +0100] "GET / HTTP/1.1" 200 4031 "-" "Mozilla/5.0 (compatible; Najdi.si/3.1)"
66.249.65.236 - - [29/Nov/2010:03:53:01 +0100] "GET /izobrazevanje/mehke-vescine/ HTTP/1.1" 200 6994 "-" "Mozilla/5.0 (compatible; Googlebot/2.1; +http://www.google.com/bot.html)"
85.10.36.100 - - [29/Nov/2010:03:53:06 +0100] "GET /sitemap.txt.gz HTTP/1.1" 301 374 "-" "Mozilla/5.0 (compatible; Najdi.si/3.1)"
85.10.36.100 - - [29/Nov/2010:03:53:06 +0100] "GET /sitemap.txt.gz HTTP/1.1" 404 - "-" "Mozilla/5.0 (compatible; Najdi.si/3.1)"
85.10.36.100 - - [29/Nov/2010:03:53:06 +0100] "GET /sitemap.xml.gz HTTP/1.1" 301 374 "-" "Mozilla/5.0 (compatible; Najdi.si/3.1)"
85.10.36.100 - - [29/Nov/2010:03:53:07 +0100] "GET /sitemap.xml.gz HTTP/1.1" 404 - "-" "Mozilla/5.0 (compatible; Najdi.si/3.1)"
85.10.36.100 - - [29/Nov/2010:03:53:07 +0100] "GET /sitemap.xml HTTP/1.1" 301 371 "-" "Mozilla/5.0 (compatible; Najdi.si/3.1)"
85.10.36.100 - - [29/Nov/2010:03:53:09 +0100] "GET /sitemap.xml HTTP/1.1" 404 - "-" "Mozilla/5.0 (compatible; Najdi.si/3.1)"
120.140.148.28 - - [29/Nov/2010:03:54:56 +0100] "GET / HTTP/1.1" 301 360 "http://www.rumenestrani.com/si/imenik/419/dejavnost/racunalnisko-izobrazevanje" "Mozilla/4.0 (compatible; MSIE 7.0; Windows NT 6.1; Trident/4.0; SLCC2; .NET CLR 2.0.50727; .NET CLR 3.5.30729; .NET CLR 3.0.30729; Media Center PC 6.0; Tablet PC 2.0; AskTbMYC/5.9.1.14019)"
120.140.148.28 - - [29/Nov/2010:03:54:57 +0100] "GET / HTTP/1.1" 200 4031 "http://www.rumenestrani.com/si/imenik/419/dejavnost/racunalnisko-izobrazevanje" "Mozilla/4.0 (compatible; MSIE 7.0; Windows NT 6.1; Trident/4.0; SLCC2; .NET CLR 2.0.50727; .NET CLR 3.5.30729; .NET CLR 3.0.30729; Media Center PC 6.0; Tablet PC 2.0; AskTbMYC/5.9.1.14019)"
66.249.65.236 - - [29/Nov/2010:03:55:03 +0100] "GET /kadrovska-dejavnost/ HTTP/1.1" 200 3800 "-" "Mozilla/5.0 (compatible; Googlebot/2.1; +http://www.google.com/bot.html)"
82.149.5.250 - - [29/Nov/2010:04:02:08 +0100] "GET /index.php?menu_item=item_13946 HTTP/1.1" 200 4874 "-" "Mozilla/4.0 (compatible; MSIE 8.0; Windows NT 6.0; Trident/4.0; GTB6; SLCC1; .NET CLR 2.0.50727; Media Center PC 5.0; .NET CLR 3.0.30729; .NET4.0C; .NET CLR 1.1.4322)"
82.149.5.250 - - [29/Nov/2010:04:02:13 +0100] "GET /varpulis/_css/282_default.css.gz HTTP/1.1" 200 6287 "http://sl.kadis.si/index.php?menu_item=item_13946" "Mozilla/4.0 (compatible; MSIE 8.0; Windows NT 6.0; Trident/4.0; GTB6; SLCC1; .NET CLR 2.0.50727; Media Center PC 5.0; .NET CLR 3.0.30729; .NET4.0C; .NET CLR 1.1.4322)"
82.149.5.250 - - [29/Nov/2010:04:02:13 +0100] "GET /varpulis/_js/basic.js HTTP/1.1" 200 4470 "http://sl.kadis.si/index.php?menu_item=item_13946" "Mozilla/4.0 (compatible; MSIE 8.0; Windows NT 6.0; Trident/4.0; GTB6; SLCC1; .NET CLR 2.0.50727; Media Center PC 5.0; .NET CLR 3.0.30729; .NET4.0C; .NET CLR 1.1.4322)"
82.149.5.250 - - [29/Nov/2010:04:02:13 +0100] "GET /varpulis/_js/282_menu.js HTTP/1.1" 200 9444 "http://sl.kadis.si/index.php?menu_item=item_13946" "Mozilla/4.0 (compatible; MSIE 8.0; Windows NT 6.0; Trident/4.0; GTB6; SLCC1; .NET CLR 2.0.50727; Media Center PC 5.0; .NET CLR 3.0.30729; .NET4.0C; .NET CLR 1.1.4322)"
82.149.5.250 - - [29/Nov/2010:04:02:13 +0100] "GET /sitedata/282/conf/custom.css.php HTTP/1.1" 200 114 "http://sl.kadis.si/index.php?menu_item=item_13946" "Mozilla/4.0 (compatible; MSIE 8.0; Windows NT 6.0; Trident/4.0; GTB6; SLCC1; .NET CLR 2.0.50727; Media Center PC 5.0; .NET CLR 3.0.30729; .NET4.0C; .NET CLR 1.1.4322)"
82.149.5.250 - - [29/Nov/2010:04:02:13 +0100] "GET /varpulis/_css/282_print.css.gz HTTP/1.1" 200 2634 "http://sl.kadis.si/index.php?menu_item=item_13946" "Mozilla/4.0 (compatible; MSIE 8.0; Windows NT 6.0; Trident/4.0; GTB6; SLCC1; .NET CLR 2.0.50727; Media Center PC 5.0; .NET CLR 3.0.30729; .NET4.0C; .NET CLR 1.1.4322)"
82.149.5.250 - - [29/Nov/2010:04:02:14 +0100] "GET /sitedata/282/conf/alineja.png HTTP/1.1" 200 714 "http://sl.kadis.si/index.php?menu_item=item_13946" "Mozilla/4.0 (compatible; MSIE 8.0; Windows NT 6.0; Trident/4.0; GTB6; SLCC1; .NET CLR 2.0.50727; Media Center PC 5.0; .NET CLR 3.0.30729; .NET4.0C; .NET CLR 1.1.4322)"
82.149.5.250 - - [29/Nov/2010:04:02:14 +0100] "GET /sitedata/282/media/kadis_logo.jpg HTTP/1.1" 200 7784 "http://sl.kadis.si/index.php?menu_item=item_13946" "Mozilla/4.0 (compatible; MSIE 8.0; Windows NT 6.0; Trident/4.0; GTB6; SLCC1; .NET CLR 2.0.50727; Media Center PC 5.0; .NET CLR 3.0.30729; .NET4.0C; .NET CLR 1.1.4322)"
82.149.5.250 - - [29/Nov/2010:04:02:14 +0100] "GET /imageColor.php?source=themes/Zaba/images/langBG.png&trueColor=1&color=ABDA4D HTTP/1.1" 200 144 "http://sl.kadis.si/index.php?menu_item=item_13946" "Mozilla/4.0 (compatible; MSIE 8.0; Windows NT 6.0; Trident/4.0; GTB6; SLCC1; .NET CLR 2.0.50727; Media Center PC 5.0; .NET CLR 3.0.30729; .NET4.0C; .NET CLR 1.1.4322)"
82.149.5.250 - - [29/Nov/2010:04:02:14 +0100] "GET /sitedata/282/media/page/kadis_image.jpg HTTP/1.1" 200 48614 "http://sl.kadis.si/index.php?menu_item=item_13946" "Mozilla/4.0 (compatible; MSIE 8.0; Windows NT 6.0; Trident/4.0; GTB6; SLCC1; .NET CLR 2.0.50727; Media Center PC 5.0; .NET CLR 3.0.30729; .NET4.0C; .NET CLR 1.1.4322)"
82.149.5.250 - - [29/Nov/2010:04:02:14 +0100] "GET /imageFill.php?source=themes/Zaba/images/companyInfoBG.png&color=FFFFFF HTTP/1.1" 200 43 "http://sl.kadis.si/index.php?menu_item=item_13946" "Mozilla/4.0 (compatible; MSIE 8.0; Windows NT 6.0; Trident/4.0; GTB6; SLCC1; .NET CLR 2.0.50727; Media Center PC 5.0; .NET CLR 3.0.30729; .NET4.0C; .NET CLR 1.1.4322)"
82.149.5.250 - - [29/Nov/2010:04:02:14 +0100] "GET /imageColorReplace.php?source=images/backgrounds/ozadje30.png&destination=bgImage_body&format=png&color1=EEF8DB&color2=FFFFFF HTTP/1.1" 200 499 "http://sl.kadis.si/index.php?menu_item=item_13946" "Mozilla/4.0 (compatible; MSIE 8.0; Windows NT 6.0; Trident/4.0; GTB6; SLCC1; .NET CLR 2.0.50727; Media Center PC 5.0; .NET CLR 3.0.30729; .NET4.0C; .NET CLR 1.1.4322)"
82.149.5.250 - - [29/Nov/2010:04:02:15 +0100] "GET /favicon.ico HTTP/1.1" 404 - "-" "Mozilla/4.0 (compatible; MSIE 8.0; Windows NT 6.0; Trident/4.0; GTB6; SLCC1; .NET CLR 2.0.50727; Media Center PC 5.0; .NET CLR 3.0.30729; .NET4.0C; .NET CLR 1.1.4322)"
82.149.5.250 - - [29/Nov/2010:04:02:15 +0100] "GET /favicon.ico HTTP/1.1" 404 - "-" "Mozilla/5.0 (compatible; Google Desktop/5.9.1005.12335; http://desktop.google.com/)"
66.249.65.236 - - [29/Nov/2010:04:05:12 +0100] "GET /iskanje-in-izbor-kadrov/ HTTP/1.1" 200 3787 "-" "Mozilla/5.0 (compatible; Googlebot/2.1; +http://www.google.com/bot.html)"
66.249.65.236 - - [29/Nov/2010:04:18:19 +0100] "GET /kadrovska-dejavnost/izdelava-splosnih-aktov-druzbe/ HTTP/1.1" 200 3839 "-" "Mozilla/5.0 (compatible; Googlebot/2.1; +http://www.google.com/bot.html)"
88.214.193.166 - - [29/Nov/2010:04:20:19 +0100] "GET / HTTP/1.1" 301 356 "http://www.whorush.com/search/?q=kadis.si" "Mozilla/5.0 (Macintosh; U; Intel Mac OS X 10.5; en-US; rv:1.9.2.3) Gecko/20100401 Firefox/3.6.3"
88.214.193.166 - - [29/Nov/2010:04:20:20 +0100] "GET / HTTP/1.1" 200 20010 "http://www.whorush.com/search/?q=kadis.si" "Mozilla/5.0 (Macintosh; U; Intel Mac OS X 10.5; en-US; rv:1.9.2.3) Gecko/20100401 Firefox/3.6.3"
207.46.199.191 - - [29/Nov/2010:04:22:15 +0100] "GET /robots.txt HTTP/1.1" 301 370 "-" "Mozilla/5.0 (compatible; bingbot/2.0; +http://www.bing.com/bingbot.htm)"
207.46.199.191 - - [29/Nov/2010:04:22:15 +0100] "GET /robots.txt HTTP/1.1" 200 147 "-" "Mozilla/5.0 (compatible; bingbot/2.0; +http://www.bing.com/bingbot.htm)"
85.10.36.100 - - [29/Nov/2010:04:23:35 +0100] "GET / HTTP/1.1" 301 360 "-" "Mozilla/5.0 (compatible; Najdi.si/3.1)"
85.10.36.100 - - [29/Nov/2010:04:23:36 +0100] "GET / HTTP/1.1" 200 4031 "-" "Mozilla/5.0 (compatible; Najdi.si/3.1)"
85.10.36.100 - - [29/Nov/2010:04:23:37 +0100] "GET /sitemap.txt.gz HTTP/1.1" 301 374 "-" "Mozilla/5.0 (compatible; Najdi.si/3.1)"
85.10.36.100 - - [29/Nov/2010:04:23:37 +0100] "GET /sitemap.txt.gz HTTP/1.1" 404 - "-" "Mozilla/5.0 (compatible; Najdi.si/3.1)"
85.10.36.100 - - [29/Nov/2010:04:23:37 +0100] "GET /sitemap.xml.gz HTTP/1.1" 301 374 "-" "Mozilla/5.0 (compatible; Najdi.si/3.1)"
85.10.36.100 - - [29/Nov/2010:04:23:37 +0100] "GET /sitemap.xml.gz HTTP/1.1" 404 - "-" "Mozilla/5.0 (compatible; Najdi.si/3.1)"
85.10.36.100 - - [29/Nov/2010:04:23:37 +0100] "GET /sitemap.xml HTTP/1.1" 301 371 "-" "Mozilla/5.0 (compatible; Najdi.si/3.1)"
85.10.36.100 - - [29/Nov/2010:04:23:38 +0100] "GET /sitemap.xml HTTP/1.1" 404 - "-" "Mozilla/5.0 (compatible; Najdi.si/3.1)"
93.103.52.231 - - [29/Nov/2010:04:26:17 +0100] "GET / HTTP/1.1" 301 360 "http://www.prosnja.info/zaposlovanje-tujcev.html" "Mozilla/5.0 (Windows; U; Windows NT 5.1; sl; rv:1.9.1.13) Gecko/20100914 Firefox/3.5.13 FBSMTWB"
93.103.52.231 - - [29/Nov/2010:04:26:17 +0100] "GET / HTTP/1.1" 200 4031 "http://www.prosnja.info/zaposlovanje-tujcev.html" "Mozilla/5.0 (Windows; U; Windows NT 5.1; sl; rv:1.9.1.13) Gecko/20100914 Firefox/3.5.13 FBSMTWB"
93.103.52.231 - - [29/Nov/2010:04:26:18 +0100] "GET /varpulis/_css/282_print.css.gz HTTP/1.1" 200 2634 "http://sl.kadis.si/" "Mozilla/5.0 (Windows; U; Windows NT 5.1; sl; rv:1.9.1.13) Gecko/20100914 Firefox/3.5.13 FBSMTWB"
93.103.52.231 - - [29/Nov/2010:04:26:18 +0100] "GET /varpulis/_css/282_default.css.gz HTTP/1.1" 200 6287 "http://sl.kadis.si/" "Mozilla/5.0 (Windows; U; Windows NT 5.1; sl; rv:1.9.1.13) Gecko/20100914 Firefox/3.5.13 FBSMTWB"
93.103.52.231 - - [29/Nov/2010:04:26:18 +0100] "GET /varpulis/_js/basic.js HTTP/1.1" 200 4470 "http://sl.kadis.si/" "Mozilla/5.0 (Windows; U; Windows NT 5.1; sl; rv:1.9.1.13) Gecko/20100914 Firefox/3.5.13 FBSMTWB"
93.103.52.231 - - [29/Nov/2010:04:26:18 +0100] "GET /sitedata/282/conf/custom.css.php HTTP/1.1" 200 114 "http://sl.kadis.si/" "Mozilla/5.0 (Windows; U; Windows NT 5.1; sl; rv:1.9.1.13) Gecko/20100914 Firefox/3.5.13 FBSMTWB"
93.103.52.231 - - [29/Nov/2010:04:26:18 +0100] "GET /varpulis/_js/282_menu.js HTTP/1.1" 200 9444 "http://sl.kadis.si/" "Mozilla/5.0 (Windows; U; Windows NT 5.1; sl; rv:1.9.1.13) Gecko/20100914 Firefox/3.5.13 FBSMTWB"
93.103.52.231 - - [29/Nov/2010:04:26:19 +0100] "GET /sitedata/282/conf/alineja.png HTTP/1.1" 200 714 "http://sl.kadis.si/sitedata/282/conf/custom.css.php" "Mozilla/5.0 (Windows; U; Windows NT 5.1; sl; rv:1.9.1.13) Gecko/20100914 Firefox/3.5.13 FBSMTWB"
93.103.52.231 - - [29/Nov/2010:04:26:19 +0100] "GET /sitedata/282/media/kadis_logo.jpg HTTP/1.1" 200 7784 "http://sl.kadis.si/" "Mozilla/5.0 (Windows; U; Windows NT 5.1; sl; rv:1.9.1.13) Gecko/20100914 Firefox/3.5.13 FBSMTWB"
93.103.52.231 - - [29/Nov/2010:04:26:19 +0100] "GET /imageColorReplace.php?source=images/backgrounds/ozadje30.png&destination=bgImage_body&format=png&color1=EEF8DB&color2=FFFFFF HTTP/1.1" 200 499 "http://sl.kadis.si/varpulis/_css/282_default.css.gz" "Mozilla/5.0 (Windows; U; Windows NT 5.1; sl; rv:1.9.1.13) Gecko/20100914 Firefox/3.5.13 FBSMTWB"
93.103.52.231 - - [29/Nov/2010:04:26:19 +0100] "GET /sitedata/282/media/page/kadis_image.jpg HTTP/1.1" 200 48614 "http://sl.kadis.si/" "Mozilla/5.0 (Windows; U; Windows NT 5.1; sl; rv:1.9.1.13) Gecko/20100914 Firefox/3.5.13 FBSMTWB"
93.103.52.231 - - [29/Nov/2010:04:26:19 +0100] "GET /imageColor.php?source=themes/Zaba/images/langBG.png&trueColor=1&color=ABDA4D HTTP/1.1" 200 144 "http://sl.kadis.si/varpulis/_css/282_default.css.gz" "Mozilla/5.0 (Windows; U; Windows NT 5.1; sl; rv:1.9.1.13) Gecko/20100914 Firefox/3.5.13 FBSMTWB"
93.103.52.231 - - [29/Nov/2010:04:26:19 +0100] "GET /imageFill.php?source=themes/Zaba/images/companyInfoBG.png&color=FFFFFF HTTP/1.1" 200 43 "http://sl.kadis.si/varpulis/_css/282_default.css.gz" "Mozilla/5.0 (Windows; U; Windows NT 5.1; sl; rv:1.9.1.13) Gecko/20100914 Firefox/3.5.13 FBSMTWB"
93.103.52.231 - - [29/Nov/2010:04:26:20 +0100] "GET /favicon.ico HTTP/1.1" 404 - "-" "Mozilla/5.0 (Windows; U; Windows NT 5.1; sl; rv:1.9.1.13) Gecko/20100914 Firefox/3.5.13 FBSMTWB"
93.103.52.231 - - [29/Nov/2010:04:26:20 +0100] "GET /favicon.ico HTTP/1.1" 404 - "-" "Mozilla/5.0 (Windows; U; Windows NT 5.1; sl; rv:1.9.1.13) Gecko/20100914 Firefox/3.5.13 FBSMTWB"
93.103.52.231 - - [29/Nov/2010:04:26:23 +0100] "GET /favicon.ico HTTP/1.1" 404 - "-" "Mozilla/5.0 (Windows; U; Windows NT 5.1; sl; rv:1.9.1.13) Gecko/20100914 Firefox/3.5.13 FBSMTWB"
93.103.52.231 - - [29/Nov/2010:04:26:44 +0100] "GET / HTTP/1.1" 200 3025 "http://sl.kadis.si/" "Mozilla/5.0 (Windows; U; Windows NT 5.1; sl; rv:1.9.1.13) Gecko/20100914 Firefox/3.5.13 FBSMTWB"
93.103.52.231 - - [29/Nov/2010:04:26:45 +0100] "GET /varpulis/_js/basic.js HTTP/1.1" 200 4470 "http://en.kadis.si/" "Mozilla/5.0 (Windows; U; Windows NT 5.1; sl; rv:1.9.1.13) Gecko/20100914 Firefox/3.5.13 FBSMTWB"
93.103.52.231 - - [29/Nov/2010:04:26:45 +0100] "GET /varpulis/_js/553_menu.js HTTP/1.1" 200 9444 "http://en.kadis.si/" "Mozilla/5.0 (Windows; U; Windows NT 5.1; sl; rv:1.9.1.13) Gecko/20100914 Firefox/3.5.13 FBSMTWB"
93.103.52.231 - - [29/Nov/2010:04:26:45 +0100] "GET /sitedata/553/conf/custom.css.php HTTP/1.1" 200 77 "http://en.kadis.si/" "Mozilla/5.0 (Windows; U; Windows NT 5.1; sl; rv:1.9.1.13) Gecko/20100914 Firefox/3.5.13 FBSMTWB"
93.103.52.231 - - [29/Nov/2010:04:26:45 +0100] "GET /varpulis/_css/553_default.css HTTP/1.1" 200 36288 "http://en.kadis.si/" "Mozilla/5.0 (Windows; U; Windows NT 5.1; sl; rv:1.9.1.13) Gecko/20100914 Firefox/3.5.13 FBSMTWB"
93.103.52.231 - - [29/Nov/2010:04:26:45 +0100] "GET /varpulis/_css/553_print.css HTTP/1.1" 200 14138 "http://en.kadis.si/" "Mozilla/5.0 (Windows; U; Windows NT 5.1; sl; rv:1.9.1.13) Gecko/20100914 Firefox/3.5.13 FBSMTWB"
93.103.52.231 - - [29/Nov/2010:04:26:45 +0100] "GET /sitedata/553/media/logo.jpg HTTP/1.1" 200 3197 "http://en.kadis.si/" "Mozilla/5.0 (Windows; U; Windows NT 5.1; sl; rv:1.9.1.13) Gecko/20100914 Firefox/3.5.13 FBSMTWB"
93.103.52.231 - - [29/Nov/2010:04:26:45 +0100] "GET /imageColorReplace.php?source=images/backgrounds/ozadje30.png&destination=bgImage_body&format=png&color1=EEF8DB&color2=ffffff HTTP/1.1" 200 499 "http://en.kadis.si/varpulis/_css/553_default.css" "Mozilla/5.0 (Windows; U; Windows NT 5.1; sl; rv:1.9.1.13) Gecko/20100914 Firefox/3.5.13 FBSMTWB"
93.103.52.231 - - [29/Nov/2010:04:26:45 +0100] "GET /sitedata/553/conf/alineja.png HTTP/1.1" 200 714 "http://en.kadis.si/sitedata/553/conf/custom.css.php" "Mozilla/5.0 (Windows; U; Windows NT 5.1; sl; rv:1.9.1.13) Gecko/20100914 Firefox/3.5.13 FBSMTWB"
93.103.52.231 - - [29/Nov/2010:04:26:45 +0100] "GET /imageColor.php?source=themes/Zaba/images/langBG.png&trueColor=1&color=ABDA4D HTTP/1.1" 200 144 "http://en.kadis.si/varpulis/_css/553_default.css" "Mozilla/5.0 (Windows; U; Windows NT 5.1; sl; rv:1.9.1.13) Gecko/20100914 Firefox/3.5.13 FBSMTWB"
93.103.52.231 - - [29/Nov/2010:04:26:45 +0100] "GET /imageFill.php?source=themes/Zaba/images/companyInfoBG.png&color=FFFFFF HTTP/1.1" 200 43 "http://en.kadis.si/varpulis/_css/553_default.css" "Mozilla/5.0 (Windows; U; Windows NT 5.1; sl; rv:1.9.1.13) Gecko/20100914 Firefox/3.5.13 FBSMTWB"
93.103.52.231 - - [29/Nov/2010:04:26:45 +0100] "GET /sitedata/553/upload/Flash/logokadis.swf HTTP/1.1" 200 9269 "http://en.kadis.si/" "Mozilla/5.0 (Windows; U; Windows NT 5.1; sl; rv:1.9.1.13) Gecko/20100914 Firefox/3.5.13 FBSMTWB"
93.103.52.231 - - [29/Nov/2010:04:26:45 +0100] "GET /sitedata/553/upload/Image/prva/prosta_mesta.jpg HTTP/1.1" 200 7847 "http://en.kadis.si/" "Mozilla/5.0 (Windows; U; Windows NT 5.1; sl; rv:1.9.1.13) Gecko/20100914 Firefox/3.5.13 FBSMTWB"
93.103.52.231 - - [29/Nov/2010:04:26:45 +0100] "GET /sitedata/553/media/page/image%20fotka%2003.jpg HTTP/1.1" 200 57472 "http://en.kadis.si/" "Mozilla/5.0 (Windows; U; Windows NT 5.1; sl; rv:1.9.1.13) Gecko/20100914 Firefox/3.5.13 FBSMTWB"
93.103.52.231 - - [29/Nov/2010:04:26:46 +0100] "GET /favicon.ico HTTP/1.1" 404 - "-" "Mozilla/5.0 (Windows; U; Windows NT 5.1; sl; rv:1.9.1.13) Gecko/20100914 Firefox/3.5.13 FBSMTWB"
93.103.52.231 - - [29/Nov/2010:04:26:48 +0100] "GET / HTTP/1.1" 200 4031 "http://en.kadis.si/" "Mozilla/5.0 (Windows; U; Windows NT 5.1; sl; rv:1.9.1.13) Gecko/20100914 Firefox/3.5.13 FBSMTWB"
93.103.52.231 - - [29/Nov/2010:04:26:49 +0100] "GET /sitedata/282/conf/custom.css.php HTTP/1.1" 200 114 "http://sl.kadis.si/" "Mozilla/5.0 (Windows; U; Windows NT 5.1; sl; rv:1.9.1.13) Gecko/20100914 Firefox/3.5.13 FBSMTWB"
93.103.52.231 - - [29/Nov/2010:04:26:49 +0100] "GET /imageColorReplace.php?source=images/backgrounds/ozadje30.png&destination=bgImage_body&format=png&color1=EEF8DB&color2=FFFFFF HTTP/1.1" 200 499 "http://sl.kadis.si/varpulis/_css/282_default.css.gz" "Mozilla/5.0 (Windows; U; Windows NT 5.1; sl; rv:1.9.1.13) Gecko/20100914 Firefox/3.5.13 FBSMTWB"
93.103.52.231 - - [29/Nov/2010:04:26:49 +0100] "GET /imageColor.php?source=themes/Zaba/images/langBG.png&trueColor=1&color=ABDA4D HTTP/1.1" 200 144 "http://sl.kadis.si/varpulis/_css/282_default.css.gz" "Mozilla/5.0 (Windows; U; Windows NT 5.1; sl; rv:1.9.1.13) Gecko/20100914 Firefox/3.5.13 FBSMTWB"
93.103.52.231 - - [29/Nov/2010:04:26:49 +0100] "GET /imageFill.php?source=themes/Zaba/images/companyInfoBG.png&color=FFFFFF HTTP/1.1" 200 43 "http://sl.kadis.si/varpulis/_css/282_default.css.gz" "Mozilla/5.0 (Windows; U; Windows NT 5.1; sl; rv:1.9.1.13) Gecko/20100914 Firefox/3.5.13 FBSMTWB"
93.103.52.231 - - [29/Nov/2010:04:26:49 +0100] "GET /favicon.ico HTTP/1.1" 404 - "-" "Mozilla/5.0 (Windows; U; Windows NT 5.1; sl; rv:1.9.1.13) Gecko/20100914 Firefox/3.5.13 FBSMTWB"
58.61.164.141 - - [29/Nov/2010:04:26:54 +0100] "GET /druga-dejavnost/mednarodni-projekti/eurotrainers/ HTTP/1.1" 200 4031 "-" "Mozilla/4.0 (compatible; MSIE 6.0; Windows NT 5.1)"
93.103.52.231 - - [29/Nov/2010:04:26:54 +0100] "GET /druga-dejavnost/mednarodni-projekti/ HTTP/1.1" 200 3908 "http://sl.kadis.si/" "Mozilla/5.0 (Windows; U; Windows NT 5.1; sl; rv:1.9.1.13) Gecko/20100914 Firefox/3.5.13 FBSMTWB"
93.103.52.231 - - [29/Nov/2010:04:26:55 +0100] "GET /sitedata/282/conf/custom.css.php HTTP/1.1" 200 114 "http://sl.kadis.si/druga-dejavnost/mednarodni-projekti/" "Mozilla/5.0 (Windows; U; Windows NT 5.1; sl; rv:1.9.1.13) Gecko/20100914 Firefox/3.5.13 FBSMTWB"
93.103.52.231 - - [29/Nov/2010:04:26:55 +0100] "GET /imageColorReplace.php?source=images/backgrounds/ozadje30.png&destination=bgImage_body&format=png&color1=EEF8DB&color2=FFFFFF HTTP/1.1" 200 499 "http://sl.kadis.si/varpulis/_css/282_default.css.gz" "Mozilla/5.0 (Windows; U; Windows NT 5.1; sl; rv:1.9.1.13) Gecko/20100914 Firefox/3.5.13 FBSMTWB"
93.103.52.231 - - [29/Nov/2010:04:26:55 +0100] "GET /imageColor.php?source=themes/Zaba/images/langBG.png&trueColor=1&color=ABDA4D HTTP/1.1" 200 144 "http://sl.kadis.si/varpulis/_css/282_default.css.gz" "Mozilla/5.0 (Windows; U; Windows NT 5.1; sl; rv:1.9.1.13) Gecko/20100914 Firefox/3.5.13 FBSMTWB"
93.103.52.231 - - [29/Nov/2010:04:26:55 +0100] "GET /imageFill.php?source=themes/Zaba/images/companyInfoBG.png&color=FFFFFF HTTP/1.1" 200 43 "http://sl.kadis.si/varpulis/_css/282_default.css.gz" "Mozilla/5.0 (Windows; U; Windows NT 5.1; sl; rv:1.9.1.13) Gecko/20100914 Firefox/3.5.13 FBSMTWB"
93.103.52.231 - - [29/Nov/2010:04:26:55 +0100] "GET /getfile.php?idHash=ba4d2c0ee31a8642f09ed971a8ce50ac HTTP/1.1" 200 3988 "http://sl.kadis.si/druga-dejavnost/mednarodni-projekti/" "Mozilla/5.0 (Windows; U; Windows NT 5.1; sl; rv:1.9.1.13) Gecko/20100914 Firefox/3.5.13 FBSMTWB"
93.103.52.231 - - [29/Nov/2010:04:26:55 +0100] "GET /getfile.php?idHash=538a9af18da3ae810c4d9846e7939a8b HTTP/1.1" 200 4198 "http://sl.kadis.si/druga-dejavnost/mednarodni-projekti/" "Mozilla/5.0 (Windows; U; Windows NT 5.1; sl; rv:1.9.1.13) Gecko/20100914 Firefox/3.5.13 FBSMTWB"
93.103.52.231 - - [29/Nov/2010:04:27:12 +0100] "GET /index.php?menu_item=item_13837 HTTP/1.1" 200 4086 "http://sl.kadis.si/druga-dejavnost/mednarodni-projekti/" "Mozilla/5.0 (Windows; U; Windows NT 5.1; sl; rv:1.9.1.13) Gecko/20100914 Firefox/3.5.13 FBSMTWB"
93.103.52.231 - - [29/Nov/2010:04:27:12 +0100] "GET /sitedata/282/conf/custom.css.php HTTP/1.1" 200 114 "http://sl.kadis.si/index.php?menu_item=item_13837" "Mozilla/5.0 (Windows; U; Windows NT 5.1; sl; rv:1.9.1.13) Gecko/20100914 Firefox/3.5.13 FBSMTWB"
93.103.52.231 - - [29/Nov/2010:04:27:12 +0100] "GET /imageColorReplace.php?source=images/backgrounds/ozadje30.png&destination=bgImage_body&format=png&color1=EEF8DB&color2=FFFFFF HTTP/1.1" 200 499 "http://sl.kadis.si/varpulis/_css/282_default.css.gz" "Mozilla/5.0 (Windows; U; Windows NT 5.1; sl; rv:1.9.1.13) Gecko/20100914 Firefox/3.5.13 FBSMTWB"
93.103.52.231 - - [29/Nov/2010:04:27:12 +0100] "GET /imageColor.php?source=themes/Zaba/images/langBG.png&trueColor=1&color=ABDA4D HTTP/1.1" 200 144 "http://sl.kadis.si/varpulis/_css/282_default.css.gz" "Mozilla/5.0 (Windows; U; Windows NT 5.1; sl; rv:1.9.1.13) Gecko/20100914 Firefox/3.5.13 FBSMTWB"
93.103.52.231 - - [29/Nov/2010:04:27:12 +0100] "GET /imageFill.php?source=themes/Zaba/images/companyInfoBG.png&color=FFFFFF HTTP/1.1" 200 43 "http://sl.kadis.si/varpulis/_css/282_default.css.gz" "Mozilla/5.0 (Windows; U; Windows NT 5.1; sl; rv:1.9.1.13) Gecko/20100914 Firefox/3.5.13 FBSMTWB"
93.103.52.231 - - [29/Nov/2010:04:27:12 +0100] "GET /getfile.php?idHash=3a10e62ef95b96d2ca9e2522d852631c HTTP/1.1" 200 4363 "http://sl.kadis.si/index.php?menu_item=item_13837" "Mozilla/5.0 (Windows; U; Windows NT 5.1; sl; rv:1.9.1.13) Gecko/20100914 Firefox/3.5.13 FBSMTWB"
93.103.52.231 - - [29/Nov/2010:04:27:30 +0100] "GET /domov/ HTTP/1.1" 200 4031 "http://sl.kadis.si/index.php?menu_item=item_13837" "Mozilla/5.0 (Windows; U; Windows NT 5.1; sl; rv:1.9.1.13) Gecko/20100914 Firefox/3.5.13 FBSMTWB"
93.103.52.231 - - [29/Nov/2010:04:27:31 +0100] "GET /sitedata/282/conf/custom.css.php HTTP/1.1" 200 114 "http://sl.kadis.si/domov/" "Mozilla/5.0 (Windows; U; Windows NT 5.1; sl; rv:1.9.1.13) Gecko/20100914 Firefox/3.5.13 FBSMTWB"
93.103.52.231 - - [29/Nov/2010:04:27:31 +0100] "GET /imageColorReplace.php?source=images/backgrounds/ozadje30.png&destination=bgImage_body&format=png&color1=EEF8DB&color2=FFFFFF HTTP/1.1" 200 499 "http://sl.kadis.si/varpulis/_css/282_default.css.gz" "Mozilla/5.0 (Windows; U; Windows NT 5.1; sl; rv:1.9.1.13) Gecko/20100914 Firefox/3.5.13 FBSMTWB"
93.103.52.231 - - [29/Nov/2010:04:27:31 +0100] "GET /imageColor.php?source=themes/Zaba/images/langBG.png&trueColor=1&color=ABDA4D HTTP/1.1" 200 144 "http://sl.kadis.si/varpulis/_css/282_default.css.gz" "Mozilla/5.0 (Windows; U; Windows NT 5.1; sl; rv:1.9.1.13) Gecko/20100914 Firefox/3.5.13 FBSMTWB"
93.103.52.231 - - [29/Nov/2010:04:27:31 +0100] "GET /imageFill.php?source=themes/Zaba/images/companyInfoBG.png&color=FFFFFF HTTP/1.1" 200 43 "http://sl.kadis.si/varpulis/_css/282_default.css.gz" "Mozilla/5.0 (Windows; U; Windows NT 5.1; sl; rv:1.9.1.13) Gecko/20100914 Firefox/3.5.13 FBSMTWB"
85.10.36.100 - - [29/Nov/2010:04:28:22 +0100] "GET /index.php?menu_item=item_10025 HTTP/1.1" 200 3515 "-" "Mozilla/5.0 (compatible; Najdi.si/3.1)"
85.10.36.100 - - [29/Nov/2010:04:28:57 +0100] "GET /index.php?menu_item=item_9958 HTTP/1.1" 200 3635 "-" "Mozilla/5.0 (compatible; Najdi.si/3.1)"
85.10.36.100 - - [29/Nov/2010:04:29:30 +0100] "GET /druga-dejavnost/mednarodni-projekti/projektna-predstavitvena-konferenca/ HTTP/1.1" 200 4981 "-" "Mozilla/5.0 (compatible; Najdi.si/3.1)"
218.213.130.98 - - [29/Nov/2010:04:29:31 +0100] "GET /o-avtorjih/ HTTP/1.1" 200 15195 "-" "DoCoMo/2.0 P900i(c100;TB;W24H11)(compatible; ichiro/mobile goo;+http://help.goo.ne.jp/door/crawler.html)"
66.249.65.236 - - [29/Nov/2010:04:39:34 +0100] "GET /zaposlitev/vpis-v-bazo-podatkov/ HTTP/1.1" 200 3320 "-" "Mozilla/5.0 (compatible; Googlebot/2.1; +http://www.google.com/bot.html)"
139.18.2.209 - - [29/Nov/2010:04:41:12 +0100] "GET /robots.txt HTTP/1.1" 404 345 "-" "findlinks/1.1.6-beta6 (+http://wortschatz.uni-leipzig.de/findlinks/)"
124.115.4.200 - - [29/Nov/2010:04:41:27 +0100] "GET / HTTP/1.1" 200 3025 "-" "Sosospider+(+http://help.soso.com/webspider.htm)"
66.249.65.236 - - [29/Nov/2010:04:48:40 +0100] "GET /vizitka/ HTTP/1.1" 200 3952 "-" "Mozilla/5.0 (compatible; Googlebot/2.1; +http://www.google.com/bot.html)"
