67.195.110.172 - - [27/Nov/2010:01:01:28 +0100] "GET /kadrovska-dejavnost/izdelava-splosnih-aktov-druzbe/ HTTP/1.0" 200 3839 "-" "Mozilla/5.0 (compatible; Yahoo! Slurp; http://help.yahoo.com/help/us/ysearch/slurp)"
207.46.199.47 - - [27/Nov/2010:01:15:19 +0100] "GET /index.php?menu_item=item_4990 HTTP/1.0" 200 17270 "-" "Mozilla/5.0 (compatible; bingbot/2.0; +http://www.bing.com/bingbot.htm)"
67.195.115.49 - - [27/Nov/2010:01:17:23 +0100] "GET /career-development/career-counselling/ HTTP/1.0" 200 3107 "-" "Mozilla/5.0 (compatible; Yahoo! Slurp; http://help.yahoo.com/help/us/ysearch/slurp)"
85.10.36.100 - - [27/Nov/2010:01:23:03 +0100] "GET / HTTP/1.1" 301 360 "-" "Mozilla/5.0 (compatible; Najdi.si/3.1)"
85.10.36.100 - - [27/Nov/2010:01:23:03 +0100] "GET / HTTP/1.1" 200 4031 "-" "Mozilla/5.0 (compatible; Najdi.si/3.1)"
85.10.36.100 - - [27/Nov/2010:01:23:06 +0100] "GET /sitemap.txt.gz HTTP/1.1" 301 374 "-" "Mozilla/5.0 (compatible; Najdi.si/3.1)"
85.10.36.100 - - [27/Nov/2010:01:23:06 +0100] "GET /sitemap.txt.gz HTTP/1.1" 404 - "-" "Mozilla/5.0 (compatible; Najdi.si/3.1)"
85.10.36.100 - - [27/Nov/2010:01:23:07 +0100] "GET /sitemap.xml.gz HTTP/1.1" 301 374 "-" "Mozilla/5.0 (compatible; Najdi.si/3.1)"
85.10.36.100 - - [27/Nov/2010:01:23:07 +0100] "GET /sitemap.xml.gz HTTP/1.1" 404 - "-" "Mozilla/5.0 (compatible; Najdi.si/3.1)"
85.10.36.100 - - [27/Nov/2010:01:23:08 +0100] "GET /sitemap.xml HTTP/1.1" 301 371 "-" "Mozilla/5.0 (compatible; Najdi.si/3.1)"
85.10.36.100 - - [27/Nov/2010:01:23:08 +0100] "GET /sitemap.xml HTTP/1.1" 404 - "-" "Mozilla/5.0 (compatible; Najdi.si/3.1)"
207.46.13.99 - - [27/Nov/2010:01:23:56 +0100] "GET /druga-dejavnost/mediacija/druzinska-mediacija/ HTTP/1.0" 200 18989 "-" "Mozilla/5.0 (compatible; bingbot/2.0; +http://www.bing.com/bingbot.htm)"
204.236.235.245 - - [27/Nov/2010:01:24:06 +0100] "GET /robots.txt HTTP/1.0" 301 370 "-" "ia_archiver (+http://www.alexa.com/site/help/webmasters; crawler@alexa.com)"
204.236.235.245 - - [27/Nov/2010:01:24:07 +0100] "GET / HTTP/1.0" 301 360 "-" "ia_archiver (+http://www.alexa.com/site/help/webmasters; crawler@alexa.com)"
204.236.235.245 - - [27/Nov/2010:01:24:07 +0100] "GET /robots.txt HTTP/1.0" 200 147 "-" "ia_archiver (+http://www.alexa.com/site/help/webmasters; crawler@alexa.com)"
204.236.235.245 - - [27/Nov/2010:01:24:07 +0100] "GET / HTTP/1.0" 200 20010 "-" "ia_archiver (+http://www.alexa.com/site/help/webmasters; crawler@alexa.com)"
207.46.13.144 - - [27/Nov/2010:01:25:47 +0100] "GET /index.php?menu_item=item_10319 HTTP/1.0" 200 12181 "-" "Mozilla/5.0 (compatible; bingbot/2.0; +http://www.bing.com/bingbot.htm)"
178.154.163.29 - - [27/Nov/2010:01:30:27 +0100] "GET /info/contact/kontakt-valerija/ HTTP/1.1" 200 2885 "-" "Mozilla/5.0 (compatible; YandexBot/3.0; +http://yandex.com/bots)"
178.154.163.29 - - [27/Nov/2010:01:30:32 +0100] "GET /obvestilo.pdf HTTP/1.1" 200 1089745 "-" "Mozilla/5.0 (compatible; YandexBot/3.0; +http://yandex.com/bots)"
178.154.163.29 - - [27/Nov/2010:01:30:35 +0100] "GET /index.php?menu_item=item_4988 HTTP/1.1" 200 3881 "-" "Mozilla/5.0 (compatible; YandexBot/3.0; +http://yandex.com/bots)"
207.46.13.54 - - [27/Nov/2010:01:30:56 +0100] "GET /kadrovska-dejavnost/zdravstveno-pokojninsko-in-invalidsko-zavarovanje/ HTTP/1.1" 200 3832 "-" "Mozilla/5.0 (compatible; bingbot/2.0; +http://www.bing.com/bingbot.htm)"
178.154.163.29 - - [27/Nov/2010:01:31:51 +0100] "GET /info/obrazec-za-povprasevanje/ HTTP/1.1" 200 3008 "-" "Mozilla/5.0 (compatible; YandexBot/3.0; +http://yandex.com/bots)"
178.154.163.29 - - [27/Nov/2010:01:32:04 +0100] "GET /index.php?menu_item=item_10374 HTTP/1.1" 200 2870 "-" "Mozilla/5.0 (compatible; YandexBot/3.0; +http://yandex.com/bots)"
178.154.163.29 - - [27/Nov/2010:01:32:11 +0100] "GET /international-projects/ictem/ictem-results-in-slovenia/ HTTP/1.1" 200 3210 "-" "Mozilla/5.0 (compatible; YandexBot/3.0; +http://yandex.com/bots)"
178.154.163.29 - - [27/Nov/2010:01:32:19 +0100] "GET /index.php?menu_item=item_12561 HTTP/1.1" 200 3697 "-" "Mozilla/5.0 (compatible; YandexBot/3.0; +http://yandex.com/bots)"
178.154.163.29 - - [27/Nov/2010:01:32:39 +0100] "GET /index.php?menu_item=item_10377 HTTP/1.1" 200 2886 "-" "Mozilla/5.0 (compatible; YandexBot/3.0; +http://yandex.com/bots)"
178.154.163.29 - - [27/Nov/2010:01:32:47 +0100] "GET /info/contact/kontakt-martina/ HTTP/1.1" 200 2894 "-" "Mozilla/5.0 (compatible; YandexBot/3.0; +http://yandex.com/bots)"
178.154.163.29 - - [27/Nov/2010:01:32:57 +0100] "GET /druga-dejavnost/z-razvojem-zaposlenih-do-vecje-uspesnosti-zakljucna-konferenca-projekta-abata/abata-konferenca-program/ HTTP/1.1" 200 4310 "-" "Mozilla/5.0 (compatible; YandexBot/3.0; +http://yandex.com/bots)"
178.154.163.29 - - [27/Nov/2010:01:33:00 +0100] "GET /info/contact/kontakt-petra/ HTTP/1.1" 200 2875 "-" "Mozilla/5.0 (compatible; YandexBot/3.0; +http://yandex.com/bots)"
178.154.163.29 - - [27/Nov/2010:01:33:12 +0100] "GET /vizitka/kontaktni-podatki/kontakt-maja/ HTTP/1.1" 200 3626 "-" "Mozilla/5.0 (compatible; YandexBot/3.0; +http://yandex.com/bots)"
178.154.163.29 - - [27/Nov/2010:01:33:15 +0100] "GET /index.php?menu_item=item_10358 HTTP/1.1" 200 3150 "-" "Mozilla/5.0 (compatible; YandexBot/3.0; +http://yandex.com/bots)"
178.154.163.29 - - [27/Nov/2010:01:33:35 +0100] "GET /index.php?menu_item=item_4970 HTTP/1.1" 200 4486 "-" "Mozilla/5.0 (compatible; YandexBot/3.0; +http://yandex.com/bots)"
178.154.163.29 - - [27/Nov/2010:01:33:40 +0100] "GET /index.php?menu_item=item_13881 HTTP/1.1" 200 4385 "-" "Mozilla/5.0 (compatible; YandexBot/3.0; +http://yandex.com/bots)"
207.46.13.142 - - [27/Nov/2010:01:37:56 +0100] "GET /kadrovska-dejavnost/izdelava-splosnih-aktov-druzbe/ HTTP/1.0" 200 17123 "-" "Mozilla/5.0 (compatible; bingbot/2.0; +http://www.bing.com/bingbot.htm)"
114.80.93.56 - - [27/Nov/2010:01:44:36 +0100] "GET / HTTP/1.0" 301 360 "-" "Sosospider+(+http://help.soso.com/webspider.htm)"
114.80.93.56 - - [27/Nov/2010:01:44:37 +0100] "GET / HTTP/1.0" 200 20010 "-" "Sosospider+(+http://help.soso.com/webspider.htm)"
85.10.36.100 - - [27/Nov/2010:01:52:42 +0100] "GET / HTTP/1.1" 301 360 "-" "Mozilla/5.0 (compatible; Najdi.si/3.1)"
85.10.36.100 - - [27/Nov/2010:01:52:42 +0100] "GET / HTTP/1.1" 200 4031 "-" "Mozilla/5.0 (compatible; Najdi.si/3.1)"
85.10.36.100 - - [27/Nov/2010:01:52:43 +0100] "GET /sitemap.txt.gz HTTP/1.1" 301 374 "-" "Mozilla/5.0 (compatible; Najdi.si/3.1)"
85.10.36.100 - - [27/Nov/2010:01:52:43 +0100] "GET /sitemap.txt.gz HTTP/1.1" 404 - "-" "Mozilla/5.0 (compatible; Najdi.si/3.1)"
85.10.36.100 - - [27/Nov/2010:01:52:43 +0100] "GET /sitemap.xml.gz HTTP/1.1" 301 374 "-" "Mozilla/5.0 (compatible; Najdi.si/3.1)"
85.10.36.100 - - [27/Nov/2010:01:52:43 +0100] "GET /sitemap.xml.gz HTTP/1.1" 404 - "-" "Mozilla/5.0 (compatible; Najdi.si/3.1)"
85.10.36.100 - - [27/Nov/2010:01:52:43 +0100] "GET /sitemap.xml HTTP/1.1" 301 371 "-" "Mozilla/5.0 (compatible; Najdi.si/3.1)"
85.10.36.100 - - [27/Nov/2010:01:52:43 +0100] "GET /sitemap.xml HTTP/1.1" 404 - "-" "Mozilla/5.0 (compatible; Najdi.si/3.1)"
114.80.93.55 - - [27/Nov/2010:01:54:47 +0100] "GET / HTTP/1.0" 301 360 "-" "Sosospider+(+http://help.soso.com/webspider.htm)"
114.80.93.55 - - [27/Nov/2010:01:54:49 +0100] "GET / HTTP/1.0" 200 20010 "-" "Sosospider+(+http://help.soso.com/webspider.htm)"
67.195.110.172 - - [27/Nov/2010:01:57:36 +0100] "GET /index.php?menu_item=item_13841 HTTP/1.0" 200 3990 "-" "Mozilla/5.0 (compatible; Yahoo! Slurp; http://help.yahoo.com/help/us/ysearch/slurp)"
67.195.110.172 - - [27/Nov/2010:02:01:02 +0100] "GET /druga-dejavnost/mednarodni-projekti/ HTTP/1.0" 200 3908 "-" "Mozilla/5.0 (compatible; Yahoo! Slurp; http://help.yahoo.com/help/us/ysearch/slurp)"
207.46.199.53 - - [27/Nov/2010:02:01:26 +0100] "GET /human-resource-selection/order/order-human-resource-selection/ HTTP/1.0" 200 16807 "-" "Mozilla/5.0 (compatible; bingbot/2.0; +http://www.bing.com/bingbot.htm)"
124.115.5.11 - - [27/Nov/2010:02:02:02 +0100] "GET / HTTP/1.0" 301 360 "-" "Mozilla/4.0 (compatible; MSIE 6.0; Windows NT 5.1; SV1; .NET CLR 1.1.4322;TencentTraveler)"
124.115.5.11 - - [27/Nov/2010:02:02:04 +0100] "GET / HTTP/1.0" 200 20010 "-" "Mozilla/4.0 (compatible; MSIE 6.0; Windows NT 5.1; SV1; .NET CLR 1.1.4322;TencentTraveler)"
89.102.170.60 - - [27/Nov/2010:02:08:15 +0100] "GET /robots.txt HTTP/1.1" 301 370 "-" "Mozilla/4.5 (compatible; HTTrack 3.0x; Windows 98)"
209.51.153.38 - - [27/Nov/2010:02:09:00 +0100] "GET / HTTP/1.0" 301 356 "-" "User-Agent: Mozilla/5.0 (Windows; U; Windows NT 5.1; en-US; rv:1.8.1.4) Gecko/20070515 Firefox/2.0.0.4"
209.51.153.38 - - [27/Nov/2010:02:09:01 +0100] "GET /http://sl.kadis.si/ HTTP/1.0" 301 375 "-" "User-Agent: Mozilla/5.0 (Windows; U; Windows NT 5.1; en-US; rv:1.8.1.4) Gecko/20070515 Firefox/2.0.0.4"
209.51.153.38 - - [27/Nov/2010:02:09:01 +0100] "GET /http://sl.kadis.si/http://sl.kadis.si/ HTTP/1.0" 301 394 "-" "User-Agent: Mozilla/5.0 (Windows; U; Windows NT 5.1; en-US; rv:1.8.1.4) Gecko/20070515 Firefox/2.0.0.4"
209.51.153.38 - - [27/Nov/2010:02:09:02 +0100] "GET /http://sl.kadis.si/http://sl.kadis.si/http://sl.kadis.si/ HTTP/1.0" 301 413 "-" "User-Agent: Mozilla/5.0 (Windows; U; Windows NT 5.1; en-US; rv:1.8.1.4) Gecko/20070515 Firefox/2.0.0.4"
209.51.153.38 - - [27/Nov/2010:02:09:03 +0100] "GET /http://sl.kadis.si/http://sl.kadis.si/http://sl.kadis.si/http://sl.kadis.si/ HTTP/1.0" 301 432 "-" "User-Agent: Mozilla/5.0 (Windows; U; Windows NT 5.1; en-US; rv:1.8.1.4) Gecko/20070515 Firefox/2.0.0.4"
67.195.115.49 - - [27/Nov/2010:02:12:37 +0100] "GET /international-projects/ HTTP/1.0" 200 3596 "-" "Mozilla/5.0 (compatible; Yahoo! Slurp; http://help.yahoo.com/help/us/ysearch/slurp)"
207.46.13.52 - - [27/Nov/2010:02:14:00 +0100] "GET /robots.txt HTTP/1.1" 200 147 "-" "Mozilla/5.0 (compatible; bingbot/2.0; +http://www.bing.com/bingbot.htm)"
114.80.93.73 - - [27/Nov/2010:02:16:16 +0100] "GET / HTTP/1.0" 301 360 "-" "Mozilla/4.0 (compatible; MSIE 6.0; Windows NT 5.1; SV1; .NET CLR 1.1.4322;TencentTraveler)"
114.80.93.73 - - [27/Nov/2010:02:16:17 +0100] "GET / HTTP/1.0" 200 20010 "-" "Mozilla/4.0 (compatible; MSIE 6.0; Windows NT 5.1; SV1; .NET CLR 1.1.4322;TencentTraveler)"
119.63.198.48 - - [27/Nov/2010:02:16:26 +0100] "GET /robots.txt HTTP/1.1" 301 370 "-" "Baiduspider+(+http://www.baidu.com/search/spider.htm)"
119.63.198.7 - - [27/Nov/2010:02:16:27 +0100] "GET /robots.txt HTTP/1.1" 200 147 "-" "Baiduspider+(+http://www.baidu.com/search/spider.htm)"
207.46.13.52 - - [27/Nov/2010:02:17:57 +0100] "GET /vizitka/ HTTP/1.1" 200 3952 "-" "Mozilla/5.0 (compatible; bingbot/2.0; +http://www.bing.com/bingbot.htm)"
67.195.110.172 - - [27/Nov/2010:02:18:23 +0100] "GET /iskanje-in-izbor-kadrov/oddaja-narocila/narocilo-storitve-iskanja-in-izbora-kadrov/ HTTP/1.0" 200 4488 "-" "Mozilla/5.0 (compatible; Yahoo! Slurp; http://help.yahoo.com/help/us/ysearch/slurp)"
208.80.194.30 - - [27/Nov/2010:02:18:30 +0100] "GET /sitedata/282/conf/custom.css.php HTTP/1.0" 200 99 "-" "Mozilla/4.0 (compatible; MSIE 6.0; Windows NT 5.1; SIMBAR={0036B2BC-58DF-4529-ACA1-765A6EB51581}; .NET CLR 1.1.4322)"
207.46.204.232 - - [27/Nov/2010:02:18:40 +0100] "GET /robots.txt HTTP/1.1" 200 147 "-" "Mozilla/5.0 (compatible; bingbot/2.0; +http://www.bing.com/bingbot.htm)"
114.80.93.54 - - [27/Nov/2010:02:18:53 +0100] "GET / HTTP/1.0" 301 360 "-" "Sosospider+(+http://help.soso.com/webspider.htm)"
114.80.93.54 - - [27/Nov/2010:02:18:54 +0100] "GET / HTTP/1.0" 200 20010 "-" "Sosospider+(+http://help.soso.com/webspider.htm)"
208.80.194.30 - - [27/Nov/2010:02:22:08 +0100] "GET /imageColorReplace.php HTTP/1.0" 200 - "-" "Mozilla/4.0 (compatible; MSIE 6.0; Windows 98; Win 9x 4.90; INFOAVE5; FunWebProducts)"
85.10.36.100 - - [27/Nov/2010:02:23:04 +0100] "GET / HTTP/1.1" 301 360 "-" "Mozilla/5.0 (compatible; Najdi.si/3.1)"
85.10.36.100 - - [27/Nov/2010:02:23:05 +0100] "GET / HTTP/1.1" 200 4031 "-" "Mozilla/5.0 (compatible; Najdi.si/3.1)"
85.10.36.100 - - [27/Nov/2010:02:23:07 +0100] "GET /sitemap.txt.gz HTTP/1.1" 301 374 "-" "Mozilla/5.0 (compatible; Najdi.si/3.1)"
85.10.36.100 - - [27/Nov/2010:02:23:07 +0100] "GET /sitemap.txt.gz HTTP/1.1" 404 - "-" "Mozilla/5.0 (compatible; Najdi.si/3.1)"
85.10.36.100 - - [27/Nov/2010:02:23:08 +0100] "GET /sitemap.xml.gz HTTP/1.1" 301 374 "-" "Mozilla/5.0 (compatible; Najdi.si/3.1)"
85.10.36.100 - - [27/Nov/2010:02:23:08 +0100] "GET /sitemap.xml.gz HTTP/1.1" 404 - "-" "Mozilla/5.0 (compatible; Najdi.si/3.1)"
85.10.36.100 - - [27/Nov/2010:02:23:08 +0100] "GET /sitemap.xml HTTP/1.1" 301 371 "-" "Mozilla/5.0 (compatible; Najdi.si/3.1)"
85.10.36.100 - - [27/Nov/2010:02:23:09 +0100] "GET /sitemap.xml HTTP/1.1" 404 - "-" "Mozilla/5.0 (compatible; Najdi.si/3.1)"
208.80.194.30 - - [27/Nov/2010:02:23:29 +0100] "GET /izobrazevanje/ HTTP/1.0" 200 20020 "-" "Mozilla/4.0 (compatible; MSIE 7.0; Windows NT 5.1; {5B1844BE-4DA8-4880-AEA2-2C23BAA3AC4F}; .NET CLR 1.0.3705)"
207.46.204.232 - - [27/Nov/2010:02:25:26 +0100] "GET / HTTP/1.1" 200 3025 "-" "Mozilla/5.0 (compatible; bingbot/2.0; +http://www.bing.com/bingbot.htm)"
208.80.194.30 - - [27/Nov/2010:02:26:36 +0100] "GET /imageFill.php HTTP/1.0" 200 - "-" "Mozilla/4.0 (compatible; MSIE 7.0; Windows NT 5.1; acc=; .NET CLR 1.1.4322; IEMB3; .NET CLR 2.0.50727; InfoPath.2; IEMB3)"
208.80.194.30 - - [27/Nov/2010:02:29:20 +0100] "GET /imageColor.php HTTP/1.0" 200 - "-" "Mozilla/4.0 (compatible; MSIE 7.0; Windows NT 5.1; Rogers Hi-Speed Internet; .NET CLR 1.1.4322; .NET CLR 2.0.50727)"
114.80.93.52 - - [27/Nov/2010:02:30:33 +0100] "GET / HTTP/1.0" 301 360 "-" "Sosospider+(+http://help.soso.com/webspider.htm)"
114.80.93.52 - - [27/Nov/2010:02:30:34 +0100] "GET / HTTP/1.0" 200 20010 "-" "Sosospider+(+http://help.soso.com/webspider.htm)"
213.186.120.196 - - [27/Nov/2010:02:33:58 +0100] "GET /robots.txt HTTP/1.1" 200 147 "-" "Mozilla/5.0 (compatible; SiteBot/0.1; +http://www.sitebot.org/robot/)"
213.186.120.196 - - [27/Nov/2010:02:33:59 +0100] "GET / HTTP/1.1" 200 4031 "-" "Mozilla/5.0 (compatible; SiteBot/0.1; +http://www.sitebot.org/robot/)"
114.80.93.51 - - [27/Nov/2010:02:34:52 +0100] "GET / HTTP/1.0" 301 360 "-" "Sosospider+(+http://help.soso.com/webspider.htm)"
114.80.93.51 - - [27/Nov/2010:02:34:53 +0100] "GET / HTTP/1.0" 200 20010 "-" "Sosospider+(+http://help.soso.com/webspider.htm)"
67.195.115.49 - - [27/Nov/2010:02:37:21 +0100] "GET /international-projects/write-skills/ HTTP/1.0" 200 3186 "-" "Mozilla/5.0 (compatible; Yahoo! Slurp; http://help.yahoo.com/help/us/ysearch/slurp)"
207.46.13.91 - - [27/Nov/2010:02:42:26 +0100] "GET / HTTP/1.1" 200 4031 "-" "Mozilla/5.0 (compatible; bingbot/2.0; +http://www.bing.com/bingbot.htm)"
65.52.108.60 - - [27/Nov/2010:02:48:27 +0100] "GET /karierno-svetovanje/trening-zaposlitvenega-razgovora/ HTTP/1.1" 200 3904 "-" "Mozilla/5.0 (compatible; bingbot/2.0; +http://www.bing.com/bingbot.htm)"
85.10.36.100 - - [27/Nov/2010:02:52:59 +0100] "GET / HTTP/1.1" 301 360 "-" "Mozilla/5.0 (compatible; Najdi.si/3.1)"
85.10.36.100 - - [27/Nov/2010:02:52:59 +0100] "GET / HTTP/1.1" 200 4031 "-" "Mozilla/5.0 (compatible; Najdi.si/3.1)"
85.10.36.100 - - [27/Nov/2010:02:53:01 +0100] "GET /sitemap.txt.gz HTTP/1.1" 301 374 "-" "Mozilla/5.0 (compatible; Najdi.si/3.1)"
85.10.36.100 - - [27/Nov/2010:02:53:01 +0100] "GET /sitemap.txt.gz HTTP/1.1" 404 - "-" "Mozilla/5.0 (compatible; Najdi.si/3.1)"
85.10.36.100 - - [27/Nov/2010:02:53:01 +0100] "GET /sitemap.xml.gz HTTP/1.1" 301 374 "-" "Mozilla/5.0 (compatible; Najdi.si/3.1)"
85.10.36.100 - - [27/Nov/2010:02:53:01 +0100] "GET /sitemap.xml.gz HTTP/1.1" 404 - "-" "Mozilla/5.0 (compatible; Najdi.si/3.1)"
85.10.36.100 - - [27/Nov/2010:02:53:01 +0100] "GET /sitemap.xml HTTP/1.1" 301 371 "-" "Mozilla/5.0 (compatible; Najdi.si/3.1)"
85.10.36.100 - - [27/Nov/2010:02:53:02 +0100] "GET /sitemap.xml HTTP/1.1" 404 - "-" "Mozilla/5.0 (compatible; Najdi.si/3.1)"
124.115.4.191 - - [27/Nov/2010:02:53:59 +0100] "GET / HTTP/1.0" 301 360 "-" "Sosospider+(+http://help.soso.com/webspider.htm)"
124.115.4.191 - - [27/Nov/2010:02:54:00 +0100] "GET / HTTP/1.0" 200 20010 "-" "Sosospider+(+http://help.soso.com/webspider.htm)"
124.115.4.190 - - [27/Nov/2010:02:55:44 +0100] "GET / HTTP/1.0" 301 360 "-" "Sosospider+(+http://help.soso.com/webspider.htm)"
124.115.4.190 - - [27/Nov/2010:02:55:45 +0100] "GET / HTTP/1.0" 200 20010 "-" "Sosospider+(+http://help.soso.com/webspider.htm)"
207.46.204.242 - - [27/Nov/2010:02:56:26 +0100] "GET /druga-dejavnost/konferenca-vsezivljenjska-karierna-orientacija-v-sloveniji/ HTTP/1.1" 200 4945 "-" "Mozilla/5.0 (compatible; bingbot/2.0; +http://www.bing.com/bingbot.htm)"
124.115.4.195 - - [27/Nov/2010:02:57:46 +0100] "GET / HTTP/1.0" 301 360 "-" "Sosospider+(+http://help.soso.com/webspider.htm)"
124.115.4.195 - - [27/Nov/2010:02:57:46 +0100] "GET / HTTP/1.0" 200 20010 "-" "Sosospider+(+http://help.soso.com/webspider.htm)"
124.115.4.198 - - [27/Nov/2010:02:58:30 +0100] "GET / HTTP/1.0" 301 360 "-" "Sosospider+(+http://help.soso.com/webspider.htm)"
124.115.4.198 - - [27/Nov/2010:02:58:31 +0100] "GET / HTTP/1.0" 200 20010 "-" "Sosospider+(+http://help.soso.com/webspider.htm)"
213.143.80.10 - - [27/Nov/2010:03:03:05 +0100] "HEAD / HTTP/1.1" 200 - "-" "Mosad/2.0"
124.115.4.203 - - [27/Nov/2010:03:03:39 +0100] "GET / HTTP/1.0" 301 360 "-" "Sosospider+(+http://help.soso.com/webspider.htm)"
124.115.4.203 - - [27/Nov/2010:03:03:40 +0100] "GET / HTTP/1.0" 200 20010 "-" "Sosospider+(+http://help.soso.com/webspider.htm)"
207.46.199.185 - - [27/Nov/2010:03:08:12 +0100] "GET /robots.txt HTTP/1.1" 200 147 "-" "Mozilla/5.0 (compatible; bingbot/2.0; +http://www.bing.com/bingbot.htm)"
67.195.37.93 - - [27/Nov/2010:03:09:56 +0100] "GET /robots.txt HTTP/1.0" 404 345 "-" "Mozilla/5.0 (compatible; Yahoo! Slurp; http://help.yahoo.com/help/us/ysearch/slurp)"
124.115.4.201 - - [27/Nov/2010:03:09:57 +0100] "GET / HTTP/1.0" 301 360 "-" "Sosospider+(+http://help.soso.com/webspider.htm)"
67.195.37.93 - - [27/Nov/2010:03:09:57 +0100] "GET /sub/Kadis-vpisni-list.pdf HTTP/1.0" 200 30399 "-" "Mozilla/5.0 (compatible; Yahoo! Slurp; http://help.yahoo.com/help/us/ysearch/slurp)"
124.115.4.201 - - [27/Nov/2010:03:09:57 +0100] "GET / HTTP/1.0" 200 20010 "-" "Sosospider+(+http://help.soso.com/webspider.htm)"
213.143.80.10 - - [27/Nov/2010:03:11:12 +0100] "HEAD / HTTP/1.1" 301 - "-" "Mosad/2.0"
213.143.80.10 - - [27/Nov/2010:03:11:12 +0100] "HEAD / HTTP/1.1" 200 - "-" "Mosad/2.0"
67.195.110.172 - - [27/Nov/2010:03:11:27 +0100] "GET /izobrazevanje/mehke-vescine/ HTTP/1.0" 200 6994 "-" "Mozilla/5.0 (compatible; Yahoo! Slurp; http://help.yahoo.com/help/us/ysearch/slurp)"
114.80.93.50 - - [27/Nov/2010:03:12:26 +0100] "GET / HTTP/1.0" 301 360 "-" "Sosospider+(+http://help.soso.com/webspider.htm)"
114.80.93.50 - - [27/Nov/2010:03:12:28 +0100] "GET / HTTP/1.0" 200 20010 "-" "Sosospider+(+http://help.soso.com/webspider.htm)"
124.115.4.197 - - [27/Nov/2010:03:15:33 +0100] "GET / HTTP/1.0" 301 360 "-" "Sosospider+(+http://help.soso.com/webspider.htm)"
124.115.4.197 - - [27/Nov/2010:03:15:34 +0100] "GET / HTTP/1.0" 200 20010 "-" "Sosospider+(+http://help.soso.com/webspider.htm)"
85.10.36.100 - - [27/Nov/2010:03:15:45 +0100] "GET / HTTP/1.1" 301 366 "-" "Mozilla/5.0 (compatible; Najdi.si/3.1)"
85.10.36.100 - - [27/Nov/2010:03:15:45 +0100] "GET /robots.txt HTTP/1.1" 200 147 "-" "Mozilla/5.0 (compatible; Najdi.si/3.1)"
85.10.36.100 - - [27/Nov/2010:03:15:47 +0100] "GET / HTTP/1.1" 200 2761 "-" "Mozilla/5.0 (compatible; Najdi.si/3.1)"
85.10.36.100 - - [27/Nov/2010:03:15:49 +0100] "GET /sitemap.txt.gz HTTP/1.1" 301 380 "-" "Mozilla/5.0 (compatible; Najdi.si/3.1)"
85.10.36.100 - - [27/Nov/2010:03:15:50 +0100] "GET /sitemap.txt.gz HTTP/1.1" 404 - "-" "Mozilla/5.0 (compatible; Najdi.si/3.1)"
85.10.36.100 - - [27/Nov/2010:03:15:51 +0100] "GET /sitemap.xml.gz HTTP/1.1" 301 380 "-" "Mozilla/5.0 (compatible; Najdi.si/3.1)"
85.10.36.100 - - [27/Nov/2010:03:15:51 +0100] "GET /sitemap.xml.gz HTTP/1.1" 404 - "-" "Mozilla/5.0 (compatible; Najdi.si/3.1)"
85.10.36.100 - - [27/Nov/2010:03:15:52 +0100] "GET /sitemap.xml HTTP/1.1" 301 377 "-" "Mozilla/5.0 (compatible; Najdi.si/3.1)"
85.10.36.100 - - [27/Nov/2010:03:15:52 +0100] "GET /sitemap.xml HTTP/1.1" 404 - "-" "Mozilla/5.0 (compatible; Najdi.si/3.1)"
81.52.143.15 - - [27/Nov/2010:03:22:41 +0100] "GET /druga-dejavnost/programi-za-iskalce-zaposlitve/ponovno-v-zaposlitev/ HTTP/1.1" 200 3709 "-" "Mozilla/5.0 (Windows; U; Windows NT 5.1; fr; rv:1.8.1) VoilaBot BETA 1.2 (support.voilabot@orange-ftgroup.com)"
85.10.36.100 - - [27/Nov/2010:03:23:05 +0100] "GET / HTTP/1.1" 301 360 "-" "Mozilla/5.0 (compatible; Najdi.si/3.1)"
85.10.36.100 - - [27/Nov/2010:03:23:06 +0100] "GET / HTTP/1.1" 200 4031 "-" "Mozilla/5.0 (compatible; Najdi.si/3.1)"
85.10.36.100 - - [27/Nov/2010:03:23:07 +0100] "GET /sitemap.txt.gz HTTP/1.1" 301 374 "-" "Mozilla/5.0 (compatible; Najdi.si/3.1)"
85.10.36.100 - - [27/Nov/2010:03:23:07 +0100] "GET /sitemap.txt.gz HTTP/1.1" 404 - "-" "Mozilla/5.0 (compatible; Najdi.si/3.1)"
85.10.36.100 - - [27/Nov/2010:03:23:07 +0100] "GET /sitemap.xml.gz HTTP/1.1" 301 374 "-" "Mozilla/5.0 (compatible; Najdi.si/3.1)"
85.10.36.100 - - [27/Nov/2010:03:23:07 +0100] "GET /sitemap.xml.gz HTTP/1.1" 404 - "-" "Mozilla/5.0 (compatible; Najdi.si/3.1)"
85.10.36.100 - - [27/Nov/2010:03:23:07 +0100] "GET /sitemap.xml HTTP/1.1" 301 371 "-" "Mozilla/5.0 (compatible; Najdi.si/3.1)"
85.10.36.100 - - [27/Nov/2010:03:23:07 +0100] "GET /sitemap.xml HTTP/1.1" 404 - "-" "Mozilla/5.0 (compatible; Najdi.si/3.1)"
207.46.195.225 - - [27/Nov/2010:03:24:27 +0100] "GET /index.php?menu_item=item_10024 HTTP/1.1" 200 4102 "-" "Mozilla/5.0 (compatible; bingbot/2.0; +http://www.bing.com/bingbot.htm)"
178.154.163.29 - - [27/Nov/2010:03:25:10 +0100] "GET /vsebine/ HTTP/1.1" 200 2138 "-" "Mozilla/5.0 (compatible; YandexBot/3.0; +http://yandex.com/bots)"
178.154.163.29 - - [27/Nov/2010:03:25:11 +0100] "GET /index.php?menu_item=item_13624 HTTP/1.1" 200 3129 "-" "Mozilla/5.0 (compatible; YandexBot/3.0; +http://yandex.com/bots)"
178.154.163.29 - - [27/Nov/2010:03:25:12 +0100] "GET /index.php?menu_item=item_10310 HTTP/1.1" 200 3276 "-" "Mozilla/5.0 (compatible; YandexBot/3.0; +http://yandex.com/bots)"
124.115.4.194 - - [27/Nov/2010:03:28:30 +0100] "GET / HTTP/1.0" 301 360 "-" "Sosospider+(+http://help.soso.com/webspider.htm)"
124.115.4.194 - - [27/Nov/2010:03:28:34 +0100] "GET / HTTP/1.0" 200 20010 "-" "Sosospider+(+http://help.soso.com/webspider.htm)"
220.181.108.80 - - [27/Nov/2010:03:31:55 +0100] "GET / HTTP/1.1" 301 360 "-" "Baiduspider+(+http://www.baidu.com/search/spider.htm)"
207.46.13.132 - - [27/Nov/2010:03:31:56 +0100] "GET /vizitka/povezave/ HTTP/1.1" 200 3879 "-" "Mozilla/5.0 (compatible; bingbot/2.0; +http://www.bing.com/bingbot.htm)"
66.249.65.236 - - [27/Nov/2010:03:32:39 +0100] "GET /robots.txt HTTP/1.1" 200 147 "-" "Mozilla/5.0 (compatible; Googlebot/2.1; +http://www.google.com/bot.html)"
66.249.65.236 - - [27/Nov/2010:03:32:39 +0100] "GET /zaposlitev/prosta-delovna-mesta/ HTTP/1.1" 200 3182 "-" "Mozilla/5.0 (compatible; Googlebot/2.1; +http://www.google.com/bot.html)"
61.135.167.74 - - [27/Nov/2010:03:36:13 +0100] "GET / HTTP/1.0" 301 360 "-" "Mozilla/4.0 (compatible; MSIE 6.0; Windows NT 5.1; SV1; .NET CLR 1.1.4322;TencentTraveler)"
61.135.167.74 - - [27/Nov/2010:03:36:15 +0100] "GET / HTTP/1.0" 200 20010 "-" "Mozilla/4.0 (compatible; MSIE 6.0; Windows NT 5.1; SV1; .NET CLR 1.1.4322;TencentTraveler)"
207.46.199.44 - - [27/Nov/2010:03:37:29 +0100] "GET /robots.txt HTTP/1.1" 404 345 "-" "Mozilla/5.0 (compatible; bingbot/2.0; +http://www.bing.com/bingbot.htm)"
114.80.93.53 - - [27/Nov/2010:03:38:52 +0100] "GET / HTTP/1.0" 301 360 "-" "Sosospider+(+http://help.soso.com/webspider.htm)"
114.80.93.53 - - [27/Nov/2010:03:38:53 +0100] "GET / HTTP/1.0" 200 20010 "-" "Sosospider+(+http://help.soso.com/webspider.htm)"
207.46.13.40 - - [27/Nov/2010:03:38:57 +0100] "GET /kadrovska-dejavnost/pogodba-o-zaposlitvi/ HTTP/1.1" 200 3881 "-" "Mozilla/5.0 (compatible; bingbot/2.0; +http://www.bing.com/bingbot.htm)"
124.115.4.200 - - [27/Nov/2010:03:40:47 +0100] "GET / HTTP/1.0" 301 360 "-" "Sosospider+(+http://help.soso.com/webspider.htm)"
124.115.4.200 - - [27/Nov/2010:03:40:48 +0100] "GET / HTTP/1.0" 200 20010 "-" "Sosospider+(+http://help.soso.com/webspider.htm)"
66.249.65.233 - - [27/Nov/2010:03:42:51 +0100] "GET /robots.txt HTTP/1.1" 404 345 "-" "Mozilla/5.0 (compatible; Googlebot/2.1; +http://www.google.com/bot.html)"
66.249.65.233 - - [27/Nov/2010:03:42:52 +0100] "GET /sub/Kadis-vpisni-list.pdf HTTP/1.1" 304 - "-" "Mozilla/5.0 (compatible; Googlebot/2.1; +http://www.google.com/bot.html)"
124.115.4.205 - - [27/Nov/2010:03:42:55 +0100] "GET / HTTP/1.0" 301 360 "-" "Sosospider+(+http://help.soso.com/webspider.htm)"
124.115.4.205 - - [27/Nov/2010:03:42:56 +0100] "GET / HTTP/1.0" 200 20010 "-" "Sosospider+(+http://help.soso.com/webspider.htm)"
92.243.84.187 - - [27/Nov/2010:03:44:41 +0100] "GET /plugins/editors/tinymce/jscripts/tiny_mce/plugins/tinybrowser/tinybrowser.php?type=file&folder= HTTP/1.0" 404 - "http://sl.kadis.si/plugins/editors/tinymce/jscripts/tiny_mce/plugins/tinybrowser/tinybrowser.php?type=file&folder=" "Mozilla/4.0 (compatible; MSIE 6.0; Windows 98; Win 9x 4.90)"
66.249.65.240 - - [27/Nov/2010:03:45:25 +0100] "GET / HTTP/1.1" 200 3025 "-" "Mozilla/5.0 (compatible; Googlebot/2.1; +http://www.google.com/bot.html)"
207.46.199.44 - - [27/Nov/2010:03:46:27 +0100] "GET /images/kadis_ss_logo.swf HTTP/1.1" 200 42153 "-" "Mozilla/5.0 (compatible; bingbot/2.0; +http://www.bing.com/bingbot.htm)"
207.46.199.44 - - [27/Nov/2010:03:46:27 +0100] "GET /index.php?menu_item=Kontakt HTTP/1.1" 200 5733 "-" "Mozilla/5.0 (compatible; bingbot/2.0; +http://www.bing.com/bingbot.htm)"
124.115.4.193 - - [27/Nov/2010:03:49:20 +0100] "GET / HTTP/1.0" 301 360 "-" "Sosospider+(+http://help.soso.com/webspider.htm)"
124.115.4.193 - - [27/Nov/2010:03:49:21 +0100] "GET / HTTP/1.0" 200 20010 "-" "Sosospider+(+http://help.soso.com/webspider.htm)"
66.249.65.236 - - [27/Nov/2010:03:50:33 +0100] "GET /izobrazevanje/strokovna-znanja-za-gradbenike/ HTTP/1.1" 200 12846 "-" "Mozilla/5.0 (compatible; Googlebot/2.1; +http://www.google.com/bot.html)"
114.80.93.57 - - [27/Nov/2010:03:52:38 +0100] "GET / HTTP/1.0" 301 360 "-" "Sosospider+(+http://help.soso.com/webspider.htm)"
114.80.93.57 - - [27/Nov/2010:03:52:40 +0100] "GET / HTTP/1.0" 200 20010 "-" "Sosospider+(+http://help.soso.com/webspider.htm)"
85.10.36.100 - - [27/Nov/2010:03:52:56 +0100] "GET / HTTP/1.1" 301 360 "-" "Mozilla/5.0 (compatible; Najdi.si/3.1)"
85.10.36.100 - - [27/Nov/2010:03:52:56 +0100] "GET / HTTP/1.1" 200 4031 "-" "Mozilla/5.0 (compatible; Najdi.si/3.1)"
85.10.36.100 - - [27/Nov/2010:03:52:58 +0100] "GET /sitemap.txt.gz HTTP/1.1" 301 374 "-" "Mozilla/5.0 (compatible; Najdi.si/3.1)"
85.10.36.100 - - [27/Nov/2010:03:52:59 +0100] "GET /sitemap.txt.gz HTTP/1.1" 404 - "-" "Mozilla/5.0 (compatible; Najdi.si/3.1)"
85.10.36.100 - - [27/Nov/2010:03:52:59 +0100] "GET /sitemap.xml.gz HTTP/1.1" 301 374 "-" "Mozilla/5.0 (compatible; Najdi.si/3.1)"
85.10.36.100 - - [27/Nov/2010:03:52:59 +0100] "GET /sitemap.xml.gz HTTP/1.1" 404 - "-" "Mozilla/5.0 (compatible; Najdi.si/3.1)"
85.10.36.100 - - [27/Nov/2010:03:52:59 +0100] "GET /sitemap.xml HTTP/1.1" 301 371 "-" "Mozilla/5.0 (compatible; Najdi.si/3.1)"
85.10.36.100 - - [27/Nov/2010:03:53:00 +0100] "GET /sitemap.xml HTTP/1.1" 404 - "-" "Mozilla/5.0 (compatible; Najdi.si/3.1)"
178.154.163.29 - - [27/Nov/2010:03:55:24 +0100] "GET /iskanje-in-izbor-kadrov/oddaja-narocila/narocilo-storitve-iskanja-in-izbora-kadrov/ HTTP/1.1" 200 4488 "-" "Mozilla/5.0 (compatible; YandexBot/3.0; +http://yandex.com/bots)"
178.154.163.29 - - [27/Nov/2010:03:55:26 +0100] "GET /info/contact/kontakt-vid/ HTTP/1.1" 200 2884 "-" "Mozilla/5.0 (compatible; YandexBot/3.0; +http://yandex.com/bots)"
178.154.163.29 - - [27/Nov/2010:03:55:30 +0100] "GET /index.php?menu_item=item_13841 HTTP/1.1" 200 3990 "-" "Mozilla/5.0 (compatible; YandexBot/3.0; +http://yandex.com/bots)"
178.154.163.29 - - [27/Nov/2010:03:55:32 +0100] "GET /index.php?menu_item=login HTTP/1.1" 200 2781 "-" "Mozilla/5.0 (compatible; YandexBot/3.0; +http://yandex.com/bots)"
178.154.163.29 - - [27/Nov/2010:03:55:36 +0100] "GET /index.php?menu_item=item_10375 HTTP/1.1" 200 2868 "-" "Mozilla/5.0 (compatible; YandexBot/3.0; +http://yandex.com/bots)"
178.154.163.29 - - [27/Nov/2010:03:55:35 +0100] "GET /index.php?menu_item=item_9953 HTTP/1.1" 200 3573 "-" "Mozilla/5.0 (compatible; YandexBot/3.0; +http://yandex.com/bots)"
178.154.163.29 - - [27/Nov/2010:03:55:41 +0100] "GET /sub/Kadis-vpisni-list.pdf HTTP/1.1" 200 30399 "-" "Mozilla/5.0 (compatible; YandexBot/3.0; +http://yandex.com/bots)"
178.154.163.29 - - [27/Nov/2010:03:55:42 +0100] "GET /index.php?menu_item=item_10378 HTTP/1.1" 200 2878 "-" "Mozilla/5.0 (compatible; YandexBot/3.0; +http://yandex.com/bots)"
178.154.163.29 - - [27/Nov/2010:03:55:43 +0100] "GET /index.php?menu_item=item_4957 HTTP/1.1" 200 3715 "-" "Mozilla/5.0 (compatible; YandexBot/3.0; +http://yandex.com/bots)"
66.249.65.236 - - [27/Nov/2010:03:58:16 +0100] "GET /kadrovska-dejavnost/pogodba-o-zaposlitvi/prenehanje-pogodbe-o-zaposlitvi/ HTTP/1.1" 200 4167 "-" "Mozilla/5.0 (compatible; Googlebot/2.1; +http://www.google.com/bot.html)"
207.46.195.230 - - [27/Nov/2010:03:59:26 +0100] "GET /druga-dejavnost/mednarodni-projekti/zakljuceni-projekti/apl-centre/ HTTP/1.1" 200 4146 "-" "Mozilla/5.0 (compatible; bingbot/2.0; +http://www.bing.com/bingbot.htm)"
66.249.65.236 - - [27/Nov/2010:04:00:03 +0100] "GET /aktualno/ HTTP/1.1" 200 31322 "-" "Mozilla/5.0 (compatible; Googlebot/2.1; +http://www.google.com/bot.html)"
58.61.164.39 - - [27/Nov/2010:04:03:19 +0100] "GET / HTTP/1.0" 301 360 "-" "Mozilla/4.0 (compatible; MSIE 6.0; Windows NT 5.1; SV1; .NET CLR 1.1.4322;TencentTraveler)"
58.61.164.39 - - [27/Nov/2010:04:03:20 +0100] "GET / HTTP/1.0" 200 20010 "-" "Mozilla/4.0 (compatible; MSIE 6.0; Windows NT 5.1; SV1; .NET CLR 1.1.4322;TencentTraveler)"
124.115.0.101 - - [27/Nov/2010:04:08:18 +0100] "GET / HTTP/1.0" 301 360 "-" "Sosospider+(+http://help.soso.com/webspider.htm)"
124.115.0.101 - - [27/Nov/2010:04:08:20 +0100] "GET / HTTP/1.0" 200 20010 "-" "Sosospider+(+http://help.soso.com/webspider.htm)"
66.249.65.236 - - [27/Nov/2010:04:08:33 +0100] "GET /druga-dejavnost/mednarodni-projekti/tekoci-projekti/eguide/ HTTP/1.1" 200 4541 "-" "Mozilla/5.0 (compatible; Googlebot/2.1; +http://www.google.com/bot.html)"
66.249.65.236 - - [27/Nov/2010:04:09:25 +0100] "GET /izobrazevanje/mehke-vescine/ HTTP/1.1" 200 6994 "-" "Mozilla/5.0 (compatible; Googlebot/2.1; +http://www.google.com/bot.html)"
193.47.80.47 - - [27/Nov/2010:04:10:35 +0100] "GET /robots.txt HTTP/1.1" 404 345 "-" "Mozilla/5.0 (compatible; Exabot/3.0; +http://www.exabot.com/go/robot)"
193.47.80.47 - - [27/Nov/2010:04:10:35 +0100] "GET / HTTP/1.1" 200 12720 "-" "Mozilla/5.0 (compatible; Exabot/3.0; +http://www.exabot.com/go/robot)"
66.249.65.240 - - [27/Nov/2010:04:13:27 +0100] "GET /human-resource-selection/procedure-of-human-resource-selection/ HTTP/1.1" 200 3294 "-" "Mozilla/5.0 (compatible; Googlebot/2.1; +http://www.google.com/bot.html)"
66.249.65.236 - - [27/Nov/2010:04:13:45 +0100] "GET /kadrovska-dejavnost/pogodba-o-zaposlitvi/ HTTP/1.1" 200 3881 "-" "Mozilla/5.0 (compatible; Googlebot/2.1; +http://www.google.com/bot.html)"
124.115.0.100 - - [27/Nov/2010:04:13:59 +0100] "GET / HTTP/1.0" 301 360 "-" "Sosospider+(+http://help.soso.com/webspider.htm)"
124.115.0.100 - - [27/Nov/2010:04:14:00 +0100] "GET / HTTP/1.0" 200 20010 "-" "Sosospider+(+http://help.soso.com/webspider.htm)"
66.249.65.236 - - [27/Nov/2010:04:14:06 +0100] "GET /druga-dejavnost/konferenca-vsezivljenjska-karierna-orientacija-v-sloveniji/ HTTP/1.1" 200 4945 "-" "Mozilla/5.0 (compatible; Googlebot/2.1; +http://www.google.com/bot.html)"
66.249.65.240 - - [27/Nov/2010:04:14:35 +0100] "GET /international-projects/cclvet/ HTTP/1.1" 200 4904 "-" "Mozilla/5.0 (compatible; Googlebot/2.1; +http://www.google.com/bot.html)"
66.249.65.236 - - [27/Nov/2010:04:14:38 +0100] "GET /kadrovska-dejavnost/izdelava-splosnih-aktov-druzbe/ HTTP/1.1" 200 3839 "-" "Mozilla/5.0 (compatible; Googlebot/2.1; +http://www.google.com/bot.html)"
66.249.65.236 - - [27/Nov/2010:04:15:02 +0100] "GET /karierno-svetovanje/karierni-programi-za-sole/ HTTP/1.1" 200 6242 "-" "Mozilla/5.0 (compatible; Googlebot/2.1; +http://www.google.com/bot.html)"
66.249.65.236 - - [27/Nov/2010:04:15:58 +0100] "GET /druga-dejavnost/mednarodni-projekti/tekoci-projekti/ccw/konferenca-novi-pristopi-h-karierni-orientaciji/ HTTP/1.1" 200 7137 "-" "Mozilla/5.0 (compatible; Googlebot/2.1; +http://www.google.com/bot.html)"
66.249.65.240 - - [27/Nov/2010:04:16:09 +0100] "GET /imageColor.php?source=themes/Zaba/images/langBG.png&trueColor=1&color=ABDA4D HTTP/1.1" 200 144 "-" "Mozilla/5.0 (compatible; Googlebot/2.1; +http://www.google.com/bot.html)"
66.249.65.240 - - [27/Nov/2010:04:16:12 +0100] "GET /imageFill.php?source=themes/Zaba/images/companyInfoBG.png&color=FFFFFF HTTP/1.1" 200 43 "-" "Mozilla/5.0 (compatible; Googlebot/2.1; +http://www.google.com/bot.html)"
66.249.65.233 - - [27/Nov/2010:04:16:14 +0100] "GET /Pooblastilo.doc HTTP/1.1" 304 - "-" "Mozilla/5.0 (compatible; Googlebot/2.1; +http://www.google.com/bot.html)"
66.249.65.240 - - [27/Nov/2010:04:16:20 +0100] "GET /imageFill.php?source=themes/Zaba/images/ul.png&color=000000 HTTP/1.1" 200 60 "-" "Mozilla/5.0 (compatible; Googlebot/2.1; +http://www.google.com/bot.html)"
66.249.65.240 - - [27/Nov/2010:04:16:22 +0100] "GET /imageColorReplace.php?source=images/backgrounds/ozadje30.png&destination=bgImage_body&format=png&color1=EEF8DB&color2=ffffff HTTP/1.1" 200 499 "-" "Mozilla/5.0 (compatible; Googlebot/2.1; +http://www.google.com/bot.html)"
124.115.4.199 - - [27/Nov/2010:04:19:14 +0100] "GET / HTTP/1.0" 301 360 "-" "Sosospider+(+http://help.soso.com/webspider.htm)"
124.115.4.199 - - [27/Nov/2010:04:19:14 +0100] "GET / HTTP/1.0" 200 20010 "-" "Sosospider+(+http://help.soso.com/webspider.htm)"
124.115.4.202 - - [27/Nov/2010:04:21:48 +0100] "GET / HTTP/1.0" 301 360 "-" "Sosospider+(+http://help.soso.com/webspider.htm)"
124.115.4.202 - - [27/Nov/2010:04:21:49 +0100] "GET / HTTP/1.0" 200 20010 "-" "Sosospider+(+http://help.soso.com/webspider.htm)"
85.10.36.100 - - [27/Nov/2010:04:22:44 +0100] "GET / HTTP/1.1" 301 360 "-" "Mozilla/5.0 (compatible; Najdi.si/3.1)"
85.10.36.100 - - [27/Nov/2010:04:22:44 +0100] "GET / HTTP/1.1" 200 4031 "-" "Mozilla/5.0 (compatible; Najdi.si/3.1)"
85.10.36.100 - - [27/Nov/2010:04:22:48 +0100] "GET /sitemap.txt.gz HTTP/1.1" 301 374 "-" "Mozilla/5.0 (compatible; Najdi.si/3.1)"
85.10.36.100 - - [27/Nov/2010:04:22:49 +0100] "GET /sitemap.txt.gz HTTP/1.1" 404 - "-" "Mozilla/5.0 (compatible; Najdi.si/3.1)"
85.10.36.100 - - [27/Nov/2010:04:22:49 +0100] "GET /sitemap.xml.gz HTTP/1.1" 301 374 "-" "Mozilla/5.0 (compatible; Najdi.si/3.1)"
85.10.36.100 - - [27/Nov/2010:04:22:49 +0100] "GET /sitemap.xml.gz HTTP/1.1" 404 - "-" "Mozilla/5.0 (compatible; Najdi.si/3.1)"
85.10.36.100 - - [27/Nov/2010:04:22:49 +0100] "GET /sitemap.xml HTTP/1.1" 301 371 "-" "Mozilla/5.0 (compatible; Najdi.si/3.1)"
85.10.36.100 - - [27/Nov/2010:04:22:49 +0100] "GET /sitemap.xml HTTP/1.1" 404 - "-" "Mozilla/5.0 (compatible; Najdi.si/3.1)"
124.115.0.106 - - [27/Nov/2010:04:22:53 +0100] "GET / HTTP/1.1" 200 3025 "-" "Sosospider+(+http://help.soso.com/webspider.htm)"
124.115.4.196 - - [27/Nov/2010:04:24:45 +0100] "GET / HTTP/1.0" 301 360 "-" "Sosospider+(+http://help.soso.com/webspider.htm)"
124.115.4.196 - - [27/Nov/2010:04:24:46 +0100] "GET / HTTP/1.0" 200 20010 "-" "Sosospider+(+http://help.soso.com/webspider.htm)"
91.210.105.218 - - [27/Nov/2010:04:25:20 +0100] "GET / HTTP/1.0" 301 366 "http://robo.kadis.si/" "Mozilla/4.0 (compatible; MSIE 6.0; Windows NT 5.1; SV1; .NET CLR 1.1.4322) Babya Discoverer 8.0:"
91.210.105.218 - - [27/Nov/2010:04:25:20 +0100] "GET / HTTP/1.0" 200 8111 "http://sl.robo.kadis.si/" "Mozilla/4.0 (compatible; MSIE 6.0; Windows NT 5.1; SV1; .NET CLR 1.1.4322) Babya Discoverer 8.0:"
91.210.105.218 - - [27/Nov/2010:04:25:20 +0100] "GET /forum/ HTTP/1.0" 200 14307 "http://sl.robo.kadis.si/forum/" "Mozilla/4.0 (compatible; MSIE 6.0; Windows NT 5.1; SV1; .NET CLR 1.1.4322) Babya Discoverer 8.0:"
124.115.4.192 - - [27/Nov/2010:04:30:24 +0100] "GET / HTTP/1.0" 301 360 "-" "Sosospider+(+http://help.soso.com/webspider.htm)"
124.115.4.192 - - [27/Nov/2010:04:30:25 +0100] "GET / HTTP/1.0" 200 20010 "-" "Sosospider+(+http://help.soso.com/webspider.htm)"
65.52.53.244 - - [27/Nov/2010:04:32:14 +0100] "GET /robots.txt HTTP/1.1" 200 147 "-" "Mozilla/5.0 (compatible; bingbot/2.0; +http://www.bing.com/bingbot.htm)"
124.115.0.26 - - [27/Nov/2010:04:37:16 +0100] "GET / HTTP/1.1" 200 4031 "-" "Sosospider+(+http://help.soso.com/webspider.htm)"
124.115.0.110 - - [27/Nov/2010:04:40:47 +0100] "GET /index.php?menu_item=item_4992 HTTP/1.1" 200 3764 "-" "Sosospider+(+http://help.soso.com/webspider.htm)"
124.115.0.21 - - [27/Nov/2010:04:41:30 +0100] "GET / HTTP/1.1" 301 360 "-" "Sosospider+(+http://help.soso.com/webspider.htm)"
124.115.0.21 - - [27/Nov/2010:04:41:30 +0100] "GET / HTTP/1.1" 200 4031 "-" "Sosospider+(+http://help.soso.com/webspider.htm)"
178.154.163.29 - - [27/Nov/2010:04:44:39 +0100] "GET /druga-dejavnost/mednarodni-projekti/zakljuceni-projekti/ictem/ HTTP/1.1" 200 4315 "-" "Mozilla/5.0 (compatible; YandexBot/3.0; +http://yandex.com/bots)"
85.10.36.100 - - [27/Nov/2010:04:50:53 +0100] "GET / HTTP/1.1" 301 360 "-" "Mozilla/5.0 (compatible; Najdi.si/3.1)"
85.10.36.100 - - [27/Nov/2010:04:50:54 +0100] "GET / HTTP/1.1" 200 4031 "-" "Mozilla/5.0 (compatible; Najdi.si/3.1)"
85.10.36.100 - - [27/Nov/2010:04:50:54 +0100] "GET /sitemap.txt.gz HTTP/1.1" 301 374 "-" "Mozilla/5.0 (compatible; Najdi.si/3.1)"
85.10.36.100 - - [27/Nov/2010:04:50:55 +0100] "GET /sitemap.txt.gz HTTP/1.1" 404 - "-" "Mozilla/5.0 (compatible; Najdi.si/3.1)"
85.10.36.100 - - [27/Nov/2010:04:50:55 +0100] "GET /sitemap.xml.gz HTTP/1.1" 301 374 "-" "Mozilla/5.0 (compatible; Najdi.si/3.1)"
85.10.36.100 - - [27/Nov/2010:04:50:55 +0100] "GET /sitemap.xml.gz HTTP/1.1" 404 - "-" "Mozilla/5.0 (compatible; Najdi.si/3.1)"
85.10.36.100 - - [27/Nov/2010:04:50:55 +0100] "GET /sitemap.xml HTTP/1.1" 301 371 "-" "Mozilla/5.0 (compatible; Najdi.si/3.1)"
85.10.36.100 - - [27/Nov/2010:04:50:55 +0100] "GET /sitemap.xml HTTP/1.1" 404 - "-" "Mozilla/5.0 (compatible; Najdi.si/3.1)"
85.10.36.100 - - [27/Nov/2010:04:54:35 +0100] "GET /studentskiservis/ HTTP/1.1" 301 377 "-" "Mozilla/5.0 (compatible; Najdi.si/3.1)"
85.10.36.100 - - [27/Nov/2010:04:54:35 +0100] "GET /studentskiservis/ HTTP/1.1" 200 4031 "-" "Mozilla/5.0 (compatible; Najdi.si/3.1)"
66.249.65.236 - - [27/Nov/2010:05:01:25 +0100] "GET /iskanje-in-izbor-kadrov/postopek-iskanja-in-izbora-kadrov/ HTTP/1.1" 200 4085 "-" "Mozilla/5.0 (compatible; Googlebot/2.1; +http://www.google.com/bot.html)"
66.249.65.236 - - [27/Nov/2010:05:02:19 +0100] "GET /izobrazevanje/ HTTP/1.1" 200 4102 "-" "Mozilla/5.0 (compatible; Googlebot/2.1; +http://www.google.com/bot.html)"
67.195.115.49 - - [27/Nov/2010:05:06:05 +0100] "GET /career-development/job-interview-preparations/ HTTP/1.0" 200 3219 "-" "Mozilla/5.0 (compatible; Yahoo! Slurp; http://help.yahoo.com/help/us/ysearch/slurp)"
66.249.65.236 - - [27/Nov/2010:05:06:49 +0100] "GET /iskanje-in-izbor-kadrov/oddaja-narocila/ HTTP/1.1" 200 4487 "-" "Mozilla/5.0 (compatible; Googlebot/2.1; +http://www.google.com/bot.html)"
66.249.65.236 - - [27/Nov/2010:05:12:13 +0100] "GET /karierno-svetovanje/delavnice-za-iskanje-zaposlitve/ HTTP/1.1" 200 3898 "-" "Mozilla/5.0 (compatible; Googlebot/2.1; +http://www.google.com/bot.html)"
85.10.32.222 - - [27/Nov/2010:05:12:33 +0100] "GET /kadis_dela.php HTTP/1.0" 200 14470 "-" "-"
88.131.106.22 - - [27/Nov/2010:05:12:34 +0100] "GET /robots.txt HTTP/1.0" 200 147 "-" "Mozilla/5.0 (Windows; U; Windows NT 5.1; en-US) Speedy Spider (http://www.entireweb.com/about/search_tech/speedy_spider/)"
88.131.106.22 - - [27/Nov/2010:05:12:34 +0100] "GET /pravni-poduk/ HTTP/1.0" 200 4218 "-" "Mozilla/5.0 (Windows; U; Windows NT 5.1; en-US) Speedy Spider (http://www.entireweb.com/about/search_tech/speedy_spider/)"
207.46.12.236 - - [27/Nov/2010:05:13:54 +0100] "GET /robots.txt HTTP/1.1" 200 147 "-" "Mozilla/5.0 (compatible; bingbot/2.0; +http://www.bing.com/bingbot.htm)"
207.46.12.236 - - [27/Nov/2010:05:16:56 +0100] "GET /izobrazevanje/strokovna-znanja-za-gradbenike/ HTTP/1.1" 200 12846 "-" "Mozilla/5.0 (compatible; bingbot/2.0; +http://www.bing.com/bingbot.htm)"
85.10.36.100 - - [27/Nov/2010:05:19:23 +0100] "GET / HTTP/1.1" 301 360 "-" "Mozilla/5.0 (compatible; Najdi.si/3.1)"
85.10.36.100 - - [27/Nov/2010:05:19:23 +0100] "GET / HTTP/1.1" 200 4031 "-" "Mozilla/5.0 (compatible; Najdi.si/3.1)"
85.10.36.100 - - [27/Nov/2010:05:19:24 +0100] "GET /sitemap.txt.gz HTTP/1.1" 301 374 "-" "Mozilla/5.0 (compatible; Najdi.si/3.1)"
85.10.36.100 - - [27/Nov/2010:05:19:24 +0100] "GET /sitemap.txt.gz HTTP/1.1" 404 - "-" "Mozilla/5.0 (compatible; Najdi.si/3.1)"
85.10.36.100 - - [27/Nov/2010:05:19:24 +0100] "GET /sitemap.xml.gz HTTP/1.1" 301 374 "-" "Mozilla/5.0 (compatible; Najdi.si/3.1)"
85.10.36.100 - - [27/Nov/2010:05:19:24 +0100] "GET /sitemap.xml.gz HTTP/1.1" 404 - "-" "Mozilla/5.0 (compatible; Najdi.si/3.1)"
85.10.36.100 - - [27/Nov/2010:05:19:24 +0100] "GET /sitemap.xml HTTP/1.1" 301 371 "-" "Mozilla/5.0 (compatible; Najdi.si/3.1)"
85.10.36.100 - - [27/Nov/2010:05:19:24 +0100] "GET /sitemap.xml HTTP/1.1" 404 - "-" "Mozilla/5.0 (compatible; Najdi.si/3.1)"
66.249.65.236 - - [27/Nov/2010:05:23:01 +0100] "GET /kadrovska-dejavnost/zaposlovanje-in-delo-tujcev/ HTTP/1.1" 200 3764 "-" "Mozilla/5.0 (compatible; Googlebot/2.1; +http://www.google.com/bot.html)"
81.52.143.35 - - [27/Nov/2010:05:24:07 +0100] "GET /aktualno/ HTTP/1.1" 200 31322 "-" "Mozilla/5.0 (Windows; U; Windows NT 5.1; fr; rv:1.8.1) VoilaBot BETA 1.2 (support.voilabot@orange-ftgroup.com)"
207.46.12.241 - - [27/Nov/2010:05:34:26 +0100] "GET /prijava/ HTTP/1.1" 200 3581 "-" "Mozilla/5.0 (compatible; bingbot/2.0; +http://www.bing.com/bingbot.htm)"
81.52.143.36 - - [27/Nov/2010:05:45:50 +0100] "GET /iskanje-in-izbor-kadrov/oddaja-narocila/narocilo-psiholoskega-testiranja/ HTTP/1.1" 200 4039 "-" "Mozilla/5.0 (Windows; U; Windows NT 5.1; fr; rv:1.8.1) VoilaBot BETA 1.2 (support.voilabot@orange-ftgroup.com)"
66.249.65.236 - - [27/Nov/2010:05:47:18 +0100] "GET /druga-dejavnost/mediacija/ HTTP/1.1" 200 3129 "-" "Mozilla/5.0 (compatible; Googlebot/2.1; +http://www.google.com/bot.html)"
81.52.143.15 - - [27/Nov/2010:05:47:24 +0100] "GET /iskanje-in-izbor-kadrov/oddaja-narocila/narocilo-storitve-iskanja-in-izbora-kadrov/ HTTP/1.1" 200 4488 "-" "Mozilla/5.0 (Windows; U; Windows NT 5.1; fr; rv:1.8.1) VoilaBot BETA 1.2 (support.voilabot@orange-ftgroup.com)"
85.10.36.100 - - [27/Nov/2010:05:50:40 +0100] "GET / HTTP/1.1" 301 360 "-" "Mozilla/5.0 (compatible; Najdi.si/3.1)"
85.10.36.100 - - [27/Nov/2010:05:50:41 +0100] "GET / HTTP/1.1" 200 4031 "-" "Mozilla/5.0 (compatible; Najdi.si/3.1)"
85.10.36.100 - - [27/Nov/2010:05:50:43 +0100] "GET /sitemap.txt.gz HTTP/1.1" 301 374 "-" "Mozilla/5.0 (compatible; Najdi.si/3.1)"
85.10.36.100 - - [27/Nov/2010:05:50:43 +0100] "GET /sitemap.txt.gz HTTP/1.1" 404 - "-" "Mozilla/5.0 (compatible; Najdi.si/3.1)"
85.10.36.100 - - [27/Nov/2010:05:50:43 +0100] "GET /sitemap.xml.gz HTTP/1.1" 301 374 "-" "Mozilla/5.0 (compatible; Najdi.si/3.1)"
85.10.36.100 - - [27/Nov/2010:05:50:43 +0100] "GET /sitemap.xml.gz HTTP/1.1" 404 - "-" "Mozilla/5.0 (compatible; Najdi.si/3.1)"
85.10.36.100 - - [27/Nov/2010:05:50:43 +0100] "GET /sitemap.xml HTTP/1.1" 301 371 "-" "Mozilla/5.0 (compatible; Najdi.si/3.1)"
85.10.36.100 - - [27/Nov/2010:05:50:43 +0100] "GET /sitemap.xml HTTP/1.1" 404 - "-" "Mozilla/5.0 (compatible; Najdi.si/3.1)"
85.10.36.100 - - [27/Nov/2010:05:53:24 +0100] "GET / HTTP/1.1" 200 4031 "-" "Mozilla/5.0 (compatible; Najdi.si/3.1)"
85.10.36.100 - - [27/Nov/2010:05:53:26 +0100] "GET /sitemap.txt.gz HTTP/1.1" 404 - "-" "Mozilla/5.0 (compatible; Najdi.si/3.1)"
85.10.36.100 - - [27/Nov/2010:05:53:27 +0100] "GET /sitemap.xml.gz HTTP/1.1" 404 - "-" "Mozilla/5.0 (compatible; Najdi.si/3.1)"
85.10.36.100 - - [27/Nov/2010:05:53:27 +0100] "GET /sitemap.xml HTTP/1.1" 404 - "-" "Mozilla/5.0 (compatible; Najdi.si/3.1)"
66.249.65.236 - - [27/Nov/2010:05:59:00 +0100] "GET /druga-dejavnost/mednarodni-projekti/zakljuceni-projekti/winkit/ HTTP/1.1" 200 4835 "-" "Mozilla/5.0 (compatible; Googlebot/2.1; +http://www.google.com/bot.html)"
173.234.121.238 - - [27/Nov/2010:06:17:15 +0100] "GET /index.php?menu_item=item_10354 HTTP/1.0" 200 13197 "-" "Mozilla/4.0 (compatible; ICS)"
173.234.143.220 - - [27/Nov/2010:06:17:15 +0100] "GET /info/links/ HTTP/1.0" 200 13197 "-" "Mozilla/4.0 (compatible; ICS)"
173.234.158.234 - - [27/Nov/2010:06:17:15 +0100] "GET /info/links/ HTTP/1.0" 200 13197 "-" "Mozilla/4.0 (compatible; ICS)"
173.234.123.253 - - [27/Nov/2010:06:17:15 +0100] "GET /index.php?menu_item=item_10354 HTTP/1.0" 200 13197 "-" "Mozilla/4.0 (compatible; ICS)"
173.234.142.244 - - [27/Nov/2010:06:17:15 +0100] "GET /index.php?menu_item=item_10354 HTTP/1.0" 200 13197 "-" "Mozilla/4.0 (compatible; ICS)"
173.234.174.113 - - [27/Nov/2010:06:17:16 +0100] "GET /info/links/ HTTP/1.0" 200 13197 "-" "Mozilla/4.0 (compatible; ICS)"
85.10.36.100 - - [27/Nov/2010:06:23:14 +0100] "GET / HTTP/1.1" 301 360 "-" "Mozilla/5.0 (compatible; Najdi.si/3.1)"
85.10.36.100 - - [27/Nov/2010:06:23:14 +0100] "GET / HTTP/1.1" 200 4031 "-" "Mozilla/5.0 (compatible; Najdi.si/3.1)"
85.10.36.100 - - [27/Nov/2010:06:23:18 +0100] "GET /sitemap.txt.gz HTTP/1.1" 301 374 "-" "Mozilla/5.0 (compatible; Najdi.si/3.1)"
85.10.36.100 - - [27/Nov/2010:06:23:18 +0100] "GET /sitemap.txt.gz HTTP/1.1" 404 - "-" "Mozilla/5.0 (compatible; Najdi.si/3.1)"
85.10.36.100 - - [27/Nov/2010:06:23:19 +0100] "GET /sitemap.xml.gz HTTP/1.1" 301 374 "-" "Mozilla/5.0 (compatible; Najdi.si/3.1)"
85.10.36.100 - - [27/Nov/2010:06:23:20 +0100] "GET /sitemap.xml.gz HTTP/1.1" 404 - "-" "Mozilla/5.0 (compatible; Najdi.si/3.1)"
85.10.36.100 - - [27/Nov/2010:06:23:20 +0100] "GET /sitemap.xml HTTP/1.1" 301 371 "-" "Mozilla/5.0 (compatible; Najdi.si/3.1)"
85.10.36.100 - - [27/Nov/2010:06:23:20 +0100] "GET /sitemap.xml HTTP/1.1" 404 - "-" "Mozilla/5.0 (compatible; Najdi.si/3.1)"
157.55.16.230 - - [27/Nov/2010:06:25:48 +0100] "GET /robots.txt HTTP/1.1" 200 147 "-" "Mozilla/5.0 (compatible; bingbot/2.0; +http://www.bing.com/bingbot.htm)"
67.195.115.49 - - [27/Nov/2010:06:31:28 +0100] "GET /info/obrazec-za-povprasevanje/ HTTP/1.0" 200 3008 "-" "Mozilla/5.0 (compatible; Yahoo! Slurp; http://help.yahoo.com/help/us/ysearch/slurp)"
157.55.16.230 - - [27/Nov/2010:06:34:26 +0100] "GET /domov/vpis-na-eseznam/ HTTP/1.1" 200 3471 "-" "Mozilla/5.0 (compatible; bingbot/2.0; +http://www.bing.com/bingbot.htm)"
66.249.65.236 - - [27/Nov/2010:06:34:59 +0100] "GET /druga-dejavnost/mednarodni-projekti/zakljuceni-projekti/abata/ HTTP/1.1" 200 4559 "-" "Mozilla/5.0 (compatible; Googlebot/2.1; +http://www.google.com/bot.html)"
66.249.65.236 - - [27/Nov/2010:06:46:41 +0100] "GET /druga-dejavnost/mednarodni-projekti/tekoci-projekti/trainframe/ HTTP/1.1" 200 3211 "-" "Mozilla/5.0 (compatible; Googlebot/2.1; +http://www.google.com/bot.html)"
85.10.36.100 - - [27/Nov/2010:06:52:02 +0100] "GET / HTTP/1.1" 301 360 "-" "Mozilla/5.0 (compatible; Najdi.si/3.1)"
85.10.36.100 - - [27/Nov/2010:06:52:02 +0100] "GET /robots.txt HTTP/1.1" 200 147 "-" "Mozilla/5.0 (compatible; Najdi.si/3.1)"
85.10.36.100 - - [27/Nov/2010:06:52:03 +0100] "GET / HTTP/1.1" 200 4031 "-" "Mozilla/5.0 (compatible; Najdi.si/3.1)"
85.10.36.100 - - [27/Nov/2010:06:52:06 +0100] "GET /sitemap.txt.gz HTTP/1.1" 301 374 "-" "Mozilla/5.0 (compatible; Najdi.si/3.1)"
85.10.36.100 - - [27/Nov/2010:06:52:06 +0100] "GET /sitemap.txt.gz HTTP/1.1" 404 - "-" "Mozilla/5.0 (compatible; Najdi.si/3.1)"
85.10.36.100 - - [27/Nov/2010:06:52:07 +0100] "GET /sitemap.xml.gz HTTP/1.1" 301 374 "-" "Mozilla/5.0 (compatible; Najdi.si/3.1)"
85.10.36.100 - - [27/Nov/2010:06:52:07 +0100] "GET /sitemap.xml.gz HTTP/1.1" 404 - "-" "Mozilla/5.0 (compatible; Najdi.si/3.1)"
85.10.36.100 - - [27/Nov/2010:06:52:07 +0100] "GET /sitemap.xml HTTP/1.1" 301 371 "-" "Mozilla/5.0 (compatible; Najdi.si/3.1)"
85.10.36.100 - - [27/Nov/2010:06:52:07 +0100] "GET /sitemap.xml HTTP/1.1" 404 - "-" "Mozilla/5.0 (compatible; Najdi.si/3.1)"
66.249.65.236 - - [27/Nov/2010:06:55:44 +0100] "GET /index.php?menu_item=item_5002 HTTP/1.1" 200 3709 "-" "Mozilla/5.0 (compatible; Googlebot/2.1; +http://www.google.com/bot.html)"
207.46.204.178 - - [27/Nov/2010:07:05:00 +0100] "GET /druga-dejavnost/z-razvojem-zaposlenih-do-vecje-uspesnosti-zakljucna-konferenca-projekta-abata/abata-konferenca-program/ HTTP/1.1" 200 4310 "-" "Mozilla/5.0 (compatible; bingbot/2.0; +http://www.bing.com/bingbot.htm)"
66.249.65.240 - - [27/Nov/2010:07:08:27 +0100] "GET /employment/ HTTP/1.1" 200 2838 "-" "Mozilla/5.0 (compatible; Googlebot/2.1; +http://www.google.com/bot.html)"
85.10.36.100 - - [27/Nov/2010:07:21:46 +0100] "GET / HTTP/1.1" 301 360 "-" "Mozilla/5.0 (compatible; Najdi.si/3.1)"
85.10.36.100 - - [27/Nov/2010:07:21:46 +0100] "GET / HTTP/1.1" 200 4031 "-" "Mozilla/5.0 (compatible; Najdi.si/3.1)"
85.10.36.100 - - [27/Nov/2010:07:21:48 +0100] "GET /sitemap.txt.gz HTTP/1.1" 301 374 "-" "Mozilla/5.0 (compatible; Najdi.si/3.1)"
85.10.36.100 - - [27/Nov/2010:07:21:48 +0100] "GET /sitemap.txt.gz HTTP/1.1" 404 - "-" "Mozilla/5.0 (compatible; Najdi.si/3.1)"
85.10.36.100 - - [27/Nov/2010:07:21:48 +0100] "GET /sitemap.xml.gz HTTP/1.1" 301 374 "-" "Mozilla/5.0 (compatible; Najdi.si/3.1)"
85.10.36.100 - - [27/Nov/2010:07:21:48 +0100] "GET /sitemap.xml.gz HTTP/1.1" 404 - "-" "Mozilla/5.0 (compatible; Najdi.si/3.1)"
85.10.36.100 - - [27/Nov/2010:07:21:48 +0100] "GET /sitemap.xml HTTP/1.1" 301 371 "-" "Mozilla/5.0 (compatible; Najdi.si/3.1)"
85.10.36.100 - - [27/Nov/2010:07:21:49 +0100] "GET /sitemap.xml HTTP/1.1" 404 - "-" "Mozilla/5.0 (compatible; Najdi.si/3.1)"
