66.249.65.236 - - [27/Nov/2010:07:22:40 +0100] "GET /druga-dejavnost/mednarodni-projekti/tekoci-projekti/eguide/konferenca-novi-pristopi-h-karierni-orientaciji/ HTTP/1.1" 200 7158 "-" "Mozilla/5.0 (compatible; Googlebot/2.1; +http://www.google.com/bot.html)"
182.201.17.199 - - [27/Nov/2010:07:33:42 +0100] "GET / HTTP/1.0" 200 14944 "-" "Firefox"
67.195.110.172 - - [27/Nov/2010:07:38:20 +0100] "GET /robots.txt HTTP/1.0" 200 147 "-" "Mozilla/5.0 (compatible; Yahoo! Slurp; http://help.yahoo.com/help/us/ysearch/slurp)"
67.195.110.172 - - [27/Nov/2010:07:38:29 +0100] "GET /index.php?menu_item=item_13801 HTTP/1.0" 200 3263 "-" "Mozilla/5.0 (compatible; Yahoo! Slurp; http://help.yahoo.com/help/us/ysearch/slurp)"
85.10.36.100 - - [27/Nov/2010:07:51:42 +0100] "GET / HTTP/1.1" 301 360 "-" "Mozilla/5.0 (compatible; Najdi.si/3.1)"
85.10.36.100 - - [27/Nov/2010:07:51:43 +0100] "GET / HTTP/1.1" 200 4031 "-" "Mozilla/5.0 (compatible; Najdi.si/3.1)"
85.10.36.100 - - [27/Nov/2010:07:51:45 +0100] "GET /sitemap.txt.gz HTTP/1.1" 301 374 "-" "Mozilla/5.0 (compatible; Najdi.si/3.1)"
85.10.36.100 - - [27/Nov/2010:07:51:45 +0100] "GET /sitemap.txt.gz HTTP/1.1" 404 - "-" "Mozilla/5.0 (compatible; Najdi.si/3.1)"
85.10.36.100 - - [27/Nov/2010:07:51:45 +0100] "GET /sitemap.xml.gz HTTP/1.1" 301 374 "-" "Mozilla/5.0 (compatible; Najdi.si/3.1)"
85.10.36.100 - - [27/Nov/2010:07:51:45 +0100] "GET /sitemap.xml.gz HTTP/1.1" 404 - "-" "Mozilla/5.0 (compatible; Najdi.si/3.1)"
85.10.36.100 - - [27/Nov/2010:07:51:45 +0100] "GET /sitemap.xml HTTP/1.1" 301 371 "-" "Mozilla/5.0 (compatible; Najdi.si/3.1)"
85.10.36.100 - - [27/Nov/2010:07:51:46 +0100] "GET /sitemap.xml HTTP/1.1" 404 - "-" "Mozilla/5.0 (compatible; Najdi.si/3.1)"
178.154.163.29 - - [27/Nov/2010:07:59:00 +0100] "GET /robots.txt HTTP/1.1" 200 147 "-" "Mozilla/5.0 (compatible; YandexBot/3.0; +http://yandex.com/bots)"
178.154.163.29 - - [27/Nov/2010:07:59:04 +0100] "GET /index.php?menu_item=item_13745 HTTP/1.1" 200 5478 "-" "Mozilla/5.0 (compatible; YandexBot/3.0; +http://yandex.com/bots)"
69.28.58.26 - - [27/Nov/2010:08:00:05 +0100] "GET /robots.txt HTTP/1.0" 404 345 "-" "page_test (larbin2.6.3@unspecified.mail)"
69.28.58.26 - - [27/Nov/2010:08:00:06 +0100] "GET / HTTP/1.0" 200 12720 "-" "page_test larbin2.6.3@unspecified.mail"
67.195.115.49 - - [27/Nov/2010:08:01:08 +0100] "GET /index.php?menu_item=item_10320 HTTP/1.0" 200 3076 "-" "Mozilla/5.0 (compatible; Yahoo! Slurp; http://help.yahoo.com/help/us/ysearch/slurp)"
139.18.13.202 - - [27/Nov/2010:08:02:02 +0100] "GET /index.php?menu_item=LoginRequestCompany&menu_level=2 HTTP/1.1" 200 9945 "-" "findlinks/2.0.1 (+http://wortschatz.uni-leipzig.de/findlinks/)"
139.18.13.202 - - [27/Nov/2010:08:02:04 +0100] "GET /index.php?menu_item=LoginRequestCompany&menu_level=2 HTTP/1.1" 200 9945 "-" "findlinks/2.0.1 (+http://wortschatz.uni-leipzig.de/findlinks/)"
65.52.110.69 - - [27/Nov/2010:08:04:44 +0100] "GET /robots.txt HTTP/1.1" 200 147 "-" "Mozilla/5.0 (compatible; bingbot/2.0; +http://www.bing.com/bingbot.htm)"
67.195.110.172 - - [27/Nov/2010:08:06:27 +0100] "GET /vizitka/kontaktni-podatki/kontakt-nadja/ HTTP/1.0" 200 3641 "-" "Mozilla/5.0 (compatible; Yahoo! Slurp; http://help.yahoo.com/help/us/ysearch/slurp)"
65.52.110.53 - - [27/Nov/2010:08:06:39 +0100] "GET /robots.txt HTTP/1.1" 200 147 "-" "Mozilla/5.0 (compatible; bingbot/2.0; +http://www.bing.com/bingbot.htm)"
65.52.110.69 - - [27/Nov/2010:08:13:26 +0100] "GET /index.php?menu_item=item_10357 HTTP/1.1" 200 3589 "-" "Mozilla/5.0 (compatible; bingbot/2.0; +http://www.bing.com/bingbot.htm)"
92.37.73.17 - - [27/Nov/2010:08:14:55 +0100] "GET / HTTP/1.1" 200 4031 "http://www.google.com/search?client=safari&rls=en&q=kadis&ie=UTF-8&oe=UTF-8" "Mozilla/5.0 (Macintosh; U; Intel Mac OS X 10_5_8; sl-si) AppleWebKit/533.18.1 (KHTML, like Gecko) Version/5.0.2 Safari/533.18.5"
92.37.73.17 - - [27/Nov/2010:08:14:55 +0100] "GET /varpulis/_js/basic.js HTTP/1.1" 200 4470 "http://sl.kadis.si/" "Mozilla/5.0 (Macintosh; U; Intel Mac OS X 10_5_8; sl-si) AppleWebKit/533.18.1 (KHTML, like Gecko) Version/5.0.2 Safari/533.18.5"
92.37.73.17 - - [27/Nov/2010:08:14:55 +0100] "GET /sitedata/282/conf/custom.css.php HTTP/1.1" 200 114 "http://sl.kadis.si/" "Mozilla/5.0 (Macintosh; U; Intel Mac OS X 10_5_8; sl-si) AppleWebKit/533.18.1 (KHTML, like Gecko) Version/5.0.2 Safari/533.18.5"
92.37.73.17 - - [27/Nov/2010:08:14:55 +0100] "GET /varpulis/_css/282_default.css.gz HTTP/1.1" 200 6287 "http://sl.kadis.si/" "Mozilla/5.0 (Macintosh; U; Intel Mac OS X 10_5_8; sl-si) AppleWebKit/533.18.1 (KHTML, like Gecko) Version/5.0.2 Safari/533.18.5"
92.37.73.17 - - [27/Nov/2010:08:14:55 +0100] "GET /varpulis/_css/282_print.css.gz HTTP/1.1" 200 2634 "http://sl.kadis.si/" "Mozilla/5.0 (Macintosh; U; Intel Mac OS X 10_5_8; sl-si) AppleWebKit/533.18.1 (KHTML, like Gecko) Version/5.0.2 Safari/533.18.5"
92.37.73.17 - - [27/Nov/2010:08:14:55 +0100] "GET /varpulis/_js/282_menu.js HTTP/1.1" 200 9444 "http://sl.kadis.si/" "Mozilla/5.0 (Macintosh; U; Intel Mac OS X 10_5_8; sl-si) AppleWebKit/533.18.1 (KHTML, like Gecko) Version/5.0.2 Safari/533.18.5"
92.37.73.17 - - [27/Nov/2010:08:14:55 +0100] "GET /sitedata/282/conf/alineja.png HTTP/1.1" 200 714 "http://sl.kadis.si/" "Mozilla/5.0 (Macintosh; U; Intel Mac OS X 10_5_8; sl-si) AppleWebKit/533.18.1 (KHTML, like Gecko) Version/5.0.2 Safari/533.18.5"
92.37.73.17 - - [27/Nov/2010:08:14:55 +0100] "GET /sitedata/282/media/kadis_logo.jpg HTTP/1.1" 200 7784 "http://sl.kadis.si/" "Mozilla/5.0 (Macintosh; U; Intel Mac OS X 10_5_8; sl-si) AppleWebKit/533.18.1 (KHTML, like Gecko) Version/5.0.2 Safari/533.18.5"
92.37.73.17 - - [27/Nov/2010:08:14:55 +0100] "GET /sitedata/282/media/page/kadis_image.jpg HTTP/1.1" 200 48614 "http://sl.kadis.si/" "Mozilla/5.0 (Macintosh; U; Intel Mac OS X 10_5_8; sl-si) AppleWebKit/533.18.1 (KHTML, like Gecko) Version/5.0.2 Safari/533.18.5"
92.37.73.17 - - [27/Nov/2010:08:14:56 +0100] "GET /favicon.ico HTTP/1.1" 404 - "http://sl.kadis.si/" "Mozilla/5.0 (Macintosh; U; Intel Mac OS X 10_5_8; sl-si) AppleWebKit/533.18.1 (KHTML, like Gecko) Version/5.0.2 Safari/533.18.5"
65.52.110.53 - - [27/Nov/2010:08:19:56 +0100] "GET /izobrazevanje/mehke-vescine/ HTTP/1.1" 200 6994 "-" "Mozilla/5.0 (compatible; bingbot/2.0; +http://www.bing.com/bingbot.htm)"
85.10.36.100 - - [27/Nov/2010:08:23:27 +0100] "GET / HTTP/1.1" 301 360 "-" "Mozilla/5.0 (compatible; Najdi.si/3.1)"
85.10.36.100 - - [27/Nov/2010:08:23:27 +0100] "GET / HTTP/1.1" 200 4031 "-" "Mozilla/5.0 (compatible; Najdi.si/3.1)"
85.10.36.100 - - [27/Nov/2010:08:23:30 +0100] "GET /sitemap.txt.gz HTTP/1.1" 301 374 "-" "Mozilla/5.0 (compatible; Najdi.si/3.1)"
85.10.36.100 - - [27/Nov/2010:08:23:30 +0100] "GET /sitemap.txt.gz HTTP/1.1" 404 - "-" "Mozilla/5.0 (compatible; Najdi.si/3.1)"
85.10.36.100 - - [27/Nov/2010:08:23:30 +0100] "GET /sitemap.xml.gz HTTP/1.1" 301 374 "-" "Mozilla/5.0 (compatible; Najdi.si/3.1)"
85.10.36.100 - - [27/Nov/2010:08:23:30 +0100] "GET /sitemap.xml.gz HTTP/1.1" 404 - "-" "Mozilla/5.0 (compatible; Najdi.si/3.1)"
85.10.36.100 - - [27/Nov/2010:08:23:31 +0100] "GET /sitemap.xml HTTP/1.1" 301 371 "-" "Mozilla/5.0 (compatible; Najdi.si/3.1)"
85.10.36.100 - - [27/Nov/2010:08:23:31 +0100] "GET /sitemap.xml HTTP/1.1" 404 - "-" "Mozilla/5.0 (compatible; Najdi.si/3.1)"
207.46.204.188 - - [27/Nov/2010:08:24:26 +0100] "GET /kadrovska-dejavnost/pogodba-o-zaposlitvi/sklenitev-pogodbe-o-zaposlitvi/ HTTP/1.1" 200 3881 "-" "Mozilla/5.0 (compatible; bingbot/2.0; +http://www.bing.com/bingbot.htm)"
66.249.65.236 - - [27/Nov/2010:08:24:41 +0100] "GET /index.php?menu_item=item_4990 HTTP/1.1" 200 3904 "-" "Mozilla/5.0 (compatible; Googlebot/2.1; +http://www.google.com/bot.html)"
158.108.213.4 - - [27/Nov/2010:08:29:10 +0100] "GET / HTTP/1.0" 301 360 "-" "Wget/1.10.2 (Red Hat modified)"
158.108.213.4 - - [27/Nov/2010:08:29:11 +0100] "GET / HTTP/1.0" 200 20010 "-" "Wget/1.10.2 (Red Hat modified)"
67.195.110.172 - - [27/Nov/2010:08:30:39 +0100] "GET /vizitka/kontaktni-podatki/ HTTP/1.0" 200 3969 "-" "Mozilla/5.0 (compatible; Yahoo! Slurp; http://help.yahoo.com/help/us/ysearch/slurp)"
66.249.65.236 - - [27/Nov/2010:08:35:26 +0100] "GET /index.php?menu_item=item_4999 HTTP/1.1" 200 12846 "-" "Mozilla/5.0 (compatible; Googlebot/2.1; +http://www.google.com/bot.html)"
66.249.65.236 - - [27/Nov/2010:08:45:54 +0100] "GET /druga-dejavnost/mednarodni-projekti/zakljuceni-projekti/lemaia/ HTTP/1.1" 200 3869 "-" "Mozilla/5.0 (compatible; Googlebot/2.1; +http://www.google.com/bot.html)"
207.46.13.86 - - [27/Nov/2010:08:49:26 +0100] "GET /karierno-svetovanje/delavnice-za-iskanje-zaposlitve/kako-naj-konkuriram-na-trgu-dela/ HTTP/1.1" 200 5727 "-" "Mozilla/5.0 (compatible; bingbot/2.0; +http://www.bing.com/bingbot.htm)"
67.195.110.172 - - [27/Nov/2010:08:50:59 +0100] "GET /izobrazevanje/ HTTP/1.0" 200 4102 "-" "Mozilla/5.0 (compatible; Yahoo! Slurp; http://help.yahoo.com/help/us/ysearch/slurp)"
85.10.36.100 - - [27/Nov/2010:08:52:11 +0100] "GET / HTTP/1.1" 301 360 "-" "Mozilla/5.0 (compatible; Najdi.si/3.1)"
85.10.36.100 - - [27/Nov/2010:08:52:11 +0100] "GET / HTTP/1.1" 200 4031 "-" "Mozilla/5.0 (compatible; Najdi.si/3.1)"
85.10.36.100 - - [27/Nov/2010:08:52:13 +0100] "GET /sitemap.txt.gz HTTP/1.1" 301 374 "-" "Mozilla/5.0 (compatible; Najdi.si/3.1)"
85.10.36.100 - - [27/Nov/2010:08:52:13 +0100] "GET /sitemap.txt.gz HTTP/1.1" 404 - "-" "Mozilla/5.0 (compatible; Najdi.si/3.1)"
85.10.36.100 - - [27/Nov/2010:08:52:13 +0100] "GET /sitemap.xml.gz HTTP/1.1" 301 374 "-" "Mozilla/5.0 (compatible; Najdi.si/3.1)"
85.10.36.100 - - [27/Nov/2010:08:52:13 +0100] "GET /sitemap.xml.gz HTTP/1.1" 404 - "-" "Mozilla/5.0 (compatible; Najdi.si/3.1)"
85.10.36.100 - - [27/Nov/2010:08:52:13 +0100] "GET /sitemap.xml HTTP/1.1" 301 371 "-" "Mozilla/5.0 (compatible; Najdi.si/3.1)"
85.10.36.100 - - [27/Nov/2010:08:52:13 +0100] "GET /sitemap.xml HTTP/1.1" 404 - "-" "Mozilla/5.0 (compatible; Najdi.si/3.1)"
66.249.65.236 - - [27/Nov/2010:08:55:17 +0100] "GET /index.php?menu_item=item_12470 HTTP/1.1" 200 4146 "-" "Mozilla/5.0 (compatible; Googlebot/2.1; +http://www.google.com/bot.html)"
65.52.49.141 - - [27/Nov/2010:08:55:37 +0100] "GET /robots.txt HTTP/1.1" 200 147 "-" "Mozilla/5.0 (compatible; bingbot/2.0; +http://www.bing.com/bingbot.htm)"
207.46.195.107 - - [27/Nov/2010:08:57:26 +0100] "GET /druga-dejavnost/mednarodni-projekti/ HTTP/1.1" 200 3908 "-" "Mozilla/5.0 (compatible; bingbot/2.0; +http://www.bing.com/bingbot.htm)"
207.46.199.42 - - [27/Nov/2010:09:00:56 +0100] "GET /druga-dejavnost/mednarodni-projekti/tekoci-projekti/inco-ii/ HTTP/1.1" 200 4390 "-" "Mozilla/5.0 (compatible; bingbot/2.0; +http://www.bing.com/bingbot.htm)"
66.249.65.236 - - [27/Nov/2010:09:11:17 +0100] "GET /druga-dejavnost/mednarodni-projekti/gcrf/ HTTP/1.1" 200 4082 "-" "Mozilla/5.0 (compatible; Googlebot/2.1; +http://www.google.com/bot.html)"
85.10.36.100 - - [27/Nov/2010:09:22:48 +0100] "GET / HTTP/1.1" 301 360 "-" "Mozilla/5.0 (compatible; Najdi.si/3.1)"
85.10.36.100 - - [27/Nov/2010:09:22:48 +0100] "GET / HTTP/1.1" 200 4031 "-" "Mozilla/5.0 (compatible; Najdi.si/3.1)"
85.10.36.100 - - [27/Nov/2010:09:22:49 +0100] "GET /sitemap.txt.gz HTTP/1.1" 301 374 "-" "Mozilla/5.0 (compatible; Najdi.si/3.1)"
85.10.36.100 - - [27/Nov/2010:09:22:49 +0100] "GET /sitemap.txt.gz HTTP/1.1" 404 - "-" "Mozilla/5.0 (compatible; Najdi.si/3.1)"
85.10.36.100 - - [27/Nov/2010:09:22:50 +0100] "GET /sitemap.xml.gz HTTP/1.1" 301 374 "-" "Mozilla/5.0 (compatible; Najdi.si/3.1)"
85.10.36.100 - - [27/Nov/2010:09:22:50 +0100] "GET /sitemap.xml.gz HTTP/1.1" 404 - "-" "Mozilla/5.0 (compatible; Najdi.si/3.1)"
85.10.36.100 - - [27/Nov/2010:09:22:50 +0100] "GET /sitemap.xml HTTP/1.1" 301 371 "-" "Mozilla/5.0 (compatible; Najdi.si/3.1)"
85.10.36.100 - - [27/Nov/2010:09:22:50 +0100] "GET /sitemap.xml HTTP/1.1" 404 - "-" "Mozilla/5.0 (compatible; Najdi.si/3.1)"
65.52.108.14 - - [27/Nov/2010:09:28:36 +0100] "GET /robots.txt HTTP/1.1" 200 147 "-" "Mozilla/5.0 (compatible; bingbot/2.0; +http://www.bing.com/bingbot.htm)"
86.61.3.85 - - [27/Nov/2010:09:32:40 +0100] "GET /izobrazevanje/strokovna-znanja-za-gradbenike/ HTTP/1.1" 200 12846 "http://www.google.si/url?sa=t&source=web&cd=8&sqi=2&ved=0CE4QFjAH&url=http%3A%2F%2Fsl.kadis.si%2Fizobrazevanje%2Fstrokovna-znanja-za-gradbenike%2F&rct=j&q=predra%C4%8Dun%20pokalkulacija%20gradbena%20&ei=BsLwTIS7FIjNswbis-GHCw&usg=AFQjCNGl8BNrnPS5GW0aOWCvYR_UbnzaPg&sig2=Fx1RIWZzmDFG51JPC0fyiw" "Mozilla/5.0 (Windows; U; Windows NT 6.0; en-US; rv:1.9.2.8) Gecko/20100722 Firefox/3.6.8 (.NET CLR 3.5.30729)"
86.61.3.85 - - [27/Nov/2010:09:32:40 +0100] "GET /varpulis/_css/282_default.css.gz HTTP/1.1" 200 6287 "http://sl.kadis.si/izobrazevanje/strokovna-znanja-za-gradbenike/" "Mozilla/5.0 (Windows; U; Windows NT 6.0; en-US; rv:1.9.2.8) Gecko/20100722 Firefox/3.6.8 (.NET CLR 3.5.30729)"
86.61.3.85 - - [27/Nov/2010:09:32:40 +0100] "GET /sitedata/282/conf/custom.css.php HTTP/1.1" 200 114 "http://sl.kadis.si/izobrazevanje/strokovna-znanja-za-gradbenike/" "Mozilla/5.0 (Windows; U; Windows NT 6.0; en-US; rv:1.9.2.8) Gecko/20100722 Firefox/3.6.8 (.NET CLR 3.5.30729)"
86.61.3.85 - - [27/Nov/2010:09:32:40 +0100] "GET /varpulis/_css/282_print.css.gz HTTP/1.1" 200 2634 "http://sl.kadis.si/izobrazevanje/strokovna-znanja-za-gradbenike/" "Mozilla/5.0 (Windows; U; Windows NT 6.0; en-US; rv:1.9.2.8) Gecko/20100722 Firefox/3.6.8 (.NET CLR 3.5.30729)"
86.61.3.85 - - [27/Nov/2010:09:32:40 +0100] "GET /varpulis/_js/basic.js HTTP/1.1" 200 4470 "http://sl.kadis.si/izobrazevanje/strokovna-znanja-za-gradbenike/" "Mozilla/5.0 (Windows; U; Windows NT 6.0; en-US; rv:1.9.2.8) Gecko/20100722 Firefox/3.6.8 (.NET CLR 3.5.30729)"
86.61.3.85 - - [27/Nov/2010:09:32:40 +0100] "GET /varpulis/_js/282_menu.js HTTP/1.1" 200 9444 "http://sl.kadis.si/izobrazevanje/strokovna-znanja-za-gradbenike/" "Mozilla/5.0 (Windows; U; Windows NT 6.0; en-US; rv:1.9.2.8) Gecko/20100722 Firefox/3.6.8 (.NET CLR 3.5.30729)"
86.61.3.85 - - [27/Nov/2010:09:32:40 +0100] "GET /sitedata/282/media/kadis_logo.jpg HTTP/1.1" 200 7784 "http://sl.kadis.si/izobrazevanje/strokovna-znanja-za-gradbenike/" "Mozilla/5.0 (Windows; U; Windows NT 6.0; en-US; rv:1.9.2.8) Gecko/20100722 Firefox/3.6.8 (.NET CLR 3.5.30729)"
86.61.3.85 - - [27/Nov/2010:09:32:41 +0100] "GET /sitedata/282/conf/alineja.png HTTP/1.1" 200 714 "http://sl.kadis.si/sitedata/282/conf/custom.css.php" "Mozilla/5.0 (Windows; U; Windows NT 6.0; en-US; rv:1.9.2.8) Gecko/20100722 Firefox/3.6.8 (.NET CLR 3.5.30729)"
86.61.3.85 - - [27/Nov/2010:09:32:40 +0100] "GET /sitedata/282/media/page/kadis_image.jpg HTTP/1.1" 200 48614 "http://sl.kadis.si/izobrazevanje/strokovna-znanja-za-gradbenike/" "Mozilla/5.0 (Windows; U; Windows NT 6.0; en-US; rv:1.9.2.8) Gecko/20100722 Firefox/3.6.8 (.NET CLR 3.5.30729)"
86.61.3.85 - - [27/Nov/2010:09:32:41 +0100] "GET /getfile.php?idHash=36ac528b7f5c6c7b928c64b493e30086 HTTP/1.1" 200 6214 "http://sl.kadis.si/izobrazevanje/strokovna-znanja-za-gradbenike/" "Mozilla/5.0 (Windows; U; Windows NT 6.0; en-US; rv:1.9.2.8) Gecko/20100722 Firefox/3.6.8 (.NET CLR 3.5.30729)"
86.61.3.85 - - [27/Nov/2010:09:32:41 +0100] "GET /imageColorReplace.php?source=images/backgrounds/ozadje30.png&destination=bgImage_body&format=png&color1=EEF8DB&color2=FFFFFF HTTP/1.1" 200 499 "http://sl.kadis.si/varpulis/_css/282_default.css.gz" "Mozilla/5.0 (Windows; U; Windows NT 6.0; en-US; rv:1.9.2.8) Gecko/20100722 Firefox/3.6.8 (.NET CLR 3.5.30729)"
86.61.3.85 - - [27/Nov/2010:09:32:41 +0100] "GET /imageColor.php?source=themes/Zaba/images/langBG.png&trueColor=1&color=ABDA4D HTTP/1.1" 200 144 "http://sl.kadis.si/varpulis/_css/282_default.css.gz" "Mozilla/5.0 (Windows; U; Windows NT 6.0; en-US; rv:1.9.2.8) Gecko/20100722 Firefox/3.6.8 (.NET CLR 3.5.30729)"
86.61.3.85 - - [27/Nov/2010:09:32:41 +0100] "GET /imageFill.php?source=themes/Zaba/images/companyInfoBG.png&color=FFFFFF HTTP/1.1" 200 43 "http://sl.kadis.si/varpulis/_css/282_default.css.gz" "Mozilla/5.0 (Windows; U; Windows NT 6.0; en-US; rv:1.9.2.8) Gecko/20100722 Firefox/3.6.8 (.NET CLR 3.5.30729)"
86.61.3.85 - - [27/Nov/2010:09:32:42 +0100] "GET /favicon.ico HTTP/1.1" 404 - "-" "Mozilla/5.0 (Windows; U; Windows NT 6.0; en-US; rv:1.9.2.8) Gecko/20100722 Firefox/3.6.8 (.NET CLR 3.5.30729)"
86.61.3.85 - - [27/Nov/2010:09:32:43 +0100] "GET /favicon.ico HTTP/1.1" 404 - "-" "Mozilla/5.0 (Windows; U; Windows NT 6.0; en-US; rv:1.9.2.8) Gecko/20100722 Firefox/3.6.8 (.NET CLR 3.5.30729)"
65.52.108.14 - - [27/Nov/2010:09:34:26 +0100] "GET /info/links/ HTTP/1.1" 200 2997 "-" "Mozilla/5.0 (compatible; bingbot/2.0; +http://www.bing.com/bingbot.htm)"
207.46.199.198 - - [27/Nov/2010:09:45:14 +0100] "GET /robots.txt HTTP/1.1" 200 147 "-" "Mozilla/5.0 (compatible; bingbot/2.0; +http://www.bing.com/bingbot.htm)"
85.10.36.100 - - [27/Nov/2010:09:52:23 +0100] "GET / HTTP/1.1" 301 360 "-" "Mozilla/5.0 (compatible; Najdi.si/3.1)"
85.10.36.100 - - [27/Nov/2010:09:52:23 +0100] "GET / HTTP/1.1" 200 4031 "-" "Mozilla/5.0 (compatible; Najdi.si/3.1)"
85.10.36.100 - - [27/Nov/2010:09:52:24 +0100] "GET /sitemap.txt.gz HTTP/1.1" 301 374 "-" "Mozilla/5.0 (compatible; Najdi.si/3.1)"
85.10.36.100 - - [27/Nov/2010:09:52:24 +0100] "GET /sitemap.txt.gz HTTP/1.1" 404 - "-" "Mozilla/5.0 (compatible; Najdi.si/3.1)"
85.10.36.100 - - [27/Nov/2010:09:52:24 +0100] "GET /sitemap.xml.gz HTTP/1.1" 301 374 "-" "Mozilla/5.0 (compatible; Najdi.si/3.1)"
85.10.36.100 - - [27/Nov/2010:09:52:24 +0100] "GET /sitemap.xml.gz HTTP/1.1" 404 - "-" "Mozilla/5.0 (compatible; Najdi.si/3.1)"
85.10.36.100 - - [27/Nov/2010:09:52:25 +0100] "GET /sitemap.xml HTTP/1.1" 301 371 "-" "Mozilla/5.0 (compatible; Najdi.si/3.1)"
85.10.36.100 - - [27/Nov/2010:09:52:25 +0100] "GET /sitemap.xml HTTP/1.1" 404 - "-" "Mozilla/5.0 (compatible; Najdi.si/3.1)"
207.46.13.94 - - [27/Nov/2010:09:57:56 +0100] "GET /info/contact/kontakt-ursa/ HTTP/1.1" 200 2867 "-" "Mozilla/5.0 (compatible; bingbot/2.0; +http://www.bing.com/bingbot.htm)"
207.46.13.139 - - [27/Nov/2010:09:58:35 +0100] "GET /robots.txt HTTP/1.1" 200 147 "-" "Mozilla/5.0 (compatible; bingbot/2.0; +http://www.bing.com/bingbot.htm)"
207.46.13.139 - - [27/Nov/2010:09:59:26 +0100] "GET /index.php?menu_item=item_12471 HTTP/1.1" 200 3869 "-" "Mozilla/5.0 (compatible; bingbot/2.0; +http://www.bing.com/bingbot.htm)"
67.195.110.172 - - [27/Nov/2010:10:10:27 +0100] "GET /druga-dejavnost/mediacija/ HTTP/1.0" 200 3129 "-" "Mozilla/5.0 (compatible; Yahoo! Slurp; http://help.yahoo.com/help/us/ysearch/slurp)"
67.195.110.172 - - [27/Nov/2010:10:11:27 +0100] "GET /zaposlitev/studentski-servis/ HTTP/1.0" 200 3294 "-" "Mozilla/5.0 (compatible; Yahoo! Slurp; http://help.yahoo.com/help/us/ysearch/slurp)"
85.10.36.100 - - [27/Nov/2010:10:22:28 +0100] "GET / HTTP/1.1" 301 360 "-" "Mozilla/5.0 (compatible; Najdi.si/3.1)"
85.10.36.100 - - [27/Nov/2010:10:22:29 +0100] "GET / HTTP/1.1" 200 4031 "-" "Mozilla/5.0 (compatible; Najdi.si/3.1)"
85.10.36.100 - - [27/Nov/2010:10:22:30 +0100] "GET /sitemap.txt.gz HTTP/1.1" 301 374 "-" "Mozilla/5.0 (compatible; Najdi.si/3.1)"
85.10.36.100 - - [27/Nov/2010:10:22:30 +0100] "GET /sitemap.txt.gz HTTP/1.1" 404 - "-" "Mozilla/5.0 (compatible; Najdi.si/3.1)"
85.10.36.100 - - [27/Nov/2010:10:22:30 +0100] "GET /sitemap.xml.gz HTTP/1.1" 301 374 "-" "Mozilla/5.0 (compatible; Najdi.si/3.1)"
85.10.36.100 - - [27/Nov/2010:10:22:31 +0100] "GET /sitemap.xml.gz HTTP/1.1" 404 - "-" "Mozilla/5.0 (compatible; Najdi.si/3.1)"
85.10.36.100 - - [27/Nov/2010:10:22:31 +0100] "GET /sitemap.xml HTTP/1.1" 301 371 "-" "Mozilla/5.0 (compatible; Najdi.si/3.1)"
85.10.36.100 - - [27/Nov/2010:10:22:31 +0100] "GET /sitemap.xml HTTP/1.1" 404 - "-" "Mozilla/5.0 (compatible; Najdi.si/3.1)"
85.10.36.100 - - [27/Nov/2010:10:27:33 +0100] "GET /iskanje-in-izbor-kadrov/psiholosko-testiranje/ HTTP/1.1" 200 5346 "-" "Mozilla/5.0 (compatible; Najdi.si/3.1)"
85.10.36.100 - - [27/Nov/2010:10:27:40 +0100] "GET /kadrovska-dejavnost/pogodba-o-zaposlitvi/ HTTP/1.1" 200 3881 "-" "Mozilla/5.0 (compatible; Najdi.si/3.1)"
85.10.36.100 - - [27/Nov/2010:10:27:52 +0100] "GET /izobrazevanje/strokovna-znanja-za-gradbenike/ HTTP/1.1" 200 12846 "-" "Mozilla/5.0 (compatible; Najdi.si/3.1)"
85.10.36.100 - - [27/Nov/2010:10:28:01 +0100] "GET /iskanje-in-izbor-kadrov/postopek-iskanja-in-izbora-kadrov/ HTTP/1.1" 200 4085 "-" "Mozilla/5.0 (compatible; Najdi.si/3.1)"
85.10.36.100 - - [27/Nov/2010:10:28:08 +0100] "GET /karierno-svetovanje/ HTTP/1.1" 200 3936 "-" "Mozilla/5.0 (compatible; Najdi.si/3.1)"
85.10.36.100 - - [27/Nov/2010:10:28:16 +0100] "GET /domov/ HTTP/1.1" 200 4031 "-" "Mozilla/5.0 (compatible; Najdi.si/3.1)"
85.10.36.100 - - [27/Nov/2010:10:28:24 +0100] "GET /izobrazevanje/mehke-vescine/ HTTP/1.1" 200 6994 "-" "Mozilla/5.0 (compatible; Najdi.si/3.1)"
85.10.36.100 - - [27/Nov/2010:10:28:33 +0100] "GET /druga-dejavnost/mednarodni-projekti/ HTTP/1.1" 200 3908 "-" "Mozilla/5.0 (compatible; Najdi.si/3.1)"
85.10.36.100 - - [27/Nov/2010:10:28:40 +0100] "GET /izobrazevanje/ HTTP/1.1" 200 4102 "-" "Mozilla/5.0 (compatible; Najdi.si/3.1)"
67.195.115.49 - - [27/Nov/2010:10:30:59 +0100] "GET /international-projects/apl-centre/ HTTP/1.0" 200 3210 "-" "Mozilla/5.0 (compatible; Yahoo! Slurp; http://help.yahoo.com/help/us/ysearch/slurp)"
207.46.195.239 - - [27/Nov/2010:10:32:26 +0100] "GET / HTTP/1.1" 200 4031 "-" "Mozilla/5.0 (compatible; bingbot/2.0; +http://www.bing.com/bingbot.htm)"
178.154.163.29 - - [27/Nov/2010:10:40:02 +0100] "GET /legal-counsel/health-pension-and-disability-insurance/ HTTP/1.1" 200 3118 "-" "Mozilla/5.0 (compatible; YandexBot/3.0; +http://yandex.com/bots)"
85.10.33.27 - - [27/Nov/2010:10:40:51 +0100] "GET /kadrovska-dejavnost/pogodba-o-zaposlitvi/prenehanje-pogodbe-o-zaposlitvi/ HTTP/1.1" 200 4167 "http://www.google.si/url?sa=t&source=web&cd=10&ved=0CGEQFjAJ&url=http%3A%2F%2Fsl.kadis.si%2Fkadrovska-dejavnost%2Fpogodba-o-zaposlitvi%2Fprenehanje-pogodbe-o-zaposlitvi%2F&rct=j&q=redna%20odpoved%20delovnega%20razmerja&ei=StDwTKOAJcvEswbnxpX3Cg&usg=AFQjCNGjDploFj5XO5AD1ZcNH0oacD7GKQ&cad=rja" "Mozilla/5.0 (Windows; U; Windows NT 6.1; sl; rv:1.9.2.12) Gecko/20101026 Firefox/3.6.12"
85.10.33.27 - - [27/Nov/2010:10:40:51 +0100] "GET /varpulis/_css/282_default.css.gz HTTP/1.1" 200 6287 "http://sl.kadis.si/kadrovska-dejavnost/pogodba-o-zaposlitvi/prenehanje-pogodbe-o-zaposlitvi/" "Mozilla/5.0 (Windows; U; Windows NT 6.1; sl; rv:1.9.2.12) Gecko/20101026 Firefox/3.6.12"
85.10.33.27 - - [27/Nov/2010:10:40:51 +0100] "GET /sitedata/282/media/kadis_logo.jpg HTTP/1.1" 200 7784 "http://sl.kadis.si/kadrovska-dejavnost/pogodba-o-zaposlitvi/prenehanje-pogodbe-o-zaposlitvi/" "Mozilla/5.0 (Windows; U; Windows NT 6.1; sl; rv:1.9.2.12) Gecko/20101026 Firefox/3.6.12"
85.10.33.27 - - [27/Nov/2010:10:40:51 +0100] "GET /sitedata/282/conf/custom.css.php HTTP/1.1" 200 114 "http://sl.kadis.si/kadrovska-dejavnost/pogodba-o-zaposlitvi/prenehanje-pogodbe-o-zaposlitvi/" "Mozilla/5.0 (Windows; U; Windows NT 6.1; sl; rv:1.9.2.12) Gecko/20101026 Firefox/3.6.12"
85.10.33.27 - - [27/Nov/2010:10:40:51 +0100] "GET /varpulis/_css/282_print.css.gz HTTP/1.1" 200 2634 "http://sl.kadis.si/kadrovska-dejavnost/pogodba-o-zaposlitvi/prenehanje-pogodbe-o-zaposlitvi/" "Mozilla/5.0 (Windows; U; Windows NT 6.1; sl; rv:1.9.2.12) Gecko/20101026 Firefox/3.6.12"
85.10.33.27 - - [27/Nov/2010:10:40:51 +0100] "GET /varpulis/_js/basic.js HTTP/1.1" 200 4470 "http://sl.kadis.si/kadrovska-dejavnost/pogodba-o-zaposlitvi/prenehanje-pogodbe-o-zaposlitvi/" "Mozilla/5.0 (Windows; U; Windows NT 6.1; sl; rv:1.9.2.12) Gecko/20101026 Firefox/3.6.12"
85.10.33.27 - - [27/Nov/2010:10:40:51 +0100] "GET /varpulis/_js/282_menu.js HTTP/1.1" 200 9444 "http://sl.kadis.si/kadrovska-dejavnost/pogodba-o-zaposlitvi/prenehanje-pogodbe-o-zaposlitvi/" "Mozilla/5.0 (Windows; U; Windows NT 6.1; sl; rv:1.9.2.12) Gecko/20101026 Firefox/3.6.12"
85.10.33.27 - - [27/Nov/2010:10:40:51 +0100] "GET /imageColorReplace.php?source=images/backgrounds/ozadje30.png&destination=bgImage_body&format=png&color1=EEF8DB&color2=FFFFFF HTTP/1.1" 200 499 "http://sl.kadis.si/varpulis/_css/282_default.css.gz" "Mozilla/5.0 (Windows; U; Windows NT 6.1; sl; rv:1.9.2.12) Gecko/20101026 Firefox/3.6.12"
85.10.33.27 - - [27/Nov/2010:10:40:51 +0100] "GET /sitedata/282/conf/alineja.png HTTP/1.1" 200 714 "http://sl.kadis.si/sitedata/282/conf/custom.css.php" "Mozilla/5.0 (Windows; U; Windows NT 6.1; sl; rv:1.9.2.12) Gecko/20101026 Firefox/3.6.12"
85.10.33.27 - - [27/Nov/2010:10:40:51 +0100] "GET /imageColor.php?source=themes/Zaba/images/langBG.png&trueColor=1&color=ABDA4D HTTP/1.1" 200 144 "http://sl.kadis.si/varpulis/_css/282_default.css.gz" "Mozilla/5.0 (Windows; U; Windows NT 6.1; sl; rv:1.9.2.12) Gecko/20101026 Firefox/3.6.12"
85.10.33.27 - - [27/Nov/2010:10:40:51 +0100] "GET /sitedata/282/media/page/kadis_image.jpg HTTP/1.1" 200 48614 "http://sl.kadis.si/kadrovska-dejavnost/pogodba-o-zaposlitvi/prenehanje-pogodbe-o-zaposlitvi/" "Mozilla/5.0 (Windows; U; Windows NT 6.1; sl; rv:1.9.2.12) Gecko/20101026 Firefox/3.6.12"
85.10.33.27 - - [27/Nov/2010:10:40:51 +0100] "GET /imageFill.php?source=themes/Zaba/images/companyInfoBG.png&color=FFFFFF HTTP/1.1" 200 43 "http://sl.kadis.si/varpulis/_css/282_default.css.gz" "Mozilla/5.0 (Windows; U; Windows NT 6.1; sl; rv:1.9.2.12) Gecko/20101026 Firefox/3.6.12"
85.10.33.27 - - [27/Nov/2010:10:40:51 +0100] "GET /favicon.ico HTTP/1.1" 404 - "-" "Mozilla/5.0 (Windows; U; Windows NT 6.1; sl; rv:1.9.2.12) Gecko/20101026 Firefox/3.6.12"
207.46.12.238 - - [27/Nov/2010:10:41:26 +0100] "GET /karierno-svetovanje/delavnice-za-iskanje-zaposlitve/ HTTP/1.1" 200 3898 "-" "Mozilla/5.0 (compatible; bingbot/2.0; +http://www.bing.com/bingbot.htm)"
67.195.110.172 - - [27/Nov/2010:10:44:17 +0100] "GET /druga-dejavnost/mednarodni-projekti/tekoci-projekti/seiling/ HTTP/1.0" 200 3990 "-" "Mozilla/5.0 (compatible; Yahoo! Slurp; http://help.yahoo.com/help/us/ysearch/slurp)"
91.210.105.63 - - [27/Nov/2010:10:50:41 +0100] "GET / HTTP/1.0" 301 366 "http://robo.kadis.si/" "Mozilla/4.0 (compatible; MSIE 5.01; Windows 95; MSIECrawler)"
91.210.105.63 - - [27/Nov/2010:10:50:41 +0100] "GET / HTTP/1.0" 200 8111 "http://sl.robo.kadis.si/" "Mozilla/4.0 (compatible; MSIE 5.01; Windows 95; MSIECrawler)"
91.210.105.63 - - [27/Nov/2010:10:50:42 +0100] "GET /forum/ HTTP/1.0" 200 14307 "http://sl.robo.kadis.si/forum/" "Mozilla/4.0 (compatible; MSIE 5.01; Windows 95; MSIECrawler)"
193.47.80.47 - - [27/Nov/2010:10:51:17 +0100] "GET /zaposlitev/studentski-servis/ HTTP/1.1" 200 3294 "-" "Mozilla/5.0 (compatible; Exabot/3.0; +http://www.exabot.com/go/robot)"
85.10.36.100 - - [27/Nov/2010:10:52:59 +0100] "GET / HTTP/1.1" 301 360 "-" "Mozilla/5.0 (compatible; Najdi.si/3.1)"
85.10.36.100 - - [27/Nov/2010:10:52:59 +0100] "GET / HTTP/1.1" 200 4031 "-" "Mozilla/5.0 (compatible; Najdi.si/3.1)"
85.10.36.100 - - [27/Nov/2010:10:53:05 +0100] "GET /sitemap.txt.gz HTTP/1.1" 301 374 "-" "Mozilla/5.0 (compatible; Najdi.si/3.1)"
85.10.36.100 - - [27/Nov/2010:10:53:05 +0100] "GET /sitemap.txt.gz HTTP/1.1" 404 - "-" "Mozilla/5.0 (compatible; Najdi.si/3.1)"
85.10.36.100 - - [27/Nov/2010:10:53:05 +0100] "GET /sitemap.xml.gz HTTP/1.1" 301 374 "-" "Mozilla/5.0 (compatible; Najdi.si/3.1)"
85.10.36.100 - - [27/Nov/2010:10:53:05 +0100] "GET /sitemap.xml.gz HTTP/1.1" 404 - "-" "Mozilla/5.0 (compatible; Najdi.si/3.1)"
85.10.36.100 - - [27/Nov/2010:10:53:05 +0100] "GET /sitemap.xml HTTP/1.1" 301 371 "-" "Mozilla/5.0 (compatible; Najdi.si/3.1)"
85.10.36.100 - - [27/Nov/2010:10:53:05 +0100] "GET /sitemap.xml HTTP/1.1" 404 - "-" "Mozilla/5.0 (compatible; Najdi.si/3.1)"
207.46.13.94 - - [27/Nov/2010:10:54:55 +0100] "GET /index.php?menu_item=item_4987 HTTP/1.1" 200 3881 "-" "Mozilla/5.0 (compatible; bingbot/2.0; +http://www.bing.com/bingbot.htm)"
65.52.110.51 - - [27/Nov/2010:11:08:48 +0100] "GET /robots.txt HTTP/1.1" 200 147 "-" "Mozilla/5.0 (compatible; bingbot/2.0; +http://www.bing.com/bingbot.htm)"
67.195.110.172 - - [27/Nov/2010:11:13:22 +0100] "GET /index.php?menu_item=item_12471 HTTP/1.0" 200 3869 "-" "Mozilla/5.0 (compatible; Yahoo! Slurp; http://help.yahoo.com/help/us/ysearch/slurp)"
67.195.110.172 - - [27/Nov/2010:11:14:52 +0100] "GET /index.php?menu_item=item_5109 HTTP/1.0" 200 3182 "-" "Mozilla/5.0 (compatible; Yahoo! Slurp; http://help.yahoo.com/help/us/ysearch/slurp)"
65.52.110.51 - - [27/Nov/2010:11:15:27 +0100] "GET /info/obrazec-za-povprasevanje/ HTTP/1.1" 200 3008 "-" "Mozilla/5.0 (compatible; bingbot/2.0; +http://www.bing.com/bingbot.htm)"
85.10.36.100 - - [27/Nov/2010:11:23:08 +0100] "GET / HTTP/1.1" 301 360 "-" "Mozilla/5.0 (compatible; Najdi.si/3.1)"
85.10.36.100 - - [27/Nov/2010:11:23:08 +0100] "GET / HTTP/1.1" 200 4031 "-" "Mozilla/5.0 (compatible; Najdi.si/3.1)"
85.10.36.100 - - [27/Nov/2010:11:23:19 +0100] "GET /sitemap.txt.gz HTTP/1.1" 301 374 "-" "Mozilla/5.0 (compatible; Najdi.si/3.1)"
85.10.36.100 - - [27/Nov/2010:11:23:20 +0100] "GET /sitemap.txt.gz HTTP/1.1" 404 - "-" "Mozilla/5.0 (compatible; Najdi.si/3.1)"
85.10.36.100 - - [27/Nov/2010:11:23:20 +0100] "GET /sitemap.xml.gz HTTP/1.1" 301 374 "-" "Mozilla/5.0 (compatible; Najdi.si/3.1)"
85.10.36.100 - - [27/Nov/2010:11:23:20 +0100] "GET /sitemap.xml.gz HTTP/1.1" 404 - "-" "Mozilla/5.0 (compatible; Najdi.si/3.1)"
85.10.36.100 - - [27/Nov/2010:11:23:20 +0100] "GET /sitemap.xml HTTP/1.1" 301 371 "-" "Mozilla/5.0 (compatible; Najdi.si/3.1)"
85.10.36.100 - - [27/Nov/2010:11:23:20 +0100] "GET /sitemap.xml HTTP/1.1" 404 - "-" "Mozilla/5.0 (compatible; Najdi.si/3.1)"
67.195.115.49 - - [27/Nov/2010:11:26:15 +0100] "GET /education/application-form-slovenian-only/ HTTP/1.0" 200 3406 "-" "Mozilla/5.0 (compatible; Yahoo! Slurp; http://help.yahoo.com/help/us/ysearch/slurp)"
207.46.195.229 - - [27/Nov/2010:11:32:26 +0100] "GET /izobrazevanje/tuji-jeziki/ HTTP/1.1" 200 4120 "-" "Mozilla/5.0 (compatible; bingbot/2.0; +http://www.bing.com/bingbot.htm)"
124.115.0.106 - - [27/Nov/2010:11:33:05 +0100] "GET / HTTP/1.1" 200 3025 "-" "Sosospider+(+http://help.soso.com/webspider.htm)"
86.61.69.77 - - [27/Nov/2010:11:45:17 +0100] "GET /izobrazevanje/strokovna-znanja-za-gradbenike/ HTTP/1.1" 200 12846 "http://www.google.si/url?sa=t&source=web&cd=1&ved=0CBMQFjAA&url=http%3A%2F%2Fsl.kadis.si%2Fizobrazevanje%2Fstrokovna-znanja-za-gradbenike%2F&rct=j&q=obveznosti%20gradbenega%20delovodje&ei=O-HwTK3cG47sOZL9tf8J&usg=AFQjCNGl8BNrnPS5GW0aOWCvYR_UbnzaPg" "Mozilla/5.0 (Windows; U; Windows NT 5.1; sl; rv:1.9.0.3) Gecko/2008092417 AskTbFXTV5/3.9.1.14019 Firefox/3.0.3"
86.61.69.77 - - [27/Nov/2010:11:45:18 +0100] "GET /varpulis/_css/282_print.css.gz HTTP/1.1" 200 2634 "http://sl.kadis.si/izobrazevanje/strokovna-znanja-za-gradbenike/" "Mozilla/5.0 (Windows; U; Windows NT 5.1; sl; rv:1.9.0.3) Gecko/2008092417 AskTbFXTV5/3.9.1.14019 Firefox/3.0.3"
86.61.69.77 - - [27/Nov/2010:11:45:18 +0100] "GET /varpulis/_css/282_default.css.gz HTTP/1.1" 200 6287 "http://sl.kadis.si/izobrazevanje/strokovna-znanja-za-gradbenike/" "Mozilla/5.0 (Windows; U; Windows NT 5.1; sl; rv:1.9.0.3) Gecko/2008092417 AskTbFXTV5/3.9.1.14019 Firefox/3.0.3"
86.61.69.77 - - [27/Nov/2010:11:45:18 +0100] "GET /sitedata/282/conf/custom.css.php HTTP/1.1" 200 114 "http://sl.kadis.si/izobrazevanje/strokovna-znanja-za-gradbenike/" "Mozilla/5.0 (Windows; U; Windows NT 5.1; sl; rv:1.9.0.3) Gecko/2008092417 AskTbFXTV5/3.9.1.14019 Firefox/3.0.3"
86.61.69.77 - - [27/Nov/2010:11:45:18 +0100] "GET /varpulis/_js/basic.js HTTP/1.1" 200 4470 "http://sl.kadis.si/izobrazevanje/strokovna-znanja-za-gradbenike/" "Mozilla/5.0 (Windows; U; Windows NT 5.1; sl; rv:1.9.0.3) Gecko/2008092417 AskTbFXTV5/3.9.1.14019 Firefox/3.0.3"
86.61.69.77 - - [27/Nov/2010:11:45:18 +0100] "GET /varpulis/_js/282_menu.js HTTP/1.1" 200 9444 "http://sl.kadis.si/izobrazevanje/strokovna-znanja-za-gradbenike/" "Mozilla/5.0 (Windows; U; Windows NT 5.1; sl; rv:1.9.0.3) Gecko/2008092417 AskTbFXTV5/3.9.1.14019 Firefox/3.0.3"
86.61.69.77 - - [27/Nov/2010:11:45:18 +0100] "GET /sitedata/282/media/kadis_logo.jpg HTTP/1.1" 200 7784 "http://sl.kadis.si/izobrazevanje/strokovna-znanja-za-gradbenike/" "Mozilla/5.0 (Windows; U; Windows NT 5.1; sl; rv:1.9.0.3) Gecko/2008092417 AskTbFXTV5/3.9.1.14019 Firefox/3.0.3"
86.61.69.77 - - [27/Nov/2010:11:45:18 +0100] "GET /imageColorReplace.php?source=images/backgrounds/ozadje30.png&destination=bgImage_body&format=png&color1=EEF8DB&color2=FFFFFF HTTP/1.1" 200 499 "http://sl.kadis.si/varpulis/_css/282_default.css.gz" "Mozilla/5.0 (Windows; U; Windows NT 5.1; sl; rv:1.9.0.3) Gecko/2008092417 AskTbFXTV5/3.9.1.14019 Firefox/3.0.3"
86.61.69.77 - - [27/Nov/2010:11:45:18 +0100] "GET /sitedata/282/conf/alineja.png HTTP/1.1" 200 714 "http://sl.kadis.si/sitedata/282/conf/custom.css.php" "Mozilla/5.0 (Windows; U; Windows NT 5.1; sl; rv:1.9.0.3) Gecko/2008092417 AskTbFXTV5/3.9.1.14019 Firefox/3.0.3"
86.61.69.77 - - [27/Nov/2010:11:45:18 +0100] "GET /imageColor.php?source=themes/Zaba/images/langBG.png&trueColor=1&color=ABDA4D HTTP/1.1" 200 144 "http://sl.kadis.si/varpulis/_css/282_default.css.gz" "Mozilla/5.0 (Windows; U; Windows NT 5.1; sl; rv:1.9.0.3) Gecko/2008092417 AskTbFXTV5/3.9.1.14019 Firefox/3.0.3"
86.61.69.77 - - [27/Nov/2010:11:45:18 +0100] "GET /imageFill.php?source=themes/Zaba/images/companyInfoBG.png&color=FFFFFF HTTP/1.1" 200 43 "http://sl.kadis.si/varpulis/_css/282_default.css.gz" "Mozilla/5.0 (Windows; U; Windows NT 5.1; sl; rv:1.9.0.3) Gecko/2008092417 AskTbFXTV5/3.9.1.14019 Firefox/3.0.3"
86.61.69.77 - - [27/Nov/2010:11:45:18 +0100] "GET /sitedata/282/media/page/kadis_image.jpg HTTP/1.1" 200 48614 "http://sl.kadis.si/izobrazevanje/strokovna-znanja-za-gradbenike/" "Mozilla/5.0 (Windows; U; Windows NT 5.1; sl; rv:1.9.0.3) Gecko/2008092417 AskTbFXTV5/3.9.1.14019 Firefox/3.0.3"
86.61.69.77 - - [27/Nov/2010:11:45:18 +0100] "GET /getfile.php?idHash=36ac528b7f5c6c7b928c64b493e30086 HTTP/1.1" 200 6214 "http://sl.kadis.si/izobrazevanje/strokovna-znanja-za-gradbenike/" "Mozilla/5.0 (Windows; U; Windows NT 5.1; sl; rv:1.9.0.3) Gecko/2008092417 AskTbFXTV5/3.9.1.14019 Firefox/3.0.3"
86.61.69.77 - - [27/Nov/2010:11:45:18 +0100] "GET /favicon.ico HTTP/1.1" 404 - "-" "Mozilla/5.0 (Windows; U; Windows NT 5.1; sl; rv:1.9.0.3) Gecko/2008092417 AskTbFXTV5/3.9.1.14019 Firefox/3.0.3"
86.61.69.77 - - [27/Nov/2010:11:45:21 +0100] "GET /favicon.ico HTTP/1.1" 404 - "-" "Mozilla/5.0 (Windows; U; Windows NT 5.1; sl; rv:1.9.0.3) Gecko/2008092417 AskTbFXTV5/3.9.1.14019 Firefox/3.0.3"
109.182.56.59 - - [27/Nov/2010:11:46:03 +0100] "GET /sitedata/282/upload/Image/Tecaji/diploma.gif HTTP/1.1" 200 16261 "http://mdavor.blogspot.com/2007_09_01_archive.html" "Mozilla/4.0 (compatible; MSIE 6.0; Windows NT 5.1; SV1; .NET CLR 2.0.50727)"
85.10.36.100 - - [27/Nov/2010:11:52:52 +0100] "GET / HTTP/1.1" 301 360 "-" "Mozilla/5.0 (compatible; Najdi.si/3.1)"
85.10.36.100 - - [27/Nov/2010:11:52:52 +0100] "GET / HTTP/1.1" 200 4031 "-" "Mozilla/5.0 (compatible; Najdi.si/3.1)"
85.10.36.100 - - [27/Nov/2010:11:52:53 +0100] "GET /sitemap.txt.gz HTTP/1.1" 301 374 "-" "Mozilla/5.0 (compatible; Najdi.si/3.1)"
85.10.36.100 - - [27/Nov/2010:11:52:53 +0100] "GET /sitemap.txt.gz HTTP/1.1" 404 - "-" "Mozilla/5.0 (compatible; Najdi.si/3.1)"
85.10.36.100 - - [27/Nov/2010:11:52:53 +0100] "GET /sitemap.xml.gz HTTP/1.1" 301 374 "-" "Mozilla/5.0 (compatible; Najdi.si/3.1)"
85.10.36.100 - - [27/Nov/2010:11:52:53 +0100] "GET /sitemap.xml.gz HTTP/1.1" 404 - "-" "Mozilla/5.0 (compatible; Najdi.si/3.1)"
85.10.36.100 - - [27/Nov/2010:11:52:53 +0100] "GET /sitemap.xml HTTP/1.1" 301 371 "-" "Mozilla/5.0 (compatible; Najdi.si/3.1)"
85.10.36.100 - - [27/Nov/2010:11:52:53 +0100] "GET /sitemap.xml HTTP/1.1" 404 - "-" "Mozilla/5.0 (compatible; Najdi.si/3.1)"
207.46.199.199 - - [27/Nov/2010:11:58:09 +0100] "GET /robots.txt HTTP/1.1" 200 147 "-" "Mozilla/5.0 (compatible; bingbot/2.0; +http://www.bing.com/bingbot.htm)"
124.115.0.162 - - [27/Nov/2010:12:06:37 +0100] "GET / HTTP/1.1" 200 4031 "-" "Sosospider+(+http://help.soso.com/webspider.htm)"
84.52.190.188 - - [27/Nov/2010:12:06:47 +0100] "GET /index.php?menu_item=item_5109 HTTP/1.1" 200 3182 "http://www.prosnja.info/prosta_delovna_mesta.html" "Mozilla/5.0 (Windows; U; Windows NT 5.1; en-US) AppleWebKit/534.7 (KHTML, like Gecko) Chrome/7.0.517.44 Safari/534.7"
84.52.190.188 - - [27/Nov/2010:12:06:48 +0100] "GET /varpulis/_css/282_default.css.gz HTTP/1.1" 200 6287 "http://sl.kadis.si/index.php?menu_item=item_5109" "Mozilla/5.0 (Windows; U; Windows NT 5.1; en-US) AppleWebKit/534.7 (KHTML, like Gecko) Chrome/7.0.517.44 Safari/534.7"
84.52.190.188 - - [27/Nov/2010:12:06:48 +0100] "GET /sitedata/282/conf/custom.css.php HTTP/1.1" 200 114 "http://sl.kadis.si/index.php?menu_item=item_5109" "Mozilla/5.0 (Windows; U; Windows NT 5.1; en-US) AppleWebKit/534.7 (KHTML, like Gecko) Chrome/7.0.517.44 Safari/534.7"
84.52.190.188 - - [27/Nov/2010:12:06:48 +0100] "GET /varpulis/_css/282_print.css.gz HTTP/1.1" 200 2634 "http://sl.kadis.si/index.php?menu_item=item_5109" "Mozilla/5.0 (Windows; U; Windows NT 5.1; en-US) AppleWebKit/534.7 (KHTML, like Gecko) Chrome/7.0.517.44 Safari/534.7"
84.52.190.188 - - [27/Nov/2010:12:06:48 +0100] "GET /varpulis/_js/basic.js HTTP/1.1" 200 4470 "http://sl.kadis.si/index.php?menu_item=item_5109" "Mozilla/5.0 (Windows; U; Windows NT 5.1; en-US) AppleWebKit/534.7 (KHTML, like Gecko) Chrome/7.0.517.44 Safari/534.7"
84.52.190.188 - - [27/Nov/2010:12:06:48 +0100] "GET /varpulis/_js/282_menu.js HTTP/1.1" 200 9444 "http://sl.kadis.si/index.php?menu_item=item_5109" "Mozilla/5.0 (Windows; U; Windows NT 5.1; en-US) AppleWebKit/534.7 (KHTML, like Gecko) Chrome/7.0.517.44 Safari/534.7"
84.52.190.188 - - [27/Nov/2010:12:06:49 +0100] "GET /imageColorReplace.php?source=images/backgrounds/ozadje30.png&destination=bgImage_body&format=png&color1=EEF8DB&color2=FFFFFF HTTP/1.1" 200 499 "http://sl.kadis.si/index.php?menu_item=item_5109" "Mozilla/5.0 (Windows; U; Windows NT 5.1; en-US) AppleWebKit/534.7 (KHTML, like Gecko) Chrome/7.0.517.44 Safari/534.7"
84.52.190.188 - - [27/Nov/2010:12:06:49 +0100] "GET /sitedata/282/media/kadis_logo.jpg HTTP/1.1" 200 7784 "http://sl.kadis.si/index.php?menu_item=item_5109" "Mozilla/5.0 (Windows; U; Windows NT 5.1; en-US) AppleWebKit/534.7 (KHTML, like Gecko) Chrome/7.0.517.44 Safari/534.7"
84.52.190.188 - - [27/Nov/2010:12:06:49 +0100] "GET /imageColor.php?source=themes/Zaba/images/langBG.png&trueColor=1&color=ABDA4D HTTP/1.1" 200 144 "http://sl.kadis.si/index.php?menu_item=item_5109" "Mozilla/5.0 (Windows; U; Windows NT 5.1; en-US) AppleWebKit/534.7 (KHTML, like Gecko) Chrome/7.0.517.44 Safari/534.7"
84.52.190.188 - - [27/Nov/2010:12:06:49 +0100] "GET /sitedata/282/conf/alineja.png HTTP/1.1" 200 714 "http://sl.kadis.si/index.php?menu_item=item_5109" "Mozilla/5.0 (Windows; U; Windows NT 5.1; en-US) AppleWebKit/534.7 (KHTML, like Gecko) Chrome/7.0.517.44 Safari/534.7"
84.52.190.188 - - [27/Nov/2010:12:06:49 +0100] "GET /imageFill.php?source=themes/Zaba/images/companyInfoBG.png&color=FFFFFF HTTP/1.1" 200 43 "http://sl.kadis.si/index.php?menu_item=item_5109" "Mozilla/5.0 (Windows; U; Windows NT 5.1; en-US) AppleWebKit/534.7 (KHTML, like Gecko) Chrome/7.0.517.44 Safari/534.7"
84.52.190.188 - - [27/Nov/2010:12:06:49 +0100] "GET /sitedata/282/media/page/kadis_image.jpg HTTP/1.1" 200 48614 "http://sl.kadis.si/index.php?menu_item=item_5109" "Mozilla/5.0 (Windows; U; Windows NT 5.1; en-US) AppleWebKit/534.7 (KHTML, like Gecko) Chrome/7.0.517.44 Safari/534.7"
84.52.190.188 - - [27/Nov/2010:12:06:53 +0100] "GET /favicon.ico HTTP/1.1" 404 - "-" "Mozilla/5.0 (Windows; U; Windows NT 5.1; en-US) AppleWebKit/534.7 (KHTML, like Gecko) Chrome/7.0.517.44 Safari/534.7"
178.154.163.29 - - [27/Nov/2010:12:12:33 +0100] "GET /druga-dejavnost/mednarodni-projekti/zakljuceni-projekti/abata/ HTTP/1.1" 200 4559 "-" "Mozilla/5.0 (compatible; YandexBot/3.0; +http://yandex.com/bots)"
178.154.163.29 - - [27/Nov/2010:12:14:16 +0100] "GET /o-avtorjih/ HTTP/1.1" 200 3202 "-" "Mozilla/5.0 (compatible; YandexBot/3.0; +http://yandex.com/bots)"
124.115.0.21 - - [27/Nov/2010:12:20:21 +0100] "GET / HTTP/1.1" 301 360 "-" "Sosospider+(+http://help.soso.com/webspider.htm)"
124.115.0.21 - - [27/Nov/2010:12:20:22 +0100] "GET / HTTP/1.1" 200 4031 "-" "Sosospider+(+http://help.soso.com/webspider.htm)"
193.252.118.175 - - [27/Nov/2010:12:21:38 +0100] "GET /druga-dejavnost/mednarodni-projekti/write-skills/ HTTP/1.1" 200 3762 "-" "Mozilla/5.0 (Windows; U; Windows NT 5.1; fr; rv:1.8.1) VoilaBot BETA 1.2 (support.voilabot@orange-ftgroup.com)"
85.10.36.100 - - [27/Nov/2010:12:22:50 +0100] "GET / HTTP/1.1" 301 360 "-" "Mozilla/5.0 (compatible; Najdi.si/3.1)"
85.10.36.100 - - [27/Nov/2010:12:22:50 +0100] "GET / HTTP/1.1" 200 4031 "-" "Mozilla/5.0 (compatible; Najdi.si/3.1)"
85.10.36.100 - - [27/Nov/2010:12:22:53 +0100] "GET /sitemap.txt.gz HTTP/1.1" 301 374 "-" "Mozilla/5.0 (compatible; Najdi.si/3.1)"
85.10.36.100 - - [27/Nov/2010:12:22:53 +0100] "GET /sitemap.txt.gz HTTP/1.1" 404 - "-" "Mozilla/5.0 (compatible; Najdi.si/3.1)"
85.10.36.100 - - [27/Nov/2010:12:22:53 +0100] "GET /sitemap.xml.gz HTTP/1.1" 301 374 "-" "Mozilla/5.0 (compatible; Najdi.si/3.1)"
85.10.36.100 - - [27/Nov/2010:12:22:53 +0100] "GET /sitemap.xml.gz HTTP/1.1" 404 - "-" "Mozilla/5.0 (compatible; Najdi.si/3.1)"
85.10.36.100 - - [27/Nov/2010:12:22:54 +0100] "GET /sitemap.xml HTTP/1.1" 301 371 "-" "Mozilla/5.0 (compatible; Najdi.si/3.1)"
85.10.36.100 - - [27/Nov/2010:12:22:55 +0100] "GET /sitemap.xml HTTP/1.1" 404 - "-" "Mozilla/5.0 (compatible; Najdi.si/3.1)"
178.154.163.29 - - [27/Nov/2010:12:34:48 +0100] "GET /index.php?menu_item=item_10318 HTTP/1.1" 200 2995 "-" "Mozilla/5.0 (compatible; YandexBot/3.0; +http://yandex.com/bots)"
178.154.163.29 - - [27/Nov/2010:12:34:51 +0100] "GET /index.php?menu_item=item_10364 HTTP/1.1" 200 3210 "-" "Mozilla/5.0 (compatible; YandexBot/3.0; +http://yandex.com/bots)"
178.154.163.29 - - [27/Nov/2010:12:34:52 +0100] "GET /index.php?menu_item=item_4887 HTTP/1.1" 200 2138 "-" "Mozilla/5.0 (compatible; YandexBot/3.0; +http://yandex.com/bots)"
207.46.13.131 - - [27/Nov/2010:12:38:13 +0100] "GET /robots.txt HTTP/1.1" 200 147 "-" "Mozilla/5.0 (compatible; bingbot/2.0; +http://www.bing.com/bingbot.htm)"
207.46.13.100 - - [27/Nov/2010:12:38:14 +0100] "GET /robots.txt HTTP/1.1" 200 147 "-" "Mozilla/5.0 (compatible; bingbot/2.0; +http://www.bing.com/bingbot.htm)"
67.195.110.172 - - [27/Nov/2010:12:40:16 +0100] "GET /druga-dejavnost/mednarodni-projekti/zakljuceni-projekti/ictem/ HTTP/1.0" 200 4315 "-" "Mozilla/5.0 (compatible; Yahoo! Slurp; http://help.yahoo.com/help/us/ysearch/slurp)"
207.46.13.100 - - [27/Nov/2010:12:41:56 +0100] "GET /home/ HTTP/1.1" 200 3025 "-" "Mozilla/5.0 (compatible; bingbot/2.0; +http://www.bing.com/bingbot.htm)"
74.86.218.167 - - [27/Nov/2010:12:45:12 +0100] "GET / HTTP/1.0" 200 14944 "-" "Mozilla/4.0 (compatible; MSIE 6.0; Windows NT 5.0; MyIE2; Maxthon; .NET CLR 1.0.3705; .NET CLR 1.1.4322)"
178.154.163.29 - - [27/Nov/2010:12:46:03 +0100] "GET /druga-dejavnost/mednarodni-projekti/tekoci-projekti/ HTTP/1.1" 200 3263 "-" "Mozilla/5.0 (compatible; YandexBot/3.0; +http://yandex.com/bots)"
207.46.199.201 - - [27/Nov/2010:12:47:33 +0100] "GET /robots.txt HTTP/1.1" 200 147 "-" "Mozilla/5.0 (compatible; bingbot/2.0; +http://www.bing.com/bingbot.htm)"
207.46.13.131 - - [27/Nov/2010:12:48:56 +0100] "GET /iskanje-in-izbor-kadrov/postopek-iskanja-in-izbora-kadrov/ HTTP/1.1" 200 4085 "-" "Mozilla/5.0 (compatible; bingbot/2.0; +http://www.bing.com/bingbot.htm)"
81.52.143.32 - - [27/Nov/2010:12:52:05 +0100] "GET /karierno-svetovanje/delavnice-za-iskanje-zaposlitve/ HTTP/1.1" 200 3898 "-" "Mozilla/5.0 (Windows; U; Windows NT 5.1; fr; rv:1.8.1) VoilaBot BETA 1.2 (support.voilabot@orange-ftgroup.com)"
85.10.36.100 - - [27/Nov/2010:12:52:42 +0100] "GET / HTTP/1.1" 301 360 "-" "Mozilla/5.0 (compatible; Najdi.si/3.1)"
85.10.36.100 - - [27/Nov/2010:12:52:42 +0100] "GET / HTTP/1.1" 200 4031 "-" "Mozilla/5.0 (compatible; Najdi.si/3.1)"
85.10.36.100 - - [27/Nov/2010:12:52:45 +0100] "GET /sitemap.txt.gz HTTP/1.1" 301 374 "-" "Mozilla/5.0 (compatible; Najdi.si/3.1)"
85.10.36.100 - - [27/Nov/2010:12:52:45 +0100] "GET /sitemap.txt.gz HTTP/1.1" 404 - "-" "Mozilla/5.0 (compatible; Najdi.si/3.1)"
85.10.36.100 - - [27/Nov/2010:12:52:45 +0100] "GET /sitemap.xml.gz HTTP/1.1" 301 374 "-" "Mozilla/5.0 (compatible; Najdi.si/3.1)"
85.10.36.100 - - [27/Nov/2010:12:52:45 +0100] "GET /sitemap.xml.gz HTTP/1.1" 404 - "-" "Mozilla/5.0 (compatible; Najdi.si/3.1)"
85.10.36.100 - - [27/Nov/2010:12:52:46 +0100] "GET /sitemap.xml HTTP/1.1" 301 371 "-" "Mozilla/5.0 (compatible; Najdi.si/3.1)"
85.10.36.100 - - [27/Nov/2010:12:52:46 +0100] "GET /sitemap.xml HTTP/1.1" 404 - "-" "Mozilla/5.0 (compatible; Najdi.si/3.1)"
67.195.110.172 - - [27/Nov/2010:12:57:12 +0100] "GET /druga-dejavnost/mednarodni-projekti/tekoci-projekti/eguide/konferenca-novi-pristopi-h-karierni-orientaciji/ HTTP/1.0" 200 7158 "-" "Mozilla/5.0 (compatible; Yahoo! Slurp; http://help.yahoo.com/help/us/ysearch/slurp)"
84.97.222.239 - - [27/Nov/2010:13:04:44 +0100] "GET / HTTP/1.1" 301 360 "http://us.mg4.mail.yahoo.com/dc/blank.html?bn=553&.intl=fr&.lang=en-US" "Mozilla/5.0 (Windows; U; Windows NT 6.0; en-US) AppleWebKit/534.7 (KHTML, like Gecko) Chrome/7.0.517.44 Safari/534.7"
84.97.222.239 - - [27/Nov/2010:13:04:44 +0100] "GET / HTTP/1.1" 200 4031 "http://us.mg4.mail.yahoo.com/dc/blank.html?bn=553&.intl=fr&.lang=en-US" "Mozilla/5.0 (Windows; U; Windows NT 6.0; en-US) AppleWebKit/534.7 (KHTML, like Gecko) Chrome/7.0.517.44 Safari/534.7"
84.97.222.239 - - [27/Nov/2010:13:04:45 +0100] "GET /varpulis/_css/282_default.css.gz HTTP/1.1" 200 6287 "http://sl.kadis.si/" "Mozilla/5.0 (Windows; U; Windows NT 6.0; en-US) AppleWebKit/534.7 (KHTML, like Gecko) Chrome/7.0.517.44 Safari/534.7"
84.97.222.239 - - [27/Nov/2010:13:04:45 +0100] "GET /varpulis/_css/282_print.css.gz HTTP/1.1" 200 2634 "http://sl.kadis.si/" "Mozilla/5.0 (Windows; U; Windows NT 6.0; en-US) AppleWebKit/534.7 (KHTML, like Gecko) Chrome/7.0.517.44 Safari/534.7"
84.97.222.239 - - [27/Nov/2010:13:04:45 +0100] "GET /sitedata/282/conf/custom.css.php HTTP/1.1" 200 114 "http://sl.kadis.si/" "Mozilla/5.0 (Windows; U; Windows NT 6.0; en-US) AppleWebKit/534.7 (KHTML, like Gecko) Chrome/7.0.517.44 Safari/534.7"
84.97.222.239 - - [27/Nov/2010:13:04:45 +0100] "GET /varpulis/_js/basic.js HTTP/1.1" 200 4470 "http://sl.kadis.si/" "Mozilla/5.0 (Windows; U; Windows NT 6.0; en-US) AppleWebKit/534.7 (KHTML, like Gecko) Chrome/7.0.517.44 Safari/534.7"
84.97.222.239 - - [27/Nov/2010:13:04:45 +0100] "GET /varpulis/_js/282_menu.js HTTP/1.1" 200 9444 "http://sl.kadis.si/" "Mozilla/5.0 (Windows; U; Windows NT 6.0; en-US) AppleWebKit/534.7 (KHTML, like Gecko) Chrome/7.0.517.44 Safari/534.7"
84.97.222.239 - - [27/Nov/2010:13:04:45 +0100] "GET /imageColorReplace.php?source=images/backgrounds/ozadje30.png&destination=bgImage_body&format=png&color1=EEF8DB&color2=FFFFFF HTTP/1.1" 200 499 "http://sl.kadis.si/" "Mozilla/5.0 (Windows; U; Windows NT 6.0; en-US) AppleWebKit/534.7 (KHTML, like Gecko) Chrome/7.0.517.44 Safari/534.7"
84.97.222.239 - - [27/Nov/2010:13:04:45 +0100] "GET /imageColor.php?source=themes/Zaba/images/langBG.png&trueColor=1&color=ABDA4D HTTP/1.1" 200 144 "http://sl.kadis.si/" "Mozilla/5.0 (Windows; U; Windows NT 6.0; en-US) AppleWebKit/534.7 (KHTML, like Gecko) Chrome/7.0.517.44 Safari/534.7"
84.97.222.239 - - [27/Nov/2010:13:04:45 +0100] "GET /sitedata/282/media/kadis_logo.jpg HTTP/1.1" 200 7784 "http://sl.kadis.si/" "Mozilla/5.0 (Windows; U; Windows NT 6.0; en-US) AppleWebKit/534.7 (KHTML, like Gecko) Chrome/7.0.517.44 Safari/534.7"
84.97.222.239 - - [27/Nov/2010:13:04:45 +0100] "GET /sitedata/282/conf/alineja.png HTTP/1.1" 200 714 "http://sl.kadis.si/" "Mozilla/5.0 (Windows; U; Windows NT 6.0; en-US) AppleWebKit/534.7 (KHTML, like Gecko) Chrome/7.0.517.44 Safari/534.7"
84.97.222.239 - - [27/Nov/2010:13:04:45 +0100] "GET /imageFill.php?source=themes/Zaba/images/companyInfoBG.png&color=FFFFFF HTTP/1.1" 200 43 "http://sl.kadis.si/" "Mozilla/5.0 (Windows; U; Windows NT 6.0; en-US) AppleWebKit/534.7 (KHTML, like Gecko) Chrome/7.0.517.44 Safari/534.7"
84.97.222.239 - - [27/Nov/2010:13:04:45 +0100] "GET /sitedata/282/media/page/kadis_image.jpg HTTP/1.1" 200 48614 "http://sl.kadis.si/" "Mozilla/5.0 (Windows; U; Windows NT 6.0; en-US) AppleWebKit/534.7 (KHTML, like Gecko) Chrome/7.0.517.44 Safari/534.7"
84.97.222.239 - - [27/Nov/2010:13:04:46 +0100] "GET /favicon.ico HTTP/1.1" 404 - "-" "Mozilla/5.0 (Windows; U; Windows NT 6.0; en-US) AppleWebKit/534.7 (KHTML, like Gecko) Chrome/7.0.517.44 Safari/534.7"
84.97.222.239 - - [27/Nov/2010:13:04:53 +0100] "GET /izobrazevanje/predstavitev/ HTTP/1.1" 200 4102 "http://sl.kadis.si/" "Mozilla/5.0 (Windows; U; Windows NT 6.0; en-US) AppleWebKit/534.7 (KHTML, like Gecko) Chrome/7.0.517.44 Safari/534.7"
84.97.222.239 - - [27/Nov/2010:13:04:53 +0100] "GET /sitedata/282/conf/custom.css.php HTTP/1.1" 200 114 "http://sl.kadis.si/izobrazevanje/predstavitev/" "Mozilla/5.0 (Windows; U; Windows NT 6.0; en-US) AppleWebKit/534.7 (KHTML, like Gecko) Chrome/7.0.517.44 Safari/534.7"
84.97.222.239 - - [27/Nov/2010:13:04:53 +0100] "GET /imageColorReplace.php?source=images/backgrounds/ozadje30.png&destination=bgImage_body&format=png&color1=EEF8DB&color2=FFFFFF HTTP/1.1" 200 499 "http://sl.kadis.si/izobrazevanje/predstavitev/" "Mozilla/5.0 (Windows; U; Windows NT 6.0; en-US) AppleWebKit/534.7 (KHTML, like Gecko) Chrome/7.0.517.44 Safari/534.7"
84.97.222.239 - - [27/Nov/2010:13:04:53 +0100] "GET /imageColor.php?source=themes/Zaba/images/langBG.png&trueColor=1&color=ABDA4D HTTP/1.1" 200 144 "http://sl.kadis.si/izobrazevanje/predstavitev/" "Mozilla/5.0 (Windows; U; Windows NT 6.0; en-US) AppleWebKit/534.7 (KHTML, like Gecko) Chrome/7.0.517.44 Safari/534.7"
84.97.222.239 - - [27/Nov/2010:13:04:53 +0100] "GET /imageFill.php?source=themes/Zaba/images/companyInfoBG.png&color=FFFFFF HTTP/1.1" 200 43 "http://sl.kadis.si/izobrazevanje/predstavitev/" "Mozilla/5.0 (Windows; U; Windows NT 6.0; en-US) AppleWebKit/534.7 (KHTML, like Gecko) Chrome/7.0.517.44 Safari/534.7"
