85.10.36.100 - - [28/Nov/2010:00:53:00 +0100] "GET /sitemap.xml HTTP/1.1" 301 371 "-" "Mozilla/5.0 (compatible; Najdi.si/3.1)"
85.10.36.100 - - [28/Nov/2010:00:53:00 +0100] "GET /sitemap.xml HTTP/1.1" 404 - "-" "Mozilla/5.0 (compatible; Najdi.si/3.1)"
66.249.82.199 - - [28/Nov/2010:01:21:04 +0100] "GET / HTTP/1.1" 301 360 "-" "Mozilla/5.0 (en-us) AppleWebKit/525.13 (KHTML, like Gecko; Google Wireless Transcoder) Version/3.1 Safari/525.13"
66.249.82.1 - - [28/Nov/2010:01:21:04 +0100] "GET / HTTP/1.1" 200 4031 "-" "Mozilla/5.0 (en-us) AppleWebKit/525.13 (KHTML, like Gecko; Google Wireless Transcoder) Version/3.1 Safari/525.13"
66.249.82.1 - - [28/Nov/2010:01:21:04 +0100] "GET /varpulis/_css/282_default.css.gz HTTP/1.1" 200 6287 "http://sl.kadis.si/" "Mozilla/5.0 (en-us) AppleWebKit/525.13 (KHTML, like Gecko; Google Wireless Transcoder) Version/3.1 Safari/525.13"
66.249.82.1 - - [28/Nov/2010:01:21:05 +0100] "GET /sitedata/282/conf/custom.css.php HTTP/1.1" 200 114 "http://sl.kadis.si/" "Mozilla/5.0 (en-us) AppleWebKit/525.13 (KHTML, like Gecko; Google Wireless Transcoder) Version/3.1 Safari/525.13"
66.249.82.1 - - [28/Nov/2010:01:21:05 +0100] "GET /varpulis/_css/282_print.css.gz HTTP/1.1" 200 2634 "http://sl.kadis.si/" "Mozilla/5.0 (en-us) AppleWebKit/525.13 (KHTML, like Gecko; Google Wireless Transcoder) Version/3.1 Safari/525.13"
66.249.82.1 - - [28/Nov/2010:01:21:05 +0100] "GET /sitedata/282/media/kadis_logo.jpg HTTP/1.1" 200 7784 "http://sl.kadis.si/" "Mozilla/5.0 (en-us) AppleWebKit/525.13 (KHTML, like Gecko; Google Wireless Transcoder) Version/3.1 Safari/525.13"
66.249.82.1 - - [28/Nov/2010:01:21:05 +0100] "GET /sitedata/282/media/page/kadis_image.jpg HTTP/1.1" 200 48614 "http://sl.kadis.si/" "Mozilla/5.0 (en-us) AppleWebKit/525.13 (KHTML, like Gecko; Google Wireless Transcoder) Version/3.1 Safari/525.13"
66.249.82.1 - - [28/Nov/2010:01:21:05 +0100] "GET /imageColor.php?source=themes/Zaba/images/langBG.png&trueColor=1&color=ABDA4D HTTP/1.1" 200 144 "http://sl.kadis.si/" "Mozilla/5.0 (en-us) AppleWebKit/525.13 (KHTML, like Gecko; Google Wireless Transcoder) Version/3.1 Safari/525.13"
66.249.82.1 - - [28/Nov/2010:01:21:05 +0100] "GET /sitedata/282/conf/alineja.png HTTP/1.1" 200 714 "http://sl.kadis.si/" "Mozilla/5.0 (en-us) AppleWebKit/525.13 (KHTML, like Gecko; Google Wireless Transcoder) Version/3.1 Safari/525.13"
66.249.82.1 - - [28/Nov/2010:01:21:05 +0100] "GET /imageFill.php?source=themes/Zaba/images/companyInfoBG.png&color=FFFFFF HTTP/1.1" 200 43 "http://sl.kadis.si/" "Mozilla/5.0 (en-us) AppleWebKit/525.13 (KHTML, like Gecko; Google Wireless Transcoder) Version/3.1 Safari/525.13"
66.249.82.1 - - [28/Nov/2010:01:21:05 +0100] "GET /imageColorReplace.php?source=images/backgrounds/ozadje30.png&destination=bgImage_body&format=png&color1=EEF8DB&color2=FFFFFF HTTP/1.1" 200 499 "http://sl.kadis.si/" "Mozilla/5.0 (en-us) AppleWebKit/525.13 (KHTML, like Gecko; Google Wireless Transcoder) Version/3.1 Safari/525.13"
66.249.82.1 - - [28/Nov/2010:01:21:06 +0100] "GET /imageFill.php?source=themes/Zaba/images/ul.png&color=000000 HTTP/1.1" 200 60 "http://sl.kadis.si/" "Mozilla/5.0 (en-us) AppleWebKit/525.13 (KHTML, like Gecko; Google Wireless Transcoder) Version/3.1 Safari/525.13"
66.249.82.1 - - [28/Nov/2010:01:22:22 +0100] "GET /zaposlitev/prosta-delovna-mesta/ HTTP/1.1" 200 3182 "-" "Mozilla/5.0 (en-us) AppleWebKit/525.13 (KHTML, like Gecko; Google Wireless Transcoder) Version/3.1 Safari/525.13"
85.10.36.100 - - [28/Nov/2010:01:22:37 +0100] "GET / HTTP/1.1" 301 360 "-" "Mozilla/5.0 (compatible; Najdi.si/3.1)"
85.10.36.100 - - [28/Nov/2010:01:22:37 +0100] "GET / HTTP/1.1" 200 4031 "-" "Mozilla/5.0 (compatible; Najdi.si/3.1)"
85.10.36.100 - - [28/Nov/2010:01:22:38 +0100] "GET /sitemap.txt.gz HTTP/1.1" 301 374 "-" "Mozilla/5.0 (compatible; Najdi.si/3.1)"
85.10.36.100 - - [28/Nov/2010:01:22:38 +0100] "GET /sitemap.txt.gz HTTP/1.1" 404 - "-" "Mozilla/5.0 (compatible; Najdi.si/3.1)"
85.10.36.100 - - [28/Nov/2010:01:22:38 +0100] "GET /sitemap.xml.gz HTTP/1.1" 301 374 "-" "Mozilla/5.0 (compatible; Najdi.si/3.1)"
85.10.36.100 - - [28/Nov/2010:01:22:38 +0100] "GET /sitemap.xml.gz HTTP/1.1" 404 - "-" "Mozilla/5.0 (compatible; Najdi.si/3.1)"
85.10.36.100 - - [28/Nov/2010:01:22:38 +0100] "GET /sitemap.xml HTTP/1.1" 301 371 "-" "Mozilla/5.0 (compatible; Najdi.si/3.1)"
85.10.36.100 - - [28/Nov/2010:01:22:38 +0100] "GET /sitemap.xml HTTP/1.1" 404 - "-" "Mozilla/5.0 (compatible; Najdi.si/3.1)"
66.249.82.1 - - [28/Nov/2010:01:23:28 +0100] "GET /index.php?menu_item=item_5109 HTTP/1.1" 200 3182 "-" "Mozilla/5.0 (en-us) AppleWebKit/525.13 (KHTML, like Gecko; Google Wireless Transcoder) Version/3.1 Safari/525.13"
66.249.82.1 - - [28/Nov/2010:01:23:45 +0100] "GET /index.php?menu_item=item_10025 HTTP/1.1" 200 3515 "-" "Mozilla/5.0 (en-us) AppleWebKit/525.13 (KHTML, like Gecko; Google Wireless Transcoder) Version/3.1 Safari/525.13"
66.249.82.1 - - [28/Nov/2010:01:23:45 +0100] "GET /sitedata/282/upload/Image/Zaposlitev/vpis.jpg HTTP/1.1" 200 7779 "http://sl.kadis.si/index.php?menu_item=item_10025" "Mozilla/5.0 (en-us) AppleWebKit/525.13 (KHTML, like Gecko; Google Wireless Transcoder) Version/3.1 Safari/525.13"
66.249.82.1 - - [28/Nov/2010:01:23:45 +0100] "GET /sitedata/282/upload/Image/Zaposlitev/studentski2.jpg HTTP/1.1" 200 8162 "http://sl.kadis.si/index.php?menu_item=item_10025" "Mozilla/5.0 (en-us) AppleWebKit/525.13 (KHTML, like Gecko; Google Wireless Transcoder) Version/3.1 Safari/525.13"
66.249.82.1 - - [28/Nov/2010:01:23:45 +0100] "GET /sitedata/282/upload/Image/Zaposlitev/prosta_mesta.jpg HTTP/1.1" 200 7847 "http://sl.kadis.si/index.php?menu_item=item_10025" "Mozilla/5.0 (en-us) AppleWebKit/525.13 (KHTML, like Gecko; Google Wireless Transcoder) Version/3.1 Safari/525.13"
124.115.0.166 - - [28/Nov/2010:01:25:27 +0100] "GET / HTTP/1.1" 200 3025 "-" "Sosospider+(+http://help.soso.com/webspider.htm)"
85.10.36.100 - - [28/Nov/2010:01:26:39 +0100] "GET / HTTP/1.1" 200 2761 "-" "Mozilla/5.0 (compatible; Najdi.si/3.1)"
85.10.36.100 - - [28/Nov/2010:01:26:40 +0100] "GET /sitemap.txt.gz HTTP/1.1" 404 - "-" "Mozilla/5.0 (compatible; Najdi.si/3.1)"
85.10.36.100 - - [28/Nov/2010:01:26:40 +0100] "GET /sitemap.xml.gz HTTP/1.1" 404 - "-" "Mozilla/5.0 (compatible; Najdi.si/3.1)"
85.10.36.100 - - [28/Nov/2010:01:26:40 +0100] "GET /sitemap.xml HTTP/1.1" 404 - "-" "Mozilla/5.0 (compatible; Najdi.si/3.1)"
124.115.0.26 - - [28/Nov/2010:01:27:36 +0100] "GET / HTTP/1.1" 200 4031 "-" "Sosospider+(+http://help.soso.com/webspider.htm)"
207.46.204.178 - - [28/Nov/2010:01:32:00 +0100] "GET /robots.txt HTTP/1.1" 200 147 "-" "Mozilla/5.0 (compatible; bingbot/2.0; +http://www.bing.com/bingbot.htm)"
114.80.93.54 - - [28/Nov/2010:01:32:18 +0100] "GET / HTTP/1.0" 301 360 "-" "Sosospider+(+http://help.soso.com/webspider.htm)"
114.80.93.54 - - [28/Nov/2010:01:32:19 +0100] "GET / HTTP/1.0" 200 20010 "-" "Sosospider+(+http://help.soso.com/webspider.htm)"
207.46.13.48 - - [28/Nov/2010:01:37:06 +0100] "GET /druga-dejavnost/konferenca-vsezivljenjska-karierna-orientacija-v-sloveniji/ HTTP/1.1" 200 4945 "-" "Mozilla/5.0 (compatible; bingbot/2.0; +http://www.bing.com/bingbot.htm)"
207.46.204.178 - - [28/Nov/2010:01:41:06 +0100] "GET /vizitka/kontaktni-podatki/ HTTP/1.1" 200 3969 "-" "Mozilla/5.0 (compatible; bingbot/2.0; +http://www.bing.com/bingbot.htm)"
67.195.37.93 - - [28/Nov/2010:01:45:13 +0100] "GET /robots.txt HTTP/1.0" 404 345 "-" "Mozilla/5.0 (compatible; Yahoo! Slurp; http://help.yahoo.com/help/us/ysearch/slurp)"
67.195.37.93 - - [28/Nov/2010:01:45:14 +0100] "GET /Pooblastilo.doc HTTP/1.0" 200 21504 "-" "Mozilla/5.0 (compatible; Yahoo! Slurp; http://help.yahoo.com/help/us/ysearch/slurp)"
124.115.0.101 - - [28/Nov/2010:01:49:47 +0100] "GET / HTTP/1.0" 301 360 "-" "Sosospider+(+http://help.soso.com/webspider.htm)"
124.115.0.101 - - [28/Nov/2010:01:49:50 +0100] "GET / HTTP/1.0" 200 20010 "-" "Sosospider+(+http://help.soso.com/webspider.htm)"
67.228.150.159 - - [28/Nov/2010:01:51:28 +0100] "GET /robots.txt HTTP/1.0" 200 147 "-" "Mozilla/5.0 (compatible; MJ12bot/v1.3.3; http://www.majestic12.co.uk/bot.php?+)"
67.228.150.159 - - [28/Nov/2010:01:51:29 +0100] "GET / HTTP/1.0" 200 4031 "-" "Mozilla/5.0 (compatible; MJ12bot/v1.3.3; http://www.majestic12.co.uk/bot.php?+)"
208.80.194.29 - - [28/Nov/2010:01:51:50 +0100] "GET / HTTP/1.0" 200 20010 "-" "Mozilla/4.0 (compatible; MSIE 6.0; Windows NT 5.1; E3003 FI; SV1; .NET CLR 1.1.4322)"
85.10.36.100 - - [28/Nov/2010:01:51:58 +0100] "GET / HTTP/1.1" 301 360 "-" "Mozilla/5.0 (compatible; Najdi.si/3.1)"
85.10.36.100 - - [28/Nov/2010:01:51:58 +0100] "GET / HTTP/1.1" 200 4031 "-" "Mozilla/5.0 (compatible; Najdi.si/3.1)"
85.10.36.100 - - [28/Nov/2010:01:52:00 +0100] "GET /sitemap.txt.gz HTTP/1.1" 301 374 "-" "Mozilla/5.0 (compatible; Najdi.si/3.1)"
85.10.36.100 - - [28/Nov/2010:01:52:00 +0100] "GET /sitemap.txt.gz HTTP/1.1" 404 - "-" "Mozilla/5.0 (compatible; Najdi.si/3.1)"
85.10.36.100 - - [28/Nov/2010:01:52:00 +0100] "GET /sitemap.xml.gz HTTP/1.1" 301 374 "-" "Mozilla/5.0 (compatible; Najdi.si/3.1)"
85.10.36.100 - - [28/Nov/2010:01:52:01 +0100] "GET /sitemap.xml.gz HTTP/1.1" 404 - "-" "Mozilla/5.0 (compatible; Najdi.si/3.1)"
85.10.36.100 - - [28/Nov/2010:01:52:01 +0100] "GET /sitemap.xml HTTP/1.1" 301 371 "-" "Mozilla/5.0 (compatible; Najdi.si/3.1)"
85.10.36.100 - - [28/Nov/2010:01:52:01 +0100] "GET /sitemap.xml HTTP/1.1" 404 - "-" "Mozilla/5.0 (compatible; Najdi.si/3.1)"
91.212.226.202 - - [28/Nov/2010:01:59:01 +0100] "GET /forum/ HTTP/1.0" 200 14307 "-" "Mozilla/4.0 (compatible; MSIE 6.0; Windows NT 5.1)"
114.80.93.55 - - [28/Nov/2010:02:00:01 +0100] "GET / HTTP/1.0" 301 360 "-" "Sosospider+(+http://help.soso.com/webspider.htm)"
114.80.93.55 - - [28/Nov/2010:02:00:02 +0100] "GET / HTTP/1.0" 200 20010 "-" "Sosospider+(+http://help.soso.com/webspider.htm)"
124.115.4.199 - - [28/Nov/2010:02:03:17 +0100] "GET / HTTP/1.0" 301 360 "-" "Sosospider+(+http://help.soso.com/webspider.htm)"
124.115.4.199 - - [28/Nov/2010:02:03:18 +0100] "GET / HTTP/1.0" 200 20010 "-" "Sosospider+(+http://help.soso.com/webspider.htm)"
67.195.110.172 - - [28/Nov/2010:02:03:38 +0100] "GET /karierno-svetovanje/delavnice-za-iskanje-zaposlitve/ HTTP/1.0" 200 3898 "-" "Mozilla/5.0 (compatible; Yahoo! Slurp; http://help.yahoo.com/help/us/ysearch/slurp)"
85.10.4.101 - - [28/Nov/2010:02:05:16 +0100] "GET /izobrazevanje/strokovna-znanja-za-gradbenike/ HTTP/1.1" 200 12846 "http://www.google.si/url?url=http://sl.kadis.si/izobrazevanje/strokovna-znanja-za-gradbenike/%23obra%25C4%258Dun%2520gradbenih%2520del%2520-%2520gradbena%2520knjiga&rct=j&q=gradbena+knjiga&usg=AFQjCNH7yWnpxdHLcny7B1cFuoVmtABxDA&sa=X&ei=gqrxTN_GCs3BswatmfGDCw&ved=0CCsQygQ" "Mozilla/4.0 (compatible; MSIE 8.0; Windows NT 6.0; Trident/4.0; GTB6.6; SLCC1; .NET CLR 2.0.50727; Media Center PC 5.0; InfoPath.2; .NET CLR 3.0.30729; .NET4.0C)"
85.10.4.101 - - [28/Nov/2010:02:05:17 +0100] "GET /varpulis/_css/282_default.css.gz HTTP/1.1" 200 6287 "http://sl.kadis.si/izobrazevanje/strokovna-znanja-za-gradbenike/" "Mozilla/4.0 (compatible; MSIE 8.0; Windows NT 6.0; Trident/4.0; GTB6.6; SLCC1; .NET CLR 2.0.50727; Media Center PC 5.0; InfoPath.2; .NET CLR 3.0.30729; .NET4.0C)"
85.10.4.101 - - [28/Nov/2010:02:05:17 +0100] "GET /varpulis/_css/282_print.css.gz HTTP/1.1" 200 2634 "http://sl.kadis.si/izobrazevanje/strokovna-znanja-za-gradbenike/" "Mozilla/4.0 (compatible; MSIE 8.0; Windows NT 6.0; Trident/4.0; GTB6.6; SLCC1; .NET CLR 2.0.50727; Media Center PC 5.0; InfoPath.2; .NET CLR 3.0.30729; .NET4.0C)"
85.10.4.101 - - [28/Nov/2010:02:05:17 +0100] "GET /sitedata/282/conf/custom.css.php HTTP/1.1" 200 114 "http://sl.kadis.si/izobrazevanje/strokovna-znanja-za-gradbenike/" "Mozilla/4.0 (compatible; MSIE 8.0; Windows NT 6.0; Trident/4.0; GTB6.6; SLCC1; .NET CLR 2.0.50727; Media Center PC 5.0; InfoPath.2; .NET CLR 3.0.30729; .NET4.0C)"
85.10.4.101 - - [28/Nov/2010:02:05:17 +0100] "GET /varpulis/_js/basic.js HTTP/1.1" 200 4470 "http://sl.kadis.si/izobrazevanje/strokovna-znanja-za-gradbenike/" "Mozilla/4.0 (compatible; MSIE 8.0; Windows NT 6.0; Trident/4.0; GTB6.6; SLCC1; .NET CLR 2.0.50727; Media Center PC 5.0; InfoPath.2; .NET CLR 3.0.30729; .NET4.0C)"
85.10.4.101 - - [28/Nov/2010:02:05:17 +0100] "GET /varpulis/_js/282_menu.js HTTP/1.1" 200 9444 "http://sl.kadis.si/izobrazevanje/strokovna-znanja-za-gradbenike/" "Mozilla/4.0 (compatible; MSIE 8.0; Windows NT 6.0; Trident/4.0; GTB6.6; SLCC1; .NET CLR 2.0.50727; Media Center PC 5.0; InfoPath.2; .NET CLR 3.0.30729; .NET4.0C)"
85.10.4.101 - - [28/Nov/2010:02:05:18 +0100] "GET /sitedata/282/media/kadis_logo.jpg HTTP/1.1" 200 7784 "http://sl.kadis.si/izobrazevanje/strokovna-znanja-za-gradbenike/" "Mozilla/4.0 (compatible; MSIE 8.0; Windows NT 6.0; Trident/4.0; GTB6.6; SLCC1; .NET CLR 2.0.50727; Media Center PC 5.0; InfoPath.2; .NET CLR 3.0.30729; .NET4.0C)"
85.10.4.101 - - [28/Nov/2010:02:05:18 +0100] "GET /imageColor.php?source=themes/Zaba/images/langBG.png&trueColor=1&color=ABDA4D HTTP/1.1" 200 144 "http://sl.kadis.si/izobrazevanje/strokovna-znanja-za-gradbenike/" "Mozilla/4.0 (compatible; MSIE 8.0; Windows NT 6.0; Trident/4.0; GTB6.6; SLCC1; .NET CLR 2.0.50727; Media Center PC 5.0; InfoPath.2; .NET CLR 3.0.30729; .NET4.0C)"
85.10.4.101 - - [28/Nov/2010:02:05:18 +0100] "GET /imageColorReplace.php?source=images/backgrounds/ozadje30.png&destination=bgImage_body&format=png&color1=EEF8DB&color2=FFFFFF HTTP/1.1" 200 499 "http://sl.kadis.si/izobrazevanje/strokovna-znanja-za-gradbenike/" "Mozilla/4.0 (compatible; MSIE 8.0; Windows NT 6.0; Trident/4.0; GTB6.6; SLCC1; .NET CLR 2.0.50727; Media Center PC 5.0; InfoPath.2; .NET CLR 3.0.30729; .NET4.0C)"
85.10.4.101 - - [28/Nov/2010:02:05:18 +0100] "GET /sitedata/282/conf/alineja.png HTTP/1.1" 200 714 "http://sl.kadis.si/izobrazevanje/strokovna-znanja-za-gradbenike/" "Mozilla/4.0 (compatible; MSIE 8.0; Windows NT 6.0; Trident/4.0; GTB6.6; SLCC1; .NET CLR 2.0.50727; Media Center PC 5.0; InfoPath.2; .NET CLR 3.0.30729; .NET4.0C)"
85.10.4.101 - - [28/Nov/2010:02:05:18 +0100] "GET /getfile.php?idHash=36ac528b7f5c6c7b928c64b493e30086 HTTP/1.1" 200 6214 "http://sl.kadis.si/izobrazevanje/strokovna-znanja-za-gradbenike/" "Mozilla/4.0 (compatible; MSIE 8.0; Windows NT 6.0; Trident/4.0; GTB6.6; SLCC1; .NET CLR 2.0.50727; Media Center PC 5.0; InfoPath.2; .NET CLR 3.0.30729; .NET4.0C)"
85.10.4.101 - - [28/Nov/2010:02:05:18 +0100] "GET /imageFill.php?source=themes/Zaba/images/companyInfoBG.png&color=FFFFFF HTTP/1.1" 200 43 "http://sl.kadis.si/izobrazevanje/strokovna-znanja-za-gradbenike/" "Mozilla/4.0 (compatible; MSIE 8.0; Windows NT 6.0; Trident/4.0; GTB6.6; SLCC1; .NET CLR 2.0.50727; Media Center PC 5.0; InfoPath.2; .NET CLR 3.0.30729; .NET4.0C)"
85.10.4.101 - - [28/Nov/2010:02:05:17 +0100] "GET /sitedata/282/media/page/kadis_image.jpg HTTP/1.1" 200 48614 "http://sl.kadis.si/izobrazevanje/strokovna-znanja-za-gradbenike/" "Mozilla/4.0 (compatible; MSIE 8.0; Windows NT 6.0; Trident/4.0; GTB6.6; SLCC1; .NET CLR 2.0.50727; Media Center PC 5.0; InfoPath.2; .NET CLR 3.0.30729; .NET4.0C)"
85.10.4.101 - - [28/Nov/2010:02:05:18 +0100] "GET /favicon.ico HTTP/1.1" 404 - "-" "Mozilla/4.0 (compatible; MSIE 8.0; Windows NT 6.0; Trident/4.0; GTB6.6; SLCC1; .NET CLR 2.0.50727; Media Center PC 5.0; InfoPath.2; .NET CLR 3.0.30729; .NET4.0C)"
119.63.198.51 - - [28/Nov/2010:02:07:23 +0100] "GET /robots.txt HTTP/1.1" 301 370 "-" "Baiduspider+(+http://www.baidu.com/search/spider.htm)"
119.63.198.8 - - [28/Nov/2010:02:07:24 +0100] "GET /robots.txt HTTP/1.1" 200 147 "-" "Baiduspider+(+http://www.baidu.com/search/spider.htm)"
124.115.0.159 - - [28/Nov/2010:02:07:43 +0100] "GET / HTTP/1.1" 301 360 "-" "Sosospider+(+http://help.soso.com/webspider.htm)"
124.115.0.159 - - [28/Nov/2010:02:07:44 +0100] "GET / HTTP/1.1" 200 4031 "-" "Sosospider+(+http://help.soso.com/webspider.htm)"
67.195.110.172 - - [28/Nov/2010:02:09:46 +0100] "GET /izobrazevanje/strokovna-znanja-za-gradbenike/ HTTP/1.0" 200 12846 "-" "Mozilla/5.0 (compatible; Yahoo! Slurp; http://help.yahoo.com/help/us/ysearch/slurp)"
207.46.199.185 - - [28/Nov/2010:02:18:57 +0100] "GET /robots.txt HTTP/1.1" 200 147 "-" "Mozilla/5.0 (compatible; bingbot/2.0; +http://www.bing.com/bingbot.htm)"
85.10.36.100 - - [28/Nov/2010:02:22:03 +0100] "GET / HTTP/1.1" 301 360 "-" "Mozilla/5.0 (compatible; Najdi.si/3.1)"
85.10.36.100 - - [28/Nov/2010:02:22:03 +0100] "GET / HTTP/1.1" 200 4031 "-" "Mozilla/5.0 (compatible; Najdi.si/3.1)"
85.10.36.100 - - [28/Nov/2010:02:22:04 +0100] "GET /sitemap.txt.gz HTTP/1.1" 301 374 "-" "Mozilla/5.0 (compatible; Najdi.si/3.1)"
85.10.36.100 - - [28/Nov/2010:02:22:04 +0100] "GET /sitemap.txt.gz HTTP/1.1" 404 - "-" "Mozilla/5.0 (compatible; Najdi.si/3.1)"
85.10.36.100 - - [28/Nov/2010:02:22:04 +0100] "GET /sitemap.xml.gz HTTP/1.1" 301 374 "-" "Mozilla/5.0 (compatible; Najdi.si/3.1)"
85.10.36.100 - - [28/Nov/2010:02:22:04 +0100] "GET /sitemap.xml.gz HTTP/1.1" 404 - "-" "Mozilla/5.0 (compatible; Najdi.si/3.1)"
85.10.36.100 - - [28/Nov/2010:02:22:04 +0100] "GET /sitemap.xml HTTP/1.1" 301 371 "-" "Mozilla/5.0 (compatible; Najdi.si/3.1)"
85.10.36.100 - - [28/Nov/2010:02:22:04 +0100] "GET /sitemap.xml HTTP/1.1" 404 - "-" "Mozilla/5.0 (compatible; Najdi.si/3.1)"
66.249.65.233 - - [28/Nov/2010:02:25:11 +0100] "GET /robots.txt HTTP/1.1" 404 345 "-" "Mozilla/5.0 (compatible; Googlebot/2.1; +http://www.google.com/bot.html)"
66.249.65.233 - - [28/Nov/2010:02:25:11 +0100] "GET / HTTP/1.1" 200 12720 "-" "Mozilla/5.0 (compatible; Googlebot/2.1; +http://www.google.com/bot.html)"
124.115.0.100 - - [28/Nov/2010:02:26:37 +0100] "GET / HTTP/1.0" 301 360 "-" "Sosospider+(+http://help.soso.com/webspider.htm)"
124.115.0.100 - - [28/Nov/2010:02:26:38 +0100] "GET / HTTP/1.0" 200 20010 "-" "Sosospider+(+http://help.soso.com/webspider.htm)"
207.46.13.137 - - [28/Nov/2010:02:37:59 +0100] "GET /robots.txt HTTP/1.1" 200 147 "-" "Mozilla/5.0 (compatible; bingbot/2.0; +http://www.bing.com/bingbot.htm)"
85.10.36.100 - - [28/Nov/2010:02:38:09 +0100] "GET / HTTP/1.1" 200 12720 "-" "Mozilla/5.0 (compatible; Najdi.si/3.1)"
85.10.36.100 - - [28/Nov/2010:02:38:13 +0100] "GET /sitemap.txt.gz HTTP/1.1" 404 349 "-" "Mozilla/5.0 (compatible; Najdi.si/3.1)"
85.10.36.100 - - [28/Nov/2010:02:38:13 +0100] "GET /sitemap.xml.gz HTTP/1.1" 404 349 "-" "Mozilla/5.0 (compatible; Najdi.si/3.1)"
85.10.36.100 - - [28/Nov/2010:02:38:13 +0100] "GET /sitemap.xml HTTP/1.1" 404 346 "-" "Mozilla/5.0 (compatible; Najdi.si/3.1)"
67.195.110.172 - - [28/Nov/2010:02:39:20 +0100] "GET /druga-dejavnost/mednarodni-projekti/zakljuceni-projekti/apl-centre/ HTTP/1.0" 200 4146 "-" "Mozilla/5.0 (compatible; Yahoo! Slurp; http://help.yahoo.com/help/us/ysearch/slurp)"
114.80.93.53 - - [28/Nov/2010:02:41:26 +0100] "GET / HTTP/1.0" 301 360 "-" "Sosospider+(+http://help.soso.com/webspider.htm)"
114.80.93.53 - - [28/Nov/2010:02:41:27 +0100] "GET / HTTP/1.0" 200 20010 "-" "Sosospider+(+http://help.soso.com/webspider.htm)"
114.80.93.52 - - [28/Nov/2010:02:41:32 +0100] "GET / HTTP/1.0" 301 360 "-" "Sosospider+(+http://help.soso.com/webspider.htm)"
114.80.93.52 - - [28/Nov/2010:02:41:34 +0100] "GET / HTTP/1.0" 200 20010 "-" "Sosospider+(+http://help.soso.com/webspider.htm)"
124.115.4.196 - - [28/Nov/2010:02:43:08 +0100] "GET / HTTP/1.0" 301 360 "-" "Sosospider+(+http://help.soso.com/webspider.htm)"
124.115.4.196 - - [28/Nov/2010:02:43:12 +0100] "GET / HTTP/1.0" 200 20010 "-" "Sosospider+(+http://help.soso.com/webspider.htm)"
124.115.4.197 - - [28/Nov/2010:02:43:23 +0100] "GET / HTTP/1.0" 301 360 "-" "Sosospider+(+http://help.soso.com/webspider.htm)"
124.115.4.197 - - [28/Nov/2010:02:43:24 +0100] "GET / HTTP/1.0" 200 20010 "-" "Sosospider+(+http://help.soso.com/webspider.htm)"
207.46.13.137 - - [28/Nov/2010:02:45:05 +0100] "GET /aktualno/ HTTP/1.1" 200 31322 "-" "Mozilla/5.0 (compatible; bingbot/2.0; +http://www.bing.com/bingbot.htm)"
67.195.110.172 - - [28/Nov/2010:02:48:41 +0100] "GET /index.php?menu_item=item_13625 HTTP/1.0" 200 4612 "-" "Mozilla/5.0 (compatible; Yahoo! Slurp; http://help.yahoo.com/help/us/ysearch/slurp)"
124.115.4.195 - - [28/Nov/2010:02:51:16 +0100] "GET / HTTP/1.0" 301 360 "-" "Sosospider+(+http://help.soso.com/webspider.htm)"
124.115.4.195 - - [28/Nov/2010:02:51:18 +0100] "GET / HTTP/1.0" 200 20010 "-" "Sosospider+(+http://help.soso.com/webspider.htm)"
85.10.36.100 - - [28/Nov/2010:02:51:39 +0100] "GET / HTTP/1.1" 301 360 "-" "Mozilla/5.0 (compatible; Najdi.si/3.1)"
85.10.36.100 - - [28/Nov/2010:02:51:40 +0100] "GET / HTTP/1.1" 200 4031 "-" "Mozilla/5.0 (compatible; Najdi.si/3.1)"
85.10.36.100 - - [28/Nov/2010:02:51:42 +0100] "GET /sitemap.txt.gz HTTP/1.1" 301 374 "-" "Mozilla/5.0 (compatible; Najdi.si/3.1)"
85.10.36.100 - - [28/Nov/2010:02:51:42 +0100] "GET /sitemap.txt.gz HTTP/1.1" 404 - "-" "Mozilla/5.0 (compatible; Najdi.si/3.1)"
85.10.36.100 - - [28/Nov/2010:02:51:42 +0100] "GET /sitemap.xml.gz HTTP/1.1" 301 374 "-" "Mozilla/5.0 (compatible; Najdi.si/3.1)"
85.10.36.100 - - [28/Nov/2010:02:51:42 +0100] "GET /sitemap.xml.gz HTTP/1.1" 404 - "-" "Mozilla/5.0 (compatible; Najdi.si/3.1)"
85.10.36.100 - - [28/Nov/2010:02:51:42 +0100] "GET /sitemap.xml HTTP/1.1" 301 371 "-" "Mozilla/5.0 (compatible; Najdi.si/3.1)"
85.10.36.100 - - [28/Nov/2010:02:51:42 +0100] "GET /sitemap.xml HTTP/1.1" 404 - "-" "Mozilla/5.0 (compatible; Najdi.si/3.1)"
85.10.36.100 - - [28/Nov/2010:02:54:38 +0100] "GET / HTTP/1.1" 200 12720 "-" "Mozilla/5.0 (compatible; Najdi.si/3.1)"
85.10.36.100 - - [28/Nov/2010:02:54:42 +0100] "GET /sitemap.txt.gz HTTP/1.1" 404 349 "-" "Mozilla/5.0 (compatible; Najdi.si/3.1)"
85.10.36.100 - - [28/Nov/2010:02:54:42 +0100] "GET /sitemap.xml.gz HTTP/1.1" 404 349 "-" "Mozilla/5.0 (compatible; Najdi.si/3.1)"
85.10.36.100 - - [28/Nov/2010:02:54:42 +0100] "GET /sitemap.xml HTTP/1.1" 404 346 "-" "Mozilla/5.0 (compatible; Najdi.si/3.1)"
58.61.164.39 - - [28/Nov/2010:03:01:17 +0100] "GET / HTTP/1.0" 301 360 "-" "Mozilla/4.0 (compatible; MSIE 6.0; Windows NT 5.1; SV1; .NET CLR 1.1.4322;TencentTraveler)"
58.61.164.39 - - [28/Nov/2010:03:01:17 +0100] "GET / HTTP/1.0" 200 20010 "-" "Mozilla/4.0 (compatible; MSIE 6.0; Windows NT 5.1; SV1; .NET CLR 1.1.4322;TencentTraveler)"
114.80.93.73 - - [28/Nov/2010:03:01:23 +0100] "GET / HTTP/1.0" 301 360 "-" "Mozilla/4.0 (compatible; MSIE 6.0; Windows NT 5.1; SV1; .NET CLR 1.1.4322;TencentTraveler)"
114.80.93.73 - - [28/Nov/2010:03:01:24 +0100] "GET / HTTP/1.0" 200 20010 "-" "Mozilla/4.0 (compatible; MSIE 6.0; Windows NT 5.1; SV1; .NET CLR 1.1.4322;TencentTraveler)"
114.80.93.50 - - [28/Nov/2010:03:04:45 +0100] "GET / HTTP/1.0" 301 360 "-" "Sosospider+(+http://help.soso.com/webspider.htm)"
114.80.93.50 - - [28/Nov/2010:03:04:45 +0100] "GET / HTTP/1.0" 200 20010 "-" "Sosospider+(+http://help.soso.com/webspider.htm)"
66.249.65.251 - - [28/Nov/2010:03:08:15 +0100] "GET /vsebine/word/ HTTP/1.1" 200 2068 "-" "Mozilla/5.0 (compatible; Googlebot/2.1; +http://www.google.com/bot.html)"
124.115.5.11 - - [28/Nov/2010:03:10:21 +0100] "GET / HTTP/1.0" 301 360 "-" "Mozilla/4.0 (compatible; MSIE 6.0; Windows NT 5.1; SV1; .NET CLR 1.1.4322;TencentTraveler)"
124.115.5.11 - - [28/Nov/2010:03:10:21 +0100] "GET / HTTP/1.0" 200 20010 "-" "Mozilla/4.0 (compatible; MSIE 6.0; Windows NT 5.1; SV1; .NET CLR 1.1.4322;TencentTraveler)"
124.115.4.204 - - [28/Nov/2010:03:10:58 +0100] "GET / HTTP/1.0" 301 360 "-" "Sosospider+(+http://help.soso.com/webspider.htm)"
124.115.4.204 - - [28/Nov/2010:03:10:59 +0100] "GET / HTTP/1.0" 200 20010 "-" "Sosospider+(+http://help.soso.com/webspider.htm)"
124.115.4.192 - - [28/Nov/2010:03:14:27 +0100] "GET / HTTP/1.0" 301 360 "-" "Sosospider+(+http://help.soso.com/webspider.htm)"
124.115.4.192 - - [28/Nov/2010:03:14:28 +0100] "GET / HTTP/1.0" 200 20010 "-" "Sosospider+(+http://help.soso.com/webspider.htm)"
178.154.163.29 - - [28/Nov/2010:03:18:17 +0100] "GET /international-projects/eurotrainers/ HTTP/1.1" 200 2934 "-" "Mozilla/5.0 (compatible; YandexBot/3.0; +http://yandex.com/bots)"
207.46.199.191 - - [28/Nov/2010:03:19:21 +0100] "GET /robots.txt HTTP/1.1" 200 147 "-" "Mozilla/5.0 (compatible; bingbot/2.0; +http://www.bing.com/bingbot.htm)"
66.249.65.236 - - [28/Nov/2010:03:19:53 +0100] "GET /robots.txt HTTP/1.1" 200 147 "-" "Mozilla/5.0 (compatible; Googlebot/2.1; +http://www.google.com/bot.html)"
61.135.167.74 - - [28/Nov/2010:03:20:21 +0100] "GET / HTTP/1.0" 301 360 "-" "Mozilla/4.0 (compatible; MSIE 6.0; Windows NT 5.1; SV1; .NET CLR 1.1.4322;TencentTraveler)"
61.135.167.74 - - [28/Nov/2010:03:20:23 +0100] "GET / HTTP/1.0" 200 20010 "-" "Mozilla/4.0 (compatible; MSIE 6.0; Windows NT 5.1; SV1; .NET CLR 1.1.4322;TencentTraveler)"
213.143.80.10 - - [28/Nov/2010:03:20:32 +0100] "HEAD / HTTP/1.1" 200 - "-" "Mosad/2.0"
85.10.36.100 - - [28/Nov/2010:03:22:38 +0100] "GET / HTTP/1.1" 301 360 "-" "Mozilla/5.0 (compatible; Najdi.si/3.1)"
85.10.36.100 - - [28/Nov/2010:03:22:39 +0100] "GET / HTTP/1.1" 200 4031 "-" "Mozilla/5.0 (compatible; Najdi.si/3.1)"
85.10.36.100 - - [28/Nov/2010:03:22:40 +0100] "GET /sitemap.txt.gz HTTP/1.1" 301 374 "-" "Mozilla/5.0 (compatible; Najdi.si/3.1)"
85.10.36.100 - - [28/Nov/2010:03:22:40 +0100] "GET /sitemap.txt.gz HTTP/1.1" 404 - "-" "Mozilla/5.0 (compatible; Najdi.si/3.1)"
85.10.36.100 - - [28/Nov/2010:03:22:40 +0100] "GET /sitemap.xml.gz HTTP/1.1" 301 374 "-" "Mozilla/5.0 (compatible; Najdi.si/3.1)"
85.10.36.100 - - [28/Nov/2010:03:22:41 +0100] "GET /sitemap.xml.gz HTTP/1.1" 404 - "-" "Mozilla/5.0 (compatible; Najdi.si/3.1)"
85.10.36.100 - - [28/Nov/2010:03:22:41 +0100] "GET /sitemap.xml HTTP/1.1" 301 371 "-" "Mozilla/5.0 (compatible; Najdi.si/3.1)"
85.10.36.100 - - [28/Nov/2010:03:22:41 +0100] "GET /sitemap.xml HTTP/1.1" 404 - "-" "Mozilla/5.0 (compatible; Najdi.si/3.1)"
124.115.4.193 - - [28/Nov/2010:03:23:00 +0100] "GET / HTTP/1.0" 301 360 "-" "Sosospider+(+http://help.soso.com/webspider.htm)"
124.115.4.193 - - [28/Nov/2010:03:23:01 +0100] "GET / HTTP/1.0" 200 20010 "-" "Sosospider+(+http://help.soso.com/webspider.htm)"
124.115.4.191 - - [28/Nov/2010:03:25:23 +0100] "GET / HTTP/1.0" 301 360 "-" "Sosospider+(+http://help.soso.com/webspider.htm)"
124.115.4.191 - - [28/Nov/2010:03:25:24 +0100] "GET / HTTP/1.0" 200 20010 "-" "Sosospider+(+http://help.soso.com/webspider.htm)"
124.115.4.203 - - [28/Nov/2010:03:27:46 +0100] "GET / HTTP/1.0" 301 360 "-" "Sosospider+(+http://help.soso.com/webspider.htm)"
124.115.4.203 - - [28/Nov/2010:03:27:48 +0100] "GET / HTTP/1.0" 200 20010 "-" "Sosospider+(+http://help.soso.com/webspider.htm)"
220.181.108.77 - - [28/Nov/2010:03:30:36 +0100] "GET / HTTP/1.1" 301 360 "-" "Baiduspider+(+http://www.baidu.com/search/spider.htm)"
207.46.199.178 - - [28/Nov/2010:03:32:16 +0100] "GET /robots.txt HTTP/1.1" 200 147 "-" "Mozilla/5.0 (compatible; bingbot/2.0; +http://www.bing.com/bingbot.htm)"
67.195.115.49 - - [28/Nov/2010:03:32:43 +0100] "GET /international-projects/winkit/ HTTP/1.0" 200 4404 "-" "Mozilla/5.0 (compatible; Yahoo! Slurp; http://help.yahoo.com/help/us/ysearch/slurp)"
124.115.4.205 - - [28/Nov/2010:03:34:02 +0100] "GET / HTTP/1.0" 301 360 "-" "Sosospider+(+http://help.soso.com/webspider.htm)"
124.115.4.205 - - [28/Nov/2010:03:34:03 +0100] "GET / HTTP/1.0" 200 20010 "-" "Sosospider+(+http://help.soso.com/webspider.htm)"
67.195.110.172 - - [28/Nov/2010:03:34:50 +0100] "GET /zaposlitev/ HTTP/1.0" 200 3515 "-" "Mozilla/5.0 (compatible; Yahoo! Slurp; http://help.yahoo.com/help/us/ysearch/slurp)"
124.115.4.201 - - [28/Nov/2010:03:34:51 +0100] "GET / HTTP/1.0" 301 360 "-" "Sosospider+(+http://help.soso.com/webspider.htm)"
124.115.4.201 - - [28/Nov/2010:03:34:52 +0100] "GET / HTTP/1.0" 200 20010 "-" "Sosospider+(+http://help.soso.com/webspider.htm)"
207.46.13.84 - - [28/Nov/2010:03:37:19 +0100] "GET /robots.txt HTTP/1.1" 200 147 "-" "Mozilla/5.0 (compatible; bingbot/2.0; +http://www.bing.com/bingbot.htm)"
67.195.115.49 - - [28/Nov/2010:03:39:16 +0100] "GET /international-projects/eurotrainers/ HTTP/1.0" 200 2934 "-" "Mozilla/5.0 (compatible; Yahoo! Slurp; http://help.yahoo.com/help/us/ysearch/slurp)"
189.1.128.86 - - [28/Nov/2010:03:40:37 +0100] "GET /index.php?menu_item=http://217.218.225.2:2082/index.html? HTTP/1.0" 200 20010 "-" "Mozilla/4.0 (compatible; MSIE 6.0; Windows NT 5.1; .NET CLR 1.1.4322; .NET CLR 2.0.50727)"
114.80.93.51 - - [28/Nov/2010:03:40:40 +0100] "GET / HTTP/1.0" 301 360 "-" "Sosospider+(+http://help.soso.com/webspider.htm)"
114.80.93.51 - - [28/Nov/2010:03:40:43 +0100] "GET / HTTP/1.0" 200 20010 "-" "Sosospider+(+http://help.soso.com/webspider.htm)"
124.115.4.194 - - [28/Nov/2010:03:41:48 +0100] "GET / HTTP/1.0" 301 360 "-" "Sosospider+(+http://help.soso.com/webspider.htm)"
124.115.4.194 - - [28/Nov/2010:03:41:49 +0100] "GET / HTTP/1.0" 200 20010 "-" "Sosospider+(+http://help.soso.com/webspider.htm)"
207.46.13.84 - - [28/Nov/2010:03:42:06 +0100] "GET /index.php?menu_item=item_5109 HTTP/1.1" 200 3182 "-" "Mozilla/5.0 (compatible; bingbot/2.0; +http://www.bing.com/bingbot.htm)"
213.143.80.10 - - [28/Nov/2010:03:44:16 +0100] "HEAD / HTTP/1.1" 301 - "-" "Mosad/2.0"
213.143.80.10 - - [28/Nov/2010:03:44:16 +0100] "HEAD / HTTP/1.1" 200 - "-" "Mosad/2.0"
207.46.13.131 - - [28/Nov/2010:03:45:15 +0100] "GET /robots.txt HTTP/1.1" 200 147 "-" "Mozilla/5.0 (compatible; bingbot/2.0; +http://www.bing.com/bingbot.htm)"
124.115.4.202 - - [28/Nov/2010:03:46:16 +0100] "GET / HTTP/1.0" 301 360 "-" "Sosospider+(+http://help.soso.com/webspider.htm)"
124.115.4.202 - - [28/Nov/2010:03:46:17 +0100] "GET / HTTP/1.0" 200 20010 "-" "Sosospider+(+http://help.soso.com/webspider.htm)"
124.115.4.190 - - [28/Nov/2010:03:46:57 +0100] "GET / HTTP/1.0" 301 360 "-" "Sosospider+(+http://help.soso.com/webspider.htm)"
124.115.4.190 - - [28/Nov/2010:03:46:57 +0100] "GET / HTTP/1.0" 200 20010 "-" "Sosospider+(+http://help.soso.com/webspider.htm)"
114.80.93.56 - - [28/Nov/2010:03:47:41 +0100] "GET / HTTP/1.0" 301 360 "-" "Sosospider+(+http://help.soso.com/webspider.htm)"
114.80.93.56 - - [28/Nov/2010:03:47:42 +0100] "GET / HTTP/1.0" 200 20010 "-" "Sosospider+(+http://help.soso.com/webspider.htm)"
66.249.65.236 - - [28/Nov/2010:03:51:14 +0100] "GET /getfile.php?idHash=36ac528b7f5c6c7b928c64b493e30086 HTTP/1.1" 200 19 "-" "Mozilla/5.0 (compatible; Googlebot/2.1; +http://www.google.com/bot.html)"
124.115.4.198 - - [28/Nov/2010:03:52:09 +0100] "GET / HTTP/1.0" 301 360 "-" "Sosospider+(+http://help.soso.com/webspider.htm)"
124.115.4.198 - - [28/Nov/2010:03:52:14 +0100] "GET / HTTP/1.0" 200 20010 "-" "Sosospider+(+http://help.soso.com/webspider.htm)"
85.10.36.100 - - [28/Nov/2010:03:52:49 +0100] "GET / HTTP/1.1" 301 360 "-" "Mozilla/5.0 (compatible; Najdi.si/3.1)"
85.10.36.100 - - [28/Nov/2010:03:52:50 +0100] "GET / HTTP/1.1" 200 4031 "-" "Mozilla/5.0 (compatible; Najdi.si/3.1)"
85.10.36.100 - - [28/Nov/2010:03:52:54 +0100] "GET /sitemap.txt.gz HTTP/1.1" 301 374 "-" "Mozilla/5.0 (compatible; Najdi.si/3.1)"
85.10.36.100 - - [28/Nov/2010:03:52:55 +0100] "GET /sitemap.txt.gz HTTP/1.1" 404 - "-" "Mozilla/5.0 (compatible; Najdi.si/3.1)"
85.10.36.100 - - [28/Nov/2010:03:52:56 +0100] "GET /sitemap.xml.gz HTTP/1.1" 301 374 "-" "Mozilla/5.0 (compatible; Najdi.si/3.1)"
85.10.36.100 - - [28/Nov/2010:03:52:58 +0100] "GET /sitemap.xml.gz HTTP/1.1" 404 - "-" "Mozilla/5.0 (compatible; Najdi.si/3.1)"
85.10.36.100 - - [28/Nov/2010:03:52:58 +0100] "GET /sitemap.xml HTTP/1.1" 301 371 "-" "Mozilla/5.0 (compatible; Najdi.si/3.1)"
85.10.36.100 - - [28/Nov/2010:03:52:58 +0100] "GET /sitemap.xml HTTP/1.1" 404 - "-" "Mozilla/5.0 (compatible; Najdi.si/3.1)"
178.154.163.29 - - [28/Nov/2010:03:53:41 +0100] "GET /legal-counsel/rights-obligations-and-responsibilities-of-the-employees/ HTTP/1.1" 200 3151 "-" "Mozilla/5.0 (compatible; YandexBot/3.0; +http://yandex.com/bots)"
207.46.195.106 - - [28/Nov/2010:04:00:35 +0100] "GET /kadrovska-dejavnost/zaposlovanje-in-delo-tujcev/ HTTP/1.1" 200 3764 "-" "Mozilla/5.0 (compatible; bingbot/2.0; +http://www.bing.com/bingbot.htm)"
207.46.13.131 - - [28/Nov/2010:04:01:36 +0100] "GET /info/obrazec-za-povprasevanje/ HTTP/1.1" 200 3008 "-" "Mozilla/5.0 (compatible; bingbot/2.0; +http://www.bing.com/bingbot.htm)"
67.195.110.172 - - [28/Nov/2010:04:01:45 +0100] "GET /index.php?menu_item=item_4992 HTTP/1.0" 200 3764 "-" "Mozilla/5.0 (compatible; Yahoo! Slurp; http://help.yahoo.com/help/us/ysearch/slurp)"
85.10.36.100 - - [28/Nov/2010:04:03:36 +0100] "GET /kadrovska-dejavnost/pogodba-o-zaposlitvi/ HTTP/1.1" 200 3881 "-" "Mozilla/5.0 (compatible; Najdi.si/3.1)"
85.10.36.100 - - [28/Nov/2010:04:03:44 +0100] "GET /prijava/ HTTP/1.1" 200 3581 "-" "Mozilla/5.0 (compatible; Najdi.si/3.1)"
85.10.36.100 - - [28/Nov/2010:04:03:45 +0100] "GET /domov/ HTTP/1.1" 200 4031 "-" "Mozilla/5.0 (compatible; Najdi.si/3.1)"
85.10.36.100 - - [28/Nov/2010:04:03:46 +0100] "GET /index.php?menu_item=login HTTP/1.1" 200 3581 "-" "Mozilla/5.0 (compatible; Najdi.si/3.1)"
85.10.36.100 - - [28/Nov/2010:04:04:17 +0100] "GET /vizitka/ HTTP/1.1" 200 3952 "-" "Mozilla/5.0 (compatible; Najdi.si/3.1)"
67.195.115.49 - - [28/Nov/2010:04:13:18 +0100] "GET /employment/offer/ HTTP/1.0" 200 2838 "-" "Mozilla/5.0 (compatible; Yahoo! Slurp; http://help.yahoo.com/help/us/ysearch/slurp)"
85.10.36.100 - - [28/Nov/2010:04:15:08 +0100] "GET /izobrazevanje/strokovna-znanja-za-gradbenike/ HTTP/1.1" 200 12846 "-" "Mozilla/5.0 (compatible; Najdi.si/3.1)"
67.195.115.49 - - [28/Nov/2010:04:15:28 +0100] "GET /index.php?menu_item=item_10357 HTTP/1.0" 200 3589 "-" "Mozilla/5.0 (compatible; Yahoo! Slurp; http://help.yahoo.com/help/us/ysearch/slurp)"
85.10.36.100 - - [28/Nov/2010:04:16:14 +0100] "GET /karierno-svetovanje/trening-zaposlitvenega-razgovora/ HTTP/1.1" 200 3904 "-" "Mozilla/5.0 (compatible; Najdi.si/3.1)"
85.10.36.100 - - [28/Nov/2010:04:16:17 +0100] "GET /index.php?menu_item=item_5003 HTTP/1.1" 200 3904 "-" "Mozilla/5.0 (compatible; Najdi.si/3.1)"
85.10.36.100 - - [28/Nov/2010:04:16:49 +0100] "GET /zaposlitev/prosta-delovna-mesta/ HTTP/1.1" 200 3182 "-" "Mozilla/5.0 (compatible; Najdi.si/3.1)"
85.10.36.100 - - [28/Nov/2010:04:16:51 +0100] "GET /izobrazevanje/ HTTP/1.1" 200 4102 "-" "Mozilla/5.0 (compatible; Najdi.si/3.1)"
85.10.36.100 - - [28/Nov/2010:04:16:52 +0100] "GET /index.php?menu_item=item_5109 HTTP/1.1" 200 3182 "-" "Mozilla/5.0 (compatible; Najdi.si/3.1)"
85.10.36.100 - - [28/Nov/2010:04:17:24 +0100] "GET /vizitka/osnovni-podatki/ HTTP/1.1" 200 3537 "-" "Mozilla/5.0 (compatible; Najdi.si/3.1)"
85.10.36.100 - - [28/Nov/2010:04:17:29 +0100] "GET /zaposlitev/studentski-servis/ HTTP/1.1" 200 3294 "-" "Mozilla/5.0 (compatible; Najdi.si/3.1)"
85.10.36.100 - - [28/Nov/2010:04:17:32 +0100] "GET /index.php?menu_item=item_4962 HTTP/1.1" 200 3537 "-" "Mozilla/5.0 (compatible; Najdi.si/3.1)"
208.80.194.33 - - [28/Nov/2010:04:17:54 +0100] "GET / HTTP/1.0" 301 360 "-" "Mozilla/4.0 (compatible; MSIE 6.0; Windows NT 5.1; SV1; (R1 1.5); .NET CLR 1.1.4322; PeoplePal 3.0)"
208.80.194.33 - - [28/Nov/2010:04:17:54 +0100] "GET / HTTP/1.0" 301 356 "-" "Mozilla/4.0 (compatible; MSIE 6.0; Windows NT 5.1; SV1; MSN 8.0; MSN 8.5; MSNbMSNI; MSNmen-us; MSNcIA)"
208.80.194.33 - - [28/Nov/2010:04:17:54 +0100] "GET / HTTP/1.0" 200 20010 "-" "Mozilla/4.0 (compatible; MSIE 6.0; Windows NT 5.1; SV1; FunWebProducts; InfoPath.1; Windows-Media-Player/10.00.00.3990)"
85.10.36.100 - - [28/Nov/2010:04:18:15 +0100] "GET /index.php?menu_item=item_5108 HTTP/1.1" 200 3294 "-" "Mozilla/5.0 (compatible; Najdi.si/3.1)"
207.46.199.199 - - [28/Nov/2010:04:18:25 +0100] "GET /robots.txt HTTP/1.1" 200 147 "-" "Mozilla/5.0 (compatible; bingbot/2.0; +http://www.bing.com/bingbot.htm)"
207.46.13.84 - - [28/Nov/2010:04:23:06 +0100] "GET /index.php?menu_item=item_10334 HTTP/1.1" 200 3005 "-" "Mozilla/5.0 (compatible; bingbot/2.0; +http://www.bing.com/bingbot.htm)"
85.10.36.100 - - [28/Nov/2010:04:23:52 +0100] "GET /iskanje-in-izbor-kadrov/psiholosko-testiranje/ HTTP/1.1" 200 5346 "-" "Mozilla/5.0 (compatible; Najdi.si/3.1)"
85.10.36.100 - - [28/Nov/2010:04:23:55 +0100] "GET /kadrovska-dejavnost/obracun-plac/ HTTP/1.1" 200 3440 "-" "Mozilla/5.0 (compatible; Najdi.si/3.1)"
85.10.36.100 - - [28/Nov/2010:04:23:56 +0100] "GET /karierno-svetovanje/ HTTP/1.1" 200 3936 "-" "Mozilla/5.0 (compatible; Najdi.si/3.1)"
85.10.36.100 - - [28/Nov/2010:04:23:58 +0100] "GET /robots.txt HTTP/1.1" 301 370 "-" "Mozilla/5.0 (compatible; Najdi.si/3.1)"
85.10.36.100 - - [28/Nov/2010:04:23:59 +0100] "GET / HTTP/1.1" 301 360 "-" "Mozilla/5.0 (compatible; Najdi.si/3.1)"
85.10.36.100 - - [28/Nov/2010:04:23:59 +0100] "GET / HTTP/1.1" 200 4031 "-" "Mozilla/5.0 (compatible; Najdi.si/3.1)"
85.10.36.100 - - [28/Nov/2010:04:24:00 +0100] "GET /sitemap.txt.gz HTTP/1.1" 301 374 "-" "Mozilla/5.0 (compatible; Najdi.si/3.1)"
85.10.36.100 - - [28/Nov/2010:04:24:01 +0100] "GET /sitemap.txt.gz HTTP/1.1" 404 - "-" "Mozilla/5.0 (compatible; Najdi.si/3.1)"
85.10.36.100 - - [28/Nov/2010:04:24:01 +0100] "GET /sitemap.xml.gz HTTP/1.1" 301 374 "-" "Mozilla/5.0 (compatible; Najdi.si/3.1)"
85.10.36.100 - - [28/Nov/2010:04:24:01 +0100] "GET /sitemap.xml.gz HTTP/1.1" 404 - "-" "Mozilla/5.0 (compatible; Najdi.si/3.1)"
85.10.36.100 - - [28/Nov/2010:04:24:01 +0100] "GET /sitemap.xml HTTP/1.1" 301 371 "-" "Mozilla/5.0 (compatible; Najdi.si/3.1)"
85.10.36.100 - - [28/Nov/2010:04:24:01 +0100] "GET /sitemap.xml HTTP/1.1" 404 - "-" "Mozilla/5.0 (compatible; Najdi.si/3.1)"
85.10.36.100 - - [28/Nov/2010:04:24:03 +0100] "GET /aktualno/ HTTP/1.1" 200 31322 "-" "Mozilla/5.0 (compatible; Najdi.si/3.1)"
85.10.36.100 - - [28/Nov/2010:04:24:15 +0100] "GET /index.php?menu_item=item_4994 HTTP/1.1" 200 3440 "-" "Mozilla/5.0 (compatible; Najdi.si/3.1)"
85.10.36.100 - - [28/Nov/2010:04:24:46 +0100] "GET /index.php?menu_item=item_4953 HTTP/1.1" 200 31322 "-" "Mozilla/5.0 (compatible; Najdi.si/3.1)"
85.10.36.100 - - [28/Nov/2010:04:25:22 +0100] "GET /druga-dejavnost/mednarodni-projekti/eguide/ HTTP/1.1" 200 31322 "-" "Mozilla/5.0 (compatible; Najdi.si/3.1)"
85.10.36.100 - - [28/Nov/2010:04:30:16 +0100] "GET / HTTP/1.1" 200 31322 "-" "Mozilla/5.0 (compatible; Najdi.si/3.1)"
85.10.36.100 - - [28/Nov/2010:04:30:20 +0100] "GET /sitemap.txt.gz HTTP/1.1" 404 - "-" "Mozilla/5.0 (compatible; Najdi.si/3.1)"
85.10.36.100 - - [28/Nov/2010:04:30:20 +0100] "GET /sitemap.xml.gz HTTP/1.1" 404 - "-" "Mozilla/5.0 (compatible; Najdi.si/3.1)"
85.10.36.100 - - [28/Nov/2010:04:30:20 +0100] "GET /sitemap.xml HTTP/1.1" 404 - "-" "Mozilla/5.0 (compatible; Najdi.si/3.1)"
85.10.36.100 - - [28/Nov/2010:04:30:21 +0100] "GET /vizitka/clanki/ HTTP/1.1" 200 3534 "-" "Mozilla/5.0 (compatible; Najdi.si/3.1)"
85.10.36.100 - - [28/Nov/2010:04:30:22 +0100] "GET /kadrovska-dejavnost/zaposlovanje-in-delo-tujcev/ HTTP/1.1" 200 3764 "-" "Mozilla/5.0 (compatible; Najdi.si/3.1)"
85.10.36.100 - - [28/Nov/2010:04:30:24 +0100] "GET /iskanje-in-izbor-kadrov/postopek-iskanja-in-izbora-kadrov/ HTTP/1.1" 200 4085 "-" "Mozilla/5.0 (compatible; Najdi.si/3.1)"
85.10.36.100 - - [28/Nov/2010:04:30:42 +0100] "GET /index.php?menu_item=item_5020 HTTP/1.1" 200 3534 "-" "Mozilla/5.0 (compatible; Najdi.si/3.1)"
85.10.36.100 - - [28/Nov/2010:04:31:18 +0100] "GET /zaposlitev/vpis-v-bazo-podatkov/ HTTP/1.1" 200 3320 "-" "Mozilla/5.0 (compatible; Najdi.si/3.1)"
85.10.36.100 - - [28/Nov/2010:04:31:20 +0100] "GET /index.php?menu_item=item_4992 HTTP/1.1" 200 3764 "-" "Mozilla/5.0 (compatible; Najdi.si/3.1)"
85.10.36.100 - - [28/Nov/2010:04:31:51 +0100] "GET /domov/vpis-na-eseznam/ HTTP/1.1" 200 3471 "-" "Mozilla/5.0 (compatible; Najdi.si/3.1)"
85.10.36.100 - - [28/Nov/2010:04:31:54 +0100] "GET /index.php?menu_item=item_5110 HTTP/1.1" 200 3320 "-" "Mozilla/5.0 (compatible; Najdi.si/3.1)"
85.10.36.100 - - [28/Nov/2010:04:32:25 +0100] "GET /index.php?menu_item=item_13794 HTTP/1.1" 200 3471 "-" "Mozilla/5.0 (compatible; Najdi.si/3.1)"
65.52.49.141 - - [28/Nov/2010:04:32:57 +0100] "GET /robots.txt HTTP/1.1" 200 147 "-" "Mozilla/5.0 (compatible; bingbot/2.0; +http://www.bing.com/bingbot.htm)"
173.208.41.208 - - [28/Nov/2010:04:34:36 +0100] "GET /index.php?menu_item=item_10354 HTTP/1.0" 200 13197 "-" "Mozilla/4.0 (compatible; ICS)"
173.234.121.238 - - [28/Nov/2010:04:34:36 +0100] "GET /index.php?menu_item=item_10354 HTTP/1.0" 200 13197 "-" "Mozilla/4.0 (compatible; ICS)"
173.234.123.253 - - [28/Nov/2010:04:34:36 +0100] "GET /index.php?menu_item=item_10354 HTTP/1.0" 200 13197 "-" "Mozilla/4.0 (compatible; ICS)"
173.234.142.244 - - [28/Nov/2010:04:34:37 +0100] "GET /index.php?menu_item=item_10354 HTTP/1.0" 200 13197 "-" "Mozilla/4.0 (compatible; ICS)"
173.234.158.234 - - [28/Nov/2010:04:34:37 +0100] "GET /info/links/ HTTP/1.0" 200 13197 "-" "Mozilla/4.0 (compatible; ICS)"
173.234.143.220 - - [28/Nov/2010:04:34:37 +0100] "GET /info/links/ HTTP/1.0" 200 13197 "-" "Mozilla/4.0 (compatible; ICS)"
173.234.174.113 - - [28/Nov/2010:04:34:38 +0100] "GET /info/links/ HTTP/1.0" 200 13197 "-" "Mozilla/4.0 (compatible; ICS)"
173.234.175.49 - - [28/Nov/2010:04:34:38 +0100] "GET /info/links/ HTTP/1.0" 200 13197 "-" "Mozilla/4.0 (compatible; ICS)"
124.115.4.200 - - [28/Nov/2010:04:39:03 +0100] "GET / HTTP/1.0" 301 360 "-" "Sosospider+(+http://help.soso.com/webspider.htm)"
124.115.4.200 - - [28/Nov/2010:04:39:05 +0100] "GET / HTTP/1.0" 200 20010 "-" "Sosospider+(+http://help.soso.com/webspider.htm)"
207.46.13.135 - - [28/Nov/2010:04:39:35 +0100] "GET /index.php?menu_item=item_12514 HTTP/1.1" 200 3869 "-" "Mozilla/5.0 (compatible; bingbot/2.0; +http://www.bing.com/bingbot.htm)"
85.10.36.100 - - [28/Nov/2010:04:45:30 +0100] "GET /zaposlitev/ HTTP/1.1" 200 3515 "-" "Mozilla/5.0 (compatible; Najdi.si/3.1)"
85.10.36.100 - - [28/Nov/2010:04:45:32 +0100] "GET /index.php?menu_item=item_10026 HTTP/1.1" 200 3515 "-" "Mozilla/5.0 (compatible; Najdi.si/3.1)"
85.10.36.100 - - [28/Nov/2010:04:46:04 +0100] "GET /kadrovska-dejavnost/pogodba-o-zaposlitvi/prenehanje-pogodbe-o-zaposlitvi/ HTTP/1.1" 200 4167 "-" "Mozilla/5.0 (compatible; Najdi.si/3.1)"
85.10.36.100 - - [28/Nov/2010:04:46:06 +0100] "GET /index.php?menu_item=item_4989 HTTP/1.1" 200 4167 "-" "Mozilla/5.0 (compatible; Najdi.si/3.1)"
85.10.36.100 - - [28/Nov/2010:04:46:36 +0100] "GET /kadrovska-dejavnost/zdravstveno-pokojninsko-in-invalidsko-zavarovanje/ HTTP/1.1" 200 3832 "-" "Mozilla/5.0 (compatible; Najdi.si/3.1)"
85.10.36.100 - - [28/Nov/2010:04:46:38 +0100] "GET /robots.txt HTTP/1.1" 200 147 "-" "Mozilla/5.0 (compatible; Najdi.si/3.1)"
85.10.36.100 - - [28/Nov/2010:04:46:39 +0100] "GET / HTTP/1.1" 200 3025 "-" "Mozilla/5.0 (compatible; Najdi.si/3.1)"
85.10.36.100 - - [28/Nov/2010:04:46:41 +0100] "GET /sitemap.txt.gz HTTP/1.1" 404 - "-" "Mozilla/5.0 (compatible; Najdi.si/3.1)"
85.10.36.100 - - [28/Nov/2010:04:46:41 +0100] "GET /sitemap.xml.gz HTTP/1.1" 404 - "-" "Mozilla/5.0 (compatible; Najdi.si/3.1)"
85.10.36.100 - - [28/Nov/2010:04:46:42 +0100] "GET /sitemap.xml HTTP/1.1" 404 - "-" "Mozilla/5.0 (compatible; Najdi.si/3.1)"
85.10.36.100 - - [28/Nov/2010:04:46:42 +0100] "GET /o-avtorjih/ HTTP/1.1" 200 3202 "-" "Mozilla/5.0 (compatible; Najdi.si/3.1)"
85.10.36.100 - - [28/Nov/2010:04:46:45 +0100] "GET /index.php?menu_item=item_4991 HTTP/1.1" 200 3832 "-" "Mozilla/5.0 (compatible; Najdi.si/3.1)"
85.10.36.100 - - [28/Nov/2010:04:47:17 +0100] "GET /index.php?menu_item=item_10311 HTTP/1.1" 200 3025 "-" "Mozilla/5.0 (compatible; Najdi.si/3.1)"
85.10.36.100 - - [28/Nov/2010:04:48:00 +0100] "GET /index.php?menu_item=item_4950 HTTP/1.1" 200 3202 "-" "Mozilla/5.0 (compatible; Najdi.si/3.1)"
207.46.13.135 - - [28/Nov/2010:04:50:35 +0100] "GET /index.php?menu_item=item_12514 HTTP/1.0" 200 16966 "-" "Mozilla/5.0 (compatible; bingbot/2.0; +http://www.bing.com/bingbot.htm)"
178.154.163.29 - - [28/Nov/2010:04:51:02 +0100] "GET /legal-counsel/employment-contract/employment-contract-signing/ HTTP/1.1" 200 3105 "-" "Mozilla/5.0 (compatible; YandexBot/3.0; +http://yandex.com/bots)"
85.10.36.100 - - [28/Nov/2010:04:53:09 +0100] "GET / HTTP/1.1" 301 360 "-" "Mozilla/5.0 (compatible; Najdi.si/3.1)"
85.10.36.100 - - [28/Nov/2010:04:53:09 +0100] "GET / HTTP/1.1" 200 4031 "-" "Mozilla/5.0 (compatible; Najdi.si/3.1)"
85.10.36.100 - - [28/Nov/2010:04:53:12 +0100] "GET /sitemap.txt.gz HTTP/1.1" 301 374 "-" "Mozilla/5.0 (compatible; Najdi.si/3.1)"
85.10.36.100 - - [28/Nov/2010:04:53:13 +0100] "GET /sitemap.txt.gz HTTP/1.1" 404 - "-" "Mozilla/5.0 (compatible; Najdi.si/3.1)"
85.10.36.100 - - [28/Nov/2010:04:53:13 +0100] "GET /sitemap.xml.gz HTTP/1.1" 301 374 "-" "Mozilla/5.0 (compatible; Najdi.si/3.1)"
85.10.36.100 - - [28/Nov/2010:04:53:13 +0100] "GET /sitemap.xml.gz HTTP/1.1" 404 - "-" "Mozilla/5.0 (compatible; Najdi.si/3.1)"
85.10.36.100 - - [28/Nov/2010:04:53:14 +0100] "GET /sitemap.xml HTTP/1.1" 301 371 "-" "Mozilla/5.0 (compatible; Najdi.si/3.1)"
85.10.36.100 - - [28/Nov/2010:04:53:15 +0100] "GET /sitemap.xml HTTP/1.1" 404 - "-" "Mozilla/5.0 (compatible; Najdi.si/3.1)"
85.10.36.100 - - [28/Nov/2010:04:54:58 +0100] "GET / HTTP/1.1" 200 12720 "-" "Mozilla/5.0 (compatible; Najdi.si/3.1)"
85.10.36.100 - - [28/Nov/2010:04:55:04 +0100] "GET /sitemap.txt.gz HTTP/1.1" 404 349 "-" "Mozilla/5.0 (compatible; Najdi.si/3.1)"
85.10.36.100 - - [28/Nov/2010:04:55:04 +0100] "GET /sitemap.xml.gz HTTP/1.1" 404 349 "-" "Mozilla/5.0 (compatible; Najdi.si/3.1)"
85.10.36.100 - - [28/Nov/2010:04:55:04 +0100] "GET /sitemap.xml HTTP/1.1" 404 346 "-" "Mozilla/5.0 (compatible; Najdi.si/3.1)"
81.52.143.26 - - [28/Nov/2010:05:08:48 +0100] "GET /iskanje-in-izbor-kadrov/postopek-iskanja-in-izbora-kadrov/ HTTP/1.1" 200 4085 "-" "Mozilla/5.0 (Windows; U; Windows NT 5.1; fr; rv:1.8.1) VoilaBot BETA 1.2 (support.voilabot@orange-ftgroup.com)"
85.230.95.144 - - [28/Nov/2010:05:09:47 +0100] "GET / HTTP/1.0" 301 356 "-" "-"
85.230.95.144 - - [28/Nov/2010:05:09:47 +0100] "GET / HTTP/1.0" 200 20010 "-" "-"
207.46.199.44 - - [28/Nov/2010:05:10:05 +0100] "GET /karierno-svetovanje/karierni-programi-za-sole/ HTTP/1.1" 200 6242 "-" "Mozilla/5.0 (compatible; bingbot/2.0; +http://www.bing.com/bingbot.htm)"
85.10.32.222 - - [28/Nov/2010:05:12:23 +0100] "GET /kadis_dela.php HTTP/1.0" 200 14470 "-" "-"
178.154.163.29 - - [28/Nov/2010:05:21:29 +0100] "GET /employment/register-to-database-of-job-seekers-sl-only/ HTTP/1.1" 200 2586 "-" "Mozilla/5.0 (compatible; YandexBot/3.0; +http://yandex.com/bots)"
85.10.36.100 - - [28/Nov/2010:05:22:38 +0100] "GET / HTTP/1.1" 301 360 "-" "Mozilla/5.0 (compatible; Najdi.si/3.1)"
85.10.36.100 - - [28/Nov/2010:05:22:38 +0100] "GET / HTTP/1.1" 200 4031 "-" "Mozilla/5.0 (compatible; Najdi.si/3.1)"
85.10.36.100 - - [28/Nov/2010:05:22:39 +0100] "GET /sitemap.txt.gz HTTP/1.1" 301 374 "-" "Mozilla/5.0 (compatible; Najdi.si/3.1)"
85.10.36.100 - - [28/Nov/2010:05:22:39 +0100] "GET /sitemap.txt.gz HTTP/1.1" 404 - "-" "Mozilla/5.0 (compatible; Najdi.si/3.1)"
85.10.36.100 - - [28/Nov/2010:05:22:39 +0100] "GET /sitemap.xml.gz HTTP/1.1" 301 374 "-" "Mozilla/5.0 (compatible; Najdi.si/3.1)"
85.10.36.100 - - [28/Nov/2010:05:22:39 +0100] "GET /sitemap.xml.gz HTTP/1.1" 404 - "-" "Mozilla/5.0 (compatible; Najdi.si/3.1)"
85.10.36.100 - - [28/Nov/2010:05:22:39 +0100] "GET /sitemap.xml HTTP/1.1" 301 371 "-" "Mozilla/5.0 (compatible; Najdi.si/3.1)"
85.10.36.100 - - [28/Nov/2010:05:22:39 +0100] "GET /sitemap.xml HTTP/1.1" 404 - "-" "Mozilla/5.0 (compatible; Najdi.si/3.1)"
65.52.110.69 - - [28/Nov/2010:05:23:44 +0100] "GET /robots.txt HTTP/1.1" 200 147 "-" "Mozilla/5.0 (compatible; bingbot/2.0; +http://www.bing.com/bingbot.htm)"
207.46.13.47 - - [28/Nov/2010:05:32:06 +0100] "GET /zaposlitev/predstavitev/ HTTP/1.1" 200 3515 "-" "Mozilla/5.0 (compatible; bingbot/2.0; +http://www.bing.com/bingbot.htm)"
81.52.143.16 - - [28/Nov/2010:05:34:05 +0100] "GET /zaposlitev/ HTTP/1.1" 200 3515 "-" "Mozilla/5.0 (Windows; U; Windows NT 5.1; fr; rv:1.8.1) VoilaBot BETA 1.2 (support.voilabot@orange-ftgroup.com)"
67.195.115.49 - - [28/Nov/2010:05:39:45 +0100] "GET /career-development/ HTTP/1.0" 200 3107 "-" "Mozilla/5.0 (compatible; Yahoo! Slurp; http://help.yahoo.com/help/us/ysearch/slurp)"
65.52.110.69 - - [28/Nov/2010:05:44:06 +0100] "GET /index.php?menu_item=item_10380 HTTP/1.1" 200 2859 "-" "Mozilla/5.0 (compatible; bingbot/2.0; +http://www.bing.com/bingbot.htm)"
67.195.110.172 - - [28/Nov/2010:05:44:45 +0100] "GET /index.php?menu_item=item_13624 HTTP/1.0" 200 3129 "-" "Mozilla/5.0 (compatible; Yahoo! Slurp; http://help.yahoo.com/help/us/ysearch/slurp)"
85.10.36.100 - - [28/Nov/2010:05:47:02 +0100] "GET /index.php?menu_item=item_9961 HTTP/1.1" 200 3620 "-" "Mozilla/5.0 (compatible; Najdi.si/3.1)"
81.52.143.33 - - [28/Nov/2010:05:49:41 +0100] "GET /vizitka/kontaktni-podatki/ HTTP/1.1" 200 3969 "-" "Mozilla/5.0 (Windows; U; Windows NT 5.1; fr; rv:1.8.1) VoilaBot BETA 1.2 (support.voilabot@orange-ftgroup.com)"
207.46.199.185 - - [28/Nov/2010:05:51:46 +0100] "GET /robots.txt HTTP/1.1" 200 147 "-" "Mozilla/5.0 (compatible; bingbot/2.0; +http://www.bing.com/bingbot.htm)"
85.10.36.100 - - [28/Nov/2010:05:52:45 +0100] "GET / HTTP/1.1" 301 360 "-" "Mozilla/5.0 (compatible; Najdi.si/3.1)"
85.10.36.100 - - [28/Nov/2010:05:52:47 +0100] "GET / HTTP/1.1" 200 4031 "-" "Mozilla/5.0 (compatible; Najdi.si/3.1)"
85.10.36.100 - - [28/Nov/2010:05:52:49 +0100] "GET /sitemap.txt.gz HTTP/1.1" 301 374 "-" "Mozilla/5.0 (compatible; Najdi.si/3.1)"
85.10.36.100 - - [28/Nov/2010:05:52:49 +0100] "GET /sitemap.txt.gz HTTP/1.1" 404 - "-" "Mozilla/5.0 (compatible; Najdi.si/3.1)"
85.10.36.100 - - [28/Nov/2010:05:52:50 +0100] "GET /sitemap.xml.gz HTTP/1.1" 301 374 "-" "Mozilla/5.0 (compatible; Najdi.si/3.1)"
85.10.36.100 - - [28/Nov/2010:05:52:50 +0100] "GET /sitemap.xml.gz HTTP/1.1" 404 - "-" "Mozilla/5.0 (compatible; Najdi.si/3.1)"
85.10.36.100 - - [28/Nov/2010:05:52:50 +0100] "GET /sitemap.xml HTTP/1.1" 301 371 "-" "Mozilla/5.0 (compatible; Najdi.si/3.1)"
85.10.36.100 - - [28/Nov/2010:05:52:50 +0100] "GET /sitemap.xml HTTP/1.1" 404 - "-" "Mozilla/5.0 (compatible; Najdi.si/3.1)"
67.195.110.172 - - [28/Nov/2010:05:54:35 +0100] "GET /index.php?menu_item=item_4953 HTTP/1.0" 200 31322 "-" "Mozilla/5.0 (compatible; Yahoo! Slurp; http://help.yahoo.com/help/us/ysearch/slurp)"
