66.249.65.215 - - [27/Nov/2010:23:11:17 +0100] "GET /robots.txt HTTP/1.1" 200 147 "-" "Mozilla/5.0 (compatible; Googlebot/2.1; +http://www.google.com/bot.html)"
66.249.65.215 - - [27/Nov/2010:23:11:17 +0100] "GET / HTTP/1.1" 200 1725 "-" "Mozilla/5.0 (compatible; Googlebot/2.1; +http://www.google.com/bot.html)"
208.80.194.33 - - [28/Nov/2010:01:03:39 +0100] "GET / HTTP/1.0" 200 4447 "-" "Mozilla/4.0 (compatible; MSIE 7.0; Windows NT 5.1; FunWebProducts; .NET CLR 1.1.4322; IEMB3; MEGAUPLOAD 1.0; IEMB3)"
95.108.150.235 - - [28/Nov/2010:14:28:28 +0100] "GET /robots.txt HTTP/1.1" 200 147 "-" "Mozilla/5.0 (compatible; YandexBot/3.0; MirrorDetector; +http://yandex.com/bots)"
95.108.150.235 - - [28/Nov/2010:14:28:29 +0100] "GET / HTTP/1.1" 200 1725 "-" "Mozilla/5.0 (compatible; YandexBot/3.0; MirrorDetector; +http://yandex.com/bots)"
95.108.150.235 - - [28/Nov/2010:14:28:30 +0100] "GET / HTTP/1.1" 200 1725 "-" "Mozilla/5.0 (compatible; YandexBot/3.0; MirrorDetector; +http://yandex.com/bots)"
66.249.65.215 - - [28/Nov/2010:20:49:41 +0100] "GET /robots.txt HTTP/1.1" 200 147 "-" "Mozilla/5.0 (compatible; Googlebot/2.1; +http://www.google.com/bot.html)"
208.80.194.33 - - [29/Nov/2010:13:42:06 +0100] "GET / HTTP/1.0" 200 4447 "-" "Mozilla/4.0 (compatible; MSIE 7.0; Windows NT 6.0; SLCC1; .NET CLR 2.0.50727; Media Center PC 5.0; .NET CLR 3.0.04506; .NET CLR 1.1.4322; UGDC 1.1.33.0)"
67.195.110.186 - - [29/Nov/2010:22:46:50 +0100] "GET /robots.txt HTTP/1.0" 200 147 "-" "Mozilla/5.0 (compatible; Yahoo! Slurp; http://help.yahoo.com/help/us/ysearch/slurp)"
67.195.110.186 - - [29/Nov/2010:22:46:51 +0100] "GET /authors/ HTTP/1.0" 200 1577 "-" "Mozilla/5.0 (compatible; Yahoo! Slurp; http://help.yahoo.com/help/us/ysearch/slurp)"
67.195.110.186 - - [29/Nov/2010:22:47:57 +0100] "GET /authors/ HTTP/1.0" 200 1577 "-" "Mozilla/5.0 (compatible; Yahoo! Slurp; http://help.yahoo.com/help/us/ysearch/slurp)"
66.249.65.215 - - [30/Nov/2010:00:17:27 +0100] "GET /robots.txt HTTP/1.1" 200 147 "-" "Mozilla/5.0 (compatible; Googlebot/2.1; +http://www.google.com/bot.html)"
207.46.13.44 - - [30/Nov/2010:03:52:23 +0100] "GET /robots.txt HTTP/1.1" 200 147 "-" "Mozilla/5.0 (compatible; bingbot/2.0; +http://www.bing.com/bingbot.htm)"
207.46.13.44 - - [30/Nov/2010:03:55:34 +0100] "GET /publications/ HTTP/1.1" 200 8057 "-" "Mozilla/5.0 (compatible; bingbot/2.0; +http://www.bing.com/bingbot.htm)"
95.108.150.235 - - [30/Nov/2010:14:14:23 +0100] "GET /robots.txt HTTP/1.1" 200 147 "-" "Mozilla/5.0 (compatible; YandexBot/3.0; MirrorDetector; +http://yandex.com/bots)"
95.108.150.235 - - [30/Nov/2010:14:14:24 +0100] "GET / HTTP/1.1" 200 1725 "-" "Mozilla/5.0 (compatible; YandexBot/3.0; MirrorDetector; +http://yandex.com/bots)"
95.108.150.235 - - [30/Nov/2010:14:14:26 +0100] "GET / HTTP/1.1" 200 1725 "-" "Mozilla/5.0 (compatible; YandexBot/3.0; MirrorDetector; +http://yandex.com/bots)"
66.249.65.215 - - [30/Nov/2010:22:51:32 +0100] "GET /robots.txt HTTP/1.1" 200 147 "-" "Mozilla/5.0 (compatible; Googlebot/2.1; +http://www.google.com/bot.html)"
184.72.213.132 - - [01/Dec/2010:01:50:30 +0100] "GET / HTTP/1.1" 301 359 "-" "Mozilla/5.0 (Windows; U; Windows NT 6.1; en-US; rv:1.9.2.12) Gecko/20101026 Firefox/3.6.12"
208.80.194.37 - - [01/Dec/2010:02:36:09 +0100] "GET / HTTP/1.0" 200 4447 "-" "Mozilla/4.0 (compatible; MSIE 6.0; Windows NT 5.1; SV1; Mailinfo [783752]; .NET CLR 1.1.4322; HbTools 4.7.5; InfoPath.1; .NET CLR 2.0.50727)"
67.195.110.186 - - [01/Dec/2010:03:12:38 +0100] "GET /robots.txt HTTP/1.0" 200 147 "-" "Mozilla/5.0 (compatible; Yahoo! Slurp; http://help.yahoo.com/help/us/ysearch/slurp)"
67.195.110.186 - - [01/Dec/2010:03:12:39 +0100] "GET /login/ HTTP/1.0" 200 1935 "-" "Mozilla/5.0 (compatible; Yahoo! Slurp; http://help.yahoo.com/help/us/ysearch/slurp)"
66.249.71.100 - - [01/Dec/2010:20:15:06 +0100] "GET /robots.txt HTTP/1.1" 200 147 "-" "Mozilla/5.0 (compatible; Googlebot/2.1; +http://www.google.com/bot.html)"
174.129.117.237 - - [02/Dec/2010:02:20:42 +0100] "HEAD / HTTP/1.1" 301 - "-" "Mozilla/5.0 (compatible; AboutUsBot Johnny5/2.0; +http://www.AboutUs.org/)"
216.145.5.42 - - [02/Dec/2010:04:04:43 +0100] "GET /robots.txt HTTP/1.0" 301 373 "-" "Mozilla/5.0 (Windows; U; Windows NT 5.1; en; rv:1.9.0.13) Gecko/2009073022 Firefox/3.5.2 (.NET CLR 3.5.30729) SurveyBot/2.3 (DomainTools)"
216.145.5.42 - - [02/Dec/2010:04:04:44 +0100] "GET / HTTP/1.1" 301 363 "http://whois.domaintools.com/inerhc.com" "Mozilla/5.0 (Windows; U; Windows NT 5.1; en; rv:1.9.0.13) Gecko/2009073022 Firefox/3.5.2 (.NET CLR 3.5.30729) SurveyBot/2.3 (DomainTools)"
216.145.5.42 - - [02/Dec/2010:04:04:44 +0100] "GET / HTTP/1.1" 200 1725 "http://whois.domaintools.com/inerhc.com" "Mozilla/5.0 (Windows; U; Windows NT 5.1; en; rv:1.9.0.13) Gecko/2009073022 Firefox/3.5.2 (.NET CLR 3.5.30729) SurveyBot/2.3 (DomainTools)"
65.52.109.61 - - [02/Dec/2010:04:24:53 +0100] "GET /robots.txt HTTP/1.1" 301 373 "-" "Mozilla/5.0 (compatible; bingbot/2.0; +http://www.bing.com/bingbot.htm)"
65.52.109.61 - - [02/Dec/2010:04:33:50 +0100] "GET /robots.txt HTTP/1.1" 301 373 "-" "Mozilla/5.0 (compatible; bingbot/2.0; +http://www.bing.com/bingbot.htm)"
65.52.109.61 - - [02/Dec/2010:04:50:41 +0100] "GET /robots.txt HTTP/1.1" 301 373 "-" "Mozilla/5.0 (compatible; bingbot/2.0; +http://www.bing.com/bingbot.htm)"
65.52.109.61 - - [02/Dec/2010:05:17:30 +0100] "GET /robots.txt HTTP/1.1" 301 373 "-" "Mozilla/5.0 (compatible; bingbot/2.0; +http://www.bing.com/bingbot.htm)"
65.52.109.61 - - [02/Dec/2010:05:52:02 +0100] "GET /robots.txt HTTP/1.1" 301 373 "-" "Mozilla/5.0 (compatible; bingbot/2.0; +http://www.bing.com/bingbot.htm)"
65.52.109.61 - - [02/Dec/2010:06:33:12 +0100] "GET /robots.txt HTTP/1.1" 301 373 "-" "Mozilla/5.0 (compatible; bingbot/2.0; +http://www.bing.com/bingbot.htm)"
65.52.109.61 - - [02/Dec/2010:06:42:45 +0100] "GET /robots.txt HTTP/1.1" 301 373 "-" "Mozilla/5.0 (compatible; bingbot/2.0; +http://www.bing.com/bingbot.htm)"
65.52.109.61 - - [02/Dec/2010:07:00:50 +0100] "GET /robots.txt HTTP/1.1" 301 373 "-" "Mozilla/5.0 (compatible; bingbot/2.0; +http://www.bing.com/bingbot.htm)"
65.52.109.61 - - [02/Dec/2010:07:25:08 +0100] "GET /robots.txt HTTP/1.1" 301 373 "-" "Mozilla/5.0 (compatible; bingbot/2.0; +http://www.bing.com/bingbot.htm)"
207.46.204.232 - - [02/Dec/2010:07:26:49 +0100] "GET /robots.txt HTTP/1.1" 200 147 "-" "Mozilla/5.0 (compatible; bingbot/2.0; +http://www.bing.com/bingbot.htm)"
207.46.204.232 - - [02/Dec/2010:07:29:25 +0100] "GET /contact/ HTTP/1.1" 200 1863 "-" "Mozilla/5.0 (compatible; bingbot/2.0; +http://www.bing.com/bingbot.htm)"
65.52.109.61 - - [02/Dec/2010:07:57:39 +0100] "GET /robots.txt HTTP/1.1" 301 373 "-" "Mozilla/5.0 (compatible; bingbot/2.0; +http://www.bing.com/bingbot.htm)"
65.52.109.61 - - [02/Dec/2010:08:39:01 +0100] "GET /robots.txt HTTP/1.1" 301 373 "-" "Mozilla/5.0 (compatible; bingbot/2.0; +http://www.bing.com/bingbot.htm)"
65.52.109.61 - - [02/Dec/2010:08:48:24 +0100] "GET /robots.txt HTTP/1.1" 301 373 "-" "Mozilla/5.0 (compatible; bingbot/2.0; +http://www.bing.com/bingbot.htm)"
65.52.109.61 - - [02/Dec/2010:09:07:43 +0100] "GET /robots.txt HTTP/1.1" 301 373 "-" "Mozilla/5.0 (compatible; bingbot/2.0; +http://www.bing.com/bingbot.htm)"
65.52.109.61 - - [02/Dec/2010:09:32:08 +0100] "GET /robots.txt HTTP/1.1" 301 373 "-" "Mozilla/5.0 (compatible; bingbot/2.0; +http://www.bing.com/bingbot.htm)"
65.52.109.61 - - [02/Dec/2010:10:04:49 +0100] "GET /robots.txt HTTP/1.1" 301 373 "-" "Mozilla/5.0 (compatible; bingbot/2.0; +http://www.bing.com/bingbot.htm)"
65.52.109.61 - - [02/Dec/2010:10:46:46 +0100] "GET /robots.txt HTTP/1.1" 301 373 "-" "Mozilla/5.0 (compatible; bingbot/2.0; +http://www.bing.com/bingbot.htm)"
65.52.109.61 - - [02/Dec/2010:10:56:44 +0100] "GET /robots.txt HTTP/1.1" 301 373 "-" "Mozilla/5.0 (compatible; bingbot/2.0; +http://www.bing.com/bingbot.htm)"
65.52.109.61 - - [02/Dec/2010:11:15:59 +0100] "GET /robots.txt HTTP/1.1" 301 373 "-" "Mozilla/5.0 (compatible; bingbot/2.0; +http://www.bing.com/bingbot.htm)"
65.52.109.61 - - [02/Dec/2010:11:40:33 +0100] "GET /robots.txt HTTP/1.1" 301 373 "-" "Mozilla/5.0 (compatible; bingbot/2.0; +http://www.bing.com/bingbot.htm)"
65.52.109.61 - - [02/Dec/2010:12:14:16 +0100] "GET /robots.txt HTTP/1.1" 301 373 "-" "Mozilla/5.0 (compatible; bingbot/2.0; +http://www.bing.com/bingbot.htm)"
65.52.109.61 - - [02/Dec/2010:12:55:22 +0100] "GET /robots.txt HTTP/1.1" 301 373 "-" "Mozilla/5.0 (compatible; bingbot/2.0; +http://www.bing.com/bingbot.htm)"
65.52.109.61 - - [02/Dec/2010:13:03:55 +0100] "GET /robots.txt HTTP/1.1" 301 373 "-" "Mozilla/5.0 (compatible; bingbot/2.0; +http://www.bing.com/bingbot.htm)"
65.52.109.61 - - [02/Dec/2010:13:22:42 +0100] "GET /robots.txt HTTP/1.1" 301 373 "-" "Mozilla/5.0 (compatible; bingbot/2.0; +http://www.bing.com/bingbot.htm)"
65.52.109.61 - - [02/Dec/2010:13:48:30 +0100] "GET /robots.txt HTTP/1.1" 301 373 "-" "Mozilla/5.0 (compatible; bingbot/2.0; +http://www.bing.com/bingbot.htm)"
65.52.109.61 - - [02/Dec/2010:14:21:35 +0100] "GET /robots.txt HTTP/1.1" 301 373 "-" "Mozilla/5.0 (compatible; bingbot/2.0; +http://www.bing.com/bingbot.htm)"
95.108.150.235 - - [02/Dec/2010:14:36:36 +0100] "GET /robots.txt HTTP/1.1" 200 147 "-" "Mozilla/5.0 (compatible; YandexBot/3.0; MirrorDetector; +http://yandex.com/bots)"
95.108.150.235 - - [02/Dec/2010:14:36:37 +0100] "GET / HTTP/1.1" 200 1725 "-" "Mozilla/5.0 (compatible; YandexBot/3.0; MirrorDetector; +http://yandex.com/bots)"
95.108.150.235 - - [02/Dec/2010:14:36:38 +0100] "GET / HTTP/1.1" 200 1725 "-" "Mozilla/5.0 (compatible; YandexBot/3.0; MirrorDetector; +http://yandex.com/bots)"
65.52.109.61 - - [02/Dec/2010:15:02:54 +0100] "GET /robots.txt HTTP/1.1" 301 373 "-" "Mozilla/5.0 (compatible; bingbot/2.0; +http://www.bing.com/bingbot.htm)"
208.80.194.29 - - [02/Dec/2010:15:46:39 +0100] "GET / HTTP/1.0" 200 4447 "-" "Mozilla/4.0 (compatible; MSIE 6.0; Windows NT 5.1; Q312461; SV1; .NET CLR 2.0.50727; .NET CLR 1.1.4322; InfoPath.2)"
65.52.109.61 - - [02/Dec/2010:15:52:24 +0100] "GET /robots.txt HTTP/1.1" 301 373 "-" "Mozilla/5.0 (compatible; bingbot/2.0; +http://www.bing.com/bingbot.htm)"
65.52.109.61 - - [02/Dec/2010:16:01:57 +0100] "GET /robots.txt HTTP/1.1" 301 373 "-" "Mozilla/5.0 (compatible; bingbot/2.0; +http://www.bing.com/bingbot.htm)"
65.52.109.61 - - [02/Dec/2010:16:19:15 +0100] "GET /robots.txt HTTP/1.1" 301 373 "-" "Mozilla/5.0 (compatible; bingbot/2.0; +http://www.bing.com/bingbot.htm)"
65.52.109.61 - - [02/Dec/2010:16:43:33 +0100] "GET /robots.txt HTTP/1.1" 301 373 "-" "Mozilla/5.0 (compatible; bingbot/2.0; +http://www.bing.com/bingbot.htm)"
65.52.109.61 - - [02/Dec/2010:17:16:50 +0100] "GET /robots.txt HTTP/1.1" 301 373 "-" "Mozilla/5.0 (compatible; bingbot/2.0; +http://www.bing.com/bingbot.htm)"
207.46.204.222 - - [02/Dec/2010:17:32:36 +0100] "GET /references/ HTTP/1.1" 200 3808 "-" "Mozilla/4.0 (compatible; MSIE 7.0; Windows NT 5.2; SLCC1; .NET CLR 1.1.4322; .NET CLR 2.0.40607; .NET CLR 3.0.04506.648)"
207.46.204.222 - - [02/Dec/2010:17:32:37 +0100] "GET /varpulis/_css/545_default.css HTTP/1.1" 200 36292 "http://en.inerhc.com/references/" "Mozilla/4.0 (compatible; MSIE 7.0; Windows NT 5.2; SLCC1; .NET CLR 1.1.4322; .NET CLR 2.0.40607; .NET CLR 3.0.04506.648)"
207.46.204.222 - - [02/Dec/2010:17:32:38 +0100] "GET /sitedata/545/conf/custom.css.php HTTP/1.1" 200 123 "http://en.inerhc.com/references/" "Mozilla/4.0 (compatible; MSIE 7.0; Windows NT 5.2; SLCC1; .NET CLR 1.1.4322; .NET CLR 2.0.40607; .NET CLR 3.0.04506.648)"
207.46.204.222 - - [02/Dec/2010:17:32:39 +0100] "GET /varpulis/_css/545_print.css HTTP/1.1" 200 14138 "http://en.inerhc.com/references/" "Mozilla/4.0 (compatible; MSIE 7.0; Windows NT 5.2; SLCC1; .NET CLR 1.1.4322; .NET CLR 2.0.40607; .NET CLR 3.0.04506.648)"
207.46.204.222 - - [02/Dec/2010:17:32:40 +0100] "GET /varpulis/_js/basic.js HTTP/1.1" 200 4470 "http://en.inerhc.com/references/" "Mozilla/4.0 (compatible; MSIE 7.0; Windows NT 5.2; SLCC1; .NET CLR 1.1.4322; .NET CLR 2.0.40607; .NET CLR 3.0.04506.648)"
207.46.204.222 - - [02/Dec/2010:17:32:42 +0100] "GET /varpulis/_js/545_menu.js HTTP/1.1" 200 9444 "http://en.inerhc.com/references/" "Mozilla/4.0 (compatible; MSIE 7.0; Windows NT 5.2; SLCC1; .NET CLR 1.1.4322; .NET CLR 2.0.40607; .NET CLR 3.0.04506.648)"
207.46.204.222 - - [02/Dec/2010:17:32:43 +0100] "GET /imageFill.php?source=themes/Zaba/images/ul1.png&color=0071B2 HTTP/1.1" 200 61 "http://en.inerhc.com/references/" "Mozilla/4.0 (compatible; MSIE 7.0; Windows NT 5.2; SLCC1; .NET CLR 1.1.4322; .NET CLR 2.0.40607; .NET CLR 3.0.04506.648)"
207.46.204.222 - - [02/Dec/2010:17:32:44 +0100] "GET /getfile.php?idHash=7cc5b6e04ab84170272cb29ab2da2dc5 HTTP/1.1" 200 5568 "http://en.inerhc.com/references/" "Mozilla/4.0 (compatible; MSIE 7.0; Windows NT 5.2; SLCC1; .NET CLR 1.1.4322; .NET CLR 2.0.40607; .NET CLR 3.0.04506.648)"
65.52.109.61 - - [02/Dec/2010:17:56:57 +0100] "GET /robots.txt HTTP/1.1" 301 373 "-" "Mozilla/5.0 (compatible; bingbot/2.0; +http://www.bing.com/bingbot.htm)"
65.52.109.61 - - [02/Dec/2010:18:45:10 +0100] "GET /robots.txt HTTP/1.1" 301 373 "-" "Mozilla/5.0 (compatible; bingbot/2.0; +http://www.bing.com/bingbot.htm)"
65.52.109.61 - - [02/Dec/2010:18:53:54 +0100] "GET /robots.txt HTTP/1.1" 301 373 "-" "Mozilla/5.0 (compatible; bingbot/2.0; +http://www.bing.com/bingbot.htm)"
64.120.174.165 - - [02/Dec/2010:19:08:39 +0100] "GET / HTTP/1.1" 301 359 "-" "Mozilla/5.0 (Windows; U; Windows NT 5.1; en-US; rv:1.9.2.6) Gecko/20100625 Firefox/3.6.6"
64.120.174.165 - - [02/Dec/2010:19:08:39 +0100] "GET / HTTP/1.1" 200 4447 "http://INERHC.COM" "Mozilla/5.0 (Windows; U; Windows NT 5.1; en-US; rv:1.9.2.6) Gecko/20100625 Firefox/3.6.6"
65.52.109.61 - - [02/Dec/2010:19:10:48 +0100] "GET /robots.txt HTTP/1.1" 301 373 "-" "Mozilla/5.0 (compatible; bingbot/2.0; +http://www.bing.com/bingbot.htm)"
65.52.109.61 - - [02/Dec/2010:19:36:19 +0100] "GET /robots.txt HTTP/1.1" 301 373 "-" "Mozilla/5.0 (compatible; bingbot/2.0; +http://www.bing.com/bingbot.htm)"
65.52.109.61 - - [02/Dec/2010:20:09:37 +0100] "GET /robots.txt HTTP/1.1" 301 373 "-" "Mozilla/5.0 (compatible; bingbot/2.0; +http://www.bing.com/bingbot.htm)"
65.52.109.61 - - [02/Dec/2010:20:52:05 +0100] "GET /robots.txt HTTP/1.1" 301 373 "-" "Mozilla/5.0 (compatible; bingbot/2.0; +http://www.bing.com/bingbot.htm)"
66.249.71.100 - - [02/Dec/2010:21:36:20 +0100] "GET /robots.txt HTTP/1.1" 200 147 "-" "Mozilla/5.0 (compatible; Googlebot/2.1; +http://www.google.com/bot.html)"
207.46.199.47 - - [03/Dec/2010:03:42:00 +0100] "GET /robots.txt HTTP/1.1" 200 147 "-" "Mozilla/5.0 (compatible; bingbot/2.0; +http://www.bing.com/bingbot.htm)"
207.46.199.47 - - [03/Dec/2010:03:43:24 +0100] "GET /authors/ HTTP/1.1" 200 1577 "-" "Mozilla/5.0 (compatible; bingbot/2.0; +http://www.bing.com/bingbot.htm)"
207.46.12.238 - - [03/Dec/2010:10:41:43 +0100] "GET /robots.txt HTTP/1.1" 200 147 "-" "Mozilla/5.0 (compatible; bingbot/2.0; +http://www.bing.com/bingbot.htm)"
69.28.58.21 - - [03/Dec/2010:10:42:13 +0100] "GET /robots.txt HTTP/1.0" 200 147 "-" "page_test (larbin2.6.3@unspecified.mail)"
69.28.58.21 - - [03/Dec/2010:10:42:13 +0100] "GET / HTTP/1.0" 200 4447 "-" "page_test larbin2.6.3@unspecified.mail"
207.46.12.238 - - [03/Dec/2010:10:50:25 +0100] "GET /references/ HTTP/1.1" 200 3808 "-" "Mozilla/5.0 (compatible; bingbot/2.0; +http://www.bing.com/bingbot.htm)"
66.249.65.215 - - [03/Dec/2010:21:13:10 +0100] "GET /robots.txt HTTP/1.1" 200 147 "-" "Mozilla/5.0 (compatible; Googlebot/2.1; +http://www.google.com/bot.html)"
92.243.84.187 - - [03/Dec/2010:21:59:06 +0100] "GET /plugins/editors/tinymce/jscripts/tiny_mce/plugins/tinybrowser/tinybrowser.php?type=file&folder= HTTP/1.0" 404 - "http://en.inerhc.com/plugins/editors/tinymce/jscripts/tiny_mce/plugins/tinybrowser/tinybrowser.php?type=file&folder=" "Mozilla/4.0 (compatible; MSIE 6.0; Windows 98; Win 9x 4.90)"
184.73.1.79 - - [03/Dec/2010:23:55:11 +0100] "GET / HTTP/1.0" 301 363 "-" "Mozilla/5.0 (compatible; NetcraftSurveyAgent/1.0; +info@netcraft.com)"
184.73.1.79 - - [03/Dec/2010:23:55:25 +0100] "GET / HTTP/1.0" 200 4447 "-" "Mozilla/5.0 (compatible; NetcraftSurveyAgent/1.0; +info@netcraft.com)"
207.46.195.234 - - [04/Dec/2010:01:08:41 +0100] "GET /robots.txt HTTP/1.1" 200 147 "-" "Mozilla/5.0 (compatible; bingbot/2.0; +http://www.bing.com/bingbot.htm)"
50.16.87.67 - - [04/Dec/2010:01:38:17 +0100] "GET / HTTP/1.0" 200 4447 "-" "Mozilla/5.0 (compatible; NetcraftSurveyAgent/1.0; +info@netcraft.com)"
207.46.195.234 - - [04/Dec/2010:01:48:24 +0100] "GET /login/ HTTP/1.1" 200 1935 "-" "Mozilla/5.0 (compatible; bingbot/2.0; +http://www.bing.com/bingbot.htm)"
65.52.110.69 - - [04/Dec/2010:03:47:10 +0100] "GET /robots.txt HTTP/1.1" 200 147 "-" "Mozilla/5.0 (compatible; bingbot/2.0; +http://www.bing.com/bingbot.htm)"
65.52.110.69 - - [04/Dec/2010:03:59:26 +0100] "GET /intro/ HTTP/1.1" 200 1725 "-" "Mozilla/5.0 (compatible; bingbot/2.0; +http://www.bing.com/bingbot.htm)"
24.230.212.217 - - [04/Dec/2010:03:59:44 +0100] "GET / HTTP/1.0" 200 1725 "-" "Mozilla/4.0 (compatible; MSIE 6.0; Windows NT 5.1; SV1; .NET CLR 1.1.4322)"
208.80.194.32 - - [04/Dec/2010:04:52:13 +0100] "GET / HTTP/1.0" 200 4447 "-" "Mozilla/4.0 (compatible; MSIE 7.0; Windows NT 5.1; YPC 3.2.0; .NET CLR 1.1.4322; ZangoToolbar 4.8.3; yplus 4.1.00d)"
207.46.12.241 - - [04/Dec/2010:07:25:11 +0100] "GET /robots.txt HTTP/1.1" 200 147 "-" "Mozilla/5.0 (compatible; bingbot/2.0; +http://www.bing.com/bingbot.htm)"
207.46.12.241 - - [04/Dec/2010:07:28:55 +0100] "GET / HTTP/1.1" 200 1725 "-" "Mozilla/5.0 (compatible; bingbot/2.0; +http://www.bing.com/bingbot.htm)"
66.45.246.226 - - [04/Dec/2010:09:55:21 +0100] "GET / HTTP/1.1" 301 359 "-" "Mozilla/5.0 (Windows; U; Windows NT 5.1; en-US; rv:1.9.2.6) Gecko/20100625 Firefox/3.6.6"
66.45.246.226 - - [04/Dec/2010:09:55:22 +0100] "GET / HTTP/1.1" 200 4447 "http://INERHC.COM" "Mozilla/5.0 (Windows; U; Windows NT 5.1; en-US; rv:1.9.2.6) Gecko/20100625 Firefox/3.6.6"
95.108.150.235 - - [04/Dec/2010:16:24:26 +0100] "GET /robots.txt HTTP/1.1" 200 147 "-" "Mozilla/5.0 (compatible; YandexBot/3.0; MirrorDetector; +http://yandex.com/bots)"
95.108.150.235 - - [04/Dec/2010:16:24:27 +0100] "GET / HTTP/1.1" 200 1725 "-" "Mozilla/5.0 (compatible; YandexBot/3.0; MirrorDetector; +http://yandex.com/bots)"
95.108.150.235 - - [04/Dec/2010:16:24:36 +0100] "GET / HTTP/1.1" 200 1725 "-" "Mozilla/5.0 (compatible; YandexBot/3.0; MirrorDetector; +http://yandex.com/bots)"
66.249.65.215 - - [04/Dec/2010:22:02:11 +0100] "GET /robots.txt HTTP/1.1" 200 147 "-" "Mozilla/5.0 (compatible; Googlebot/2.1; +http://www.google.com/bot.html)"
66.249.65.215 - - [04/Dec/2010:22:33:07 +0100] "GET /contact/ HTTP/1.1" 200 1863 "-" "Mozilla/5.0 (compatible; Googlebot/2.1; +http://www.google.com/bot.html)"
207.46.199.30 - - [05/Dec/2010:09:56:55 +0100] "GET /references/ HTTP/1.1" 200 3808 "-" "Mozilla/4.0 (compatible; MSIE 7.0; Windows NT 5.2; SLCC1; .NET CLR 1.1.4322; .NET CLR 2.0.40607; .NET CLR 3.0.04506.648)"
207.46.199.30 - - [05/Dec/2010:09:57:00 +0100] "GET /varpulis/_css/545_default.css HTTP/1.1" 200 36292 "http://en.inerhc.com/references/" "Mozilla/4.0 (compatible; MSIE 7.0; Windows NT 5.2; SLCC1; .NET CLR 1.1.4322; .NET CLR 2.0.40607; .NET CLR 3.0.04506.648)"
207.46.199.30 - - [05/Dec/2010:09:57:01 +0100] "GET /varpulis/_css/545_print.css HTTP/1.1" 200 14138 "http://en.inerhc.com/references/" "Mozilla/4.0 (compatible; MSIE 7.0; Windows NT 5.2; SLCC1; .NET CLR 1.1.4322; .NET CLR 2.0.40607; .NET CLR 3.0.04506.648)"
207.46.199.30 - - [05/Dec/2010:09:57:01 +0100] "GET /sitedata/545/conf/custom.css.php HTTP/1.1" 200 123 "http://en.inerhc.com/references/" "Mozilla/4.0 (compatible; MSIE 7.0; Windows NT 5.2; SLCC1; .NET CLR 1.1.4322; .NET CLR 2.0.40607; .NET CLR 3.0.04506.648)"
207.46.199.30 - - [05/Dec/2010:09:57:01 +0100] "GET /varpulis/_js/basic.js HTTP/1.1" 200 4470 "http://en.inerhc.com/references/" "Mozilla/4.0 (compatible; MSIE 7.0; Windows NT 5.2; SLCC1; .NET CLR 1.1.4322; .NET CLR 2.0.40607; .NET CLR 3.0.04506.648)"
207.46.199.30 - - [05/Dec/2010:09:57:05 +0100] "GET /varpulis/_js/545_menu.js HTTP/1.1" 200 9444 "http://en.inerhc.com/references/" "Mozilla/4.0 (compatible; MSIE 7.0; Windows NT 5.2; SLCC1; .NET CLR 1.1.4322; .NET CLR 2.0.40607; .NET CLR 3.0.04506.648)"
207.46.199.30 - - [05/Dec/2010:09:57:08 +0100] "GET /imageFill.php?source=themes/Zaba/images/ul1.png&color=0071B2 HTTP/1.1" 200 61 "http://en.inerhc.com/references/" "Mozilla/4.0 (compatible; MSIE 7.0; Windows NT 5.2; SLCC1; .NET CLR 1.1.4322; .NET CLR 2.0.40607; .NET CLR 3.0.04506.648)"
207.46.199.30 - - [05/Dec/2010:09:57:12 +0100] "GET /getfile.php?idHash=7cc5b6e04ab84170272cb29ab2da2dc5 HTTP/1.1" 200 5568 "http://en.inerhc.com/references/" "Mozilla/4.0 (compatible; MSIE 7.0; Windows NT 5.2; SLCC1; .NET CLR 1.1.4322; .NET CLR 2.0.40607; .NET CLR 3.0.04506.648)"
208.80.194.33 - - [05/Dec/2010:18:04:29 +0100] "GET / HTTP/1.0" 200 4447 "-" "Mozilla/4.0 (compatible; MSIE 7.0; AOL 9.0; Windows NT 5.1; FunWebProducts; .NET CLR 1.0.3705; .NET CLR 1.1.4322; SpamBlockerUtility 4.7.1; HbTools 4.7.3; Media Center PC 2.8; Windows-Media-Player/10.00.00.3990)"
66.249.65.215 - - [05/Dec/2010:21:05:31 +0100] "GET /robots.txt HTTP/1.1" 200 147 "-" "Mozilla/5.0 (compatible; Googlebot/2.1; +http://www.google.com/bot.html)"
66.249.65.211 - - [06/Dec/2010:20:46:52 +0100] "GET /robots.txt HTTP/1.1" 200 147 "-" "Mozilla/5.0 (compatible; Googlebot/2.1; +http://www.google.com/bot.html)"
208.80.194.33 - - [07/Dec/2010:07:23:33 +0100] "GET / HTTP/1.0" 200 4447 "-" "Mozilla/4.0 (compatible; MSIE 7.0; Windows NT 5.1; .NET CLR 1.0.3705; .NET CLR 1.1.4322; Comcast; Comcast)"
67.202.1.23 - - [07/Dec/2010:13:11:51 +0100] "GET /varpulis/_js/basic.js HTTP/1.1" 200 4470 "http://en.inerhc.com/varpulis/_js/basic.js" "Mozilla/4.0 (compatible; MSIE 7.0; Windows NT 5.1)"
67.202.1.23 - - [07/Dec/2010:13:11:51 +0100] "GET /varpulis/_js/545_menu.js HTTP/1.1" 200 9444 "http://en.inerhc.com/varpulis/_js/545_menu.js" "Mozilla/4.0 (compatible; MSIE 7.0; Windows NT 5.1)"
66.249.65.211 - - [07/Dec/2010:19:47:02 +0100] "GET /robots.txt HTTP/1.1" 200 147 "-" "Mozilla/5.0 (compatible; Googlebot/2.1; +http://www.google.com/bot.html)"
207.46.195.242 - - [07/Dec/2010:20:19:42 +0100] "GET /robots.txt HTTP/1.1" 200 147 "-" "Mozilla/5.0 (compatible; bingbot/2.0; +http://www.bing.com/bingbot.htm)"
207.46.195.242 - - [07/Dec/2010:20:25:55 +0100] "GET /legal-notes/ HTTP/1.1" 200 2423 "-" "Mozilla/5.0 (compatible; bingbot/2.0; +http://www.bing.com/bingbot.htm)"
66.249.65.211 - - [07/Dec/2010:21:03:08 +0100] "GET /authors/ HTTP/1.1" 200 1577 "-" "Mozilla/5.0 (compatible; Googlebot/2.1; +http://www.google.com/bot.html)"
95.176.172.70 - - [08/Dec/2010:12:54:05 +0100] "GET /authors/ HTTP/1.1" 200 1577 "http://www.google.co.uk/search?hl=en&q=inerhc+&aq=f&aqi=&aql=&oq=&gs_rfai=" "Mozilla/4.0 (compatible; MSIE 7.0; Windows NT 5.1; .NET CLR 1.1.4322; InfoPath.1; .NET CLR 2.0.50727; .NET CLR 3.0.4506.2152; .NET CLR 3.5.30729)"
95.176.172.70 - - [08/Dec/2010:12:54:06 +0100] "GET /sitedata/545/conf/custom.css.php HTTP/1.1" 200 123 "http://en.inerhc.com/authors/" "Mozilla/4.0 (compatible; MSIE 7.0; Windows NT 5.1; .NET CLR 1.1.4322; InfoPath.1; .NET CLR 2.0.50727; .NET CLR 3.0.4506.2152; .NET CLR 3.5.30729)"
95.176.172.70 - - [08/Dec/2010:12:54:06 +0100] "GET /varpulis/_js/basic.js HTTP/1.1" 200 4470 "http://en.inerhc.com/authors/" "Mozilla/4.0 (compatible; MSIE 7.0; Windows NT 5.1; .NET CLR 1.1.4322; InfoPath.1; .NET CLR 2.0.50727; .NET CLR 3.0.4506.2152; .NET CLR 3.5.30729)"
95.176.172.70 - - [08/Dec/2010:12:54:06 +0100] "GET /varpulis/_css/545_print.css HTTP/1.1" 200 14138 "http://en.inerhc.com/authors/" "Mozilla/4.0 (compatible; MSIE 7.0; Windows NT 5.1; .NET CLR 1.1.4322; InfoPath.1; .NET CLR 2.0.50727; .NET CLR 3.0.4506.2152; .NET CLR 3.5.30729)"
95.176.172.70 - - [08/Dec/2010:12:54:06 +0100] "GET /varpulis/_css/545_default.css HTTP/1.1" 200 36292 "http://en.inerhc.com/authors/" "Mozilla/4.0 (compatible; MSIE 7.0; Windows NT 5.1; .NET CLR 1.1.4322; InfoPath.1; .NET CLR 2.0.50727; .NET CLR 3.0.4506.2152; .NET CLR 3.5.30729)"
95.176.172.70 - - [08/Dec/2010:12:54:06 +0100] "GET /varpulis/_js/545_menu.js HTTP/1.1" 200 9444 "http://en.inerhc.com/authors/" "Mozilla/4.0 (compatible; MSIE 7.0; Windows NT 5.1; .NET CLR 1.1.4322; InfoPath.1; .NET CLR 2.0.50727; .NET CLR 3.0.4506.2152; .NET CLR 3.5.30729)"
95.176.172.70 - - [08/Dec/2010:12:54:06 +0100] "GET /sitedata/545/media/head_z1.jpg HTTP/1.1" 200 4833 "http://en.inerhc.com/authors/" "Mozilla/4.0 (compatible; MSIE 7.0; Windows NT 5.1; .NET CLR 1.1.4322; InfoPath.1; .NET CLR 2.0.50727; .NET CLR 3.0.4506.2152; .NET CLR 3.5.30729)"
95.176.172.70 - - [08/Dec/2010:12:54:06 +0100] "GET /imageFill.php?source=themes/Zaba/images/ul1.png&color=0071B2 HTTP/1.1" 200 61 "http://en.inerhc.com/authors/" "Mozilla/4.0 (compatible; MSIE 7.0; Windows NT 5.1; .NET CLR 1.1.4322; InfoPath.1; .NET CLR 2.0.50727; .NET CLR 3.0.4506.2152; .NET CLR 3.5.30729)"
95.176.172.70 - - [08/Dec/2010:12:54:06 +0100] "GET /sitedata/545/media/page/head_z2.jpg HTTP/1.1" 200 16000 "http://en.inerhc.com/authors/" "Mozilla/4.0 (compatible; MSIE 7.0; Windows NT 5.1; .NET CLR 1.1.4322; InfoPath.1; .NET CLR 2.0.50727; .NET CLR 3.0.4506.2152; .NET CLR 3.5.30729)"
95.176.172.70 - - [08/Dec/2010:12:54:07 +0100] "GET /favicon.ico HTTP/1.1" 404 - "-" "Mozilla/4.0 (compatible; MSIE 7.0; Windows NT 5.1; .NET CLR 1.1.4322; InfoPath.1; .NET CLR 2.0.50727; .NET CLR 3.0.4506.2152; .NET CLR 3.5.30729)"
95.108.150.235 - - [08/Dec/2010:13:33:16 +0100] "GET /robots.txt HTTP/1.1" 200 147 "-" "Mozilla/5.0 (compatible; YandexBot/3.0; MirrorDetector; +http://yandex.com/bots)"
95.108.150.235 - - [08/Dec/2010:13:33:21 +0100] "GET / HTTP/1.1" 200 1725 "-" "Mozilla/5.0 (compatible; YandexBot/3.0; MirrorDetector; +http://yandex.com/bots)"
95.108.150.235 - - [08/Dec/2010:13:33:22 +0100] "GET / HTTP/1.1" 200 1725 "-" "Mozilla/5.0 (compatible; YandexBot/3.0; MirrorDetector; +http://yandex.com/bots)"
208.80.194.30 - - [08/Dec/2010:20:36:40 +0100] "GET / HTTP/1.0" 200 4447 "-" "Mozilla/4.0 (compatible; MSIE 6.0; Windows NT 5.1; {AF41D424-3B8D-BE0B-B73E-C329177CF182}; .NET CLR 1.1.4322)"
66.249.65.211 - - [08/Dec/2010:20:43:16 +0100] "GET /robots.txt HTTP/1.1" 200 147 "-" "Mozilla/5.0 (compatible; Googlebot/2.1; +http://www.google.com/bot.html)"
207.46.199.46 - - [09/Dec/2010:10:04:13 +0100] "GET /robots.txt HTTP/1.1" 200 147 "-" "Mozilla/5.0 (compatible; bingbot/2.0; +http://www.bing.com/bingbot.htm)"
66.249.68.106 - - [09/Dec/2010:19:46:54 +0100] "GET /robots.txt HTTP/1.1" 200 147 "-" "Mozilla/5.0 (compatible; Googlebot/2.1; +http://www.google.com/bot.html)"
208.80.194.26 - - [10/Dec/2010:10:01:48 +0100] "GET / HTTP/1.0" 200 4447 "-" "Mozilla/4.0 (compatible; MSIE 7.0; Windows NT 5.1; Maxthon; .NET CLR 1.0.3705; .NET CLR 1.1.4322; Media Center PC 4.0; .NET CLR 2.0.50727; InfoPath.1; IEMB3; IEMB3)"
95.108.150.235 - - [10/Dec/2010:13:37:57 +0100] "GET /robots.txt HTTP/1.1" 200 147 "-" "Mozilla/5.0 (compatible; YandexBot/3.0; MirrorDetector; +http://yandex.com/bots)"
95.108.150.235 - - [10/Dec/2010:13:37:58 +0100] "GET / HTTP/1.1" 200 1725 "-" "Mozilla/5.0 (compatible; YandexBot/3.0; MirrorDetector; +http://yandex.com/bots)"
95.108.150.235 - - [10/Dec/2010:13:37:59 +0100] "GET / HTTP/1.1" 200 1725 "-" "Mozilla/5.0 (compatible; YandexBot/3.0; MirrorDetector; +http://yandex.com/bots)"
66.249.85.2 - - [10/Dec/2010:17:37:31 +0100] "GET / HTTP/1.1" 301 363 "-" "Feedfetcher-Google; (+http://www.google.com/feedfetcher.html; feed-id=9285649624454206973)"
66.249.85.65 - - [10/Dec/2010:17:37:31 +0100] "GET / HTTP/1.1" 200 1725 "-" "Feedfetcher-Google; (+http://www.google.com/feedfetcher.html; feed-id=9285649624454206973)"
174.129.46.156 - - [10/Dec/2010:18:59:15 +0100] "HEAD / HTTP/1.1" 301 - "-" "curl/7.18.2 (i486-pc-linux-gnu) libcurl/7.18.2 OpenSSL/0.9.8g zlib/1.2.3.3 libidn/1.8"
174.129.46.156 - - [10/Dec/2010:18:59:16 +0100] "HEAD / HTTP/1.1" 200 - "-" "curl/7.18.2 (i486-pc-linux-gnu) libcurl/7.18.2 OpenSSL/0.9.8g zlib/1.2.3.3 libidn/1.8"
174.129.46.156 - - [10/Dec/2010:18:59:17 +0100] "GET / HTTP/1.1" 200 4447 "-" "curl/7.18.2 (i486-pc-linux-gnu) libcurl/7.18.2 OpenSSL/0.9.8g zlib/1.2.3.3 libidn/1.8"
66.249.72.246 - - [10/Dec/2010:19:16:39 +0100] "GET /robots.txt HTTP/1.1" 200 147 "-" "Mozilla/5.0 (compatible; Googlebot/2.1; +http://www.google.com/bot.html)"
66.249.72.246 - - [11/Dec/2010:21:43:06 +0100] "GET /robots.txt HTTP/1.1" 200 147 "-" "Mozilla/5.0 (compatible; Googlebot/2.1; +http://www.google.com/bot.html)"
208.80.194.36 - - [11/Dec/2010:22:50:53 +0100] "GET / HTTP/1.0" 200 4447 "-" "Mozilla/4.0 (compatible; MSIE 7.0; Windows NT 5.1; .NET CLR 1.1.4322; .NET CLR 2.0.50727; IEMB3; InfoPath.2; IEMB3)"
207.46.12.237 - - [12/Dec/2010:07:24:53 +0100] "GET /robots.txt HTTP/1.1" 301 373 "-" "Mozilla/5.0 (compatible; bingbot/2.0; +http://www.bing.com/bingbot.htm)"
207.46.12.237 - - [12/Dec/2010:07:33:50 +0100] "GET /robots.txt HTTP/1.1" 301 373 "-" "Mozilla/5.0 (compatible; bingbot/2.0; +http://www.bing.com/bingbot.htm)"
207.46.12.237 - - [12/Dec/2010:07:51:24 +0100] "GET /robots.txt HTTP/1.1" 301 373 "-" "Mozilla/5.0 (compatible; bingbot/2.0; +http://www.bing.com/bingbot.htm)"
207.46.12.237 - - [12/Dec/2010:08:16:52 +0100] "GET /robots.txt HTTP/1.1" 301 373 "-" "Mozilla/5.0 (compatible; bingbot/2.0; +http://www.bing.com/bingbot.htm)"
207.46.12.237 - - [12/Dec/2010:08:49:55 +0100] "GET /robots.txt HTTP/1.1" 301 373 "-" "Mozilla/5.0 (compatible; bingbot/2.0; +http://www.bing.com/bingbot.htm)"
207.46.12.237 - - [12/Dec/2010:09:31:20 +0100] "GET /robots.txt HTTP/1.1" 301 373 "-" "Mozilla/5.0 (compatible; bingbot/2.0; +http://www.bing.com/bingbot.htm)"
207.46.12.237 - - [12/Dec/2010:09:41:00 +0100] "GET /robots.txt HTTP/1.1" 301 373 "-" "Mozilla/5.0 (compatible; bingbot/2.0; +http://www.bing.com/bingbot.htm)"
207.46.12.237 - - [12/Dec/2010:09:58:32 +0100] "GET /robots.txt HTTP/1.1" 301 373 "-" "Mozilla/5.0 (compatible; bingbot/2.0; +http://www.bing.com/bingbot.htm)"
207.46.12.237 - - [12/Dec/2010:10:23:50 +0100] "GET /robots.txt HTTP/1.1" 301 373 "-" "Mozilla/5.0 (compatible; bingbot/2.0; +http://www.bing.com/bingbot.htm)"
207.46.195.106 - - [12/Dec/2010:10:45:50 +0100] "GET /robots.txt HTTP/1.1" 200 147 "-" "Mozilla/5.0 (compatible; bingbot/2.0; +http://www.bing.com/bingbot.htm)"
207.46.12.237 - - [12/Dec/2010:10:57:23 +0100] "GET /robots.txt HTTP/1.1" 301 373 "-" "Mozilla/5.0 (compatible; bingbot/2.0; +http://www.bing.com/bingbot.htm)"
207.46.195.106 - - [12/Dec/2010:10:58:32 +0100] "GET /contact/ HTTP/1.1" 200 1863 "-" "Mozilla/5.0 (compatible; bingbot/2.0; +http://www.bing.com/bingbot.htm)"
207.46.12.237 - - [12/Dec/2010:11:39:27 +0100] "GET /robots.txt HTTP/1.1" 301 373 "-" "Mozilla/5.0 (compatible; bingbot/2.0; +http://www.bing.com/bingbot.htm)"
207.46.12.237 - - [12/Dec/2010:11:49:17 +0100] "GET /robots.txt HTTP/1.1" 301 373 "-" "Mozilla/5.0 (compatible; bingbot/2.0; +http://www.bing.com/bingbot.htm)"
207.46.12.237 - - [12/Dec/2010:12:07:42 +0100] "GET /robots.txt HTTP/1.1" 301 373 "-" "Mozilla/5.0 (compatible; bingbot/2.0; +http://www.bing.com/bingbot.htm)"
95.108.150.235 - - [12/Dec/2010:12:18:32 +0100] "GET /robots.txt HTTP/1.1" 200 147 "-" "Mozilla/5.0 (compatible; YandexBot/3.0; MirrorDetector; +http://yandex.com/bots)"
95.108.150.235 - - [12/Dec/2010:12:18:33 +0100] "GET / HTTP/1.1" 200 1725 "-" "-"
95.108.150.235 - - [12/Dec/2010:12:18:35 +0100] "GET / HTTP/1.1" 200 1725 "-" "-"
207.46.12.237 - - [12/Dec/2010:12:32:06 +0100] "GET /robots.txt HTTP/1.1" 301 373 "-" "Mozilla/5.0 (compatible; bingbot/2.0; +http://www.bing.com/bingbot.htm)"
207.46.12.237 - - [12/Dec/2010:13:06:36 +0100] "GET /robots.txt HTTP/1.1" 301 373 "-" "Mozilla/5.0 (compatible; bingbot/2.0; +http://www.bing.com/bingbot.htm)"
207.46.12.237 - - [12/Dec/2010:13:48:04 +0100] "GET /robots.txt HTTP/1.1" 301 373 "-" "Mozilla/5.0 (compatible; bingbot/2.0; +http://www.bing.com/bingbot.htm)"
207.46.12.237 - - [12/Dec/2010:13:58:20 +0100] "GET /robots.txt HTTP/1.1" 301 373 "-" "Mozilla/5.0 (compatible; bingbot/2.0; +http://www.bing.com/bingbot.htm)"
207.46.12.237 - - [12/Dec/2010:14:17:05 +0100] "GET /robots.txt HTTP/1.1" 301 373 "-" "Mozilla/5.0 (compatible; bingbot/2.0; +http://www.bing.com/bingbot.htm)"
207.46.12.237 - - [12/Dec/2010:14:42:56 +0100] "GET /robots.txt HTTP/1.1" 301 373 "-" "Mozilla/5.0 (compatible; bingbot/2.0; +http://www.bing.com/bingbot.htm)"
207.46.12.237 - - [12/Dec/2010:15:16:15 +0100] "GET /robots.txt HTTP/1.1" 301 373 "-" "Mozilla/5.0 (compatible; bingbot/2.0; +http://www.bing.com/bingbot.htm)"
207.46.12.237 - - [12/Dec/2010:15:57:07 +0100] "GET /robots.txt HTTP/1.1" 301 373 "-" "Mozilla/5.0 (compatible; bingbot/2.0; +http://www.bing.com/bingbot.htm)"
207.46.12.237 - - [12/Dec/2010:16:05:45 +0100] "GET /robots.txt HTTP/1.1" 301 373 "-" "Mozilla/5.0 (compatible; bingbot/2.0; +http://www.bing.com/bingbot.htm)"
207.46.12.237 - - [12/Dec/2010:16:22:10 +0100] "GET /robots.txt HTTP/1.1" 301 373 "-" "Mozilla/5.0 (compatible; bingbot/2.0; +http://www.bing.com/bingbot.htm)"
207.46.12.237 - - [12/Dec/2010:16:48:08 +0100] "GET /robots.txt HTTP/1.1" 301 373 "-" "Mozilla/5.0 (compatible; bingbot/2.0; +http://www.bing.com/bingbot.htm)"
207.46.12.237 - - [12/Dec/2010:17:20:56 +0100] "GET /robots.txt HTTP/1.1" 301 373 "-" "Mozilla/5.0 (compatible; bingbot/2.0; +http://www.bing.com/bingbot.htm)"
207.46.12.237 - - [12/Dec/2010:18:01:31 +0100] "GET /robots.txt HTTP/1.1" 301 373 "-" "Mozilla/5.0 (compatible; bingbot/2.0; +http://www.bing.com/bingbot.htm)"
207.46.12.237 - - [12/Dec/2010:18:10:28 +0100] "GET /robots.txt HTTP/1.1" 301 373 "-" "Mozilla/5.0 (compatible; bingbot/2.0; +http://www.bing.com/bingbot.htm)"
207.46.12.237 - - [12/Dec/2010:18:31:15 +0100] "GET /robots.txt HTTP/1.1" 301 373 "-" "Mozilla/5.0 (compatible; bingbot/2.0; +http://www.bing.com/bingbot.htm)"
207.46.12.237 - - [12/Dec/2010:18:56:52 +0100] "GET /robots.txt HTTP/1.1" 301 373 "-" "Mozilla/5.0 (compatible; bingbot/2.0; +http://www.bing.com/bingbot.htm)"
207.46.12.237 - - [12/Dec/2010:19:29:48 +0100] "GET /robots.txt HTTP/1.1" 301 373 "-" "Mozilla/5.0 (compatible; bingbot/2.0; +http://www.bing.com/bingbot.htm)"
207.46.12.237 - - [12/Dec/2010:20:11:18 +0100] "GET /robots.txt HTTP/1.1" 301 373 "-" "Mozilla/5.0 (compatible; bingbot/2.0; +http://www.bing.com/bingbot.htm)"
66.249.72.246 - - [12/Dec/2010:20:54:15 +0100] "GET /robots.txt HTTP/1.1" 200 147 "-" "Mozilla/5.0 (compatible; Googlebot/2.1; +http://www.google.com/bot.html)"
207.46.12.237 - - [12/Dec/2010:20:59:58 +0100] "GET /robots.txt HTTP/1.1" 301 373 "-" "Mozilla/5.0 (compatible; bingbot/2.0; +http://www.bing.com/bingbot.htm)"
216.145.11.94 - - [12/Dec/2010:21:12:15 +0100] "GET /robots.txt HTTP/1.0" 301 373 "-" "Mozilla/5.0 (Windows; U; Windows NT 5.1; en; rv:1.9.0.13) Gecko/2009073022 Firefox/3.5.2 (.NET CLR 3.5.30729) SurveyBot/2.3 (DomainTools)"
216.145.11.94 - - [12/Dec/2010:21:12:15 +0100] "GET / HTTP/1.1" 301 363 "http://whois.domaintools.com/inerhc.com" "Mozilla/5.0 (Windows; U; Windows NT 5.1; en; rv:1.9.0.13) Gecko/2009073022 Firefox/3.5.2 (.NET CLR 3.5.30729) SurveyBot/2.3 (DomainTools)"
216.145.11.94 - - [12/Dec/2010:21:12:16 +0100] "GET / HTTP/1.1" 200 1725 "http://whois.domaintools.com/inerhc.com" "Mozilla/5.0 (Windows; U; Windows NT 5.1; en; rv:1.9.0.13) Gecko/2009073022 Firefox/3.5.2 (.NET CLR 3.5.30729) SurveyBot/2.3 (DomainTools)"
207.46.12.237 - - [12/Dec/2010:21:57:17 +0100] "GET /robots.txt HTTP/1.1" 301 373 "-" "Mozilla/5.0 (compatible; bingbot/2.0; +http://www.bing.com/bingbot.htm)"
207.46.12.237 - - [12/Dec/2010:22:58:49 +0100] "GET /robots.txt HTTP/1.1" 301 373 "-" "Mozilla/5.0 (compatible; bingbot/2.0; +http://www.bing.com/bingbot.htm)"
207.46.12.237 - - [12/Dec/2010:23:08:23 +0100] "GET /robots.txt HTTP/1.1" 301 373 "-" "Mozilla/5.0 (compatible; bingbot/2.0; +http://www.bing.com/bingbot.htm)"
207.46.12.237 - - [12/Dec/2010:23:24:35 +0100] "GET /robots.txt HTTP/1.1" 301 373 "-" "Mozilla/5.0 (compatible; bingbot/2.0; +http://www.bing.com/bingbot.htm)"
208.80.194.37 - - [13/Dec/2010:11:22:55 +0100] "GET / HTTP/1.0" 200 4447 "-" "Mozilla/4.0 (compatible; MSIE 6.0; America Online Browser 1.1; rev1.2; Windows NT 5.1; SV1; (R1 1.3); .NET CLR 1.1.4322)"
66.249.71.100 - - [13/Dec/2010:18:58:44 +0100] "GET /robots.txt HTTP/1.1" 200 147 "-" "Mozilla/5.0 (compatible; Googlebot/2.1; +http://www.google.com/bot.html)"
207.46.199.55 - - [14/Dec/2010:08:38:42 +0100] "GET /robots.txt HTTP/1.1" 200 147 "-" "Mozilla/5.0 (compatible; bingbot/2.0; +http://www.bing.com/bingbot.htm)"
207.46.199.55 - - [14/Dec/2010:08:44:01 +0100] "GET / HTTP/1.1" 200 1725 "-" "Mozilla/5.0 (compatible; bingbot/2.0; +http://www.bing.com/bingbot.htm)"
95.108.150.235 - - [14/Dec/2010:12:38:36 +0100] "GET /robots.txt HTTP/1.1" 200 147 "-" "Mozilla/5.0 (compatible; YandexBot/3.0; MirrorDetector; +http://yandex.com/bots)"
95.108.150.235 - - [14/Dec/2010:12:38:37 +0100] "GET / HTTP/1.1" 200 1725 "-" "-"
95.108.150.235 - - [14/Dec/2010:12:38:38 +0100] "GET / HTTP/1.1" 200 1725 "-" "-"
69.58.178.59 - - [14/Dec/2010:16:51:15 +0100] "GET /robots.txt HTTP/1.1" 301 373 "-" "Mozilla/5.0 (X11; U; Linux i686; en-US; rv:1.9.1.3; ips-agent) Gecko/20090824 Fedora/1.0.7-1.1.fc4 Firefox/3.5.3"
69.58.178.59 - - [14/Dec/2010:16:54:17 +0100] "GET / HTTP/1.1" 301 363 "-" "BlackBerry9000/4.6.0.167 Profile/MIDP-2.0 Configuration/CLDC-1.1 VendorID/102 ips-agent"
69.58.178.59 - - [14/Dec/2010:16:57:20 +0100] "GET /robots.txt HTTP/1.1" 200 147 "-" "BlackBerry9000/4.6.0.167 Profile/MIDP-2.0 Configuration/CLDC-1.1 VendorID/102 ips-agent"
69.58.178.59 - - [14/Dec/2010:17:00:27 +0100] "GET / HTTP/1.1" 200 4447 "-" "Mozilla/5.0 (X11; U; Linux i686; en-US; rv:1.9.1.3; ips-agent) Gecko/20090824 Fedora/1.0.7-1.1.fc4 Firefox/3.5.3"
69.58.178.59 - - [14/Dec/2010:17:03:19 +0100] "GET / HTTP/1.1" 301 363 "-" "Mozilla/5.0 (X11; U; Linux i686; en-US; rv:1.9.1.3; ips-agent) Gecko/20090824 Fedora/1.0.7-1.1.fc4 Firefox/3.5.3"
69.58.178.59 - - [14/Dec/2010:17:06:19 +0100] "GET / HTTP/1.1" 200 4447 "-" "Mozilla/5.0 (X11; U; Linux i686; en-US; rv:1.9.1.3; ips-agent) Gecko/20090824 Fedora/1.0.7-1.1.fc4 Firefox/3.5.3"
69.58.178.59 - - [14/Dec/2010:17:09:15 +0100] "GET /contact/ HTTP/1.1" 200 5656 "-" "Mozilla/5.0 (X11; U; Linux i686; en-US; rv:1.9.1.3; ips-agent) Gecko/20090824 Fedora/1.0.7-1.1.fc4 Firefox/3.5.3"
69.58.178.59 - - [14/Dec/2010:17:12:01 +0100] "GET /intro/ HTTP/1.1" 200 4447 "-" "BlackBerry9000/4.6.0.167 Profile/MIDP-2.0 Configuration/CLDC-1.1 VendorID/102 ips-agent"
69.58.178.59 - - [14/Dec/2010:17:14:56 +0100] "GET /login/ HTTP/1.1" 200 5842 "-" "Mozilla/5.0 (X11; U; Linux i686; en-US; rv:1.9.1.3; ips-agent) Gecko/20090824 Fedora/1.0.7-1.1.fc4 Firefox/3.5.3"
69.58.178.59 - - [14/Dec/2010:17:17:40 +0100] "GET /authors/ HTTP/1.1" 200 4244 "-" "Mozilla/5.0 (X11; U; Linux i686; en-US; rv:1.9.1.3; ips-agent) Gecko/20090824 Fedora/1.0.7-1.1.fc4 Firefox/3.5.3"
69.58.178.59 - - [14/Dec/2010:17:20:25 +0100] "GET /legal-notes/ HTTP/1.1" 200 6311 "-" "Mozilla/5.0 (X11; U; Linux i686; en-US; rv:1.9.1.3; ips-agent) Gecko/20090824 Fedora/1.0.7-1.1.fc4 Firefox/3.5.3"
66.249.68.106 - - [14/Dec/2010:19:40:31 +0100] "GET /robots.txt HTTP/1.1" 200 147 "-" "Mozilla/5.0 (compatible; Googlebot/2.1; +http://www.google.com/bot.html)"
89.156.206.252 - - [14/Dec/2010:22:50:21 +0100] "GET / HTTP/1.1" 301 363 "http://www.facebook.com/l.php?u=http%3A%2F%2Fwww.inerhc.com%2F&h=211df" "Mozilla/4.0 (compatible; MSIE 8.0; Windows NT 5.1; Trident/4.0; .NET CLR 1.1.4322; .NET CLR 2.0.50727; .NET CLR 3.0.4506.2152; .NET CLR 3.5.30729)"
89.156.206.252 - - [14/Dec/2010:22:50:21 +0100] "GET / HTTP/1.1" 200 1725 "http://www.facebook.com/l.php?u=http%3A%2F%2Fwww.inerhc.com%2F&h=211df" "Mozilla/4.0 (compatible; MSIE 8.0; Windows NT 5.1; Trident/4.0; .NET CLR 1.1.4322; .NET CLR 2.0.50727; .NET CLR 3.0.4506.2152; .NET CLR 3.5.30729)"
89.156.206.252 - - [14/Dec/2010:22:50:21 +0100] "GET /varpulis/_js/basic.js HTTP/1.1" 200 4470 "http://en.inerhc.com/" "Mozilla/4.0 (compatible; MSIE 8.0; Windows NT 5.1; Trident/4.0; .NET CLR 1.1.4322; .NET CLR 2.0.50727; .NET CLR 3.0.4506.2152; .NET CLR 3.5.30729)"
89.156.206.252 - - [14/Dec/2010:22:50:21 +0100] "GET /sitedata/545/conf/custom.css.php HTTP/1.1" 200 123 "http://en.inerhc.com/" "Mozilla/4.0 (compatible; MSIE 8.0; Windows NT 5.1; Trident/4.0; .NET CLR 1.1.4322; .NET CLR 2.0.50727; .NET CLR 3.0.4506.2152; .NET CLR 3.5.30729)"
89.156.206.252 - - [14/Dec/2010:22:50:21 +0100] "GET /varpulis/_css/545_default.css HTTP/1.1" 200 36292 "http://en.inerhc.com/" "Mozilla/4.0 (compatible; MSIE 8.0; Windows NT 5.1; Trident/4.0; .NET CLR 1.1.4322; .NET CLR 2.0.50727; .NET CLR 3.0.4506.2152; .NET CLR 3.5.30729)"
89.156.206.252 - - [14/Dec/2010:22:50:21 +0100] "GET /varpulis/_css/545_print.css HTTP/1.1" 200 14138 "http://en.inerhc.com/" "Mozilla/4.0 (compatible; MSIE 8.0; Windows NT 5.1; Trident/4.0; .NET CLR 1.1.4322; .NET CLR 2.0.50727; .NET CLR 3.0.4506.2152; .NET CLR 3.5.30729)"
89.156.206.252 - - [14/Dec/2010:22:50:21 +0100] "GET /varpulis/_js/545_menu.js HTTP/1.1" 200 9444 "http://en.inerhc.com/" "Mozilla/4.0 (compatible; MSIE 8.0; Windows NT 5.1; Trident/4.0; .NET CLR 1.1.4322; .NET CLR 2.0.50727; .NET CLR 3.0.4506.2152; .NET CLR 3.5.30729)"
89.156.206.252 - - [14/Dec/2010:22:50:22 +0100] "GET /sitedata/545/media/head_z1.jpg HTTP/1.1" 200 4833 "http://en.inerhc.com/" "Mozilla/4.0 (compatible; MSIE 8.0; Windows NT 5.1; Trident/4.0; .NET CLR 1.1.4322; .NET CLR 2.0.50727; .NET CLR 3.0.4506.2152; .NET CLR 3.5.30729)"
89.156.206.252 - - [14/Dec/2010:22:50:22 +0100] "GET /imageFill.php?source=themes/Zaba/images/ul1.png&color=0071B2 HTTP/1.1" 200 61 "http://en.inerhc.com/" "Mozilla/4.0 (compatible; MSIE 8.0; Windows NT 5.1; Trident/4.0; .NET CLR 1.1.4322; .NET CLR 2.0.50727; .NET CLR 3.0.4506.2152; .NET CLR 3.5.30729)"
89.156.206.252 - - [14/Dec/2010:22:50:22 +0100] "GET /sitedata/545/media/page/head_z2.jpg HTTP/1.1" 200 16000 "http://en.inerhc.com/" "Mozilla/4.0 (compatible; MSIE 8.0; Windows NT 5.1; Trident/4.0; .NET CLR 1.1.4322; .NET CLR 2.0.50727; .NET CLR 3.0.4506.2152; .NET CLR 3.5.30729)"
89.156.206.252 - - [14/Dec/2010:22:50:22 +0100] "GET /getfile.php?idHash=2dc8a3bbcd939c52c9854c1e346afdd2 HTTP/1.1" 200 5624 "http://en.inerhc.com/" "Mozilla/4.0 (compatible; MSIE 8.0; Windows NT 5.1; Trident/4.0; .NET CLR 1.1.4322; .NET CLR 2.0.50727; .NET CLR 3.0.4506.2152; .NET CLR 3.5.30729)"
89.156.206.252 - - [14/Dec/2010:22:50:22 +0100] "GET /favicon.ico HTTP/1.1" 404 - "-" "Mozilla/4.0 (compatible; MSIE 8.0; Windows NT 5.1; Trident/4.0; .NET CLR 1.1.4322; .NET CLR 2.0.50727; .NET CLR 3.0.4506.2152; .NET CLR 3.5.30729)"
66.220.149.246 - - [14/Dec/2010:22:50:23 +0100] "GET / HTTP/1.1" 301 363 "-" "facebookexternalhit/1.1 (+http://www.facebook.com/externalhit_uatext.php)"
66.220.149.244 - - [14/Dec/2010:22:50:28 +0100] "GET / HTTP/1.1" 206 1725 "-" "facebookexternalhit/1.1 (+http://www.facebook.com/externalhit_uatext.php)"
89.156.206.252 - - [14/Dec/2010:22:50:32 +0100] "GET /contact/ HTTP/1.1" 200 1863 "-" "Mozilla/4.0 (compatible; MSIE 8.0; Windows NT 5.1; Trident/4.0; .NET CLR 1.1.4322; .NET CLR 2.0.50727; .NET CLR 3.0.4506.2152; .NET CLR 3.5.30729)"
89.156.206.252 - - [14/Dec/2010:22:50:32 +0100] "GET /sitedata/545/conf/custom.css.php HTTP/1.1" 200 123 "http://en.inerhc.com/contact/" "Mozilla/4.0 (compatible; MSIE 8.0; Windows NT 5.1; Trident/4.0; .NET CLR 1.1.4322; .NET CLR 2.0.50727; .NET CLR 3.0.4506.2152; .NET CLR 3.5.30729)"
89.156.206.252 - - [14/Dec/2010:22:50:32 +0100] "GET /imageFill.php?source=themes/Zaba/images/ul1.png&color=0071B2 HTTP/1.1" 200 61 "http://en.inerhc.com/contact/" "Mozilla/4.0 (compatible; MSIE 8.0; Windows NT 5.1; Trident/4.0; .NET CLR 1.1.4322; .NET CLR 2.0.50727; .NET CLR 3.0.4506.2152; .NET CLR 3.5.30729)"
89.156.206.252 - - [14/Dec/2010:22:50:32 +0100] "GET /favicon.ico HTTP/1.1" 404 - "-" "Mozilla/4.0 (compatible; MSIE 8.0; Windows NT 5.1; Trident/4.0; .NET CLR 1.1.4322; .NET CLR 2.0.50727; .NET CLR 3.0.4506.2152; .NET CLR 3.5.30729)"
89.156.206.252 - - [14/Dec/2010:22:50:21 +0100] "GET /varpulis/_css/545_default.css HTTP/1.1" 200 36292 "http://en.inerhc.com/" "Mozilla/4.0 (compatible; MSIE 8.0; Windows NT 5.1; Trident/4.0; .NET CLR 1.1.4322; .NET CLR 2.0.50727; .NET CLR 3.0.4506.2152; .NET CLR 3.5.30729)"
208.80.194.29 - - [15/Dec/2010:00:21:27 +0100] "GET / HTTP/1.0" 200 4447 "-" "Mozilla/4.0 (compatible; MSIE 6.0; Windows NT 5.1; SV1; .NET CLR 1.1.4322; InfoPath.1; .NET CLR 2.0.50727) Netscape/8.0.3.3"
188.230.166.188 - - [15/Dec/2010:13:22:42 +0100] "GET / HTTP/1.1" 301 363 "http://www.facebook.com/l.php?u=http%3A%2F%2Fwww.inerhc.com%2F&h=a64cb" "Mozilla/4.0 (compatible; MSIE 8.0; Windows NT 5.1; Trident/4.0; FBSMTWB; GTB6.6; .NET CLR 1.1.4322; BO1IE8_v1;ENUS; AskTbBT5/5.9.1.14019)"
188.230.166.188 - - [15/Dec/2010:13:22:42 +0100] "GET / HTTP/1.1" 200 1725 "http://www.facebook.com/l.php?u=http%3A%2F%2Fwww.inerhc.com%2F&h=a64cb" "Mozilla/4.0 (compatible; MSIE 8.0; Windows NT 5.1; Trident/4.0; FBSMTWB; GTB6.6; .NET CLR 1.1.4322; BO1IE8_v1;ENUS; AskTbBT5/5.9.1.14019)"
188.230.166.188 - - [15/Dec/2010:13:22:42 +0100] "GET /sitedata/545/conf/custom.css.php HTTP/1.1" 200 123 "http://en.inerhc.com/" "Mozilla/4.0 (compatible; MSIE 8.0; Windows NT 5.1; Trident/4.0; FBSMTWB; GTB6.6; .NET CLR 1.1.4322; BO1IE8_v1;ENUS; AskTbBT5/5.9.1.14019)"
188.230.166.188 - - [15/Dec/2010:13:22:42 +0100] "GET /varpulis/_css/545_print.css HTTP/1.1" 200 14138 "http://en.inerhc.com/" "Mozilla/4.0 (compatible; MSIE 8.0; Windows NT 5.1; Trident/4.0; FBSMTWB; GTB6.6; .NET CLR 1.1.4322; BO1IE8_v1;ENUS; AskTbBT5/5.9.1.14019)"
188.230.166.188 - - [15/Dec/2010:13:22:43 +0100] "GET /varpulis/_js/basic.js HTTP/1.1" 200 4470 "http://en.inerhc.com/" "Mozilla/4.0 (compatible; MSIE 8.0; Windows NT 5.1; Trident/4.0; FBSMTWB; GTB6.6; .NET CLR 1.1.4322; BO1IE8_v1;ENUS; AskTbBT5/5.9.1.14019)"
188.230.166.188 - - [15/Dec/2010:13:22:42 +0100] "GET /varpulis/_css/545_default.css HTTP/1.1" 200 36292 "http://en.inerhc.com/" "Mozilla/4.0 (compatible; MSIE 8.0; Windows NT 5.1; Trident/4.0; FBSMTWB; GTB6.6; .NET CLR 1.1.4322; BO1IE8_v1;ENUS; AskTbBT5/5.9.1.14019)"
188.230.166.188 - - [15/Dec/2010:13:22:51 +0100] "GET /varpulis/_js/545_menu.js HTTP/1.1" 200 9444 "http://en.inerhc.com/" "Mozilla/4.0 (compatible; MSIE 8.0; Windows NT 5.1; Trident/4.0; FBSMTWB; GTB6.6; .NET CLR 1.1.4322; BO1IE8_v1;ENUS; AskTbBT5/5.9.1.14019)"
188.230.166.188 - - [15/Dec/2010:13:22:52 +0100] "GET /sitedata/545/media/head_z1.jpg HTTP/1.1" 200 4833 "http://en.inerhc.com/" "Mozilla/4.0 (compatible; MSIE 8.0; Windows NT 5.1; Trident/4.0; FBSMTWB; GTB6.6; .NET CLR 1.1.4322; BO1IE8_v1;ENUS; AskTbBT5/5.9.1.14019)"
188.230.166.188 - - [15/Dec/2010:13:22:52 +0100] "GET /sitedata/545/media/page/head_z2.jpg HTTP/1.1" 200 16000 "http://en.inerhc.com/" "Mozilla/4.0 (compatible; MSIE 8.0; Windows NT 5.1; Trident/4.0; FBSMTWB; GTB6.6; .NET CLR 1.1.4322; BO1IE8_v1;ENUS; AskTbBT5/5.9.1.14019)"
188.230.166.188 - - [15/Dec/2010:13:22:52 +0100] "GET /getfile.php?idHash=2dc8a3bbcd939c52c9854c1e346afdd2 HTTP/1.1" 200 5624 "http://en.inerhc.com/" "Mozilla/4.0 (compatible; MSIE 8.0; Windows NT 5.1; Trident/4.0; FBSMTWB; GTB6.6; .NET CLR 1.1.4322; BO1IE8_v1;ENUS; AskTbBT5/5.9.1.14019)"
188.230.166.188 - - [15/Dec/2010:13:22:54 +0100] "GET /imageFill.php?source=themes/Zaba/images/ul1.png&color=0071B2 HTTP/1.1" 200 61 "http://en.inerhc.com/" "Mozilla/4.0 (compatible; MSIE 8.0; Windows NT 5.1; Trident/4.0; FBSMTWB; GTB6.6; .NET CLR 1.1.4322; BO1IE8_v1;ENUS; AskTbBT5/5.9.1.14019)"
188.230.166.188 - - [15/Dec/2010:13:22:55 +0100] "GET /favicon.ico HTTP/1.1" 404 - "-" "Mozilla/4.0 (compatible; MSIE 8.0; Windows NT 5.1; Trident/4.0; FBSMTWB; GTB6.6; .NET CLR 1.1.4322; BO1IE8_v1;ENUS; AskTbBT5/5.9.1.14019)"
188.230.166.188 - - [15/Dec/2010:13:23:19 +0100] "GET /login/ HTTP/1.1" 200 1935 "http://en.inerhc.com/" "Mozilla/4.0 (compatible; MSIE 8.0; Windows NT 5.1; Trident/4.0; FBSMTWB; GTB6.6; .NET CLR 1.1.4322; BO1IE8_v1;ENUS; AskTbBT5/5.9.1.14019)"
188.230.166.188 - - [15/Dec/2010:13:23:19 +0100] "GET /sitedata/545/conf/custom.css.php HTTP/1.1" 200 123 "http://en.inerhc.com/login/" "Mozilla/4.0 (compatible; MSIE 8.0; Windows NT 5.1; Trident/4.0; FBSMTWB; GTB6.6; .NET CLR 1.1.4322; BO1IE8_v1;ENUS; AskTbBT5/5.9.1.14019)"
188.230.166.188 - - [15/Dec/2010:13:23:19 +0100] "GET /imageFill.php?source=themes/Zaba/images/ul1.png&color=0071B2 HTTP/1.1" 200 61 "http://en.inerhc.com/login/" "Mozilla/4.0 (compatible; MSIE 8.0; Windows NT 5.1; Trident/4.0; FBSMTWB; GTB6.6; .NET CLR 1.1.4322; BO1IE8_v1;ENUS; AskTbBT5/5.9.1.14019)"
188.230.166.188 - - [15/Dec/2010:13:23:22 +0100] "GET /favicon.ico HTTP/1.1" 404 - "-" "Mozilla/4.0 (compatible; MSIE 8.0; Windows NT 5.1; Trident/4.0; FBSMTWB; GTB6.6; .NET CLR 1.1.4322; BO1IE8_v1;ENUS; AskTbBT5/5.9.1.14019)"
188.230.166.188 - - [15/Dec/2010:13:23:57 +0100] "POST /login/ HTTP/1.1" 200 1957 "http://en.inerhc.com/login/" "Mozilla/4.0 (compatible; MSIE 8.0; Windows NT 5.1; Trident/4.0; FBSMTWB; GTB6.6; .NET CLR 1.1.4322; BO1IE8_v1;ENUS; AskTbBT5/5.9.1.14019)"
188.230.166.188 - - [15/Dec/2010:13:23:57 +0100] "GET /sitedata/545/conf/custom.css.php HTTP/1.1" 200 123 "http://en.inerhc.com/login/" "Mozilla/4.0 (compatible; MSIE 8.0; Windows NT 5.1; Trident/4.0; FBSMTWB; GTB6.6; .NET CLR 1.1.4322; BO1IE8_v1;ENUS; AskTbBT5/5.9.1.14019)"
188.230.166.188 - - [15/Dec/2010:13:23:57 +0100] "GET /imageFill.php?source=themes/Zaba/images/ul1.png&color=0071B2 HTTP/1.1" 200 61 "http://en.inerhc.com/login/" "Mozilla/4.0 (compatible; MSIE 8.0; Windows NT 5.1; Trident/4.0; FBSMTWB; GTB6.6; .NET CLR 1.1.4322; BO1IE8_v1;ENUS; AskTbBT5/5.9.1.14019)"
188.230.166.188 - - [15/Dec/2010:13:24:17 +0100] "POST /login/ HTTP/1.1" 200 1957 "http://en.inerhc.com/login/" "Mozilla/4.0 (compatible; MSIE 8.0; Windows NT 5.1; Trident/4.0; FBSMTWB; GTB6.6; .NET CLR 1.1.4322; BO1IE8_v1;ENUS; AskTbBT5/5.9.1.14019)"
