88.49.50.179 - - [09/Dec/2010:14:28:23 +0100] "GET /getfile.php?idHash=dc42151e9bf041b8102d7946c85c301b HTTP/1.1" 200 5764 "http://en.impos-tech.si/company/" "Mozilla/4.0 (compatible; MSIE 8.0; Windows NT 5.1; Trident/4.0; GTB6.6; InfoPath.2; .NET CLR 2.0.50727; .NET CLR 3.0.4506.2152; .NET CLR 3.5.30729)"
88.49.50.179 - - [09/Dec/2010:14:28:25 +0100] "GET /activities/ HTTP/1.1" 200 2421 "-" "Mozilla/4.0 (compatible; MSIE 8.0; Windows NT 5.1; Trident/4.0; GTB6.6; InfoPath.2; .NET CLR 2.0.50727; .NET CLR 3.0.4506.2152; .NET CLR 3.5.30729)"
88.49.50.179 - - [09/Dec/2010:14:28:26 +0100] "GET /imageFill.php?source=themes/Zaba/images/ul.png&color=737373 HTTP/1.1" 200 60 "http://en.impos-tech.si/activities/" "Mozilla/4.0 (compatible; MSIE 8.0; Windows NT 5.1; Trident/4.0; GTB6.6; InfoPath.2; .NET CLR 2.0.50727; .NET CLR 3.0.4506.2152; .NET CLR 3.5.30729)"
88.49.50.179 - - [09/Dec/2010:14:28:26 +0100] "GET /imageColor.php?source=themes/Zaba/images/langBG.png&trueColor=1&color=FF001E HTTP/1.1" 200 144 "http://en.impos-tech.si/activities/" "Mozilla/4.0 (compatible; MSIE 8.0; Windows NT 5.1; Trident/4.0; GTB6.6; InfoPath.2; .NET CLR 2.0.50727; .NET CLR 3.0.4506.2152; .NET CLR 3.5.30729)"
88.49.50.179 - - [09/Dec/2010:14:28:26 +0100] "GET /getfile.php?idHash=16235714ea0ef242a86f13d433c9ae84 HTTP/1.1" 200 7185 "http://en.impos-tech.si/activities/" "Mozilla/4.0 (compatible; MSIE 8.0; Windows NT 5.1; Trident/4.0; GTB6.6; InfoPath.2; .NET CLR 2.0.50727; .NET CLR 3.0.4506.2152; .NET CLR 3.5.30729)"
88.49.50.179 - - [09/Dec/2010:14:28:26 +0100] "GET /getfile.php?idHash=0c805d487022f98089bdd3386d2e6a28 HTTP/1.1" 200 5834 "http://en.impos-tech.si/activities/" "Mozilla/4.0 (compatible; MSIE 8.0; Windows NT 5.1; Trident/4.0; GTB6.6; InfoPath.2; .NET CLR 2.0.50727; .NET CLR 3.0.4506.2152; .NET CLR 3.5.30729)"
88.49.50.179 - - [09/Dec/2010:14:28:26 +0100] "GET /imageFill.php?source=themes/Zaba/images/companyInfoBG.png&color=FFFFFF HTTP/1.1" 200 43 "http://en.impos-tech.si/activities/" "Mozilla/4.0 (compatible; MSIE 8.0; Windows NT 5.1; Trident/4.0; GTB6.6; InfoPath.2; .NET CLR 2.0.50727; .NET CLR 3.0.4506.2152; .NET CLR 3.5.30729)"
88.49.50.179 - - [09/Dec/2010:14:28:26 +0100] "GET /getfile.php?idHash=987e6edb43678274affdb2b92136f795 HTTP/1.1" 200 5813 "http://en.impos-tech.si/activities/" "Mozilla/4.0 (compatible; MSIE 8.0; Windows NT 5.1; Trident/4.0; GTB6.6; InfoPath.2; .NET CLR 2.0.50727; .NET CLR 3.0.4506.2152; .NET CLR 3.5.30729)"
88.49.50.179 - - [09/Dec/2010:14:28:26 +0100] "GET /siteData.xml.php HTTP/1.1" 200 876 "http://en.impos-tech.si/sitedata/408/media/logoImpos.swf" "Mozilla/4.0 (compatible; MSIE 8.0; Windows NT 5.1; Trident/4.0; GTB6.6; InfoPath.2; .NET CLR 2.0.50727; .NET CLR 3.0.4506.2152; .NET CLR 3.5.30729)"
88.49.50.179 - - [09/Dec/2010:14:28:26 +0100] "GET /getfile.php?idHash=7db9695d0a0b42f4478b9a493c3fb9e7 HTTP/1.1" 200 6202 "http://en.impos-tech.si/activities/" "Mozilla/4.0 (compatible; MSIE 8.0; Windows NT 5.1; Trident/4.0; GTB6.6; InfoPath.2; .NET CLR 2.0.50727; .NET CLR 3.0.4506.2152; .NET CLR 3.5.30729)"
88.49.50.179 - - [09/Dec/2010:14:28:26 +0100] "GET /getfile.php?idHash=a507876d9061d5c49f6b78c06d6588ed HTTP/1.1" 200 5987 "http://en.impos-tech.si/activities/" "Mozilla/4.0 (compatible; MSIE 8.0; Windows NT 5.1; Trident/4.0; GTB6.6; InfoPath.2; .NET CLR 2.0.50727; .NET CLR 3.0.4506.2152; .NET CLR 3.5.30729)"
124.115.0.160 - - [09/Dec/2010:20:56:47 +0100] "GET / HTTP/1.1" 200 2956 "-" "Sosospider+(+http://help.soso.com/webspider.htm)"
124.115.0.22 - - [10/Dec/2010:03:58:44 +0100] "GET / HTTP/1.1" 200 2956 "-" "Sosospider+(+http://help.soso.com/webspider.htm)"
114.80.93.71 - - [10/Dec/2010:04:37:14 +0100] "GET / HTTP/1.1" 200 3504 "-" "Mozilla/4.0 (compatible; MSIE 6.0; Windows NT 5.1)"
66.249.72.76 - - [10/Dec/2010:05:50:26 +0100] "GET /robots.txt HTTP/1.1" 200 147 "-" "Mozilla/5.0 (compatible; Googlebot/2.1; +http://www.google.com/bot.html)"
66.249.72.76 - - [10/Dec/2010:05:50:26 +0100] "GET /siteData.xml.php HTTP/1.1" 200 877 "-" "Mozilla/5.0 (compatible; Googlebot/2.1; +http://www.google.com/bot.html)"
208.80.194.30 - - [10/Dec/2010:06:22:53 +0100] "GET / HTTP/1.0" 200 7436 "-" "Mozilla/4.0 (compatible; MSIE 7.0; Windows NT 5.1; .NET CLR 1.1.4322; .NET CLR 2.0.50727; IE7 build by RLB, Xyden Corporation, 2006-10-19; IE7 build by RLB, Xyden Corporation, 2006-10-19)"
208.80.194.29 - - [10/Dec/2010:06:25:02 +0100] "GET / HTTP/1.0" 301 370 "-" "Mozilla/4.0 (compatible; MSIE 6.0; Windows NT 5.1; SV1; MyWebbrowser 1,13 Embedded Web Browser from: http://bsalsa.com/)"
208.80.194.29 - - [10/Dec/2010:06:25:03 +0100] "GET / HTTP/1.0" 200 9598 "-" "Mozilla/4.0 (compatible; MSIE 6.0; Windows NT 5.1; SV1; .NET CLR 1.0.3705; .NET CLR 1.1.4322; Media Center PC 4.0; eMusic DLM/3)"
208.80.194.26 - - [10/Dec/2010:06:29:02 +0100] "GET / HTTP/1.0" 200 9598 "-" "Mozilla/4.0 (compatible; MSIE 7.0; Windows NT 5.1; FunWebProducts; (R1 1.5); .NET CLR 1.1.4322; FDM; IEMB3; ZangoToolbar 4.8.2; IEMB3)"
124.115.0.160 - - [10/Dec/2010:11:04:53 +0100] "GET / HTTP/1.1" 200 2956 "-" "Sosospider+(+http://help.soso.com/webspider.htm)"
66.249.72.233 - - [10/Dec/2010:11:17:40 +0100] "GET /robots.txt HTTP/1.1" 200 147 "-" "Mozilla/5.0 (compatible; Googlebot/2.1; +http://www.google.com/bot.html)"
95.108.150.235 - - [10/Dec/2010:13:39:26 +0100] "GET /robots.txt HTTP/1.1" 200 147 "-" "Mozilla/5.0 (compatible; YandexBot/3.0; MirrorDetector; +http://yandex.com/bots)"
95.108.150.235 - - [10/Dec/2010:13:39:26 +0100] "GET /robots.txt HTTP/1.1" 301 380 "-" "Mozilla/5.0 (compatible; YandexBot/3.0; MirrorDetector; +http://yandex.com/bots)"
95.108.150.235 - - [10/Dec/2010:13:39:27 +0100] "GET / HTTP/1.1" 301 370 "-" "Mozilla/5.0 (compatible; YandexBot/3.0; MirrorDetector; +http://yandex.com/bots)"
95.108.150.235 - - [10/Dec/2010:13:39:27 +0100] "GET / HTTP/1.1" 200 3504 "-" "Mozilla/5.0 (compatible; YandexBot/3.0; MirrorDetector; +http://yandex.com/bots)"
95.108.150.235 - - [10/Dec/2010:13:39:28 +0100] "GET / HTTP/1.1" 200 3504 "-" "Mozilla/5.0 (compatible; YandexBot/3.0; MirrorDetector; +http://yandex.com/bots)"
67.195.115.41 - - [10/Dec/2010:14:48:06 +0100] "GET /robots.txt HTTP/1.0" 200 147 "-" "Mozilla/5.0 (compatible; Yahoo! Slurp; http://help.yahoo.com/help/us/ysearch/slurp)"
67.195.115.41 - - [10/Dec/2010:14:48:06 +0100] "GET /prijava/ HTTP/1.0" 200 2090 "-" "Mozilla/5.0 (compatible; Yahoo! Slurp; http://help.yahoo.com/help/us/ysearch/slurp)"
194.126.197.42 - - [10/Dec/2010:14:55:54 +0100] "GET / HTTP/1.0" 200 3504 "http://www.google.si/url?sa=t&source=web&cd=1&ved=0CBQQFjAA&url=http%3A%2F%2Fsl.impos-tech.si%2F&rct=j&q=IMPOS%20S.P.&ei=YjECTe_0EsedOrvzwKYB&usg=AFQjCNH0yUFPC_peicX0b5kxwuhxPe8H-A&sig2=EI2g7YzzypYOO0O5StFwwA" "Mozilla/4.0 (compatible; MSIE 8.0; Windows NT 6.1; WOW64; Trident/4.0; SLCC2; .NET CLR 2.0.50727; .NET CLR 3.5.30729; .NET CLR 3.0.30729; .NET CLR 1.1.4322)"
194.126.197.42 - - [10/Dec/2010:14:55:54 +0100] "GET /varpulis/_js/basic.js HTTP/1.0" 200 4470 "http://sl.impos-tech.si/" "Mozilla/4.0 (compatible; MSIE 8.0; Windows NT 6.1; WOW64; Trident/4.0; SLCC2; .NET CLR 2.0.50727; .NET CLR 3.5.30729; .NET CLR 3.0.30729; .NET CLR 1.1.4322)"
194.126.197.42 - - [10/Dec/2010:14:55:54 +0100] "GET /varpulis/_js/402_menu.js HTTP/1.0" 200 9444 "http://sl.impos-tech.si/" "Mozilla/4.0 (compatible; MSIE 8.0; Windows NT 6.1; WOW64; Trident/4.0; SLCC2; .NET CLR 2.0.50727; .NET CLR 3.5.30729; .NET CLR 3.0.30729; .NET CLR 1.1.4322)"
194.126.197.42 - - [10/Dec/2010:14:55:54 +0100] "GET /varpulis/_css/402_print.css HTTP/1.0" 200 14138 "http://sl.impos-tech.si/" "Mozilla/4.0 (compatible; MSIE 8.0; Windows NT 6.1; WOW64; Trident/4.0; SLCC2; .NET CLR 2.0.50727; .NET CLR 3.5.30729; .NET CLR 3.0.30729; .NET CLR 1.1.4322)"
194.126.197.42 - - [10/Dec/2010:14:55:54 +0100] "GET /varpulis/_css/402_default.css HTTP/1.0" 200 36308 "http://sl.impos-tech.si/" "Mozilla/4.0 (compatible; MSIE 8.0; Windows NT 6.1; WOW64; Trident/4.0; SLCC2; .NET CLR 2.0.50727; .NET CLR 3.5.30729; .NET CLR 3.0.30729; .NET CLR 1.1.4322)"
194.126.197.42 - - [10/Dec/2010:14:55:54 +0100] "GET /sitedata/402/media/page/image2.jpg HTTP/1.0" 200 14609 "http://sl.impos-tech.si/" "Mozilla/4.0 (compatible; MSIE 8.0; Windows NT 6.1; WOW64; Trident/4.0; SLCC2; .NET CLR 2.0.50727; .NET CLR 3.5.30729; .NET CLR 3.0.30729; .NET CLR 1.1.4322)"
194.126.197.42 - - [10/Dec/2010:14:55:54 +0100] "GET /imageColor.php?source=themes/Zaba/images/langBG.png&trueColor=1&color=FF001E HTTP/1.0" 200 144 "http://sl.impos-tech.si/" "Mozilla/4.0 (compatible; MSIE 8.0; Windows NT 6.1; WOW64; Trident/4.0; SLCC2; .NET CLR 2.0.50727; .NET CLR 3.5.30729; .NET CLR 3.0.30729; .NET CLR 1.1.4322)"
194.126.197.42 - - [10/Dec/2010:14:55:54 +0100] "GET /imageColorReplace.php?source=images/backgrounds/ozadje20.png&destination=bgImage_body&format=png&color1=FEFEFE&color2=B8B8B8 HTTP/1.0" 200 266 "http://sl.impos-tech.si/" "Mozilla/4.0 (compatible; MSIE 8.0; Windows NT 6.1; WOW64; Trident/4.0; SLCC2; .NET CLR 2.0.50727; .NET CLR 3.5.30729; .NET CLR 3.0.30729; .NET CLR 1.1.4322)"
194.126.197.42 - - [10/Dec/2010:14:55:55 +0100] "GET /sitedata/402/media/logoImpos_17.swf HTTP/1.0" 200 11870 "http://sl.impos-tech.si/" "Mozilla/4.0 (compatible; MSIE 8.0; Windows NT 6.1; WOW64; Trident/4.0; SLCC2; .NET CLR 2.0.50727; .NET CLR 3.5.30729; .NET CLR 3.0.30729; .NET CLR 1.1.4322)"
194.126.197.42 - - [10/Dec/2010:14:55:55 +0100] "GET /imageFill.php?source=themes/Zaba/images/ul.png&color=737373 HTTP/1.0" 200 60 "http://sl.impos-tech.si/" "Mozilla/4.0 (compatible; MSIE 8.0; Windows NT 6.1; WOW64; Trident/4.0; SLCC2; .NET CLR 2.0.50727; .NET CLR 3.5.30729; .NET CLR 3.0.30729; .NET CLR 1.1.4322)"
194.126.197.42 - - [10/Dec/2010:14:55:55 +0100] "GET /getfile.php?idHash=bcdfc9e55ffd1c14d0c8b53090c2ce9f HTTP/1.0" 200 7134 "http://sl.impos-tech.si/" "Mozilla/4.0 (compatible; MSIE 8.0; Windows NT 6.1; WOW64; Trident/4.0; SLCC2; .NET CLR 2.0.50727; .NET CLR 3.5.30729; .NET CLR 3.0.30729; .NET CLR 1.1.4322)"
194.126.197.42 - - [10/Dec/2010:14:55:55 +0100] "GET /getfile.php?idHash=d12fcadf64888f7dd59b4a2360422f88 HTTP/1.0" 200 6136 "http://sl.impos-tech.si/" "Mozilla/4.0 (compatible; MSIE 8.0; Windows NT 6.1; WOW64; Trident/4.0; SLCC2; .NET CLR 2.0.50727; .NET CLR 3.5.30729; .NET CLR 3.0.30729; .NET CLR 1.1.4322)"
194.126.197.42 - - [10/Dec/2010:14:55:55 +0100] "GET /getfile.php?idHash=7965f1cfce68599aaeeb9243d0f49af8 HTTP/1.0" 200 5065 "http://sl.impos-tech.si/" "Mozilla/4.0 (compatible; MSIE 8.0; Windows NT 6.1; WOW64; Trident/4.0; SLCC2; .NET CLR 2.0.50727; .NET CLR 3.5.30729; .NET CLR 3.0.30729; .NET CLR 1.1.4322)"
194.126.197.42 - - [10/Dec/2010:14:55:55 +0100] "GET /siteData.xml.php HTTP/1.0" 200 870 "http://sl.impos-tech.si/sitedata/402/media/logoImpos_17.swf" "Mozilla/4.0 (compatible; MSIE 8.0; Windows NT 6.1; WOW64; Trident/4.0; SLCC2; .NET CLR 2.0.50727; .NET CLR 3.5.30729; .NET CLR 3.0.30729; .NET CLR 1.1.4322)"
194.126.197.42 - - [10/Dec/2010:14:55:55 +0100] "GET /getfile.php?idHash=e4c5ddec3a2bc3ef532d43c6836d3df3 HTTP/1.0" 200 10442 "http://sl.impos-tech.si/" "Mozilla/4.0 (compatible; MSIE 8.0; Windows NT 6.1; WOW64; Trident/4.0; SLCC2; .NET CLR 2.0.50727; .NET CLR 3.5.30729; .NET CLR 3.0.30729; .NET CLR 1.1.4322)"
194.126.197.42 - - [10/Dec/2010:14:55:55 +0100] "GET /getfile.php?idHash=bc4eaccf3b8a6e07a08808d19ace293b HTTP/1.0" 200 9184 "http://sl.impos-tech.si/" "Mozilla/4.0 (compatible; MSIE 8.0; Windows NT 6.1; WOW64; Trident/4.0; SLCC2; .NET CLR 2.0.50727; .NET CLR 3.5.30729; .NET CLR 3.0.30729; .NET CLR 1.1.4322)"
194.126.197.42 - - [10/Dec/2010:14:55:55 +0100] "GET /imageFill.php?source=themes/Zaba/images/companyInfoBG.png&color=FFFFFF HTTP/1.0" 200 43 "http://sl.impos-tech.si/" "Mozilla/4.0 (compatible; MSIE 8.0; Windows NT 6.1; WOW64; Trident/4.0; SLCC2; .NET CLR 2.0.50727; .NET CLR 3.5.30729; .NET CLR 3.0.30729; .NET CLR 1.1.4322)"
194.126.197.42 - - [10/Dec/2010:14:55:55 +0100] "GET /getfile.php?idHash=4cc3a876429df4627559f35df86e7347 HTTP/1.0" 200 8862 "http://sl.impos-tech.si/" "Mozilla/4.0 (compatible; MSIE 8.0; Windows NT 6.1; WOW64; Trident/4.0; SLCC2; .NET CLR 2.0.50727; .NET CLR 3.5.30729; .NET CLR 3.0.30729; .NET CLR 1.1.4322)"
194.126.197.42 - - [10/Dec/2010:14:55:55 +0100] "GET /getfile.php?idHash=db8493d6018a023c7a67b08c475a7605 HTTP/1.0" 200 6636 "http://sl.impos-tech.si/" "Mozilla/4.0 (compatible; MSIE 8.0; Windows NT 6.1; WOW64; Trident/4.0; SLCC2; .NET CLR 2.0.50727; .NET CLR 3.5.30729; .NET CLR 3.0.30729; .NET CLR 1.1.4322)"
194.126.197.42 - - [10/Dec/2010:14:55:55 +0100] "GET /favicon.ico HTTP/1.0" 404 - "-" "Mozilla/4.0 (compatible; MSIE 8.0; Windows NT 6.1; WOW64; Trident/4.0; SLCC2; .NET CLR 2.0.50727; .NET CLR 3.5.30729; .NET CLR 3.0.30729; .NET CLR 1.1.4322)"
124.115.4.194 - - [10/Dec/2010:17:48:48 +0100] "GET / HTTP/1.1" 200 2956 "-" "Sosospider+(+http://help.soso.com/webspider.htm)"
207.46.13.100 - - [10/Dec/2010:17:53:31 +0100] "GET /robots.txt HTTP/1.1" 301 376 "-" "Mozilla/5.0 (compatible; bingbot/2.0; +http://www.bing.com/bingbot.htm)"
207.46.13.100 - - [10/Dec/2010:17:53:31 +0100] "GET /robots.txt HTTP/1.1" 200 147 "-" "Mozilla/5.0 (compatible; bingbot/2.0; +http://www.bing.com/bingbot.htm)"
207.46.13.100 - - [10/Dec/2010:18:00:42 +0100] "GET / HTTP/1.1" 301 366 "-" "Mozilla/5.0 (compatible; bingbot/2.0; +http://www.bing.com/bingbot.htm)"
67.195.112.82 - - [10/Dec/2010:19:36:21 +0100] "GET /robots.txt HTTP/1.0" 200 147 "-" "Mozilla/5.0 (compatible; Yahoo! Slurp; http://help.yahoo.com/help/us/ysearch/slurp)"
67.195.112.82 - - [10/Dec/2010:19:36:21 +0100] "GET /pravni-poduk/ HTTP/1.0" 200 2569 "-" "Mozilla/5.0 (compatible; Yahoo! Slurp; http://help.yahoo.com/help/us/ysearch/slurp)"
67.195.115.41 - - [10/Dec/2010:20:58:20 +0100] "GET / HTTP/1.0" 200 3504 "-" "Mozilla/5.0 (compatible; Yahoo! Slurp; http://help.yahoo.com/help/us/ysearch/slurp)"
114.80.93.71 - - [10/Dec/2010:23:56:34 +0100] "GET / HTTP/1.1" 301 370 "-" "Mozilla/4.0 (compatible; MSIE 6.0; Windows NT 5.1)"
114.80.93.71 - - [10/Dec/2010:23:57:19 +0100] "GET / HTTP/1.1" 200 3504 "-" "Mozilla/4.0 (compatible; MSIE 6.0; Windows NT 5.1)"
124.115.0.22 - - [11/Dec/2010:00:36:46 +0100] "GET / HTTP/1.1" 200 2956 "-" "Sosospider+(+http://help.soso.com/webspider.htm)"
207.46.195.241 - - [11/Dec/2010:03:54:38 +0100] "GET /robots.txt HTTP/1.1" 200 147 "-" "Mozilla/5.0 (compatible; bingbot/2.0; +http://www.bing.com/bingbot.htm)"
207.46.195.241 - - [11/Dec/2010:04:07:41 +0100] "GET / HTTP/1.1" 200 2956 "-" "Mozilla/5.0 (compatible; bingbot/2.0; +http://www.bing.com/bingbot.htm)"
124.115.0.23 - - [11/Dec/2010:07:16:29 +0100] "GET / HTTP/1.1" 200 2956 "-" "Sosospider+(+http://help.soso.com/webspider.htm)"
114.80.93.71 - - [11/Dec/2010:11:23:44 +0100] "GET / HTTP/1.1" 200 3504 "-" "Mozilla/4.0 (compatible; MSIE 6.0; Windows NT 5.1)"
124.115.0.160 - - [11/Dec/2010:14:03:10 +0100] "GET / HTTP/1.1" 200 2956 "-" "Sosospider+(+http://help.soso.com/webspider.htm)"
193.47.80.50 - - [11/Dec/2010:18:39:57 +0100] "GET /robots.txt HTTP/1.1" 200 147 "-" "Mozilla/5.0 (compatible; Exabot/3.0; +http://www.exabot.com/go/robot)"
193.47.80.50 - - [11/Dec/2010:18:39:58 +0100] "GET / HTTP/1.1" 200 2956 "-" "Mozilla/5.0 (compatible; Exabot/3.0; +http://www.exabot.com/go/robot)"
208.80.194.29 - - [11/Dec/2010:19:11:27 +0100] "GET / HTTP/1.0" 301 370 "-" "Mozilla/4.0 (compatible; MSIE 6.0; Windows NT 5.1; {2445D3B9-918D-85FC-0EC7-658F8FD33CBB}; FunWebProducts; .NET CLR 1.1.4322; .NET CLR 2.0.50727)"
208.80.194.29 - - [11/Dec/2010:19:11:28 +0100] "GET / HTTP/1.0" 200 9598 "-" "Mozilla/4.0 (compatible; MSIE 7.0; Windows NT 5.1; .NET CLR 1.0.3705; .NET CLR 1.1.4322; Media Center PC 2.8; ZangoToolbar 4.8.2)"
208.80.194.31 - - [11/Dec/2010:19:11:45 +0100] "GET / HTTP/1.0" 200 7436 "-" "Mozilla/4.0 (compatible; MSIE 7.0; Windows NT 5.1; YPC 3.2.0; FunWebProducts; yplus 5.3.04b)"
208.80.194.26 - - [11/Dec/2010:19:15:43 +0100] "GET / HTTP/1.0" 200 9598 "-" "Mozilla/4.0 (compatible; MSIE 6.0; Windows NT 5.1; SV1; snprtz|S21067000000509|2600#Service Pack 2#2#5#1; .NET CLR 1.1.4322)"
124.115.4.194 - - [11/Dec/2010:20:54:20 +0100] "GET / HTTP/1.1" 200 2956 "-" "Sosospider+(+http://help.soso.com/webspider.htm)"
207.46.204.241 - - [11/Dec/2010:21:07:35 +0100] "GET /robots.txt HTTP/1.1" 200 147 "-" "Mozilla/5.0 (compatible; bingbot/2.0; +http://www.bing.com/bingbot.htm)"
67.195.115.41 - - [11/Dec/2010:21:12:54 +0100] "GET /robots.txt HTTP/1.0" 200 147 "-" "Mozilla/5.0 (compatible; Yahoo! Slurp; http://help.yahoo.com/help/us/ysearch/slurp)"
67.195.115.41 - - [11/Dec/2010:21:12:54 +0100] "GET /dejavnost/ HTTP/1.0" 200 2589 "-" "Mozilla/5.0 (compatible; Yahoo! Slurp; http://help.yahoo.com/help/us/ysearch/slurp)"
207.46.204.241 - - [11/Dec/2010:21:24:11 +0100] "GET /pravni-poduk/ HTTP/1.1" 200 2744 "-" "Mozilla/5.0 (compatible; bingbot/2.0; +http://www.bing.com/bingbot.htm)"
178.154.163.29 - - [11/Dec/2010:21:35:09 +0100] "GET /robots.txt HTTP/1.1" 200 147 "-" "Mozilla/5.0 (compatible; YandexBot/3.0; +http://yandex.com/bots)"
178.154.163.29 - - [11/Dec/2010:21:35:13 +0100] "GET /robots.txt HTTP/1.1" 200 147 "-" "Mozilla/5.0 (compatible; YandexBot/3.0; +http://yandex.com/bots)"
178.154.163.29 - - [11/Dec/2010:21:35:17 +0100] "GET /robots.txt HTTP/1.1" 200 147 "-" "Mozilla/5.0 (compatible; YandexBot/3.0; +http://yandex.com/bots)"
114.80.93.71 - - [11/Dec/2010:23:42:41 +0100] "GET / HTTP/1.1" 301 370 "-" "Mozilla/4.0 (compatible; MSIE 6.0; Windows NT 5.1)"
114.80.93.71 - - [11/Dec/2010:23:43:18 +0100] "GET / HTTP/1.1" 200 3504 "-" "Mozilla/4.0 (compatible; MSIE 6.0; Windows NT 5.1)"
66.249.66.201 - - [12/Dec/2010:00:04:52 +0100] "GET /robots.txt HTTP/1.1" 200 147 "-" "Mozilla/5.0 (compatible; Googlebot/2.1; +http://www.google.com/bot.html)"
66.249.66.201 - - [12/Dec/2010:00:04:52 +0100] "GET /pravni-poduk/ HTTP/1.1" 200 2744 "-" "Mozilla/5.0 (compatible; Googlebot/2.1; +http://www.google.com/bot.html)"
178.154.163.29 - - [12/Dec/2010:00:36:48 +0100] "GET /predstavitev/ HTTP/1.1" 200 3504 "-" "Mozilla/5.0 (compatible; YandexBot/3.0; +http://yandex.com/bots)"
66.249.66.201 - - [12/Dec/2010:02:47:33 +0100] "GET /prijava/ HTTP/1.1" 200 2090 "-" "Mozilla/5.0 (compatible; Googlebot/2.1; +http://www.google.com/bot.html)"
124.115.6.14 - - [12/Dec/2010:04:17:17 +0100] "GET /robots.txt HTTP/1.1" 200 147 "-" "Sosospider+(+http://help.soso.com/webspider.htm)"
207.46.13.41 - - [12/Dec/2010:04:55:55 +0100] "GET /robots.txt HTTP/1.1" 200 147 "-" "Mozilla/5.0 (compatible; bingbot/2.0; +http://www.bing.com/bingbot.htm)"
207.46.13.41 - - [12/Dec/2010:05:12:00 +0100] "GET /kontakt/ HTTP/1.1" 200 2190 "-" "Mozilla/5.0 (compatible; bingbot/2.0; +http://www.bing.com/bingbot.htm)"
178.154.163.29 - - [12/Dec/2010:05:17:33 +0100] "GET /company/ HTTP/1.1" 200 2956 "-" "Mozilla/5.0 (compatible; YandexBot/3.0; +http://yandex.com/bots)"
114.80.93.71 - - [12/Dec/2010:06:32:47 +0100] "GET / HTTP/1.1" 200 3504 "-" "Mozilla/4.0 (compatible; MSIE 6.0; Windows NT 5.1)"
86.61.49.188 - - [12/Dec/2010:10:36:17 +0100] "GET / HTTP/1.1" 200 3504 "http://www.google.si/" "Mozilla/4.0 (compatible; MSIE 8.0; Windows NT 6.0; Trident/4.0; GTB6.6; SLCC1; .NET CLR 2.0.50727; Media Center PC 5.0; .NET CLR 3.5.30729; .NET CLR 3.0.30729; .NET CLR 1.1.4322; InfoPath.2; .NET4.0C)"
86.61.49.188 - - [12/Dec/2010:10:36:18 +0100] "GET /varpulis/_js/basic.js HTTP/1.1" 200 4470 "http://sl.impos-tech.si/" "Mozilla/4.0 (compatible; MSIE 8.0; Windows NT 6.0; Trident/4.0; GTB6.6; SLCC1; .NET CLR 2.0.50727; Media Center PC 5.0; .NET CLR 3.5.30729; .NET CLR 3.0.30729; .NET CLR 1.1.4322; InfoPath.2; .NET4.0C)"
86.61.49.188 - - [12/Dec/2010:10:36:18 +0100] "GET /varpulis/_js/402_menu.js HTTP/1.1" 200 9444 "http://sl.impos-tech.si/" "Mozilla/4.0 (compatible; MSIE 8.0; Windows NT 6.0; Trident/4.0; GTB6.6; SLCC1; .NET CLR 2.0.50727; Media Center PC 5.0; .NET CLR 3.5.30729; .NET CLR 3.0.30729; .NET CLR 1.1.4322; InfoPath.2; .NET4.0C)"
86.61.49.188 - - [12/Dec/2010:10:36:18 +0100] "GET /varpulis/_css/402_print.css HTTP/1.1" 200 14138 "http://sl.impos-tech.si/" "Mozilla/4.0 (compatible; MSIE 8.0; Windows NT 6.0; Trident/4.0; GTB6.6; SLCC1; .NET CLR 2.0.50727; Media Center PC 5.0; .NET CLR 3.5.30729; .NET CLR 3.0.30729; .NET CLR 1.1.4322; InfoPath.2; .NET4.0C)"
86.61.49.188 - - [12/Dec/2010:10:36:18 +0100] "GET /varpulis/_css/402_default.css HTTP/1.1" 200 36308 "http://sl.impos-tech.si/" "Mozilla/4.0 (compatible; MSIE 8.0; Windows NT 6.0; Trident/4.0; GTB6.6; SLCC1; .NET CLR 2.0.50727; Media Center PC 5.0; .NET CLR 3.5.30729; .NET CLR 3.0.30729; .NET CLR 1.1.4322; InfoPath.2; .NET4.0C)"
86.61.49.188 - - [12/Dec/2010:10:36:18 +0100] "GET /sitedata/402/media/page/image2.jpg HTTP/1.1" 200 14609 "http://sl.impos-tech.si/" "Mozilla/4.0 (compatible; MSIE 8.0; Windows NT 6.0; Trident/4.0; GTB6.6; SLCC1; .NET CLR 2.0.50727; Media Center PC 5.0; .NET CLR 3.5.30729; .NET CLR 3.0.30729; .NET CLR 1.1.4322; InfoPath.2; .NET4.0C)"
86.61.49.188 - - [12/Dec/2010:10:36:18 +0100] "GET /imageColorReplace.php?source=images/backgrounds/ozadje20.png&destination=bgImage_body&format=png&color1=FEFEFE&color2=B8B8B8 HTTP/1.1" 200 266 "http://sl.impos-tech.si/" "Mozilla/4.0 (compatible; MSIE 8.0; Windows NT 6.0; Trident/4.0; GTB6.6; SLCC1; .NET CLR 2.0.50727; Media Center PC 5.0; .NET CLR 3.5.30729; .NET CLR 3.0.30729; .NET CLR 1.1.4322; InfoPath.2; .NET4.0C)"
86.61.49.188 - - [12/Dec/2010:10:36:18 +0100] "GET /imageColor.php?source=themes/Zaba/images/langBG.png&trueColor=1&color=FF001E HTTP/1.1" 200 144 "http://sl.impos-tech.si/" "Mozilla/4.0 (compatible; MSIE 8.0; Windows NT 6.0; Trident/4.0; GTB6.6; SLCC1; .NET CLR 2.0.50727; Media Center PC 5.0; .NET CLR 3.5.30729; .NET CLR 3.0.30729; .NET CLR 1.1.4322; InfoPath.2; .NET4.0C)"
86.61.49.188 - - [12/Dec/2010:10:36:18 +0100] "GET /imageFill.php?source=themes/Zaba/images/ul.png&color=737373 HTTP/1.1" 200 60 "http://sl.impos-tech.si/" "Mozilla/4.0 (compatible; MSIE 8.0; Windows NT 6.0; Trident/4.0; GTB6.6; SLCC1; .NET CLR 2.0.50727; Media Center PC 5.0; .NET CLR 3.5.30729; .NET CLR 3.0.30729; .NET CLR 1.1.4322; InfoPath.2; .NET4.0C)"
86.61.49.188 - - [12/Dec/2010:10:36:18 +0100] "GET /sitedata/402/media/logoImpos_17.swf HTTP/1.1" 200 11870 "http://sl.impos-tech.si/" "Mozilla/4.0 (compatible; MSIE 8.0; Windows NT 6.0; Trident/4.0; GTB6.6; SLCC1; .NET CLR 2.0.50727; Media Center PC 5.0; .NET CLR 3.5.30729; .NET CLR 3.0.30729; .NET CLR 1.1.4322; InfoPath.2; .NET4.0C)"
86.61.49.188 - - [12/Dec/2010:10:36:18 +0100] "GET /getfile.php?idHash=bcdfc9e55ffd1c14d0c8b53090c2ce9f HTTP/1.1" 200 7134 "http://sl.impos-tech.si/" "Mozilla/4.0 (compatible; MSIE 8.0; Windows NT 6.0; Trident/4.0; GTB6.6; SLCC1; .NET CLR 2.0.50727; Media Center PC 5.0; .NET CLR 3.5.30729; .NET CLR 3.0.30729; .NET CLR 1.1.4322; InfoPath.2; .NET4.0C)"
86.61.49.188 - - [12/Dec/2010:10:36:18 +0100] "GET /getfile.php?idHash=4cc3a876429df4627559f35df86e7347 HTTP/1.1" 200 8862 "http://sl.impos-tech.si/" "Mozilla/4.0 (compatible; MSIE 8.0; Windows NT 6.0; Trident/4.0; GTB6.6; SLCC1; .NET CLR 2.0.50727; Media Center PC 5.0; .NET CLR 3.5.30729; .NET CLR 3.0.30729; .NET CLR 1.1.4322; InfoPath.2; .NET4.0C)"
86.61.49.188 - - [12/Dec/2010:10:36:18 +0100] "GET /getfile.php?idHash=bc4eaccf3b8a6e07a08808d19ace293b HTTP/1.1" 200 9184 "http://sl.impos-tech.si/" "Mozilla/4.0 (compatible; MSIE 8.0; Windows NT 6.0; Trident/4.0; GTB6.6; SLCC1; .NET CLR 2.0.50727; Media Center PC 5.0; .NET CLR 3.5.30729; .NET CLR 3.0.30729; .NET CLR 1.1.4322; InfoPath.2; .NET4.0C)"
86.61.49.188 - - [12/Dec/2010:10:36:18 +0100] "GET /siteData.xml.php HTTP/1.1" 200 870 "http://sl.impos-tech.si/sitedata/402/media/logoImpos_17.swf" "Mozilla/4.0 (compatible; MSIE 8.0; Windows NT 6.0; Trident/4.0; GTB6.6; SLCC1; .NET CLR 2.0.50727; Media Center PC 5.0; .NET CLR 3.5.30729; .NET CLR 3.0.30729; .NET CLR 1.1.4322; InfoPath.2; .NET4.0C)"
86.61.49.188 - - [12/Dec/2010:10:36:18 +0100] "GET /imageFill.php?source=themes/Zaba/images/companyInfoBG.png&color=FFFFFF HTTP/1.1" 200 43 "http://sl.impos-tech.si/" "Mozilla/4.0 (compatible; MSIE 8.0; Windows NT 6.0; Trident/4.0; GTB6.6; SLCC1; .NET CLR 2.0.50727; Media Center PC 5.0; .NET CLR 3.5.30729; .NET CLR 3.0.30729; .NET CLR 1.1.4322; InfoPath.2; .NET4.0C)"
86.61.49.188 - - [12/Dec/2010:10:36:18 +0100] "GET /getfile.php?idHash=db8493d6018a023c7a67b08c475a7605 HTTP/1.1" 200 6636 "http://sl.impos-tech.si/" "Mozilla/4.0 (compatible; MSIE 8.0; Windows NT 6.0; Trident/4.0; GTB6.6; SLCC1; .NET CLR 2.0.50727; Media Center PC 5.0; .NET CLR 3.5.30729; .NET CLR 3.0.30729; .NET CLR 1.1.4322; InfoPath.2; .NET4.0C)"
86.61.49.188 - - [12/Dec/2010:10:36:18 +0100] "GET /getfile.php?idHash=d12fcadf64888f7dd59b4a2360422f88 HTTP/1.1" 200 6136 "http://sl.impos-tech.si/" "Mozilla/4.0 (compatible; MSIE 8.0; Windows NT 6.0; Trident/4.0; GTB6.6; SLCC1; .NET CLR 2.0.50727; Media Center PC 5.0; .NET CLR 3.5.30729; .NET CLR 3.0.30729; .NET CLR 1.1.4322; InfoPath.2; .NET4.0C)"
86.61.49.188 - - [12/Dec/2010:10:36:18 +0100] "GET /getfile.php?idHash=7965f1cfce68599aaeeb9243d0f49af8 HTTP/1.1" 200 5065 "http://sl.impos-tech.si/" "Mozilla/4.0 (compatible; MSIE 8.0; Windows NT 6.0; Trident/4.0; GTB6.6; SLCC1; .NET CLR 2.0.50727; Media Center PC 5.0; .NET CLR 3.5.30729; .NET CLR 3.0.30729; .NET CLR 1.1.4322; InfoPath.2; .NET4.0C)"
86.61.49.188 - - [12/Dec/2010:10:36:18 +0100] "GET /getfile.php?idHash=e4c5ddec3a2bc3ef532d43c6836d3df3 HTTP/1.1" 200 10442 "http://sl.impos-tech.si/" "Mozilla/4.0 (compatible; MSIE 8.0; Windows NT 6.0; Trident/4.0; GTB6.6; SLCC1; .NET CLR 2.0.50727; Media Center PC 5.0; .NET CLR 3.5.30729; .NET CLR 3.0.30729; .NET CLR 1.1.4322; InfoPath.2; .NET4.0C)"
178.154.163.29 - - [12/Dec/2010:12:11:42 +0100] "GET /unternehmen/ HTTP/1.1" 200 3142 "-" "Mozilla/5.0 (compatible; YandexBot/3.0; +http://yandex.com/bots)"
95.108.150.235 - - [12/Dec/2010:12:16:53 +0100] "GET /robots.txt HTTP/1.1" 200 147 "-" "Mozilla/5.0 (compatible; YandexBot/3.0; MirrorDetector; +http://yandex.com/bots)"
95.108.150.235 - - [12/Dec/2010:12:16:53 +0100] "GET /robots.txt HTTP/1.1" 301 380 "-" "Mozilla/5.0 (compatible; YandexBot/3.0; MirrorDetector; +http://yandex.com/bots)"
95.108.150.235 - - [12/Dec/2010:12:16:54 +0100] "GET / HTTP/1.1" 301 370 "-" "-"
95.108.150.235 - - [12/Dec/2010:12:16:54 +0100] "GET / HTTP/1.1" 200 3504 "-" "-"
95.108.150.235 - - [12/Dec/2010:12:16:55 +0100] "GET / HTTP/1.1" 200 3504 "-" "-"
66.249.72.76 - - [12/Dec/2010:17:09:09 +0100] "GET /robots.txt HTTP/1.1" 200 147 "-" "Mozilla/5.0 (compatible; Googlebot/2.1; +http://www.google.com/bot.html)"
124.115.0.22 - - [12/Dec/2010:18:59:56 +0100] "GET / HTTP/1.1" 200 2956 "-" "Sosospider+(+http://help.soso.com/webspider.htm)"
66.249.72.233 - - [12/Dec/2010:19:38:34 +0100] "GET /robots.txt HTTP/1.1" 200 147 "-" "Mozilla/5.0 (compatible; Googlebot/2.1; +http://www.google.com/bot.html)"
114.80.93.71 - - [12/Dec/2010:19:50:09 +0100] "GET / HTTP/1.1" 301 370 "-" "Mozilla/4.0 (compatible; MSIE 6.0; Windows NT 5.1)"
114.80.93.71 - - [12/Dec/2010:19:50:49 +0100] "GET / HTTP/1.1" 200 3504 "-" "Mozilla/4.0 (compatible; MSIE 6.0; Windows NT 5.1)"
94.250.9.124 - - [12/Dec/2010:22:45:20 +0100] "GET / HTTP/1.1" 200 2956 "http://www.google.com/search?rlz=1C1AVSW_enBA370BA371&sourceid=chrome&ie=UTF-8&q=IMPOS-Gro%C5%A1elj+Toma%C5%BE+s.p." "Mozilla/5.0 (Windows; U; Windows NT 5.1; en-US) AppleWebKit/534.10 (KHTML, like Gecko) Chrome/8.0.552.215 Safari/534.10"
94.250.9.124 - - [12/Dec/2010:22:45:21 +0100] "GET /varpulis/_js/408_menu.js HTTP/1.1" 200 9444 "http://en.impos-tech.si/" "Mozilla/5.0 (Windows; U; Windows NT 5.1; en-US) AppleWebKit/534.10 (KHTML, like Gecko) Chrome/8.0.552.215 Safari/534.10"
94.250.9.124 - - [12/Dec/2010:22:45:21 +0100] "GET /varpulis/_js/basic.js HTTP/1.1" 200 4470 "http://en.impos-tech.si/" "Mozilla/5.0 (Windows; U; Windows NT 5.1; en-US) AppleWebKit/534.10 (KHTML, like Gecko) Chrome/8.0.552.215 Safari/534.10"
94.250.9.124 - - [12/Dec/2010:22:45:21 +0100] "GET /varpulis/_css/408_print.css HTTP/1.1" 200 14138 "http://en.impos-tech.si/" "Mozilla/5.0 (Windows; U; Windows NT 5.1; en-US) AppleWebKit/534.10 (KHTML, like Gecko) Chrome/8.0.552.215 Safari/534.10"
94.250.9.124 - - [12/Dec/2010:22:45:21 +0100] "GET /varpulis/_css/408_default.css HTTP/1.1" 200 36036 "http://en.impos-tech.si/" "Mozilla/5.0 (Windows; U; Windows NT 5.1; en-US) AppleWebKit/534.10 (KHTML, like Gecko) Chrome/8.0.552.215 Safari/534.10"
94.250.9.124 - - [12/Dec/2010:22:45:23 +0100] "GET /imageColor.php?source=themes/Zaba/images/langBG.png&trueColor=1&color=FF001E HTTP/1.1" 200 144 "http://en.impos-tech.si/" "Mozilla/5.0 (Windows; U; Windows NT 5.1; en-US) AppleWebKit/534.10 (KHTML, like Gecko) Chrome/8.0.552.215 Safari/534.10"
94.250.9.124 - - [12/Dec/2010:22:45:23 +0100] "GET /imageFill.php?source=themes/Zaba/images/companyInfoBG.png&color=FFFFFF HTTP/1.1" 200 43 "http://en.impos-tech.si/" "Mozilla/5.0 (Windows; U; Windows NT 5.1; en-US) AppleWebKit/534.10 (KHTML, like Gecko) Chrome/8.0.552.215 Safari/534.10"
94.250.9.124 - - [12/Dec/2010:22:45:23 +0100] "GET /imageFill.php?source=themes/Zaba/images/ul.png&color=737373 HTTP/1.1" 200 60 "http://en.impos-tech.si/" "Mozilla/5.0 (Windows; U; Windows NT 5.1; en-US) AppleWebKit/534.10 (KHTML, like Gecko) Chrome/8.0.552.215 Safari/534.10"
94.250.9.124 - - [12/Dec/2010:22:45:24 +0100] "GET /sitedata/408/media/logoImpos.swf HTTP/1.1" 200 11870 "http://en.impos-tech.si/" "Mozilla/5.0 (Windows; U; Windows NT 5.1; en-US) AppleWebKit/534.10 (KHTML, like Gecko) Chrome/8.0.552.215 Safari/534.10"
94.250.9.124 - - [12/Dec/2010:22:45:24 +0100] "GET /getfile.php?idHash=dc42151e9bf041b8102d7946c85c301b HTTP/1.1" 200 5764 "http://en.impos-tech.si/" "Mozilla/5.0 (Windows; U; Windows NT 5.1; en-US) AppleWebKit/534.10 (KHTML, like Gecko) Chrome/8.0.552.215 Safari/534.10"
94.250.9.124 - - [12/Dec/2010:22:45:24 +0100] "GET /getfile.php?idHash=8b52675a4d43aaf13d012aa6663ff395 HTTP/1.1" 200 5455 "http://en.impos-tech.si/" "Mozilla/5.0 (Windows; U; Windows NT 5.1; en-US) AppleWebKit/534.10 (KHTML, like Gecko) Chrome/8.0.552.215 Safari/534.10"
94.250.9.124 - - [12/Dec/2010:22:45:24 +0100] "GET /getfile.php?idHash=251fbc493cd1b419e1147b2a2c069da3 HTTP/1.1" 200 5994 "http://en.impos-tech.si/" "Mozilla/5.0 (Windows; U; Windows NT 5.1; en-US) AppleWebKit/534.10 (KHTML, like Gecko) Chrome/8.0.552.215 Safari/534.10"
94.250.9.124 - - [12/Dec/2010:22:45:23 +0100] "GET /sitedata/408/media/page/image2.jpg HTTP/1.1" 200 14614 "http://en.impos-tech.si/" "Mozilla/5.0 (Windows; U; Windows NT 5.1; en-US) AppleWebKit/534.10 (KHTML, like Gecko) Chrome/8.0.552.215 Safari/534.10"
94.250.9.124 - - [12/Dec/2010:22:45:25 +0100] "GET /siteData.xml.php HTTP/1.1" 200 876 "http://en.impos-tech.si/sitedata/408/media/logoImpos.swf" "Mozilla/5.0 (Windows; U; Windows NT 5.1; en-US) AppleWebKit/534.10 (KHTML, like Gecko) Chrome/8.0.552.215 Safari/534.10"
94.250.9.124 - - [12/Dec/2010:22:45:25 +0100] "GET /favicon.ico HTTP/1.1" 404 - "-" "Mozilla/5.0 (Windows; U; Windows NT 5.1; en-US) AppleWebKit/534.10 (KHTML, like Gecko) Chrome/8.0.552.215 Safari/534.10"
94.250.9.124 - - [12/Dec/2010:22:45:34 +0100] "GET /showPicture.php?pictureHash=4d10c6d10d86ba767ca21b3b38c90b2a HTTP/1.1" 200 819 "http://en.impos-tech.si/" "Mozilla/5.0 (Windows; U; Windows NT 5.1; en-US) AppleWebKit/534.10 (KHTML, like Gecko) Chrome/8.0.552.215 Safari/534.10"
94.250.9.124 - - [12/Dec/2010:22:45:35 +0100] "GET /getfile.php?idHash=4d10c6d10d86ba767ca21b3b38c90b2a HTTP/1.1" 200 12961 "http://en.impos-tech.si/showPicture.php?pictureHash=4d10c6d10d86ba767ca21b3b38c90b2a" "Mozilla/5.0 (Windows; U; Windows NT 5.1; en-US) AppleWebKit/534.10 (KHTML, like Gecko) Chrome/8.0.552.215 Safari/534.10"
94.250.9.124 - - [12/Dec/2010:22:45:35 +0100] "GET /favicon.ico HTTP/1.1" 404 - "-" "Mozilla/5.0 (Windows; U; Windows NT 5.1; en-US) AppleWebKit/534.10 (KHTML, like Gecko) Chrome/8.0.552.215 Safari/534.10"
94.250.9.124 - - [12/Dec/2010:22:45:42 +0100] "GET /showPicture.php?pictureHash=0d4b4535c9fec620fe1a128d13ef704a HTTP/1.1" 200 819 "http://en.impos-tech.si/" "Mozilla/5.0 (Windows; U; Windows NT 5.1; en-US) AppleWebKit/534.10 (KHTML, like Gecko) Chrome/8.0.552.215 Safari/534.10"
94.250.9.124 - - [12/Dec/2010:22:45:43 +0100] "GET /getfile.php?idHash=0d4b4535c9fec620fe1a128d13ef704a HTTP/1.1" 200 14124 "http://en.impos-tech.si/showPicture.php?pictureHash=0d4b4535c9fec620fe1a128d13ef704a" "Mozilla/5.0 (Windows; U; Windows NT 5.1; en-US) AppleWebKit/534.10 (KHTML, like Gecko) Chrome/8.0.552.215 Safari/534.10"
94.250.9.124 - - [12/Dec/2010:22:45:43 +0100] "GET /favicon.ico HTTP/1.1" 404 - "-" "Mozilla/5.0 (Windows; U; Windows NT 5.1; en-US) AppleWebKit/534.10 (KHTML, like Gecko) Chrome/8.0.552.215 Safari/534.10"
94.250.9.124 - - [12/Dec/2010:22:45:51 +0100] "GET /showPicture.php?pictureHash=f0e276d321cfca796c6590da725bf11d HTTP/1.1" 200 819 "http://en.impos-tech.si/" "Mozilla/5.0 (Windows; U; Windows NT 5.1; en-US) AppleWebKit/534.10 (KHTML, like Gecko) Chrome/8.0.552.215 Safari/534.10"
94.250.9.124 - - [12/Dec/2010:22:45:51 +0100] "GET /getfile.php?idHash=f0e276d321cfca796c6590da725bf11d HTTP/1.1" 200 13958 "http://en.impos-tech.si/showPicture.php?pictureHash=f0e276d321cfca796c6590da725bf11d" "Mozilla/5.0 (Windows; U; Windows NT 5.1; en-US) AppleWebKit/534.10 (KHTML, like Gecko) Chrome/8.0.552.215 Safari/534.10"
94.250.9.124 - - [12/Dec/2010:22:45:52 +0100] "GET /favicon.ico HTTP/1.1" 404 - "-" "Mozilla/5.0 (Windows; U; Windows NT 5.1; en-US) AppleWebKit/534.10 (KHTML, like Gecko) Chrome/8.0.552.215 Safari/534.10"
94.250.9.124 - - [12/Dec/2010:22:46:12 +0100] "GET /company/ HTTP/1.1" 200 2956 "http://en.impos-tech.si/" "Mozilla/5.0 (Windows; U; Windows NT 5.1; en-US) AppleWebKit/534.10 (KHTML, like Gecko) Chrome/8.0.552.215 Safari/534.10"
94.250.9.124 - - [12/Dec/2010:22:46:13 +0100] "GET /imageColor.php?source=themes/Zaba/images/langBG.png&trueColor=1&color=FF001E HTTP/1.1" 200 144 "http://en.impos-tech.si/company/" "Mozilla/5.0 (Windows; U; Windows NT 5.1; en-US) AppleWebKit/534.10 (KHTML, like Gecko) Chrome/8.0.552.215 Safari/534.10"
94.250.9.124 - - [12/Dec/2010:22:46:13 +0100] "GET /imageFill.php?source=themes/Zaba/images/ul.png&color=737373 HTTP/1.1" 200 60 "http://en.impos-tech.si/company/" "Mozilla/5.0 (Windows; U; Windows NT 5.1; en-US) AppleWebKit/534.10 (KHTML, like Gecko) Chrome/8.0.552.215 Safari/534.10"
94.250.9.124 - - [12/Dec/2010:22:46:13 +0100] "GET /imageFill.php?source=themes/Zaba/images/companyInfoBG.png&color=FFFFFF HTTP/1.1" 200 43 "http://en.impos-tech.si/company/" "Mozilla/5.0 (Windows; U; Windows NT 5.1; en-US) AppleWebKit/534.10 (KHTML, like Gecko) Chrome/8.0.552.215 Safari/534.10"
94.250.9.124 - - [12/Dec/2010:22:46:13 +0100] "GET /siteData.xml.php HTTP/1.1" 200 876 "http://en.impos-tech.si/sitedata/408/media/logoImpos.swf" "Mozilla/5.0 (Windows; U; Windows NT 5.1; en-US) AppleWebKit/534.10 (KHTML, like Gecko) Chrome/8.0.552.215 Safari/534.10"
94.250.9.124 - - [12/Dec/2010:22:46:14 +0100] "GET /getfile.php?idHash=251fbc493cd1b419e1147b2a2c069da3 HTTP/1.1" 200 5994 "http://en.impos-tech.si/company/" "Mozilla/5.0 (Windows; U; Windows NT 5.1; en-US) AppleWebKit/534.10 (KHTML, like Gecko) Chrome/8.0.552.215 Safari/534.10"
94.250.9.124 - - [12/Dec/2010:22:46:14 +0100] "GET /getfile.php?idHash=dc42151e9bf041b8102d7946c85c301b HTTP/1.1" 200 5764 "http://en.impos-tech.si/company/" "Mozilla/5.0 (Windows; U; Windows NT 5.1; en-US) AppleWebKit/534.10 (KHTML, like Gecko) Chrome/8.0.552.215 Safari/534.10"
94.250.9.124 - - [12/Dec/2010:22:46:13 +0100] "GET /getfile.php?idHash=8b52675a4d43aaf13d012aa6663ff395 HTTP/1.1" 200 5455 "http://en.impos-tech.si/company/" "Mozilla/5.0 (Windows; U; Windows NT 5.1; en-US) AppleWebKit/534.10 (KHTML, like Gecko) Chrome/8.0.552.215 Safari/534.10"
94.250.9.124 - - [12/Dec/2010:22:46:14 +0100] "GET /favicon.ico HTTP/1.1" 404 - "-" "Mozilla/5.0 (Windows; U; Windows NT 5.1; en-US) AppleWebKit/534.10 (KHTML, like Gecko) Chrome/8.0.552.215 Safari/534.10"
94.250.9.124 - - [12/Dec/2010:22:46:17 +0100] "GET /activities/ HTTP/1.1" 200 2421 "http://en.impos-tech.si/company/" "Mozilla/5.0 (Windows; U; Windows NT 5.1; en-US) AppleWebKit/534.10 (KHTML, like Gecko) Chrome/8.0.552.215 Safari/534.10"
94.250.9.124 - - [12/Dec/2010:22:46:18 +0100] "GET /imageFill.php?source=themes/Zaba/images/ul.png&color=737373 HTTP/1.1" 200 60 "http://en.impos-tech.si/activities/" "Mozilla/5.0 (Windows; U; Windows NT 5.1; en-US) AppleWebKit/534.10 (KHTML, like Gecko) Chrome/8.0.552.215 Safari/534.10"
94.250.9.124 - - [12/Dec/2010:22:46:18 +0100] "GET /imageColor.php?source=themes/Zaba/images/langBG.png&trueColor=1&color=FF001E HTTP/1.1" 200 144 "http://en.impos-tech.si/activities/" "Mozilla/5.0 (Windows; U; Windows NT 5.1; en-US) AppleWebKit/534.10 (KHTML, like Gecko) Chrome/8.0.552.215 Safari/534.10"
94.250.9.124 - - [12/Dec/2010:22:46:18 +0100] "GET /imageFill.php?source=themes/Zaba/images/companyInfoBG.png&color=FFFFFF HTTP/1.1" 200 43 "http://en.impos-tech.si/activities/" "Mozilla/5.0 (Windows; U; Windows NT 5.1; en-US) AppleWebKit/534.10 (KHTML, like Gecko) Chrome/8.0.552.215 Safari/534.10"
94.250.9.124 - - [12/Dec/2010:22:46:18 +0100] "GET /getfile.php?idHash=7db9695d0a0b42f4478b9a493c3fb9e7 HTTP/1.1" 200 6202 "http://en.impos-tech.si/activities/" "Mozilla/5.0 (Windows; U; Windows NT 5.1; en-US) AppleWebKit/534.10 (KHTML, like Gecko) Chrome/8.0.552.215 Safari/534.10"
94.250.9.124 - - [12/Dec/2010:22:46:18 +0100] "GET /getfile.php?idHash=16235714ea0ef242a86f13d433c9ae84 HTTP/1.1" 200 7185 "http://en.impos-tech.si/activities/" "Mozilla/5.0 (Windows; U; Windows NT 5.1; en-US) AppleWebKit/534.10 (KHTML, like Gecko) Chrome/8.0.552.215 Safari/534.10"
94.250.9.124 - - [12/Dec/2010:22:46:18 +0100] "GET /getfile.php?idHash=0c805d487022f98089bdd3386d2e6a28 HTTP/1.1" 200 5834 "http://en.impos-tech.si/activities/" "Mozilla/5.0 (Windows; U; Windows NT 5.1; en-US) AppleWebKit/534.10 (KHTML, like Gecko) Chrome/8.0.552.215 Safari/534.10"
94.250.9.124 - - [12/Dec/2010:22:46:18 +0100] "GET /siteData.xml.php HTTP/1.1" 200 876 "http://en.impos-tech.si/sitedata/408/media/logoImpos.swf" "Mozilla/5.0 (Windows; U; Windows NT 5.1; en-US) AppleWebKit/534.10 (KHTML, like Gecko) Chrome/8.0.552.215 Safari/534.10"
94.250.9.124 - - [12/Dec/2010:22:46:18 +0100] "GET /getfile.php?idHash=987e6edb43678274affdb2b92136f795 HTTP/1.1" 200 5813 "http://en.impos-tech.si/activities/" "Mozilla/5.0 (Windows; U; Windows NT 5.1; en-US) AppleWebKit/534.10 (KHTML, like Gecko) Chrome/8.0.552.215 Safari/534.10"
94.250.9.124 - - [12/Dec/2010:22:46:18 +0100] "GET /getfile.php?idHash=a507876d9061d5c49f6b78c06d6588ed HTTP/1.1" 200 5987 "http://en.impos-tech.si/activities/" "Mozilla/5.0 (Windows; U; Windows NT 5.1; en-US) AppleWebKit/534.10 (KHTML, like Gecko) Chrome/8.0.552.215 Safari/534.10"
94.250.9.124 - - [12/Dec/2010:22:46:19 +0100] "GET /favicon.ico HTTP/1.1" 404 - "-" "Mozilla/5.0 (Windows; U; Windows NT 5.1; en-US) AppleWebKit/534.10 (KHTML, like Gecko) Chrome/8.0.552.215 Safari/534.10"
94.250.9.124 - - [12/Dec/2010:22:46:24 +0100] "GET /showPicture.php?pictureHash=2256adb485972201bc781ce49fd7d406 HTTP/1.1" 200 819 "http://en.impos-tech.si/activities/" "Mozilla/5.0 (Windows; U; Windows NT 5.1; en-US) AppleWebKit/534.10 (KHTML, like Gecko) Chrome/8.0.552.215 Safari/534.10"
94.250.9.124 - - [12/Dec/2010:22:46:25 +0100] "GET /getfile.php?idHash=2256adb485972201bc781ce49fd7d406 HTTP/1.1" 200 12578 "http://en.impos-tech.si/showPicture.php?pictureHash=2256adb485972201bc781ce49fd7d406" "Mozilla/5.0 (Windows; U; Windows NT 5.1; en-US) AppleWebKit/534.10 (KHTML, like Gecko) Chrome/8.0.552.215 Safari/534.10"
94.250.9.124 - - [12/Dec/2010:22:46:25 +0100] "GET /favicon.ico HTTP/1.1" 404 - "-" "Mozilla/5.0 (Windows; U; Windows NT 5.1; en-US) AppleWebKit/534.10 (KHTML, like Gecko) Chrome/8.0.552.215 Safari/534.10"
94.250.9.124 - - [12/Dec/2010:22:46:40 +0100] "GET /showPicture.php?pictureHash=0ca5fdc53241f81d3d49cd3c53552045 HTTP/1.1" 200 819 "http://en.impos-tech.si/activities/" "Mozilla/5.0 (Windows; U; Windows NT 5.1; en-US) AppleWebKit/534.10 (KHTML, like Gecko) Chrome/8.0.552.215 Safari/534.10"
94.250.9.124 - - [12/Dec/2010:22:46:40 +0100] "GET /getfile.php?idHash=0ca5fdc53241f81d3d49cd3c53552045 HTTP/1.1" 200 12223 "http://en.impos-tech.si/showPicture.php?pictureHash=0ca5fdc53241f81d3d49cd3c53552045" "Mozilla/5.0 (Windows; U; Windows NT 5.1; en-US) AppleWebKit/534.10 (KHTML, like Gecko) Chrome/8.0.552.215 Safari/534.10"
94.250.9.124 - - [12/Dec/2010:22:46:41 +0100] "GET /favicon.ico HTTP/1.1" 404 - "-" "Mozilla/5.0 (Windows; U; Windows NT 5.1; en-US) AppleWebKit/534.10 (KHTML, like Gecko) Chrome/8.0.552.215 Safari/534.10"
94.250.9.124 - - [12/Dec/2010:22:46:49 +0100] "GET /showPicture.php?pictureHash=315c8ad0ea94835d1f8e32a5cfce5039 HTTP/1.1" 200 819 "http://en.impos-tech.si/activities/" "Mozilla/5.0 (Windows; U; Windows NT 5.1; en-US) AppleWebKit/534.10 (KHTML, like Gecko) Chrome/8.0.552.215 Safari/534.10"
94.250.9.124 - - [12/Dec/2010:22:46:49 +0100] "GET /getfile.php?idHash=315c8ad0ea94835d1f8e32a5cfce5039 HTTP/1.1" 200 13037 "http://en.impos-tech.si/showPicture.php?pictureHash=315c8ad0ea94835d1f8e32a5cfce5039" "Mozilla/5.0 (Windows; U; Windows NT 5.1; en-US) AppleWebKit/534.10 (KHTML, like Gecko) Chrome/8.0.552.215 Safari/534.10"
94.250.9.124 - - [12/Dec/2010:22:46:50 +0100] "GET /favicon.ico HTTP/1.1" 404 - "-" "Mozilla/5.0 (Windows; U; Windows NT 5.1; en-US) AppleWebKit/534.10 (KHTML, like Gecko) Chrome/8.0.552.215 Safari/534.10"
94.250.9.124 - - [12/Dec/2010:22:46:57 +0100] "GET /showPicture.php?pictureHash=fac78fb470407b2506622f2f8c1460d3 HTTP/1.1" 200 819 "http://en.impos-tech.si/activities/" "Mozilla/5.0 (Windows; U; Windows NT 5.1; en-US) AppleWebKit/534.10 (KHTML, like Gecko) Chrome/8.0.552.215 Safari/534.10"
94.250.9.124 - - [12/Dec/2010:22:46:58 +0100] "GET /getfile.php?idHash=fac78fb470407b2506622f2f8c1460d3 HTTP/1.1" 200 17718 "http://en.impos-tech.si/showPicture.php?pictureHash=fac78fb470407b2506622f2f8c1460d3" "Mozilla/5.0 (Windows; U; Windows NT 5.1; en-US) AppleWebKit/534.10 (KHTML, like Gecko) Chrome/8.0.552.215 Safari/534.10"
94.250.9.124 - - [12/Dec/2010:22:46:58 +0100] "GET /favicon.ico HTTP/1.1" 404 - "-" "Mozilla/5.0 (Windows; U; Windows NT 5.1; en-US) AppleWebKit/534.10 (KHTML, like Gecko) Chrome/8.0.552.215 Safari/534.10"
94.250.9.124 - - [12/Dec/2010:22:47:36 +0100] "GET /contact/ HTTP/1.1" 200 2120 "http://en.impos-tech.si/activities/" "Mozilla/5.0 (Windows; U; Windows NT 5.1; en-US) AppleWebKit/534.10 (KHTML, like Gecko) Chrome/8.0.552.215 Safari/534.10"
94.250.9.124 - - [12/Dec/2010:22:47:37 +0100] "GET /imageColor.php?source=themes/Zaba/images/langBG.png&trueColor=1&color=FF001E HTTP/1.1" 200 144 "http://en.impos-tech.si/contact/" "Mozilla/5.0 (Windows; U; Windows NT 5.1; en-US) AppleWebKit/534.10 (KHTML, like Gecko) Chrome/8.0.552.215 Safari/534.10"
94.250.9.124 - - [12/Dec/2010:22:47:37 +0100] "GET /siteData.xml.php HTTP/1.1" 200 876 "http://en.impos-tech.si/sitedata/408/media/logoImpos.swf" "Mozilla/5.0 (Windows; U; Windows NT 5.1; en-US) AppleWebKit/534.10 (KHTML, like Gecko) Chrome/8.0.552.215 Safari/534.10"
94.250.9.124 - - [12/Dec/2010:22:47:37 +0100] "GET /imageFill.php?source=themes/Zaba/images/ul.png&color=737373 HTTP/1.1" 200 60 "http://en.impos-tech.si/contact/" "Mozilla/5.0 (Windows; U; Windows NT 5.1; en-US) AppleWebKit/534.10 (KHTML, like Gecko) Chrome/8.0.552.215 Safari/534.10"
94.250.9.124 - - [12/Dec/2010:22:47:37 +0100] "GET /imageFill.php?source=themes/Zaba/images/companyInfoBG.png&color=FFFFFF HTTP/1.1" 200 43 "http://en.impos-tech.si/contact/" "Mozilla/5.0 (Windows; U; Windows NT 5.1; en-US) AppleWebKit/534.10 (KHTML, like Gecko) Chrome/8.0.552.215 Safari/534.10"
94.250.9.124 - - [12/Dec/2010:22:47:38 +0100] "GET /favicon.ico HTTP/1.1" 404 - "-" "Mozilla/5.0 (Windows; U; Windows NT 5.1; en-US) AppleWebKit/534.10 (KHTML, like Gecko) Chrome/8.0.552.215 Safari/534.10"
193.47.80.50 - - [13/Dec/2010:00:01:23 +0100] "GET /robots.txt HTTP/1.1" 200 147 "-" "Mozilla/5.0 (compatible; Exabot/3.0; +http://www.exabot.com/go/robot)"
193.47.80.50 - - [13/Dec/2010:00:01:23 +0100] "GET / HTTP/1.1" 200 2956 "-" "Mozilla/5.0 (compatible; Exabot/3.0; +http://www.exabot.com/go/robot)"
66.249.72.117 - - [13/Dec/2010:04:14:58 +0100] "GET /robots.txt HTTP/1.1" 200 147 "-" "Mozilla/5.0 (compatible; Googlebot/2.1; +http://www.google.com/bot.html)"
124.115.4.194 - - [13/Dec/2010:05:31:09 +0100] "GET / HTTP/1.1" 200 2956 "-" "Sosospider+(+http://help.soso.com/webspider.htm)"
193.47.80.50 - - [13/Dec/2010:06:33:03 +0100] "GET /robots.txt HTTP/1.1" 200 147 "-" "Mozilla/5.0 (compatible; Exabot/3.0; +http://www.exabot.com/go/robot)"
193.47.80.50 - - [13/Dec/2010:06:33:03 +0100] "GET / HTTP/1.1" 200 3504 "-" "Mozilla/5.0 (compatible; Exabot/3.0; +http://www.exabot.com/go/robot)"
208.80.194.27 - - [13/Dec/2010:07:42:19 +0100] "GET / HTTP/1.0" 200 7436 "-" "Mozilla/4.0 (compatible; MSIE 7.0; Windows NT 5.1; YPC 3.0.0; IEMB3; IEMB3)"
208.80.194.29 - - [13/Dec/2010:07:46:05 +0100] "GET / HTTP/1.0" 301 370 "-" "Mozilla/4.0 (compatible; MSIE 7.0; Windows NT 5.1; sbcydsl 3.12; .NET CLR 1.1.4322; .NET CLR 2.0.50727; IEMB3; IEMB3)"
208.80.194.29 - - [13/Dec/2010:07:46:06 +0100] "GET / HTTP/1.0" 200 9598 "-" "Mozilla/4.0 (compatible; MSIE 6.0; Windows NT 5.1; SV1; .NET CLR 1.1.4322) Sleipnir/2.21"
208.80.194.31 - - [13/Dec/2010:07:54:09 +0100] "GET / HTTP/1.0" 200 9598 "-" "Mozilla/4.0 (compatible; MSIE 7.0; Windows NT 5.1; .NET CLR 1.0.3705; .NET CLR 1.1.4322; Media Center PC 4.0; Alexa Toolbar)"
114.80.93.71 - - [13/Dec/2010:08:23:28 +0100] "GET / HTTP/1.1" 200 3504 "-" "Mozilla/4.0 (compatible; MSIE 6.0; Windows NT 5.1)"
62.101.136.25 - - [13/Dec/2010:11:10:29 +0100] "GET / HTTP/1.1" 200 2956 "http://www.google.ba/search?hl=bs&q=IMPOS-Gro%C5%A1elj+Toma%C5%BE+s.p.%E2%80%8F&btnG=Tra%C5%BEi" "Mozilla/5.0 (Windows; U; Windows NT 5.1; en-US) AppleWebKit/534.10 (KHTML, like Gecko) Chrome/8.0.552.215 Safari/534.10"
62.101.136.25 - - [13/Dec/2010:11:10:30 +0100] "GET /varpulis/_js/basic.js HTTP/1.1" 200 4470 "http://en.impos-tech.si/" "Mozilla/5.0 (Windows; U; Windows NT 5.1; en-US) AppleWebKit/534.10 (KHTML, like Gecko) Chrome/8.0.552.215 Safari/534.10"
62.101.136.25 - - [13/Dec/2010:11:10:30 +0100] "GET /varpulis/_js/408_menu.js HTTP/1.1" 200 9444 "http://en.impos-tech.si/" "Mozilla/5.0 (Windows; U; Windows NT 5.1; en-US) AppleWebKit/534.10 (KHTML, like Gecko) Chrome/8.0.552.215 Safari/534.10"
62.101.136.25 - - [13/Dec/2010:11:10:30 +0100] "GET /varpulis/_css/408_print.css HTTP/1.1" 200 14138 "http://en.impos-tech.si/" "Mozilla/5.0 (Windows; U; Windows NT 5.1; en-US) AppleWebKit/534.10 (KHTML, like Gecko) Chrome/8.0.552.215 Safari/534.10"
62.101.136.25 - - [13/Dec/2010:11:10:30 +0100] "GET /varpulis/_css/408_default.css HTTP/1.1" 200 36036 "http://en.impos-tech.si/" "Mozilla/5.0 (Windows; U; Windows NT 5.1; en-US) AppleWebKit/534.10 (KHTML, like Gecko) Chrome/8.0.552.215 Safari/534.10"
62.101.136.25 - - [13/Dec/2010:11:10:31 +0100] "GET /imageColor.php?source=themes/Zaba/images/langBG.png&trueColor=1&color=FF001E HTTP/1.1" 200 144 "http://en.impos-tech.si/" "Mozilla/5.0 (Windows; U; Windows NT 5.1; en-US) AppleWebKit/534.10 (KHTML, like Gecko) Chrome/8.0.552.215 Safari/534.10"
62.101.136.25 - - [13/Dec/2010:11:10:31 +0100] "GET /imageFill.php?source=themes/Zaba/images/companyInfoBG.png&color=FFFFFF HTTP/1.1" 200 43 "http://en.impos-tech.si/" "Mozilla/5.0 (Windows; U; Windows NT 5.1; en-US) AppleWebKit/534.10 (KHTML, like Gecko) Chrome/8.0.552.215 Safari/534.10"
62.101.136.25 - - [13/Dec/2010:11:10:31 +0100] "GET /imageFill.php?source=themes/Zaba/images/ul.png&color=737373 HTTP/1.1" 200 60 "http://en.impos-tech.si/" "Mozilla/5.0 (Windows; U; Windows NT 5.1; en-US) AppleWebKit/534.10 (KHTML, like Gecko) Chrome/8.0.552.215 Safari/534.10"
62.101.136.25 - - [13/Dec/2010:11:10:31 +0100] "GET /sitedata/408/media/page/image2.jpg HTTP/1.1" 200 14614 "http://en.impos-tech.si/" "Mozilla/5.0 (Windows; U; Windows NT 5.1; en-US) AppleWebKit/534.10 (KHTML, like Gecko) Chrome/8.0.552.215 Safari/534.10"
62.101.136.25 - - [13/Dec/2010:11:10:31 +0100] "GET /sitedata/408/media/logoImpos.swf HTTP/1.1" 200 11870 "http://en.impos-tech.si/" "Mozilla/5.0 (Windows; U; Windows NT 5.1; en-US) AppleWebKit/534.10 (KHTML, like Gecko) Chrome/8.0.552.215 Safari/534.10"
62.101.136.25 - - [13/Dec/2010:11:10:31 +0100] "GET /getfile.php?idHash=8b52675a4d43aaf13d012aa6663ff395 HTTP/1.1" 200 5455 "http://en.impos-tech.si/" "Mozilla/5.0 (Windows; U; Windows NT 5.1; en-US) AppleWebKit/534.10 (KHTML, like Gecko) Chrome/8.0.552.215 Safari/534.10"
62.101.136.25 - - [13/Dec/2010:11:10:31 +0100] "GET /getfile.php?idHash=251fbc493cd1b419e1147b2a2c069da3 HTTP/1.1" 200 5994 "http://en.impos-tech.si/" "Mozilla/5.0 (Windows; U; Windows NT 5.1; en-US) AppleWebKit/534.10 (KHTML, like Gecko) Chrome/8.0.552.215 Safari/534.10"
62.101.136.25 - - [13/Dec/2010:11:10:31 +0100] "GET /getfile.php?idHash=dc42151e9bf041b8102d7946c85c301b HTTP/1.1" 200 5764 "http://en.impos-tech.si/" "Mozilla/5.0 (Windows; U; Windows NT 5.1; en-US) AppleWebKit/534.10 (KHTML, like Gecko) Chrome/8.0.552.215 Safari/534.10"
62.101.136.25 - - [13/Dec/2010:11:10:31 +0100] "GET /favicon.ico HTTP/1.1" 404 - "-" "Mozilla/5.0 (Windows; U; Windows NT 5.1; en-US) AppleWebKit/534.10 (KHTML, like Gecko) Chrome/8.0.552.215 Safari/534.10"
62.101.136.25 - - [13/Dec/2010:11:10:31 +0100] "GET /siteData.xml.php HTTP/1.1" 200 876 "http://en.impos-tech.si/sitedata/408/media/logoImpos.swf" "Mozilla/5.0 (Windows; U; Windows NT 5.1; en-US) AppleWebKit/534.10 (KHTML, like Gecko) Chrome/8.0.552.215 Safari/534.10"
62.101.136.25 - - [13/Dec/2010:11:10:36 +0100] "GET /activities/ HTTP/1.1" 200 2421 "http://en.impos-tech.si/" "Mozilla/5.0 (Windows; U; Windows NT 5.1; en-US) AppleWebKit/534.10 (KHTML, like Gecko) Chrome/8.0.552.215 Safari/534.10"
