66.249.82.2 - - [24/Dec/2010:17:48:37 +0100] "GET /imageFill.php?source=themes/Zaba/images/companyInfoBG.png&color=FFFFFF HTTP/1.1" 200 43 "http://sl.impos-tech.si/" "Mozilla/5.0 (en-us) AppleWebKit/525.13 (KHTML, like Gecko; Google Web Preview) Version/3.1 Safari/525.13"
66.249.82.2 - - [24/Dec/2010:17:48:37 +0100] "GET /getfile.php?idHash=d12fcadf64888f7dd59b4a2360422f88 HTTP/1.1" 200 6136 "http://sl.impos-tech.si/" "Mozilla/5.0 (en-us) AppleWebKit/525.13 (KHTML, like Gecko; Google Web Preview) Version/3.1 Safari/525.13"
66.249.82.2 - - [24/Dec/2010:17:48:37 +0100] "GET /imageFill.php?source=themes/Zaba/images/ul.png&color=737373 HTTP/1.1" 200 60 "http://sl.impos-tech.si/" "Mozilla/5.0 (en-us) AppleWebKit/525.13 (KHTML, like Gecko; Google Web Preview) Version/3.1 Safari/525.13"
66.249.82.2 - - [24/Dec/2010:17:48:38 +0100] "GET /getfile.php?idHash=bc4eaccf3b8a6e07a08808d19ace293b HTTP/1.1" 200 9184 "http://sl.impos-tech.si/" "Mozilla/5.0 (en-us) AppleWebKit/525.13 (KHTML, like Gecko; Google Web Preview) Version/3.1 Safari/525.13"
66.249.82.2 - - [24/Dec/2010:17:48:38 +0100] "GET /getfile.php?idHash=7965f1cfce68599aaeeb9243d0f49af8 HTTP/1.1" 200 5065 "http://sl.impos-tech.si/" "Mozilla/5.0 (en-us) AppleWebKit/525.13 (KHTML, like Gecko; Google Web Preview) Version/3.1 Safari/525.13"
66.249.82.2 - - [24/Dec/2010:17:48:39 +0100] "GET /getfile.php?idHash=4cc3a876429df4627559f35df86e7347 HTTP/1.1" 200 8862 "http://sl.impos-tech.si/" "Mozilla/5.0 (en-us) AppleWebKit/525.13 (KHTML, like Gecko; Google Web Preview) Version/3.1 Safari/525.13"
114.80.93.71 - - [24/Dec/2010:20:11:29 +0100] "GET / HTTP/1.1" 301 370 "-" "Mozilla/4.0 (compatible; MSIE 6.0; Windows NT 5.1)"
114.80.93.71 - - [24/Dec/2010:20:12:49 +0100] "GET / HTTP/1.1" 200 3504 "-" "Mozilla/4.0 (compatible; MSIE 6.0; Windows NT 5.1)"
124.115.0.160 - - [24/Dec/2010:20:18:12 +0100] "GET / HTTP/1.1" 200 2956 "-" "Sosospider+(+http://help.soso.com/webspider.htm)"
66.249.72.3 - - [24/Dec/2010:21:26:59 +0100] "GET /robots.txt HTTP/1.1" 200 147 "-" "Mozilla/5.0 (compatible; Googlebot/2.1; +http://www.google.com/bot.html)"
207.46.199.172 - - [25/Dec/2010:02:13:25 +0100] "GET /robots.txt HTTP/1.1" 200 147 "-" "msnbot-media/1.1 (+http://search.msn.com/msnbot.htm)"
207.46.199.172 - - [25/Dec/2010:02:13:26 +0100] "GET /getfile.php?idHash=7965f1cfce68599aaeeb9243d0f49af8 HTTP/1.1" 200 19 "-" "msnbot-media/1.1 (+http://search.msn.com/msnbot.htm)"
207.46.199.172 - - [25/Dec/2010:02:13:26 +0100] "GET / HTTP/1.1" 200 3504 "-" "msnbot-media/1.1 (+http://search.msn.com/msnbot.htm)"
66.249.72.3 - - [25/Dec/2010:02:29:56 +0100] "GET /robots.txt HTTP/1.1" 200 147 "-" "Mozilla/5.0 (compatible; Googlebot/2.1; +http://www.google.com/bot.html)"
124.115.0.23 - - [25/Dec/2010:03:05:47 +0100] "GET / HTTP/1.1" 200 2956 "-" "Sosospider+(+http://help.soso.com/webspider.htm)"
207.46.194.48 - - [25/Dec/2010:04:50:09 +0100] "GET /robots.txt HTTP/1.1" 200 147 "-" "msnbot-media/1.1 (+http://search.msn.com/msnbot.htm)"
208.80.194.30 - - [25/Dec/2010:08:55:07 +0100] "GET / HTTP/1.0" 200 9598 "-" "Mozilla/4.0 (compatible; MSIE 7.0; Windows NT 5.1; YPC 3.2.0; SIMBAR Enabled; IEMB3; IEMB3)"
208.80.194.28 - - [25/Dec/2010:08:57:15 +0100] "GET / HTTP/1.0" 301 370 "-" "Mozilla/4.0 (compatible; MSIE 7.0; Windows NT 5.1; FunWebProducts; .NET CLR 1.0.3705; Zango 10.0.314.0)"
208.80.194.28 - - [25/Dec/2010:08:57:15 +0100] "GET / HTTP/1.0" 200 9598 "-" "Mozilla/4.0 (compatible; MSIE 6.0; Windows NT 5.1; SV1; INFOAVE5; .NET CLR 1.0.3705; .NET CLR 1.1.4322; Media Center PC 4.0)"
66.249.72.198 - - [25/Dec/2010:09:03:26 +0100] "GET /robots.txt HTTP/1.1" 200 147 "-" "Mozilla/5.0 (compatible; Googlebot/2.1; +http://www.google.com/bot.html)"
124.115.0.22 - - [25/Dec/2010:09:47:26 +0100] "GET / HTTP/1.1" 200 2956 "-" "Sosospider+(+http://help.soso.com/webspider.htm)"
114.80.93.71 - - [25/Dec/2010:10:54:11 +0100] "GET / HTTP/1.1" 200 3504 "-" "Mozilla/4.0 (compatible; MSIE 6.0; Windows NT 5.1)"
86.61.41.40 - - [25/Dec/2010:13:41:57 +0100] "GET /pravni-poduk/ HTTP/1.1" 200 2744 "http://www.google.si/url?sa=t&source=web&cd=1&ved=0CBQQFjAA&url=http%3A%2F%2Fsl.impos-tech.si%2Fpravni-poduk%2F&rct=j&q=impos%20kamnik&ei=YeYVTabUN82n8QPusdWDBw&usg=AFQjCNHhc7WSrcIFP-p_I0qW7HHD0UpuoQ" "Mozilla/4.0 (compatible; MSIE 8.0; Windows NT 5.1; Trident/4.0; InfoPath.2)"
86.61.41.40 - - [25/Dec/2010:13:42:30 +0100] "GET /varpulis/_css/402_print.css HTTP/1.1" 200 14138 "http://sl.impos-tech.si/pravni-poduk/" "Mozilla/4.0 (compatible; MSIE 8.0; Windows NT 5.1; Trident/4.0; InfoPath.2)"
86.61.41.40 - - [25/Dec/2010:13:42:29 +0100] "GET /varpulis/_css/402_default.css HTTP/1.1" 200 36308 "http://sl.impos-tech.si/pravni-poduk/" "Mozilla/4.0 (compatible; MSIE 8.0; Windows NT 5.1; Trident/4.0; InfoPath.2)"
86.61.41.40 - - [25/Dec/2010:13:42:30 +0100] "GET /varpulis/_js/402_menu.js HTTP/1.1" 200 9444 "http://sl.impos-tech.si/pravni-poduk/" "Mozilla/4.0 (compatible; MSIE 8.0; Windows NT 5.1; Trident/4.0; InfoPath.2)"
86.61.41.40 - - [25/Dec/2010:13:42:42 +0100] "GET /varpulis/_js/basic.js HTTP/1.1" 200 4470 "http://sl.impos-tech.si/pravni-poduk/" "Mozilla/4.0 (compatible; MSIE 8.0; Windows NT 5.1; Trident/4.0; InfoPath.2)"
86.61.41.40 - - [25/Dec/2010:13:42:55 +0100] "GET /sitedata/402/media/page/image2.jpg HTTP/1.1" 200 14609 "http://sl.impos-tech.si/pravni-poduk/" "Mozilla/4.0 (compatible; MSIE 8.0; Windows NT 5.1; Trident/4.0; InfoPath.2)"
86.61.41.40 - - [25/Dec/2010:13:42:59 +0100] "GET /imageColorReplace.php?source=images/backgrounds/ozadje20.png&destination=bgImage_body&format=png&color1=FEFEFE&color2=B8B8B8 HTTP/1.1" 200 266 "http://sl.impos-tech.si/pravni-poduk/" "Mozilla/4.0 (compatible; MSIE 8.0; Windows NT 5.1; Trident/4.0; InfoPath.2)"
86.61.41.40 - - [25/Dec/2010:13:43:00 +0100] "GET /imageColor.php?source=themes/Zaba/images/langBG.png&trueColor=1&color=FF001E HTTP/1.1" 200 144 "http://sl.impos-tech.si/pravni-poduk/" "Mozilla/4.0 (compatible; MSIE 8.0; Windows NT 5.1; Trident/4.0; InfoPath.2)"
86.61.41.40 - - [25/Dec/2010:13:43:15 +0100] "GET /sitedata/402/media/logoImpos_17.swf HTTP/1.1" 200 11870 "http://sl.impos-tech.si/pravni-poduk/" "Mozilla/4.0 (compatible; MSIE 8.0; Windows NT 5.1; Trident/4.0; InfoPath.2)"
86.61.41.40 - - [25/Dec/2010:13:43:16 +0100] "GET /imageFill.php?source=themes/Zaba/images/ul.png&color=737373 HTTP/1.1" 200 60 "http://sl.impos-tech.si/pravni-poduk/" "Mozilla/4.0 (compatible; MSIE 8.0; Windows NT 5.1; Trident/4.0; InfoPath.2)"
86.61.41.40 - - [25/Dec/2010:13:43:19 +0100] "GET /imageFill.php?source=themes/Zaba/images/companyInfoBG.png&color=FFFFFF HTTP/1.1" 200 43 "http://sl.impos-tech.si/pravni-poduk/" "Mozilla/4.0 (compatible; MSIE 8.0; Windows NT 5.1; Trident/4.0; InfoPath.2)"
86.61.41.40 - - [25/Dec/2010:13:43:39 +0100] "GET /favicon.ico HTTP/1.1" 404 - "-" "Mozilla/4.0 (compatible; MSIE 8.0; Windows NT 5.1; Trident/4.0; InfoPath.2)"
86.61.41.40 - - [25/Dec/2010:13:43:54 +0100] "GET /siteData.xml.php HTTP/1.1" 200 871 "http://sl.impos-tech.si/sitedata/402/media/logoImpos_17.swf" "Mozilla/4.0 (compatible; MSIE 8.0; Windows NT 5.1; Trident/4.0; InfoPath.2)"
86.61.41.40 - - [25/Dec/2010:13:44:22 +0100] "GET /predstavitev/ HTTP/1.1" 200 3504 "-" "Mozilla/4.0 (compatible; MSIE 8.0; Windows NT 5.1; Trident/4.0; InfoPath.2)"
86.61.41.40 - - [25/Dec/2010:13:44:45 +0100] "GET /imageColorReplace.php?source=images/backgrounds/ozadje20.png&destination=bgImage_body&format=png&color1=FEFEFE&color2=B8B8B8 HTTP/1.1" 200 266 "http://sl.impos-tech.si/predstavitev/" "Mozilla/4.0 (compatible; MSIE 8.0; Windows NT 5.1; Trident/4.0; InfoPath.2)"
86.61.41.40 - - [25/Dec/2010:13:44:45 +0100] "GET /siteData.xml.php HTTP/1.1" 200 870 "http://sl.impos-tech.si/sitedata/402/media/logoImpos_17.swf" "Mozilla/4.0 (compatible; MSIE 8.0; Windows NT 5.1; Trident/4.0; InfoPath.2)"
86.61.41.40 - - [25/Dec/2010:13:44:49 +0100] "GET /imageColor.php?source=themes/Zaba/images/langBG.png&trueColor=1&color=FF001E HTTP/1.1" 200 144 "http://sl.impos-tech.si/predstavitev/" "Mozilla/4.0 (compatible; MSIE 8.0; Windows NT 5.1; Trident/4.0; InfoPath.2)"
86.61.41.40 - - [25/Dec/2010:13:44:50 +0100] "GET /imageFill.php?source=themes/Zaba/images/ul.png&color=737373 HTTP/1.1" 200 60 "http://sl.impos-tech.si/predstavitev/" "Mozilla/4.0 (compatible; MSIE 8.0; Windows NT 5.1; Trident/4.0; InfoPath.2)"
86.61.41.40 - - [25/Dec/2010:13:44:50 +0100] "GET /getfile.php?idHash=bc4eaccf3b8a6e07a08808d19ace293b HTTP/1.1" 200 9184 "http://sl.impos-tech.si/predstavitev/" "Mozilla/4.0 (compatible; MSIE 8.0; Windows NT 5.1; Trident/4.0; InfoPath.2)"
86.61.41.40 - - [25/Dec/2010:13:44:50 +0100] "GET /getfile.php?idHash=e4c5ddec3a2bc3ef532d43c6836d3df3 HTTP/1.1" 200 10442 "http://sl.impos-tech.si/predstavitev/" "Mozilla/4.0 (compatible; MSIE 8.0; Windows NT 5.1; Trident/4.0; InfoPath.2)"
86.61.41.40 - - [25/Dec/2010:13:44:50 +0100] "GET /getfile.php?idHash=bcdfc9e55ffd1c14d0c8b53090c2ce9f HTTP/1.1" 200 7134 "http://sl.impos-tech.si/predstavitev/" "Mozilla/4.0 (compatible; MSIE 8.0; Windows NT 5.1; Trident/4.0; InfoPath.2)"
86.61.41.40 - - [25/Dec/2010:13:44:53 +0100] "GET /getfile.php?idHash=d12fcadf64888f7dd59b4a2360422f88 HTTP/1.1" 200 6136 "http://sl.impos-tech.si/predstavitev/" "Mozilla/4.0 (compatible; MSIE 8.0; Windows NT 5.1; Trident/4.0; InfoPath.2)"
86.61.41.40 - - [25/Dec/2010:13:44:53 +0100] "GET /getfile.php?idHash=db8493d6018a023c7a67b08c475a7605 HTTP/1.1" 200 6636 "http://sl.impos-tech.si/predstavitev/" "Mozilla/4.0 (compatible; MSIE 8.0; Windows NT 5.1; Trident/4.0; InfoPath.2)"
86.61.41.40 - - [25/Dec/2010:13:44:53 +0100] "GET /getfile.php?idHash=4cc3a876429df4627559f35df86e7347 HTTP/1.1" 200 8862 "http://sl.impos-tech.si/predstavitev/" "Mozilla/4.0 (compatible; MSIE 8.0; Windows NT 5.1; Trident/4.0; InfoPath.2)"
86.61.41.40 - - [25/Dec/2010:13:45:00 +0100] "GET /getfile.php?idHash=7965f1cfce68599aaeeb9243d0f49af8 HTTP/1.1" 200 5065 "http://sl.impos-tech.si/predstavitev/" "Mozilla/4.0 (compatible; MSIE 8.0; Windows NT 5.1; Trident/4.0; InfoPath.2)"
86.61.41.40 - - [25/Dec/2010:13:45:01 +0100] "GET /imageFill.php?source=themes/Zaba/images/companyInfoBG.png&color=FFFFFF HTTP/1.1" 200 43 "http://sl.impos-tech.si/predstavitev/" "Mozilla/4.0 (compatible; MSIE 8.0; Windows NT 5.1; Trident/4.0; InfoPath.2)"
86.61.41.40 - - [25/Dec/2010:13:45:02 +0100] "GET /favicon.ico HTTP/1.1" 404 - "-" "Mozilla/4.0 (compatible; MSIE 8.0; Windows NT 5.1; Trident/4.0; InfoPath.2)"
86.61.41.40 - - [25/Dec/2010:13:46:02 +0100] "GET /dejavnost/ HTTP/1.1" 200 2589 "-" "Mozilla/4.0 (compatible; MSIE 8.0; Windows NT 5.1; Trident/4.0; InfoPath.2)"
86.61.41.40 - - [25/Dec/2010:13:46:13 +0100] "GET /imageColorReplace.php?source=images/backgrounds/ozadje20.png&destination=bgImage_body&format=png&color1=FEFEFE&color2=B8B8B8 HTTP/1.1" 200 266 "http://sl.impos-tech.si/dejavnost/" "Mozilla/4.0 (compatible; MSIE 8.0; Windows NT 5.1; Trident/4.0; InfoPath.2)"
86.61.41.40 - - [25/Dec/2010:13:46:16 +0100] "GET /imageFill.php?source=themes/Zaba/images/ul.png&color=737373 HTTP/1.1" 200 60 "http://sl.impos-tech.si/dejavnost/" "Mozilla/4.0 (compatible; MSIE 8.0; Windows NT 5.1; Trident/4.0; InfoPath.2)"
86.61.41.40 - - [25/Dec/2010:13:46:16 +0100] "GET /getfile.php?idHash=a06cda26003442adeda4701917f8c22d HTTP/1.1" 200 5834 "http://sl.impos-tech.si/dejavnost/" "Mozilla/4.0 (compatible; MSIE 8.0; Windows NT 5.1; Trident/4.0; InfoPath.2)"
86.61.41.40 - - [25/Dec/2010:13:46:16 +0100] "GET /imageColor.php?source=themes/Zaba/images/langBG.png&trueColor=1&color=FF001E HTTP/1.1" 200 144 "http://sl.impos-tech.si/dejavnost/" "Mozilla/4.0 (compatible; MSIE 8.0; Windows NT 5.1; Trident/4.0; InfoPath.2)"
86.61.41.40 - - [25/Dec/2010:13:46:17 +0100] "GET /imageFill.php?source=themes/Zaba/images/companyInfoBG.png&color=FFFFFF HTTP/1.1" 200 43 "http://sl.impos-tech.si/dejavnost/" "Mozilla/4.0 (compatible; MSIE 8.0; Windows NT 5.1; Trident/4.0; InfoPath.2)"
86.61.41.40 - - [25/Dec/2010:13:46:17 +0100] "GET /getfile.php?idHash=8eac5d9b31a81f0054ab251abe9ebfc3 HTTP/1.1" 200 9661 "http://sl.impos-tech.si/dejavnost/" "Mozilla/4.0 (compatible; MSIE 8.0; Windows NT 5.1; Trident/4.0; InfoPath.2)"
86.61.41.40 - - [25/Dec/2010:13:46:17 +0100] "GET /getfile.php?idHash=595517e7e6008dce2c1b3b88ac24e4b0 HTTP/1.1" 200 5655 "http://sl.impos-tech.si/dejavnost/" "Mozilla/4.0 (compatible; MSIE 8.0; Windows NT 5.1; Trident/4.0; InfoPath.2)"
86.61.41.40 - - [25/Dec/2010:13:46:17 +0100] "GET /getfile.php?idHash=6abf5624ee3529b131c8815472334f17 HTTP/1.1" 200 5813 "http://sl.impos-tech.si/dejavnost/" "Mozilla/4.0 (compatible; MSIE 8.0; Windows NT 5.1; Trident/4.0; InfoPath.2)"
86.61.41.40 - - [25/Dec/2010:13:46:17 +0100] "GET /siteData.xml.php HTTP/1.1" 200 870 "http://sl.impos-tech.si/sitedata/402/media/logoImpos_17.swf" "Mozilla/4.0 (compatible; MSIE 8.0; Windows NT 5.1; Trident/4.0; InfoPath.2)"
86.61.41.40 - - [25/Dec/2010:13:46:18 +0100] "GET /getfile.php?idHash=551bd879f4decf013cf3d15763d34631 HTTP/1.1" 200 5801 "http://sl.impos-tech.si/dejavnost/" "Mozilla/4.0 (compatible; MSIE 8.0; Windows NT 5.1; Trident/4.0; InfoPath.2)"
86.61.41.40 - - [25/Dec/2010:13:46:20 +0100] "GET /getfile.php?idHash=b7ebe36ad21272b7538d7eabd1b6bd66 HTTP/1.1" 200 5987 "http://sl.impos-tech.si/dejavnost/" "Mozilla/4.0 (compatible; MSIE 8.0; Windows NT 5.1; Trident/4.0; InfoPath.2)"
86.61.41.40 - - [25/Dec/2010:13:47:16 +0100] "GET /kontakt/ HTTP/1.1" 200 2190 "-" "Mozilla/4.0 (compatible; MSIE 8.0; Windows NT 5.1; Trident/4.0; InfoPath.2)"
86.61.41.40 - - [25/Dec/2010:13:47:26 +0100] "GET /imageColor.php?source=themes/Zaba/images/langBG.png&trueColor=1&color=FF001E HTTP/1.1" 200 144 "http://sl.impos-tech.si/kontakt/" "Mozilla/4.0 (compatible; MSIE 8.0; Windows NT 5.1; Trident/4.0; InfoPath.2)"
86.61.41.40 - - [25/Dec/2010:13:47:27 +0100] "GET /imageColorReplace.php?source=images/backgrounds/ozadje20.png&destination=bgImage_body&format=png&color1=FEFEFE&color2=B8B8B8 HTTP/1.1" 200 266 "http://sl.impos-tech.si/kontakt/" "Mozilla/4.0 (compatible; MSIE 8.0; Windows NT 5.1; Trident/4.0; InfoPath.2)"
86.61.41.40 - - [25/Dec/2010:13:47:29 +0100] "GET /imageFill.php?source=themes/Zaba/images/ul.png&color=737373 HTTP/1.1" 200 60 "http://sl.impos-tech.si/kontakt/" "Mozilla/4.0 (compatible; MSIE 8.0; Windows NT 5.1; Trident/4.0; InfoPath.2)"
86.61.41.40 - - [25/Dec/2010:13:47:30 +0100] "GET /imageFill.php?source=themes/Zaba/images/companyInfoBG.png&color=FFFFFF HTTP/1.1" 200 43 "http://sl.impos-tech.si/kontakt/" "Mozilla/4.0 (compatible; MSIE 8.0; Windows NT 5.1; Trident/4.0; InfoPath.2)"
86.61.41.40 - - [25/Dec/2010:13:47:36 +0100] "GET /siteData.xml.php HTTP/1.1" 200 870 "http://sl.impos-tech.si/sitedata/402/media/logoImpos_17.swf" "Mozilla/4.0 (compatible; MSIE 8.0; Windows NT 5.1; Trident/4.0; InfoPath.2)"
114.80.93.71 - - [25/Dec/2010:15:31:05 +0100] "GET / HTTP/1.1" 301 370 "-" "Mozilla/4.0 (compatible; MSIE 6.0; Windows NT 5.1)"
114.80.93.71 - - [25/Dec/2010:15:31:47 +0100] "GET / HTTP/1.1" 200 3504 "-" "Mozilla/4.0 (compatible; MSIE 6.0; Windows NT 5.1)"
124.115.0.22 - - [25/Dec/2010:16:56:46 +0100] "GET / HTTP/1.1" 200 2956 "-" "Sosospider+(+http://help.soso.com/webspider.htm)"
178.154.163.29 - - [25/Dec/2010:21:11:59 +0100] "GET /robots.txt HTTP/1.1" 200 147 "-" "Mozilla/5.0 (compatible; YandexBot/3.0; +http://yandex.com/bots)"
178.154.163.29 - - [25/Dec/2010:21:14:22 +0100] "GET /robots.txt HTTP/1.1" 200 147 "-" "Mozilla/5.0 (compatible; YandexBot/3.0; +http://yandex.com/bots)"
178.154.163.29 - - [25/Dec/2010:21:16:45 +0100] "GET /robots.txt HTTP/1.1" 200 147 "-" "Mozilla/5.0 (compatible; YandexBot/3.0; +http://yandex.com/bots)"
178.154.163.29 - - [25/Dec/2010:23:12:32 +0100] "GET / HTTP/1.1" 200 3504 "-" "Mozilla/5.0 (compatible; YandexBot/3.0; +http://yandex.com/bots)"
124.115.0.23 - - [26/Dec/2010:00:01:42 +0100] "GET / HTTP/1.1" 200 2956 "-" "Sosospider+(+http://help.soso.com/webspider.htm)"
193.47.80.50 - - [26/Dec/2010:00:16:27 +0100] "GET /robots.txt HTTP/1.1" 200 147 "-" "Mozilla/5.0 (compatible; Exabot/3.0; +http://www.exabot.com/go/robot)"
193.47.80.50 - - [26/Dec/2010:00:16:28 +0100] "GET / HTTP/1.1" 200 3142 "-" "Mozilla/5.0 (compatible; Exabot/3.0; +http://www.exabot.com/go/robot)"
65.52.110.54 - - [26/Dec/2010:00:23:43 +0100] "GET /robots.txt HTTP/1.1" 301 376 "-" "Mozilla/5.0 (compatible; bingbot/2.0; +http://www.bing.com/bingbot.htm)"
65.52.110.54 - - [26/Dec/2010:00:23:43 +0100] "GET /robots.txt HTTP/1.1" 200 147 "-" "Mozilla/5.0 (compatible; bingbot/2.0; +http://www.bing.com/bingbot.htm)"
65.52.110.54 - - [26/Dec/2010:00:48:48 +0100] "GET / HTTP/1.1" 301 366 "-" "Mozilla/5.0 (compatible; bingbot/2.0; +http://www.bing.com/bingbot.htm)"
124.115.0.22 - - [26/Dec/2010:04:16:01 +0100] "GET / HTTP/1.1" 200 2956 "-" "Sosospider+(+http://help.soso.com/webspider.htm)"
69.28.58.24 - - [26/Dec/2010:09:06:54 +0100] "GET /robots.txt HTTP/1.0" 200 147 "-" "page_test (larbin2.6.3@unspecified.mail)"
69.28.58.24 - - [26/Dec/2010:09:06:54 +0100] "GET / HTTP/1.0" 200 7436 "-" "page_test larbin2.6.3@unspecified.mail"
207.46.194.52 - - [26/Dec/2010:10:23:49 +0100] "GET /robots.txt HTTP/1.1" 200 147 "-" "msnbot-media/1.1 (+http://search.msn.com/msnbot.htm)"
207.46.194.52 - - [26/Dec/2010:10:23:49 +0100] "GET /getfile.php?idHash=251fbc493cd1b419e1147b2a2c069da3 HTTP/1.1" 200 19 "-" "msnbot-media/1.1 (+http://search.msn.com/msnbot.htm)"
207.46.194.52 - - [26/Dec/2010:10:23:50 +0100] "GET / HTTP/1.1" 200 2956 "-" "msnbot-media/1.1 (+http://search.msn.com/msnbot.htm)"
124.115.0.22 - - [26/Dec/2010:10:46:10 +0100] "GET / HTTP/1.1" 200 2956 "-" "Sosospider+(+http://help.soso.com/webspider.htm)"
95.108.150.235 - - [26/Dec/2010:12:08:29 +0100] "GET /robots.txt HTTP/1.1" 301 380 "-" "Mozilla/5.0 (compatible; YandexBot/3.0; MirrorDetector; +http://yandex.com/bots)"
95.108.150.235 - - [26/Dec/2010:12:08:29 +0100] "GET /robots.txt HTTP/1.1" 200 147 "-" "Mozilla/5.0 (compatible; YandexBot/3.0; MirrorDetector; +http://yandex.com/bots)"
95.108.150.235 - - [26/Dec/2010:12:08:30 +0100] "GET / HTTP/1.1" 301 370 "-" "Mozilla/5.0 (compatible; YandexBot/3.0; MirrorDetector; +http://yandex.com/bots)"
95.108.150.235 - - [26/Dec/2010:12:08:30 +0100] "GET / HTTP/1.1" 200 3504 "-" "Mozilla/5.0 (compatible; YandexBot/3.0; MirrorDetector; +http://yandex.com/bots)"
95.108.150.235 - - [26/Dec/2010:12:08:31 +0100] "GET / HTTP/1.1" 200 3504 "-" "Mozilla/5.0 (compatible; YandexBot/3.0; MirrorDetector; +http://yandex.com/bots)"
66.249.71.27 - - [26/Dec/2010:12:20:17 +0100] "GET /robots.txt HTTP/1.1" 200 147 "-" "Mozilla/5.0 (compatible; Googlebot/2.1; +http://www.google.com/bot.html)"
178.154.163.29 - - [26/Dec/2010:13:20:28 +0100] "GET / HTTP/1.1" 200 3142 "-" "Mozilla/5.0 (compatible; YandexBot/3.0; +http://yandex.com/bots)"
66.249.71.155 - - [26/Dec/2010:14:01:15 +0100] "GET /robots.txt HTTP/1.1" 200 147 "-" "Mozilla/5.0 (compatible; Googlebot/2.1; +http://www.google.com/bot.html)"
178.154.163.29 - - [26/Dec/2010:14:02:21 +0100] "GET / HTTP/1.1" 200 2956 "-" "Mozilla/5.0 (compatible; YandexBot/3.0; +http://yandex.com/bots)"
124.115.0.23 - - [26/Dec/2010:17:37:24 +0100] "GET / HTTP/1.1" 200 2956 "-" "Sosospider+(+http://help.soso.com/webspider.htm)"
67.195.115.41 - - [26/Dec/2010:18:01:44 +0100] "GET /robots.txt HTTP/1.0" 200 147 "-" "Mozilla/5.0 (compatible; Yahoo! Slurp; http://help.yahoo.com/help/us/ysearch/slurp)"
67.195.115.41 - - [26/Dec/2010:18:01:44 +0100] "GET /o-avtorjih/ HTTP/1.0" 200 1723 "-" "Mozilla/5.0 (compatible; Yahoo! Slurp; http://help.yahoo.com/help/us/ysearch/slurp)"
114.80.93.71 - - [26/Dec/2010:19:13:17 +0100] "GET / HTTP/1.1" 301 370 "-" "Mozilla/4.0 (compatible; MSIE 6.0; Windows NT 5.1)"
114.80.93.71 - - [26/Dec/2010:19:13:55 +0100] "GET / HTTP/1.1" 200 3504 "-" "Mozilla/4.0 (compatible; MSIE 6.0; Windows NT 5.1)"
208.80.194.30 - - [26/Dec/2010:20:31:21 +0100] "GET / HTTP/1.0" 200 9598 "-" "Mozilla/4.0 (compatible; MSIE 6.0; Windows NT 5.1; {D051E3E9-5C89-44C1-A5C2-21DAE5F52904}; SV1; .NET CLR 1.1.4322)"
208.80.194.28 - - [26/Dec/2010:20:35:32 +0100] "GET / HTTP/1.0" 301 370 "-" "Mozilla/4.0 (compatible; MSIE 7.0; Windows NT 5.1; InfoPath.1; Zango 10.0.341.0)"
208.80.194.28 - - [26/Dec/2010:20:35:32 +0100] "GET / HTTP/1.0" 200 9598 "-" "Mozilla/4.0 (compatible; MSIE 7.0; Windows NT 5.1; BT Openworld BB; YPC 3.2.0; yplus 5.3.04b)"
212.227.29.185 - - [26/Dec/2010:21:50:31 +0100] "GET / HTTP/1.1" 301 370 "http://www.seoheap.com/?q=siteanalysis" "SEOHeap SiteAnalysis (+http://www.seoheap.com/sa) Analyzed by IP: 66.249.66.11"
212.227.29.185 - - [26/Dec/2010:21:50:32 +0100] "GET / HTTP/1.1" 206 3504 "http://www.seoheap.com/?q=siteanalysis" "SEOHeap SiteAnalysis (+http://www.seoheap.com/sa) Analyzed by IP: 66.249.66.11"
124.115.0.22 - - [27/Dec/2010:01:08:13 +0100] "GET / HTTP/1.1" 200 2956 "-" "Sosospider+(+http://help.soso.com/webspider.htm)"
66.249.72.3 - - [27/Dec/2010:07:05:48 +0100] "GET /robots.txt HTTP/1.1" 200 147 "-" "Mozilla/5.0 (compatible; Googlebot/2.1; +http://www.google.com/bot.html)"
64.233.172.6 - - [27/Dec/2010:07:14:11 +0100] "GET /varpulis/_css/408_default.css HTTP/1.1" 200 36036 "http://en.impos-tech.si/" "Mozilla/5.0 (Windows; U; Windows NT 5.1; en-US; rv:1.8.0.7) Gecko/20060909 Firefox/1.5.0.7"
124.115.0.160 - - [27/Dec/2010:08:42:17 +0100] "GET / HTTP/1.1" 200 2956 "-" "Sosospider+(+http://help.soso.com/webspider.htm)"
65.52.108.14 - - [27/Dec/2010:11:46:00 +0100] "GET /robots.txt HTTP/1.1" 200 147 "-" "Mozilla/5.0 (compatible; bingbot/2.0; +http://www.bing.com/bingbot.htm)"
65.52.108.14 - - [27/Dec/2010:11:47:20 +0100] "GET / HTTP/1.1" 200 2956 "-" "Mozilla/5.0 (compatible; bingbot/2.0; +http://www.bing.com/bingbot.htm)"
66.249.72.198 - - [27/Dec/2010:13:11:55 +0100] "GET /robots.txt HTTP/1.1" 200 147 "-" "Mozilla/5.0 (compatible; Googlebot/2.1; +http://www.google.com/bot.html)"
74.125.44.80 - - [27/Dec/2010:13:43:33 +0100] "GET /varpulis/_css/414_default.css HTTP/1.1" 200 36036 "http://de.impos-tech.si/" "Mozilla/5.0 (Windows; U; Windows NT 5.1; en-US; rv:1.8.0.7) Gecko/20060909 Firefox/1.5.0.7"
66.249.72.82 - - [27/Dec/2010:16:30:27 +0100] "GET /robots.txt HTTP/1.1" 200 147 "-" "Mozilla/5.0 (compatible; Googlebot/2.1; +http://www.google.com/bot.html)"
124.115.0.160 - - [27/Dec/2010:16:47:48 +0100] "GET / HTTP/1.1" 200 2956 "-" "Sosospider+(+http://help.soso.com/webspider.htm)"
114.80.93.71 - - [27/Dec/2010:19:44:57 +0100] "GET / HTTP/1.1" 301 370 "-" "Mozilla/4.0 (compatible; MSIE 6.0; Windows NT 5.1)"
114.80.93.71 - - [27/Dec/2010:19:45:35 +0100] "GET / HTTP/1.1" 200 3504 "-" "Mozilla/4.0 (compatible; MSIE 6.0; Windows NT 5.1)"
109.123.24.101 - - [27/Dec/2010:20:26:37 +0100] "GET / HTTP/1.1" 200 3504 "http://www.google.si/search?q=impos+gro%C5%A1elj&hl=sl&source=hp&rlz=1W1ADSA_sl&aq=0&aqi=g2&aql=&oq=impos+gro%C5%A1&gs_rfai=" "Mozilla/4.0 (compatible; MSIE 6.0; Windows NT 5.1; SV1; GTB6.6; .NET CLR 2.0.50727; .NET CLR 3.0.4506.2152; .NET CLR 3.5.30729; .NET CLR 1.1.4322; InfoPath.2)"
109.123.24.101 - - [27/Dec/2010:20:26:38 +0100] "GET /varpulis/_js/basic.js HTTP/1.1" 200 4470 "http://sl.impos-tech.si/" "Mozilla/4.0 (compatible; MSIE 6.0; Windows NT 5.1; SV1; GTB6.6; .NET CLR 2.0.50727; .NET CLR 3.0.4506.2152; .NET CLR 3.5.30729; .NET CLR 1.1.4322; InfoPath.2)"
109.123.24.101 - - [27/Dec/2010:20:26:38 +0100] "GET /varpulis/_css/402_default.css HTTP/1.1" 200 36308 "http://sl.impos-tech.si/" "Mozilla/4.0 (compatible; MSIE 6.0; Windows NT 5.1; SV1; GTB6.6; .NET CLR 2.0.50727; .NET CLR 3.0.4506.2152; .NET CLR 3.5.30729; .NET CLR 1.1.4322; InfoPath.2)"
109.123.24.101 - - [27/Dec/2010:20:26:38 +0100] "GET /varpulis/_css/402_print.css HTTP/1.1" 200 14138 "http://sl.impos-tech.si/" "Mozilla/4.0 (compatible; MSIE 6.0; Windows NT 5.1; SV1; GTB6.6; .NET CLR 2.0.50727; .NET CLR 3.0.4506.2152; .NET CLR 3.5.30729; .NET CLR 1.1.4322; InfoPath.2)"
109.123.24.101 - - [27/Dec/2010:20:26:38 +0100] "GET /varpulis/_js/402_menu.js HTTP/1.1" 200 9444 "http://sl.impos-tech.si/" "Mozilla/4.0 (compatible; MSIE 6.0; Windows NT 5.1; SV1; GTB6.6; .NET CLR 2.0.50727; .NET CLR 3.0.4506.2152; .NET CLR 3.5.30729; .NET CLR 1.1.4322; InfoPath.2)"
109.123.24.101 - - [27/Dec/2010:20:26:38 +0100] "GET /imageColorReplace.php?source=images/backgrounds/ozadje20.png&destination=bgImage_body&format=png&color1=FEFEFE&color2=B8B8B8 HTTP/1.1" 200 266 "http://sl.impos-tech.si/" "Mozilla/4.0 (compatible; MSIE 6.0; Windows NT 5.1; SV1; GTB6.6; .NET CLR 2.0.50727; .NET CLR 3.0.4506.2152; .NET CLR 3.5.30729; .NET CLR 1.1.4322; InfoPath.2)"
109.123.24.101 - - [27/Dec/2010:20:26:38 +0100] "GET /sitedata/402/media/page/image2.jpg HTTP/1.1" 200 14609 "http://sl.impos-tech.si/" "Mozilla/4.0 (compatible; MSIE 6.0; Windows NT 5.1; SV1; GTB6.6; .NET CLR 2.0.50727; .NET CLR 3.0.4506.2152; .NET CLR 3.5.30729; .NET CLR 1.1.4322; InfoPath.2)"
109.123.24.101 - - [27/Dec/2010:20:26:38 +0100] "GET /sitedata/402/media/logoImpos_17.swf HTTP/1.1" 200 11870 "http://sl.impos-tech.si/" "Mozilla/4.0 (compatible; MSIE 6.0; Windows NT 5.1; SV1; GTB6.6; .NET CLR 2.0.50727; .NET CLR 3.0.4506.2152; .NET CLR 3.5.30729; .NET CLR 1.1.4322; InfoPath.2)"
109.123.24.101 - - [27/Dec/2010:20:26:38 +0100] "GET /imageColor.php?source=themes/Zaba/images/langBG.png&trueColor=1&color=FF001E HTTP/1.1" 200 144 "http://sl.impos-tech.si/" "Mozilla/4.0 (compatible; MSIE 6.0; Windows NT 5.1; SV1; GTB6.6; .NET CLR 2.0.50727; .NET CLR 3.0.4506.2152; .NET CLR 3.5.30729; .NET CLR 1.1.4322; InfoPath.2)"
109.123.24.101 - - [27/Dec/2010:20:26:38 +0100] "GET /imageFill.php?source=themes/Zaba/images/ul.png&color=737373 HTTP/1.1" 200 60 "http://sl.impos-tech.si/" "Mozilla/4.0 (compatible; MSIE 6.0; Windows NT 5.1; SV1; GTB6.6; .NET CLR 2.0.50727; .NET CLR 3.0.4506.2152; .NET CLR 3.5.30729; .NET CLR 1.1.4322; InfoPath.2)"
109.123.24.101 - - [27/Dec/2010:20:26:38 +0100] "GET /getfile.php?idHash=d12fcadf64888f7dd59b4a2360422f88 HTTP/1.1" 200 6136 "http://sl.impos-tech.si/" "Mozilla/4.0 (compatible; MSIE 6.0; Windows NT 5.1; SV1; GTB6.6; .NET CLR 2.0.50727; .NET CLR 3.0.4506.2152; .NET CLR 3.5.30729; .NET CLR 1.1.4322; InfoPath.2)"
109.123.24.101 - - [27/Dec/2010:20:26:38 +0100] "GET /siteData.xml.php HTTP/1.1" 200 870 "http://sl.impos-tech.si/sitedata/402/media/logoImpos_17.swf" "Mozilla/4.0 (compatible; MSIE 6.0; Windows NT 5.1; SV1; GTB6.6; .NET CLR 2.0.50727; .NET CLR 3.0.4506.2152; .NET CLR 3.5.30729; .NET CLR 1.1.4322; InfoPath.2)"
109.123.24.101 - - [27/Dec/2010:20:26:44 +0100] "GET /getfile.php?idHash=bcdfc9e55ffd1c14d0c8b53090c2ce9f HTTP/1.1" 200 7134 "http://sl.impos-tech.si/" "Mozilla/4.0 (compatible; MSIE 6.0; Windows NT 5.1; SV1; GTB6.6; .NET CLR 2.0.50727; .NET CLR 3.0.4506.2152; .NET CLR 3.5.30729; .NET CLR 1.1.4322; InfoPath.2)"
109.123.24.101 - - [27/Dec/2010:20:26:44 +0100] "GET /getfile.php?idHash=4cc3a876429df4627559f35df86e7347 HTTP/1.1" 200 8862 "http://sl.impos-tech.si/" "Mozilla/4.0 (compatible; MSIE 6.0; Windows NT 5.1; SV1; GTB6.6; .NET CLR 2.0.50727; .NET CLR 3.0.4506.2152; .NET CLR 3.5.30729; .NET CLR 1.1.4322; InfoPath.2)"
109.123.24.101 - - [27/Dec/2010:20:26:44 +0100] "GET /getfile.php?idHash=db8493d6018a023c7a67b08c475a7605 HTTP/1.1" 200 6636 "http://sl.impos-tech.si/" "Mozilla/4.0 (compatible; MSIE 6.0; Windows NT 5.1; SV1; GTB6.6; .NET CLR 2.0.50727; .NET CLR 3.0.4506.2152; .NET CLR 3.5.30729; .NET CLR 1.1.4322; InfoPath.2)"
109.123.24.101 - - [27/Dec/2010:20:26:44 +0100] "GET /getfile.php?idHash=e4c5ddec3a2bc3ef532d43c6836d3df3 HTTP/1.1" 200 10442 "http://sl.impos-tech.si/" "Mozilla/4.0 (compatible; MSIE 6.0; Windows NT 5.1; SV1; GTB6.6; .NET CLR 2.0.50727; .NET CLR 3.0.4506.2152; .NET CLR 3.5.30729; .NET CLR 1.1.4322; InfoPath.2)"
109.123.24.101 - - [27/Dec/2010:20:26:44 +0100] "GET /getfile.php?idHash=7965f1cfce68599aaeeb9243d0f49af8 HTTP/1.1" 200 5065 "http://sl.impos-tech.si/" "Mozilla/4.0 (compatible; MSIE 6.0; Windows NT 5.1; SV1; GTB6.6; .NET CLR 2.0.50727; .NET CLR 3.0.4506.2152; .NET CLR 3.5.30729; .NET CLR 1.1.4322; InfoPath.2)"
109.123.24.101 - - [27/Dec/2010:20:26:45 +0100] "GET /imageFill.php?source=themes/Zaba/images/companyInfoBG.png&color=FFFFFF HTTP/1.1" 200 43 "http://sl.impos-tech.si/" "Mozilla/4.0 (compatible; MSIE 6.0; Windows NT 5.1; SV1; GTB6.6; .NET CLR 2.0.50727; .NET CLR 3.0.4506.2152; .NET CLR 3.5.30729; .NET CLR 1.1.4322; InfoPath.2)"
109.123.24.101 - - [27/Dec/2010:20:26:45 +0100] "GET /getfile.php?idHash=bc4eaccf3b8a6e07a08808d19ace293b HTTP/1.1" 200 9184 "http://sl.impos-tech.si/" "Mozilla/4.0 (compatible; MSIE 6.0; Windows NT 5.1; SV1; GTB6.6; .NET CLR 2.0.50727; .NET CLR 3.0.4506.2152; .NET CLR 3.5.30729; .NET CLR 1.1.4322; InfoPath.2)"
178.154.163.29 - - [27/Dec/2010:21:32:33 +0100] "GET /robots.txt HTTP/1.1" 200 147 "-" "Mozilla/5.0 (compatible; YandexBot/3.0; +http://yandex.com/bots)"
178.154.163.29 - - [27/Dec/2010:21:34:21 +0100] "GET /robots.txt HTTP/1.1" 200 147 "-" "Mozilla/5.0 (compatible; YandexBot/3.0; +http://yandex.com/bots)"
178.154.163.29 - - [27/Dec/2010:21:36:08 +0100] "GET /robots.txt HTTP/1.1" 200 147 "-" "Mozilla/5.0 (compatible; YandexBot/3.0; +http://yandex.com/bots)"
124.115.0.23 - - [28/Dec/2010:00:16:22 +0100] "GET / HTTP/1.1" 200 2956 "-" "Sosospider+(+http://help.soso.com/webspider.htm)"
66.249.72.198 - - [28/Dec/2010:03:20:08 +0100] "GET /robots.txt HTTP/1.1" 200 147 "-" "Mozilla/5.0 (compatible; Googlebot/2.1; +http://www.google.com/bot.html)"
97.84.167.19 - - [28/Dec/2010:04:09:50 +0100] "GET /favicon.ico HTTP/1.1" 301 377 "http://query.us.kikin.com/query-server/K/Query/?ksu=http%3A//www.init.com/&returnType=html" "Mozilla/4.0 (compatible; MSIE 8.0; Windows NT 6.1; Trident/4.0; GTB6; SLCC2; .NET CLR 2.0.50727; .NET CLR 3.5.30729; .NET CLR 3.0.30729; .NET4.0C; BRI/1; AskTB5.6)"
97.84.167.19 - - [28/Dec/2010:04:09:50 +0100] "GET /favicon.ico HTTP/1.1" 404 - "http://query.us.kikin.com/query-server/K/Query/?ksu=http%3A//www.init.com/&returnType=html" "Mozilla/4.0 (compatible; MSIE 8.0; Windows NT 6.1; Trident/4.0; GTB6; SLCC2; .NET CLR 2.0.50727; .NET CLR 3.5.30729; .NET CLR 3.0.30729; .NET4.0C; BRI/1; AskTB5.6)"
207.46.204.182 - - [28/Dec/2010:04:44:47 +0100] "GET /robots.txt HTTP/1.1" 200 147 "-" "Mozilla/5.0 (compatible; bingbot/2.0; +http://www.bing.com/bingbot.htm)"
178.154.163.29 - - [28/Dec/2010:04:57:34 +0100] "GET / HTTP/1.1" 200 2956 "-" "Mozilla/5.0 (compatible; YandexBot/3.0; +http://yandex.com/bots)"
207.46.204.182 - - [28/Dec/2010:05:10:48 +0100] "GET /pravni-poduk/ HTTP/1.1" 200 2744 "-" "Mozilla/5.0 (compatible; bingbot/2.0; +http://www.bing.com/bingbot.htm)"
124.115.0.160 - - [28/Dec/2010:07:06:27 +0100] "GET / HTTP/1.1" 200 2956 "-" "Sosospider+(+http://help.soso.com/webspider.htm)"
64.233.172.1 - - [28/Dec/2010:07:45:33 +0100] "GET /varpulis/_css/402_default.css HTTP/1.1" 200 36308 "http://sl.impos-tech.si/pravni-poduk/" "Mozilla/5.0 (Windows; U; Windows NT 5.1; en-US; rv:1.8.0.7) Gecko/20060909 Firefox/1.5.0.7"
208.80.194.32 - - [28/Dec/2010:07:51:25 +0100] "GET / HTTP/1.0" 200 9598 "-" "Mozilla/4.0 (compatible; MSIE 6.0; Windows CE; PPC; 240x320) Opera 8.60 [en]"
208.80.194.37 - - [28/Dec/2010:07:52:47 +0100] "GET / HTTP/1.0" 301 370 "-" "Mozilla/4.0 (compatible; MSIE 6.0; America Online Browser 1.1; Windows NT 5.1; FunWebProducts; SV1; .NET CLR 1.0.3705)"
208.80.194.37 - - [28/Dec/2010:07:52:47 +0100] "GET / HTTP/1.0" 200 9598 "-" "Mozilla/4.0 (compatible; MSIE 6.0; Windows NT 5.1; SV1; SIMBAR Enabled; SIMBAR={68CAC070-6E8A-4678-AB08-187D8E35F67B}; .NET CLR 1.0.3705; .NET CLR 1.1.4322; Media Center PC 4.0; Creative ZENcast v1.01.06)"
178.154.163.29 - - [28/Dec/2010:08:46:15 +0100] "GET / HTTP/1.1" 200 3142 "-" "Mozilla/5.0 (compatible; YandexBot/3.0; +http://yandex.com/bots)"
66.249.72.3 - - [28/Dec/2010:09:03:10 +0100] "GET /robots.txt HTTP/1.1" 200 147 "-" "Mozilla/5.0 (compatible; Googlebot/2.1; +http://www.google.com/bot.html)"
66.249.72.3 - - [28/Dec/2010:09:03:10 +0100] "GET /activities/ HTTP/1.1" 200 2421 "-" "Mozilla/5.0 (compatible; Googlebot/2.1; +http://www.google.com/bot.html)"
66.249.72.3 - - [28/Dec/2010:09:32:09 +0100] "GET /robots.txt HTTP/1.1" 200 147 "-" "Mozilla/5.0 (compatible; Googlebot/2.1; +http://www.google.com/bot.html)"