212.13.232.140 - - [21/Dec/2010:13:26:46 +0100] "GET /getfile.php?idHash=a06cda26003442adeda4701917f8c22d HTTP/1.1" 200 5834 "http://sl.impos-tech.si/dejavnost/" "Mozilla/4.0 (compatible; MSIE 8.0; Windows NT 6.1; Trident/4.0; GTB6.6; SLCC2; .NET CLR 2.0.50727; .NET CLR 3.5.30729; .NET CLR 3.0.30729; Media Center PC 6.0; .NET4.0C; Tablet PC 2.0; AskTbARS/5.8.0.12304)"
212.13.232.140 - - [21/Dec/2010:13:26:46 +0100] "GET /siteData.xml.php HTTP/1.1" 200 870 "http://sl.impos-tech.si/sitedata/402/media/logoImpos_17.swf" "Mozilla/4.0 (compatible; MSIE 8.0; Windows NT 6.1; Trident/4.0; GTB6.6; SLCC2; .NET CLR 2.0.50727; .NET CLR 3.5.30729; .NET CLR 3.0.30729; Media Center PC 6.0; .NET4.0C; Tablet PC 2.0; AskTbARS/5.8.0.12304)"
212.13.232.140 - - [21/Dec/2010:13:26:46 +0100] "GET /getfile.php?idHash=595517e7e6008dce2c1b3b88ac24e4b0 HTTP/1.1" 200 5655 "http://sl.impos-tech.si/dejavnost/" "Mozilla/4.0 (compatible; MSIE 8.0; Windows NT 6.1; Trident/4.0; GTB6.6; SLCC2; .NET CLR 2.0.50727; .NET CLR 3.5.30729; .NET CLR 3.0.30729; Media Center PC 6.0; .NET4.0C; Tablet PC 2.0; AskTbARS/5.8.0.12304)"
212.13.232.140 - - [21/Dec/2010:13:26:46 +0100] "GET /imageFill.php?source=themes/Zaba/images/companyInfoBG.png&color=FFFFFF HTTP/1.1" 200 43 "http://sl.impos-tech.si/dejavnost/" "Mozilla/4.0 (compatible; MSIE 8.0; Windows NT 6.1; Trident/4.0; GTB6.6; SLCC2; .NET CLR 2.0.50727; .NET CLR 3.5.30729; .NET CLR 3.0.30729; Media Center PC 6.0; .NET4.0C; Tablet PC 2.0; AskTbARS/5.8.0.12304)"
212.13.232.140 - - [21/Dec/2010:13:26:46 +0100] "GET /getfile.php?idHash=b7ebe36ad21272b7538d7eabd1b6bd66 HTTP/1.1" 200 5987 "http://sl.impos-tech.si/dejavnost/" "Mozilla/4.0 (compatible; MSIE 8.0; Windows NT 6.1; Trident/4.0; GTB6.6; SLCC2; .NET CLR 2.0.50727; .NET CLR 3.5.30729; .NET CLR 3.0.30729; Media Center PC 6.0; .NET4.0C; Tablet PC 2.0; AskTbARS/5.8.0.12304)"
212.13.232.140 - - [21/Dec/2010:13:26:46 +0100] "GET /getfile.php?idHash=6abf5624ee3529b131c8815472334f17 HTTP/1.1" 200 5813 "http://sl.impos-tech.si/dejavnost/" "Mozilla/4.0 (compatible; MSIE 8.0; Windows NT 6.1; Trident/4.0; GTB6.6; SLCC2; .NET CLR 2.0.50727; .NET CLR 3.5.30729; .NET CLR 3.0.30729; Media Center PC 6.0; .NET4.0C; Tablet PC 2.0; AskTbARS/5.8.0.12304)"
212.13.232.140 - - [21/Dec/2010:13:26:46 +0100] "GET /getfile.php?idHash=551bd879f4decf013cf3d15763d34631 HTTP/1.1" 200 5801 "http://sl.impos-tech.si/dejavnost/" "Mozilla/4.0 (compatible; MSIE 8.0; Windows NT 6.1; Trident/4.0; GTB6.6; SLCC2; .NET CLR 2.0.50727; .NET CLR 3.5.30729; .NET CLR 3.0.30729; Media Center PC 6.0; .NET4.0C; Tablet PC 2.0; AskTbARS/5.8.0.12304)"
212.13.232.140 - - [21/Dec/2010:13:26:47 +0100] "GET /favicon.ico HTTP/1.1" 404 - "-" "Mozilla/4.0 (compatible; MSIE 8.0; Windows NT 6.1; Trident/4.0; GTB6.6; SLCC2; .NET CLR 2.0.50727; .NET CLR 3.5.30729; .NET CLR 3.0.30729; Media Center PC 6.0; .NET4.0C; Tablet PC 2.0; AskTbARS/5.8.0.12304)"
212.13.232.140 - - [21/Dec/2010:13:26:53 +0100] "GET /predstavitev/ HTTP/1.1" 200 3504 "-" "Mozilla/4.0 (compatible; MSIE 8.0; Windows NT 6.1; Trident/4.0; GTB6.6; SLCC2; .NET CLR 2.0.50727; .NET CLR 3.5.30729; .NET CLR 3.0.30729; Media Center PC 6.0; .NET4.0C; Tablet PC 2.0; AskTbARS/5.8.0.12304)"
212.13.232.140 - - [21/Dec/2010:13:26:54 +0100] "GET /imageColorReplace.php?source=images/backgrounds/ozadje20.png&destination=bgImage_body&format=png&color1=FEFEFE&color2=B8B8B8 HTTP/1.1" 200 266 "http://sl.impos-tech.si/predstavitev/" "Mozilla/4.0 (compatible; MSIE 8.0; Windows NT 6.1; Trident/4.0; GTB6.6; SLCC2; .NET CLR 2.0.50727; .NET CLR 3.5.30729; .NET CLR 3.0.30729; Media Center PC 6.0; .NET4.0C; Tablet PC 2.0; AskTbARS/5.8.0.12304)"
212.13.232.140 - - [21/Dec/2010:13:26:54 +0100] "GET /imageColor.php?source=themes/Zaba/images/langBG.png&trueColor=1&color=FF001E HTTP/1.1" 200 144 "http://sl.impos-tech.si/predstavitev/" "Mozilla/4.0 (compatible; MSIE 8.0; Windows NT 6.1; Trident/4.0; GTB6.6; SLCC2; .NET CLR 2.0.50727; .NET CLR 3.5.30729; .NET CLR 3.0.30729; Media Center PC 6.0; .NET4.0C; Tablet PC 2.0; AskTbARS/5.8.0.12304)"
212.13.232.140 - - [21/Dec/2010:13:26:54 +0100] "GET /imageFill.php?source=themes/Zaba/images/ul.png&color=737373 HTTP/1.1" 200 60 "http://sl.impos-tech.si/predstavitev/" "Mozilla/4.0 (compatible; MSIE 8.0; Windows NT 6.1; Trident/4.0; GTB6.6; SLCC2; .NET CLR 2.0.50727; .NET CLR 3.5.30729; .NET CLR 3.0.30729; Media Center PC 6.0; .NET4.0C; Tablet PC 2.0; AskTbARS/5.8.0.12304)"
212.13.232.140 - - [21/Dec/2010:13:26:54 +0100] "GET /getfile.php?idHash=d12fcadf64888f7dd59b4a2360422f88 HTTP/1.1" 200 6136 "http://sl.impos-tech.si/predstavitev/" "Mozilla/4.0 (compatible; MSIE 8.0; Windows NT 6.1; Trident/4.0; GTB6.6; SLCC2; .NET CLR 2.0.50727; .NET CLR 3.5.30729; .NET CLR 3.0.30729; Media Center PC 6.0; .NET4.0C; Tablet PC 2.0; AskTbARS/5.8.0.12304)"
212.13.232.140 - - [21/Dec/2010:13:26:54 +0100] "GET /getfile.php?idHash=4cc3a876429df4627559f35df86e7347 HTTP/1.1" 200 8862 "http://sl.impos-tech.si/predstavitev/" "Mozilla/4.0 (compatible; MSIE 8.0; Windows NT 6.1; Trident/4.0; GTB6.6; SLCC2; .NET CLR 2.0.50727; .NET CLR 3.5.30729; .NET CLR 3.0.30729; Media Center PC 6.0; .NET4.0C; Tablet PC 2.0; AskTbARS/5.8.0.12304)"
212.13.232.140 - - [21/Dec/2010:13:26:54 +0100] "GET /getfile.php?idHash=7965f1cfce68599aaeeb9243d0f49af8 HTTP/1.1" 200 5065 "http://sl.impos-tech.si/predstavitev/" "Mozilla/4.0 (compatible; MSIE 8.0; Windows NT 6.1; Trident/4.0; GTB6.6; SLCC2; .NET CLR 2.0.50727; .NET CLR 3.5.30729; .NET CLR 3.0.30729; Media Center PC 6.0; .NET4.0C; Tablet PC 2.0; AskTbARS/5.8.0.12304)"
212.13.232.140 - - [21/Dec/2010:13:26:54 +0100] "GET /siteData.xml.php HTTP/1.1" 200 870 "http://sl.impos-tech.si/sitedata/402/media/logoImpos_17.swf" "Mozilla/4.0 (compatible; MSIE 8.0; Windows NT 6.1; Trident/4.0; GTB6.6; SLCC2; .NET CLR 2.0.50727; .NET CLR 3.5.30729; .NET CLR 3.0.30729; Media Center PC 6.0; .NET4.0C; Tablet PC 2.0; AskTbARS/5.8.0.12304)"
212.13.232.140 - - [21/Dec/2010:13:26:54 +0100] "GET /imageFill.php?source=themes/Zaba/images/companyInfoBG.png&color=FFFFFF HTTP/1.1" 200 43 "http://sl.impos-tech.si/predstavitev/" "Mozilla/4.0 (compatible; MSIE 8.0; Windows NT 6.1; Trident/4.0; GTB6.6; SLCC2; .NET CLR 2.0.50727; .NET CLR 3.5.30729; .NET CLR 3.0.30729; Media Center PC 6.0; .NET4.0C; Tablet PC 2.0; AskTbARS/5.8.0.12304)"
212.13.232.140 - - [21/Dec/2010:13:26:54 +0100] "GET /getfile.php?idHash=bc4eaccf3b8a6e07a08808d19ace293b HTTP/1.1" 200 9184 "http://sl.impos-tech.si/predstavitev/" "Mozilla/4.0 (compatible; MSIE 8.0; Windows NT 6.1; Trident/4.0; GTB6.6; SLCC2; .NET CLR 2.0.50727; .NET CLR 3.5.30729; .NET CLR 3.0.30729; Media Center PC 6.0; .NET4.0C; Tablet PC 2.0; AskTbARS/5.8.0.12304)"
212.13.232.140 - - [21/Dec/2010:13:26:54 +0100] "GET /getfile.php?idHash=db8493d6018a023c7a67b08c475a7605 HTTP/1.1" 200 6636 "http://sl.impos-tech.si/predstavitev/" "Mozilla/4.0 (compatible; MSIE 8.0; Windows NT 6.1; Trident/4.0; GTB6.6; SLCC2; .NET CLR 2.0.50727; .NET CLR 3.5.30729; .NET CLR 3.0.30729; Media Center PC 6.0; .NET4.0C; Tablet PC 2.0; AskTbARS/5.8.0.12304)"
212.13.232.140 - - [21/Dec/2010:13:26:54 +0100] "GET /getfile.php?idHash=bcdfc9e55ffd1c14d0c8b53090c2ce9f HTTP/1.1" 200 7134 "http://sl.impos-tech.si/predstavitev/" "Mozilla/4.0 (compatible; MSIE 8.0; Windows NT 6.1; Trident/4.0; GTB6.6; SLCC2; .NET CLR 2.0.50727; .NET CLR 3.5.30729; .NET CLR 3.0.30729; Media Center PC 6.0; .NET4.0C; Tablet PC 2.0; AskTbARS/5.8.0.12304)"
212.13.232.140 - - [21/Dec/2010:13:26:54 +0100] "GET /getfile.php?idHash=e4c5ddec3a2bc3ef532d43c6836d3df3 HTTP/1.1" 200 10442 "http://sl.impos-tech.si/predstavitev/" "Mozilla/4.0 (compatible; MSIE 8.0; Windows NT 6.1; Trident/4.0; GTB6.6; SLCC2; .NET CLR 2.0.50727; .NET CLR 3.5.30729; .NET CLR 3.0.30729; Media Center PC 6.0; .NET4.0C; Tablet PC 2.0; AskTbARS/5.8.0.12304)"
124.115.0.23 - - [21/Dec/2010:13:26:55 +0100] "GET / HTTP/1.1" 200 2956 "-" "Sosospider+(+http://help.soso.com/webspider.htm)"
212.13.232.140 - - [21/Dec/2010:13:26:59 +0100] "GET /kontakt/ HTTP/1.1" 200 2190 "-" "Mozilla/4.0 (compatible; MSIE 8.0; Windows NT 6.1; Trident/4.0; GTB6.6; SLCC2; .NET CLR 2.0.50727; .NET CLR 3.5.30729; .NET CLR 3.0.30729; Media Center PC 6.0; .NET4.0C; Tablet PC 2.0; AskTbARS/5.8.0.12304)"
212.13.232.140 - - [21/Dec/2010:13:26:59 +0100] "GET /imageColorReplace.php?source=images/backgrounds/ozadje20.png&destination=bgImage_body&format=png&color1=FEFEFE&color2=B8B8B8 HTTP/1.1" 200 266 "http://sl.impos-tech.si/kontakt/" "Mozilla/4.0 (compatible; MSIE 8.0; Windows NT 6.1; Trident/4.0; GTB6.6; SLCC2; .NET CLR 2.0.50727; .NET CLR 3.5.30729; .NET CLR 3.0.30729; Media Center PC 6.0; .NET4.0C; Tablet PC 2.0; AskTbARS/5.8.0.12304)"
212.13.232.140 - - [21/Dec/2010:13:26:59 +0100] "GET /imageColor.php?source=themes/Zaba/images/langBG.png&trueColor=1&color=FF001E HTTP/1.1" 200 144 "http://sl.impos-tech.si/kontakt/" "Mozilla/4.0 (compatible; MSIE 8.0; Windows NT 6.1; Trident/4.0; GTB6.6; SLCC2; .NET CLR 2.0.50727; .NET CLR 3.5.30729; .NET CLR 3.0.30729; Media Center PC 6.0; .NET4.0C; Tablet PC 2.0; AskTbARS/5.8.0.12304)"
212.13.232.140 - - [21/Dec/2010:13:27:00 +0100] "GET /imageFill.php?source=themes/Zaba/images/ul.png&color=737373 HTTP/1.1" 200 60 "http://sl.impos-tech.si/kontakt/" "Mozilla/4.0 (compatible; MSIE 8.0; Windows NT 6.1; Trident/4.0; GTB6.6; SLCC2; .NET CLR 2.0.50727; .NET CLR 3.5.30729; .NET CLR 3.0.30729; Media Center PC 6.0; .NET4.0C; Tablet PC 2.0; AskTbARS/5.8.0.12304)"
212.13.232.140 - - [21/Dec/2010:13:27:00 +0100] "GET /imageFill.php?source=themes/Zaba/images/companyInfoBG.png&color=FFFFFF HTTP/1.1" 200 43 "http://sl.impos-tech.si/kontakt/" "Mozilla/4.0 (compatible; MSIE 8.0; Windows NT 6.1; Trident/4.0; GTB6.6; SLCC2; .NET CLR 2.0.50727; .NET CLR 3.5.30729; .NET CLR 3.0.30729; Media Center PC 6.0; .NET4.0C; Tablet PC 2.0; AskTbARS/5.8.0.12304)"
212.13.232.140 - - [21/Dec/2010:13:27:00 +0100] "GET /siteData.xml.php HTTP/1.1" 200 870 "http://sl.impos-tech.si/sitedata/402/media/logoImpos_17.swf" "Mozilla/4.0 (compatible; MSIE 8.0; Windows NT 6.1; Trident/4.0; GTB6.6; SLCC2; .NET CLR 2.0.50727; .NET CLR 3.5.30729; .NET CLR 3.0.30729; Media Center PC 6.0; .NET4.0C; Tablet PC 2.0; AskTbARS/5.8.0.12304)"
66.249.72.88 - - [21/Dec/2010:13:54:26 +0100] "GET /robots.txt HTTP/1.1" 200 147 "-" "Mozilla/5.0 (compatible; Googlebot/2.1; +http://www.google.com/bot.html)"
208.80.194.69 - - [21/Dec/2010:17:02:00 +0100] "GET / HTTP/1.0" 200 7436 "-" "Mozilla/4.0 (compatible; MSIE 6.0; Windows NT 5.1; SV1; .NET CLR 1.1.4322; .NET CLR 2.0.50728)"
67.195.115.41 - - [21/Dec/2010:18:47:21 +0100] "GET /robots.txt HTTP/1.0" 200 147 "-" "Mozilla/5.0 (compatible; Yahoo! Slurp; http://help.yahoo.com/help/us/ysearch/slurp)"
67.195.115.41 - - [21/Dec/2010:18:47:22 +0100] "GET /dejavnost/ HTTP/1.0" 200 2589 "-" "Mozilla/5.0 (compatible; Yahoo! Slurp; http://help.yahoo.com/help/us/ysearch/slurp)"
124.115.0.22 - - [21/Dec/2010:20:37:33 +0100] "GET / HTTP/1.1" 200 2956 "-" "Sosospider+(+http://help.soso.com/webspider.htm)"
93.80.209.174 - - [21/Dec/2010:22:37:47 +0100] "GET / HTTP/1.0" 301 366 "http://yandex.ru/yandsearch?text=%e8%e7%ed%e0%f1%e8%eb%e8%e5+%e4%e5%e2%f3%f8%e5%ea+%e2%e8%e4%e5%ee+%ee%ed%eb%e0%e9%ed" "Mozilla/4.0 (compatible; MSIE 7.0; Windows NT 5.1; .NET CLR 1.1.4322; .NET CLR 2.0.50727; .NET CLR 3.0.4506.2152; .NET CLR 3.5.30729)"
95.25.240.68 - - [21/Dec/2010:22:37:47 +0100] "GET / HTTP/1.0" 200 9598 "http://yandex.ru/yandsearch?text=%e8%e7%ed%e0%f1%e8%eb%e8%e5+%e4%e5%e2%f3%f8%e5%ea+%e2%e8%e4%e5%ee+%ee%ed%eb%e0%e9%ed" "Mozilla/4.0 (compatible; MSIE 7.0; Windows NT 5.1; .NET CLR 1.1.4322; .NET CLR 2.0.50727; .NET CLR 3.0.4506.2152; .NET CLR 3.5.30729)"
95.25.144.79 - - [21/Dec/2010:22:37:50 +0100] "GET /varpulis/_css/402_default.css HTTP/1.0" 200 36308 "http://sl.impos-tech.si/" "Mozilla/4.0 (compatible; MSIE 7.0; Windows NT 5.1; .NET CLR 1.1.4322; .NET CLR 2.0.50727; .NET CLR 3.0.4506.2152; .NET CLR 3.5.30729)"
95.25.252.99 - - [21/Dec/2010:22:37:50 +0100] "GET /varpulis/_css/402_print.css HTTP/1.0" 200 14138 "http://sl.impos-tech.si/" "Mozilla/4.0 (compatible; MSIE 7.0; Windows NT 5.1; .NET CLR 1.1.4322; .NET CLR 2.0.50727; .NET CLR 3.0.4506.2152; .NET CLR 3.5.30729)"
95.26.99.220 - - [21/Dec/2010:22:37:51 +0100] "GET /varpulis/_js/basic.js HTTP/1.0" 200 14116 "http://sl.impos-tech.si/" "Mozilla/4.0 (compatible; MSIE 7.0; Windows NT 5.1; .NET CLR 1.1.4322; .NET CLR 2.0.50727; .NET CLR 3.0.4506.2152; .NET CLR 3.5.30729)"
93.80.208.89 - - [21/Dec/2010:22:37:51 +0100] "GET /varpulis/_js/402_menu.js HTTP/1.0" 200 34962 "http://sl.impos-tech.si/" "Mozilla/4.0 (compatible; MSIE 7.0; Windows NT 5.1; .NET CLR 1.1.4322; .NET CLR 2.0.50727; .NET CLR 3.0.4506.2152; .NET CLR 3.5.30729)"
95.28.123.214 - - [21/Dec/2010:22:37:51 +0100] "GET /sitedata/402/media/logoImpos_17.swf HTTP/1.0" 200 11870 "http://sl.impos-tech.si/" "Mozilla/4.0 (compatible; MSIE 7.0; Windows NT 5.1; .NET CLR 1.1.4322; .NET CLR 2.0.50727; .NET CLR 3.0.4506.2152; .NET CLR 3.5.30729)"
89.178.39.171 - - [21/Dec/2010:22:37:52 +0100] "GET /siteData.xml.php HTTP/1.0" 200 870 "http://sl.impos-tech.si/sitedata/402/media/logoImpos_17.swf" "Mozilla/4.0 (compatible; MSIE 7.0; Windows NT 5.1; .NET CLR 1.1.4322; .NET CLR 2.0.50727; .NET CLR 3.0.4506.2152; .NET CLR 3.5.30729)"
114.80.93.71 - - [22/Dec/2010:00:21:27 +0100] "GET / HTTP/1.1" 301 370 "-" "Mozilla/4.0 (compatible; MSIE 6.0; Windows NT 5.1)"
114.80.93.71 - - [22/Dec/2010:00:22:08 +0100] "GET / HTTP/1.1" 200 3504 "-" "Mozilla/4.0 (compatible; MSIE 6.0; Windows NT 5.1)"
124.115.0.23 - - [22/Dec/2010:03:22:45 +0100] "GET / HTTP/1.1" 200 2956 "-" "Sosospider+(+http://help.soso.com/webspider.htm)"
114.80.93.71 - - [22/Dec/2010:08:08:36 +0100] "GET / HTTP/1.1" 200 3504 "-" "Mozilla/4.0 (compatible; MSIE 6.0; Windows NT 5.1)"
213.250.44.209 - - [22/Dec/2010:09:17:17 +0100] "GET / HTTP/1.1" 200 3504 "http://www.google.si/url?sa=t&source=web&cd=4&ved=0CCwQFjAD&url=http%3A%2F%2Fsl.impos-tech.si%2F&rct=j&q=Impos&ei=_rMRTYGbBoag8QOG5aWHBw&usg=AFQjCNH0yUFPC_peicX0b5kxwuhxPe8H-A" "Mozilla/4.0 (compatible; MSIE 8.0; Windows NT 5.1; Trident/4.0)"
213.250.44.209 - - [22/Dec/2010:09:17:18 +0100] "GET /varpulis/_css/402_default.css HTTP/1.1" 304 - "http://sl.impos-tech.si/" "Mozilla/4.0 (compatible; MSIE 8.0; Windows NT 5.1; Trident/4.0)"
213.250.44.209 - - [22/Dec/2010:09:17:18 +0100] "GET /varpulis/_js/basic.js HTTP/1.1" 304 - "http://sl.impos-tech.si/" "Mozilla/4.0 (compatible; MSIE 8.0; Windows NT 5.1; Trident/4.0)"
213.250.44.209 - - [22/Dec/2010:09:17:18 +0100] "GET /varpulis/_css/402_print.css HTTP/1.1" 304 - "http://sl.impos-tech.si/" "Mozilla/4.0 (compatible; MSIE 8.0; Windows NT 5.1; Trident/4.0)"
213.250.44.209 - - [22/Dec/2010:09:17:19 +0100] "GET /varpulis/_js/402_menu.js HTTP/1.1" 304 - "http://sl.impos-tech.si/" "Mozilla/4.0 (compatible; MSIE 8.0; Windows NT 5.1; Trident/4.0)"
213.250.44.209 - - [22/Dec/2010:09:17:19 +0100] "GET /imageColor.php?source=themes/Zaba/images/langBG.png&trueColor=1&color=FF001E HTTP/1.1" 200 144 "http://sl.impos-tech.si/" "Mozilla/4.0 (compatible; MSIE 8.0; Windows NT 5.1; Trident/4.0)"
213.250.44.209 - - [22/Dec/2010:09:17:19 +0100] "GET /imageColorReplace.php?source=images/backgrounds/ozadje20.png&destination=bgImage_body&format=png&color1=FEFEFE&color2=B8B8B8 HTTP/1.1" 200 266 "http://sl.impos-tech.si/" "Mozilla/4.0 (compatible; MSIE 8.0; Windows NT 5.1; Trident/4.0)"
213.250.44.209 - - [22/Dec/2010:09:17:21 +0100] "GET /getfile.php?idHash=d12fcadf64888f7dd59b4a2360422f88 HTTP/1.1" 200 6136 "http://sl.impos-tech.si/" "Mozilla/4.0 (compatible; MSIE 8.0; Windows NT 5.1; Trident/4.0)"
213.250.44.209 - - [22/Dec/2010:09:17:21 +0100] "GET /sitedata/402/media/logoImpos_17.swf HTTP/1.1" 304 - "http://sl.impos-tech.si/" "Mozilla/4.0 (compatible; MSIE 8.0; Windows NT 5.1; Trident/4.0)"
213.250.44.209 - - [22/Dec/2010:09:17:21 +0100] "GET /imageFill.php?source=themes/Zaba/images/ul.png&color=737373 HTTP/1.1" 200 60 "http://sl.impos-tech.si/" "Mozilla/4.0 (compatible; MSIE 8.0; Windows NT 5.1; Trident/4.0)"
213.250.44.209 - - [22/Dec/2010:09:17:21 +0100] "GET /getfile.php?idHash=7965f1cfce68599aaeeb9243d0f49af8 HTTP/1.1" 200 5065 "http://sl.impos-tech.si/" "Mozilla/4.0 (compatible; MSIE 8.0; Windows NT 5.1; Trident/4.0)"
213.250.44.209 - - [22/Dec/2010:09:17:21 +0100] "GET /getfile.php?idHash=4cc3a876429df4627559f35df86e7347 HTTP/1.1" 200 8862 "http://sl.impos-tech.si/" "Mozilla/4.0 (compatible; MSIE 8.0; Windows NT 5.1; Trident/4.0)"
213.250.44.209 - - [22/Dec/2010:09:17:21 +0100] "GET /getfile.php?idHash=db8493d6018a023c7a67b08c475a7605 HTTP/1.1" 200 6636 "http://sl.impos-tech.si/" "Mozilla/4.0 (compatible; MSIE 8.0; Windows NT 5.1; Trident/4.0)"
213.250.44.209 - - [22/Dec/2010:09:17:22 +0100] "GET /imageFill.php?source=themes/Zaba/images/companyInfoBG.png&color=FFFFFF HTTP/1.1" 200 43 "http://sl.impos-tech.si/" "Mozilla/4.0 (compatible; MSIE 8.0; Windows NT 5.1; Trident/4.0)"
213.250.44.209 - - [22/Dec/2010:09:17:22 +0100] "GET /getfile.php?idHash=bcdfc9e55ffd1c14d0c8b53090c2ce9f HTTP/1.1" 200 7134 "http://sl.impos-tech.si/" "Mozilla/4.0 (compatible; MSIE 8.0; Windows NT 5.1; Trident/4.0)"
213.250.44.209 - - [22/Dec/2010:09:17:22 +0100] "GET /getfile.php?idHash=bc4eaccf3b8a6e07a08808d19ace293b HTTP/1.1" 200 9184 "http://sl.impos-tech.si/" "Mozilla/4.0 (compatible; MSIE 8.0; Windows NT 5.1; Trident/4.0)"
213.250.44.209 - - [22/Dec/2010:09:17:22 +0100] "GET /getfile.php?idHash=e4c5ddec3a2bc3ef532d43c6836d3df3 HTTP/1.1" 200 10442 "http://sl.impos-tech.si/" "Mozilla/4.0 (compatible; MSIE 8.0; Windows NT 5.1; Trident/4.0)"
213.250.44.209 - - [22/Dec/2010:09:17:22 +0100] "GET /siteData.xml.php HTTP/1.1" 200 870 "http://sl.impos-tech.si/sitedata/402/media/logoImpos_17.swf" "Mozilla/4.0 (compatible; MSIE 8.0; Windows NT 5.1; Trident/4.0)"
213.250.44.209 - - [22/Dec/2010:09:17:22 +0100] "GET /favicon.ico HTTP/1.1" 404 - "-" "Mozilla/4.0 (compatible; MSIE 8.0; Windows NT 5.1; Trident/4.0)"
208.80.194.29 - - [22/Dec/2010:09:30:42 +0100] "GET / HTTP/1.0" 200 9598 "-" "Mozilla/4.0 (compatible; MSIE 6.0; Windows NT 5.1; {3DC000FC-DB7B-6C86-061A-ACFDCE53B020}; .NET CLR 1.0.3705)"
208.80.194.34 - - [22/Dec/2010:09:39:40 +0100] "GET / HTTP/1.0" 301 370 "-" "Mozilla/4.0 (compatible; MSIE 6.0; Windows NT 5.1; SV1; .NET CLR 1.0.3705; .NET CLR 1.1.4322; Media Center PC 4.0; ZangoToolbar 4.8.3; .NET CLR 2.0.50727; .NET CLR 3.0.04506.30)"
208.80.194.34 - - [22/Dec/2010:09:39:40 +0100] "GET / HTTP/1.0" 200 9598 "-" "Mozilla/4.0 (compatible; MSIE 7.0; America Online Browser 1.1; rev1.5; Windows NT 5.1; FunWebProducts; IEMB3; IEMB3)"
66.249.72.88 - - [22/Dec/2010:09:48:35 +0100] "GET /robots.txt HTTP/1.1" 200 147 "-" "Mozilla/5.0 (compatible; Googlebot/2.1; +http://www.google.com/bot.html)"
66.249.72.88 - - [22/Dec/2010:09:48:36 +0100] "GET /company/ HTTP/1.1" 200 2956 "-" "Mozilla/5.0 (compatible; Googlebot/2.1; +http://www.google.com/bot.html)"
124.115.0.23 - - [22/Dec/2010:10:24:24 +0100] "GET / HTTP/1.1" 200 2956 "-" "Sosospider+(+http://help.soso.com/webspider.htm)"
95.108.150.235 - - [22/Dec/2010:13:15:52 +0100] "GET /robots.txt HTTP/1.1" 200 147 "-" "Mozilla/5.0 (compatible; YandexBot/3.0; MirrorDetector; +http://yandex.com/bots)"
95.108.150.235 - - [22/Dec/2010:13:15:52 +0100] "GET /robots.txt HTTP/1.1" 301 380 "-" "Mozilla/5.0 (compatible; YandexBot/3.0; MirrorDetector; +http://yandex.com/bots)"
95.108.150.235 - - [22/Dec/2010:13:15:53 +0100] "GET / HTTP/1.1" 301 370 "-" "Mozilla/5.0 (compatible; YandexBot/3.0; MirrorDetector; +http://yandex.com/bots)"
95.108.150.235 - - [22/Dec/2010:13:15:53 +0100] "GET / HTTP/1.1" 200 3504 "-" "Mozilla/5.0 (compatible; YandexBot/3.0; MirrorDetector; +http://yandex.com/bots)"
95.108.150.235 - - [22/Dec/2010:13:15:54 +0100] "GET / HTTP/1.1" 200 3504 "-" "Mozilla/5.0 (compatible; YandexBot/3.0; MirrorDetector; +http://yandex.com/bots)"
66.249.72.88 - - [22/Dec/2010:15:59:29 +0100] "GET /company/ HTTP/1.1" 200 2956 "-" "Mozilla/5.0 (compatible; Googlebot/2.1; +http://www.google.com/bot.html)"
124.115.0.22 - - [22/Dec/2010:17:06:57 +0100] "GET / HTTP/1.1" 200 2956 "-" "Sosospider+(+http://help.soso.com/webspider.htm)"
124.115.10.68 - - [22/Dec/2010:21:06:07 +0100] "GET /varpulis/_js/408_menu.js HTTP/1.1" 200 9444 "-" "Mozilla/4.0 (compatible; MSIE 6.0; Windows NT 5.1)"
124.115.0.160 - - [22/Dec/2010:23:50:57 +0100] "GET / HTTP/1.1" 200 2956 "-" "Sosospider+(+http://help.soso.com/webspider.htm)"
114.80.93.71 - - [23/Dec/2010:04:28:04 +0100] "GET / HTTP/1.1" 200 3504 "-" "Mozilla/4.0 (compatible; MSIE 6.0; Windows NT 5.1)"
193.47.80.50 - - [23/Dec/2010:05:47:47 +0100] "GET /robots.txt HTTP/1.1" 200 147 "-" "Mozilla/5.0 (compatible; Exabot/3.0; +http://www.exabot.com/go/robot)"
193.47.80.50 - - [23/Dec/2010:05:47:47 +0100] "GET / HTTP/1.1" 200 2956 "-" "Mozilla/5.0 (compatible; Exabot/3.0; +http://www.exabot.com/go/robot)"
114.80.93.71 - - [23/Dec/2010:06:08:51 +0100] "GET / HTTP/1.1" 301 370 "-" "Mozilla/4.0 (compatible; MSIE 6.0; Windows NT 5.1)"
114.80.93.71 - - [23/Dec/2010:06:09:25 +0100] "GET / HTTP/1.1" 200 3504 "-" "Mozilla/4.0 (compatible; MSIE 6.0; Windows NT 5.1)"
124.115.0.22 - - [23/Dec/2010:06:51:19 +0100] "GET / HTTP/1.1" 200 2956 "-" "Sosospider+(+http://help.soso.com/webspider.htm)"
67.195.115.41 - - [23/Dec/2010:08:31:54 +0100] "GET /robots.txt HTTP/1.0" 200 147 "-" "Mozilla/5.0 (compatible; Yahoo! Slurp; http://help.yahoo.com/help/us/ysearch/slurp)"
67.195.115.41 - - [23/Dec/2010:08:31:55 +0100] "GET /predstavitev/ HTTP/1.0" 200 3504 "-" "Mozilla/5.0 (compatible; Yahoo! Slurp; http://help.yahoo.com/help/us/ysearch/slurp)"
66.249.72.82 - - [23/Dec/2010:11:49:14 +0100] "GET /robots.txt HTTP/1.1" 200 147 "-" "Mozilla/5.0 (compatible; Googlebot/2.1; +http://www.google.com/bot.html)"
213.250.44.209 - - [23/Dec/2010:12:00:42 +0100] "GET / HTTP/1.1" 200 3504 "http://www.google.si/url?sa=t&source=web&cd=4&ved=0CCwQFjAD&url=http%3A%2F%2Fsl.impos-tech.si%2F&rct=j&q=impos&ei=zCsTTZ3SEYeg8QPBnamEBw&usg=AFQjCNH0yUFPC_peicX0b5kxwuhxPe8H-A" "Mozilla/4.0 (compatible; MSIE 8.0; Windows NT 5.1; Trident/4.0)"
213.250.44.209 - - [23/Dec/2010:12:00:43 +0100] "GET /varpulis/_css/402_default.css HTTP/1.1" 304 - "http://sl.impos-tech.si/" "Mozilla/4.0 (compatible; MSIE 8.0; Windows NT 5.1; Trident/4.0)"
213.250.44.209 - - [23/Dec/2010:12:00:43 +0100] "GET /varpulis/_css/402_print.css HTTP/1.1" 304 - "http://sl.impos-tech.si/" "Mozilla/4.0 (compatible; MSIE 8.0; Windows NT 5.1; Trident/4.0)"
213.250.44.209 - - [23/Dec/2010:12:00:43 +0100] "GET /varpulis/_js/basic.js HTTP/1.1" 304 - "http://sl.impos-tech.si/" "Mozilla/4.0 (compatible; MSIE 8.0; Windows NT 5.1; Trident/4.0)"
213.250.44.209 - - [23/Dec/2010:12:00:44 +0100] "GET /varpulis/_js/402_menu.js HTTP/1.1" 304 - "http://sl.impos-tech.si/" "Mozilla/4.0 (compatible; MSIE 8.0; Windows NT 5.1; Trident/4.0)"
213.250.44.209 - - [23/Dec/2010:12:00:44 +0100] "GET /imageColorReplace.php?source=images/backgrounds/ozadje20.png&destination=bgImage_body&format=png&color1=FEFEFE&color2=B8B8B8 HTTP/1.1" 200 266 "http://sl.impos-tech.si/" "Mozilla/4.0 (compatible; MSIE 8.0; Windows NT 5.1; Trident/4.0)"
213.250.44.209 - - [23/Dec/2010:12:00:44 +0100] "GET /imageColor.php?source=themes/Zaba/images/langBG.png&trueColor=1&color=FF001E HTTP/1.1" 200 144 "http://sl.impos-tech.si/" "Mozilla/4.0 (compatible; MSIE 8.0; Windows NT 5.1; Trident/4.0)"
213.250.44.209 - - [23/Dec/2010:12:00:45 +0100] "GET /sitedata/402/media/logoImpos_17.swf HTTP/1.1" 304 - "http://sl.impos-tech.si/" "Mozilla/4.0 (compatible; MSIE 8.0; Windows NT 5.1; Trident/4.0)"
213.250.44.209 - - [23/Dec/2010:12:00:45 +0100] "GET /imageFill.php?source=themes/Zaba/images/ul.png&color=737373 HTTP/1.1" 200 60 "http://sl.impos-tech.si/" "Mozilla/4.0 (compatible; MSIE 8.0; Windows NT 5.1; Trident/4.0)"
213.250.44.209 - - [23/Dec/2010:12:00:45 +0100] "GET /getfile.php?idHash=db8493d6018a023c7a67b08c475a7605 HTTP/1.1" 200 6636 "http://sl.impos-tech.si/" "Mozilla/4.0 (compatible; MSIE 8.0; Windows NT 5.1; Trident/4.0)"
213.250.44.209 - - [23/Dec/2010:12:00:45 +0100] "GET /getfile.php?idHash=7965f1cfce68599aaeeb9243d0f49af8 HTTP/1.1" 200 5065 "http://sl.impos-tech.si/" "Mozilla/4.0 (compatible; MSIE 8.0; Windows NT 5.1; Trident/4.0)"
213.250.44.209 - - [23/Dec/2010:12:00:45 +0100] "GET /getfile.php?idHash=4cc3a876429df4627559f35df86e7347 HTTP/1.1" 200 8862 "http://sl.impos-tech.si/" "Mozilla/4.0 (compatible; MSIE 8.0; Windows NT 5.1; Trident/4.0)"
213.250.44.209 - - [23/Dec/2010:12:00:45 +0100] "GET /getfile.php?idHash=d12fcadf64888f7dd59b4a2360422f88 HTTP/1.1" 200 6136 "http://sl.impos-tech.si/" "Mozilla/4.0 (compatible; MSIE 8.0; Windows NT 5.1; Trident/4.0)"
213.250.44.209 - - [23/Dec/2010:12:00:46 +0100] "GET /imageFill.php?source=themes/Zaba/images/companyInfoBG.png&color=FFFFFF HTTP/1.1" 200 43 "http://sl.impos-tech.si/" "Mozilla/4.0 (compatible; MSIE 8.0; Windows NT 5.1; Trident/4.0)"
213.250.44.209 - - [23/Dec/2010:12:00:45 +0100] "GET /getfile.php?idHash=e4c5ddec3a2bc3ef532d43c6836d3df3 HTTP/1.1" 200 10442 "http://sl.impos-tech.si/" "Mozilla/4.0 (compatible; MSIE 8.0; Windows NT 5.1; Trident/4.0)"
213.250.44.209 - - [23/Dec/2010:12:00:46 +0100] "GET /getfile.php?idHash=bc4eaccf3b8a6e07a08808d19ace293b HTTP/1.1" 200 9184 "http://sl.impos-tech.si/" "Mozilla/4.0 (compatible; MSIE 8.0; Windows NT 5.1; Trident/4.0)"
213.250.44.209 - - [23/Dec/2010:12:00:46 +0100] "GET /siteData.xml.php HTTP/1.1" 200 870 "http://sl.impos-tech.si/sitedata/402/media/logoImpos_17.swf" "Mozilla/4.0 (compatible; MSIE 8.0; Windows NT 5.1; Trident/4.0)"
213.250.44.209 - - [23/Dec/2010:12:00:45 +0100] "GET /getfile.php?idHash=bcdfc9e55ffd1c14d0c8b53090c2ce9f HTTP/1.1" 200 7134 "http://sl.impos-tech.si/" "Mozilla/4.0 (compatible; MSIE 8.0; Windows NT 5.1; Trident/4.0)"
213.250.44.209 - - [23/Dec/2010:12:00:46 +0100] "GET /favicon.ico HTTP/1.1" 404 - "-" "Mozilla/4.0 (compatible; MSIE 8.0; Windows NT 5.1; Trident/4.0)"
213.250.44.209 - - [23/Dec/2010:12:01:05 +0100] "GET /imageFill.php?source=themes/Zaba/images/companyInfoBG.png&color=FFFFFF HTTP/1.1" 200 43 "-" "Mozilla/4.0 (compatible; MSIE 7.0; Windows NT 5.1; Trident/4.0)"
66.249.72.3 - - [23/Dec/2010:12:57:04 +0100] "GET /robots.txt HTTP/1.1" 200 147 "-" "Mozilla/5.0 (compatible; Googlebot/2.1; +http://www.google.com/bot.html)"
124.115.0.22 - - [23/Dec/2010:13:33:33 +0100] "GET / HTTP/1.1" 200 2956 "-" "Sosospider+(+http://help.soso.com/webspider.htm)"
124.115.6.14 - - [23/Dec/2010:14:26:47 +0100] "GET /robots.txt HTTP/1.1" 200 147 "-" "Sosospider+(+http://help.soso.com/webspider.htm)"
124.115.6.14 - - [23/Dec/2010:14:34:49 +0100] "GET /robots.txt HTTP/1.1" 200 147 "-" "Sosospider+(+http://help.soso.com/webspider.htm)"
46.122.0.247 - - [23/Dec/2010:14:54:21 +0100] "GET /pravni-poduk/ HTTP/1.1" 200 2744 "http://www.google.si/url?sa=t&source=web&cd=2&ved=0CBsQFjAB&url=http%3A%2F%2Fsl.impos-tech.si%2Fpravni-poduk%2F&rct=j&q=gro%C5%A1elj%20toma%C5%BE&ei=R1QTTanyEoWW8QOQyYSFBw&usg=AFQjCNHhc7WSrcIFP-p_I0qW7HHD0UpuoQ" "Mozilla/4.0 (compatible; MSIE 8.0; Windows NT 6.1; Trident/4.0; SLCC2; .NET CLR 2.0.50727; .NET CLR 3.5.30729; .NET CLR 3.0.30729; Media Center PC 6.0; InfoPath.2; .NET4.0C)"
46.122.0.247 - - [23/Dec/2010:14:54:24 +0100] "GET /varpulis/_js/basic.js HTTP/1.1" 200 4470 "http://sl.impos-tech.si/pravni-poduk/" "Mozilla/4.0 (compatible; MSIE 8.0; Windows NT 6.1; Trident/4.0; SLCC2; .NET CLR 2.0.50727; .NET CLR 3.5.30729; .NET CLR 3.0.30729; Media Center PC 6.0; InfoPath.2; .NET4.0C)"
46.122.0.247 - - [23/Dec/2010:14:54:24 +0100] "GET /varpulis/_js/402_menu.js HTTP/1.1" 200 9444 "http://sl.impos-tech.si/pravni-poduk/" "Mozilla/4.0 (compatible; MSIE 8.0; Windows NT 6.1; Trident/4.0; SLCC2; .NET CLR 2.0.50727; .NET CLR 3.5.30729; .NET CLR 3.0.30729; Media Center PC 6.0; InfoPath.2; .NET4.0C)"
46.122.0.247 - - [23/Dec/2010:14:54:24 +0100] "GET /varpulis/_css/402_print.css HTTP/1.1" 200 14138 "http://sl.impos-tech.si/pravni-poduk/" "Mozilla/4.0 (compatible; MSIE 8.0; Windows NT 6.1; Trident/4.0; SLCC2; .NET CLR 2.0.50727; .NET CLR 3.5.30729; .NET CLR 3.0.30729; Media Center PC 6.0; InfoPath.2; .NET4.0C)"
46.122.0.247 - - [23/Dec/2010:14:54:24 +0100] "GET /varpulis/_css/402_default.css HTTP/1.1" 200 36308 "http://sl.impos-tech.si/pravni-poduk/" "Mozilla/4.0 (compatible; MSIE 8.0; Windows NT 6.1; Trident/4.0; SLCC2; .NET CLR 2.0.50727; .NET CLR 3.5.30729; .NET CLR 3.0.30729; Media Center PC 6.0; InfoPath.2; .NET4.0C)"
46.122.0.247 - - [23/Dec/2010:14:54:42 +0100] "GET /imageColorReplace.php?source=images/backgrounds/ozadje20.png&destination=bgImage_body&format=png&color1=FEFEFE&color2=B8B8B8 HTTP/1.1" 200 266 "http://sl.impos-tech.si/pravni-poduk/" "Mozilla/4.0 (compatible; MSIE 8.0; Windows NT 6.1; Trident/4.0; SLCC2; .NET CLR 2.0.50727; .NET CLR 3.5.30729; .NET CLR 3.0.30729; Media Center PC 6.0; InfoPath.2; .NET4.0C)"
46.122.0.247 - - [23/Dec/2010:14:54:44 +0100] "GET /imageColor.php?source=themes/Zaba/images/langBG.png&trueColor=1&color=FF001E HTTP/1.1" 200 144 "http://sl.impos-tech.si/pravni-poduk/" "Mozilla/4.0 (compatible; MSIE 8.0; Windows NT 6.1; Trident/4.0; SLCC2; .NET CLR 2.0.50727; .NET CLR 3.5.30729; .NET CLR 3.0.30729; Media Center PC 6.0; InfoPath.2; .NET4.0C)"
46.122.0.247 - - [23/Dec/2010:14:54:45 +0100] "GET /sitedata/402/media/logoImpos_17.swf HTTP/1.1" 200 11870 "-" "Mozilla/4.0 (compatible; MSIE 8.0; Windows NT 6.1; Trident/4.0; SLCC2; .NET CLR 2.0.50727; .NET CLR 3.5.30729; .NET CLR 3.0.30729; Media Center PC 6.0; InfoPath.2; .NET4.0C)"
46.122.0.247 - - [23/Dec/2010:14:54:45 +0100] "GET /imageFill.php?source=themes/Zaba/images/ul.png&color=737373 HTTP/1.1" 200 60 "http://sl.impos-tech.si/pravni-poduk/" "Mozilla/4.0 (compatible; MSIE 8.0; Windows NT 6.1; Trident/4.0; SLCC2; .NET CLR 2.0.50727; .NET CLR 3.5.30729; .NET CLR 3.0.30729; Media Center PC 6.0; InfoPath.2; .NET4.0C)"
46.122.0.247 - - [23/Dec/2010:14:54:46 +0100] "GET /imageFill.php?source=themes/Zaba/images/companyInfoBG.png&color=FFFFFF HTTP/1.1" 200 43 "http://sl.impos-tech.si/pravni-poduk/" "Mozilla/4.0 (compatible; MSIE 8.0; Windows NT 6.1; Trident/4.0; SLCC2; .NET CLR 2.0.50727; .NET CLR 3.5.30729; .NET CLR 3.0.30729; Media Center PC 6.0; InfoPath.2; .NET4.0C)"
46.122.0.247 - - [23/Dec/2010:14:54:48 +0100] "GET /siteData.xml.php HTTP/1.1" 200 871 "-" "Mozilla/4.0 (compatible; MSIE 8.0; Windows NT 6.1; Trident/4.0; SLCC2; .NET CLR 2.0.50727; .NET CLR 3.5.30729; .NET CLR 3.0.30729; Media Center PC 6.0; InfoPath.2; .NET4.0C)"
46.122.0.247 - - [23/Dec/2010:14:54:47 +0100] "GET /sitedata/402/media/page/image2.jpg HTTP/1.1" 200 14609 "http://sl.impos-tech.si/pravni-poduk/" "Mozilla/4.0 (compatible; MSIE 8.0; Windows NT 6.1; Trident/4.0; SLCC2; .NET CLR 2.0.50727; .NET CLR 3.5.30729; .NET CLR 3.0.30729; Media Center PC 6.0; InfoPath.2; .NET4.0C)"
46.122.0.247 - - [23/Dec/2010:14:54:53 +0100] "GET /favicon.ico HTTP/1.1" 404 - "-" "Mozilla/4.0 (compatible; MSIE 8.0; Windows NT 6.1; Trident/4.0; SLCC2; .NET CLR 2.0.50727; .NET CLR 3.5.30729; .NET CLR 3.0.30729; Media Center PC 6.0; InfoPath.2; .NET4.0C)"
208.115.111.247 - - [23/Dec/2010:19:26:59 +0100] "GET /robots.txt HTTP/1.1" 200 147 "-" "Mozilla/5.0 (compatible; DotBot/1.1; http://www.dotnetdotcom.org/, crawler@dotnetdotcom.org)"
208.115.111.247 - - [23/Dec/2010:19:26:59 +0100] "GET /robots.txt HTTP/1.1" 200 147 "-" "Mozilla/5.0 (compatible; DotBot/1.1; http://www.dotnetdotcom.org/, crawler@dotnetdotcom.org)"
193.47.80.50 - - [23/Dec/2010:19:46:11 +0100] "GET /robots.txt HTTP/1.1" 200 147 "-" "Mozilla/5.0 (compatible; Exabot/3.0; +http://www.exabot.com/go/robot)"
193.47.80.50 - - [23/Dec/2010:19:46:11 +0100] "GET / HTTP/1.1" 200 3142 "-" "Mozilla/5.0 (compatible; Exabot/3.0; +http://www.exabot.com/go/robot)"
195.42.102.21 - - [23/Dec/2010:19:57:09 +0100] "GET /robots.txt HTTP/1.1" 200 147 "-" "Mozilla/5.0 (compatible; Purebot/1.1; +http://www.puritysearch.net/)"
195.42.102.21 - - [23/Dec/2010:19:57:09 +0100] "GET / HTTP/1.1" 200 9598 "-" "Mozilla/5.0 (compatible; Purebot/1.1; +http://www.puritysearch.net/)"
195.42.102.21 - - [23/Dec/2010:19:57:10 +0100] "GET /dejavnost/ HTTP/1.1" 200 7646 "-" "Mozilla/5.0 (compatible; Purebot/1.1; +http://www.puritysearch.net/)"
195.42.102.21 - - [23/Dec/2010:19:57:11 +0100] "GET /predstavitev/ HTTP/1.1" 200 9598 "-" "Mozilla/5.0 (compatible; Purebot/1.1; +http://www.puritysearch.net/)"
195.42.102.21 - - [23/Dec/2010:19:57:13 +0100] "GET /kontakt/ HTTP/1.1" 200 6434 "-" "Mozilla/5.0 (compatible; Purebot/1.1; +http://www.puritysearch.net/)"
195.42.102.21 - - [23/Dec/2010:19:57:14 +0100] "GET /prijava/ HTTP/1.1" 200 6161 "-" "Mozilla/5.0 (compatible; Purebot/1.1; +http://www.puritysearch.net/)"
195.42.102.21 - - [23/Dec/2010:19:57:19 +0100] "GET /o-avtorjih/ HTTP/1.1" 200 4540 "-" "Mozilla/5.0 (compatible; Purebot/1.1; +http://www.puritysearch.net/)"
195.42.102.21 - - [23/Dec/2010:19:57:20 +0100] "GET /pravni-poduk/ HTTP/1.1" 200 7055 "-" "Mozilla/5.0 (compatible; Purebot/1.1; +http://www.puritysearch.net/)"
68.194.226.195 - - [23/Dec/2010:20:05:53 +0100] "GET / HTTP/1.1" 301 370 "-" "Mozilla/4.0 (compatible; MSIE 8.0; Windows NT 6.0; Trident/4.0; SLCC1; .NET CLR 2.0.50727; Media Center PC 5.0; InfoPath.1; .NET CLR 3.5.30729; .NET CLR 3.0.30729; .NET4.0C)"
68.194.226.195 - - [23/Dec/2010:20:05:54 +0100] "GET / HTTP/1.1" 200 3504 "-" "Mozilla/4.0 (compatible; MSIE 8.0; Windows NT 6.0; Trident/4.0; SLCC1; .NET CLR 2.0.50727; Media Center PC 5.0; InfoPath.1; .NET CLR 3.5.30729; .NET CLR 3.0.30729; .NET4.0C)"
68.194.226.195 - - [23/Dec/2010:20:05:55 +0100] "GET /varpulis/_css/402_default.css HTTP/1.1" 200 36308 "http://sl.impos-tech.si/" "Mozilla/4.0 (compatible; MSIE 8.0; Windows NT 6.0; Trident/4.0; SLCC1; .NET CLR 2.0.50727; Media Center PC 5.0; InfoPath.1; .NET CLR 3.5.30729; .NET CLR 3.0.30729; .NET4.0C)"
68.194.226.195 - - [23/Dec/2010:20:05:55 +0100] "GET /varpulis/_js/basic.js HTTP/1.1" 200 4470 "http://sl.impos-tech.si/" "Mozilla/4.0 (compatible; MSIE 8.0; Windows NT 6.0; Trident/4.0; SLCC1; .NET CLR 2.0.50727; Media Center PC 5.0; InfoPath.1; .NET CLR 3.5.30729; .NET CLR 3.0.30729; .NET4.0C)"
68.194.226.195 - - [23/Dec/2010:20:05:55 +0100] "GET /varpulis/_css/402_print.css HTTP/1.1" 200 14138 "http://sl.impos-tech.si/" "Mozilla/4.0 (compatible; MSIE 8.0; Windows NT 6.0; Trident/4.0; SLCC1; .NET CLR 2.0.50727; Media Center PC 5.0; InfoPath.1; .NET CLR 3.5.30729; .NET CLR 3.0.30729; .NET4.0C)"
68.194.226.195 - - [23/Dec/2010:20:05:55 +0100] "GET /varpulis/_css/402_default.css HTTP/1.1" 200 36308 "http://sl.impos-tech.si/" "Mozilla/4.0 (compatible; MSIE 8.0; Windows NT 6.0; Trident/4.0; SLCC1; .NET CLR 2.0.50727; Media Center PC 5.0; InfoPath.1; .NET CLR 3.5.30729; .NET CLR 3.0.30729; .NET4.0C)"
68.194.226.195 - - [23/Dec/2010:20:05:56 +0100] "GET /varpulis/_js/402_menu.js HTTP/1.1" 200 9444 "http://sl.impos-tech.si/" "Mozilla/4.0 (compatible; MSIE 8.0; Windows NT 6.0; Trident/4.0; SLCC1; .NET CLR 2.0.50727; Media Center PC 5.0; InfoPath.1; .NET CLR 3.5.30729; .NET CLR 3.0.30729; .NET4.0C)"
68.194.226.195 - - [23/Dec/2010:20:05:56 +0100] "GET /imageColorReplace.php?source=images/backgrounds/ozadje20.png&destination=bgImage_body&format=png&color1=FEFEFE&color2=B8B8B8 HTTP/1.1" 200 266 "http://sl.impos-tech.si/" "Mozilla/4.0 (compatible; MSIE 8.0; Windows NT 6.0; Trident/4.0; SLCC1; .NET CLR 2.0.50727; Media Center PC 5.0; InfoPath.1; .NET CLR 3.5.30729; .NET CLR 3.0.30729; .NET4.0C)"
68.194.226.195 - - [23/Dec/2010:20:05:56 +0100] "GET /imageColor.php?source=themes/Zaba/images/langBG.png&trueColor=1&color=FF001E HTTP/1.1" 200 144 "http://sl.impos-tech.si/" "Mozilla/4.0 (compatible; MSIE 8.0; Windows NT 6.0; Trident/4.0; SLCC1; .NET CLR 2.0.50727; Media Center PC 5.0; InfoPath.1; .NET CLR 3.5.30729; .NET CLR 3.0.30729; .NET4.0C)"
68.194.226.195 - - [23/Dec/2010:20:05:56 +0100] "GET /sitedata/402/media/logoImpos_17.swf HTTP/1.1" 200 11870 "http://sl.impos-tech.si/" "Mozilla/4.0 (compatible; MSIE 8.0; Windows NT 6.0; Trident/4.0; SLCC1; .NET CLR 2.0.50727; Media Center PC 5.0; InfoPath.1; .NET CLR 3.5.30729; .NET CLR 3.0.30729; .NET4.0C)"
68.194.226.195 - - [23/Dec/2010:20:05:56 +0100] "GET /getfile.php?idHash=db8493d6018a023c7a67b08c475a7605 HTTP/1.1" 200 6636 "http://sl.impos-tech.si/" "Mozilla/4.0 (compatible; MSIE 8.0; Windows NT 6.0; Trident/4.0; SLCC1; .NET CLR 2.0.50727; Media Center PC 5.0; InfoPath.1; .NET CLR 3.5.30729; .NET CLR 3.0.30729; .NET4.0C)"
68.194.226.195 - - [23/Dec/2010:20:05:56 +0100] "GET /sitedata/402/media/page/image2.jpg HTTP/1.1" 200 14609 "http://sl.impos-tech.si/" "Mozilla/4.0 (compatible; MSIE 8.0; Windows NT 6.0; Trident/4.0; SLCC1; .NET CLR 2.0.50727; Media Center PC 5.0; InfoPath.1; .NET CLR 3.5.30729; .NET CLR 3.0.30729; .NET4.0C)"
68.194.226.195 - - [23/Dec/2010:20:05:56 +0100] "GET /getfile.php?idHash=7965f1cfce68599aaeeb9243d0f49af8 HTTP/1.1" 200 5065 "http://sl.impos-tech.si/" "Mozilla/4.0 (compatible; MSIE 8.0; Windows NT 6.0; Trident/4.0; SLCC1; .NET CLR 2.0.50727; Media Center PC 5.0; InfoPath.1; .NET CLR 3.5.30729; .NET CLR 3.0.30729; .NET4.0C)"
68.194.226.195 - - [23/Dec/2010:20:05:56 +0100] "GET /getfile.php?idHash=4cc3a876429df4627559f35df86e7347 HTTP/1.1" 200 8862 "http://sl.impos-tech.si/" "Mozilla/4.0 (compatible; MSIE 8.0; Windows NT 6.0; Trident/4.0; SLCC1; .NET CLR 2.0.50727; Media Center PC 5.0; InfoPath.1; .NET CLR 3.5.30729; .NET CLR 3.0.30729; .NET4.0C)"
68.194.226.195 - - [23/Dec/2010:20:05:56 +0100] "GET /getfile.php?idHash=d12fcadf64888f7dd59b4a2360422f88 HTTP/1.1" 200 6136 "http://sl.impos-tech.si/" "Mozilla/4.0 (compatible; MSIE 8.0; Windows NT 6.0; Trident/4.0; SLCC1; .NET CLR 2.0.50727; Media Center PC 5.0; InfoPath.1; .NET CLR 3.5.30729; .NET CLR 3.0.30729; .NET4.0C)"
68.194.226.195 - - [23/Dec/2010:20:05:57 +0100] "GET /getfile.php?idHash=e4c5ddec3a2bc3ef532d43c6836d3df3 HTTP/1.1" 200 10442 "http://sl.impos-tech.si/" "Mozilla/4.0 (compatible; MSIE 8.0; Windows NT 6.0; Trident/4.0; SLCC1; .NET CLR 2.0.50727; Media Center PC 5.0; InfoPath.1; .NET CLR 3.5.30729; .NET CLR 3.0.30729; .NET4.0C)"
68.194.226.195 - - [23/Dec/2010:20:05:57 +0100] "GET /siteData.xml.php HTTP/1.1" 200 870 "http://sl.impos-tech.si/sitedata/402/media/logoImpos_17.swf" "Mozilla/4.0 (compatible; MSIE 8.0; Windows NT 6.0; Trident/4.0; SLCC1; .NET CLR 2.0.50727; Media Center PC 5.0; InfoPath.1; .NET CLR 3.5.30729; .NET CLR 3.0.30729; .NET4.0C)"
68.194.226.195 - - [23/Dec/2010:20:05:57 +0100] "GET /getfile.php?idHash=bc4eaccf3b8a6e07a08808d19ace293b HTTP/1.1" 200 9184 "http://sl.impos-tech.si/" "Mozilla/4.0 (compatible; MSIE 8.0; Windows NT 6.0; Trident/4.0; SLCC1; .NET CLR 2.0.50727; Media Center PC 5.0; InfoPath.1; .NET CLR 3.5.30729; .NET CLR 3.0.30729; .NET4.0C)"
68.194.226.195 - - [23/Dec/2010:20:05:57 +0100] "GET /getfile.php?idHash=bcdfc9e55ffd1c14d0c8b53090c2ce9f HTTP/1.1" 200 7134 "http://sl.impos-tech.si/" "Mozilla/4.0 (compatible; MSIE 8.0; Windows NT 6.0; Trident/4.0; SLCC1; .NET CLR 2.0.50727; Media Center PC 5.0; InfoPath.1; .NET CLR 3.5.30729; .NET CLR 3.0.30729; .NET4.0C)"
68.194.226.195 - - [23/Dec/2010:20:05:57 +0100] "GET /imageFill.php?source=themes/Zaba/images/ul.png&color=737373 HTTP/1.1" 200 60 "http://sl.impos-tech.si/" "Mozilla/4.0 (compatible; MSIE 8.0; Windows NT 6.0; Trident/4.0; SLCC1; .NET CLR 2.0.50727; Media Center PC 5.0; InfoPath.1; .NET CLR 3.5.30729; .NET CLR 3.0.30729; .NET4.0C)"
68.194.226.195 - - [23/Dec/2010:20:05:57 +0100] "GET /imageFill.php?source=themes/Zaba/images/companyInfoBG.png&color=FFFFFF HTTP/1.1" 200 43 "http://sl.impos-tech.si/" "Mozilla/4.0 (compatible; MSIE 8.0; Windows NT 6.0; Trident/4.0; SLCC1; .NET CLR 2.0.50727; Media Center PC 5.0; InfoPath.1; .NET CLR 3.5.30729; .NET CLR 3.0.30729; .NET4.0C)"
124.115.0.22 - - [23/Dec/2010:20:17:41 +0100] "GET / HTTP/1.1" 200 2956 "-" "Sosospider+(+http://help.soso.com/webspider.htm)"
178.154.163.29 - - [23/Dec/2010:21:02:35 +0100] "GET /robots.txt HTTP/1.1" 200 147 "-" "Mozilla/5.0 (compatible; YandexBot/3.0; +http://yandex.com/bots)"
178.154.163.29 - - [23/Dec/2010:21:02:36 +0100] "GET /robots.txt HTTP/1.1" 200 147 "-" "Mozilla/5.0 (compatible; YandexBot/3.0; +http://yandex.com/bots)"
178.154.163.29 - - [23/Dec/2010:21:04:51 +0100] "GET /robots.txt HTTP/1.1" 200 147 "-" "Mozilla/5.0 (compatible; YandexBot/3.0; +http://yandex.com/bots)"
208.80.194.37 - - [23/Dec/2010:21:18:30 +0100] "GET / HTTP/1.0" 200 9598 "-" "Mozilla/4.0 (compatible; MSIE 6.0; Windows NT 5.0; 1&1 Internet AG by USt)"
208.80.194.34 - - [23/Dec/2010:21:26:42 +0100] "GET / HTTP/1.0" 301 370 "-" "Mozilla/4.0 (compatible; MSIE 6.0; Windows NT 5.1; SV1; SIMBAR={DBB65C30-8FA6-4db8-AC78-F0D5DFAA7F28})"
208.80.194.34 - - [23/Dec/2010:21:26:43 +0100] "GET / HTTP/1.0" 200 9598 "-" "Mozilla/4.0 (compatible; MSIE 6.0; Windows NT 5.1; SV1; Overture)"
208.115.111.247 - - [23/Dec/2010:23:18:58 +0100] "GET /robots.txt HTTP/1.1" 200 147 "-" "Mozilla/5.0 (compatible; DotBot/1.1; http://www.dotnetdotcom.org/, crawler@dotnetdotcom.org)"
208.115.111.247 - - [23/Dec/2010:23:18:58 +0100] "GET /robots.txt HTTP/1.1" 200 147 "-" "Mozilla/5.0 (compatible; DotBot/1.1; http://www.dotnetdotcom.org/, crawler@dotnetdotcom.org)"
208.115.111.247 - - [23/Dec/2010:23:18:58 +0100] "GET /robots.txt HTTP/1.1" 200 147 "-" "Mozilla/5.0 (compatible; DotBot/1.1; http://www.dotnetdotcom.org/, crawler@dotnetdotcom.org)"
114.80.93.71 - - [23/Dec/2010:23:45:43 +0100] "GET / HTTP/1.1" 301 370 "-" "Mozilla/4.0 (compatible; MSIE 6.0; Windows NT 5.1)"
114.80.93.71 - - [23/Dec/2010:23:46:19 +0100] "GET / HTTP/1.1" 200 3504 "-" "Mozilla/4.0 (compatible; MSIE 6.0; Windows NT 5.1)"
208.115.111.247 - - [24/Dec/2010:00:42:20 +0100] "GET /dejavnost/ HTTP/1.1" 200 2589 "-" "Mozilla/5.0 (compatible; DotBot/1.1; http://www.dotnetdotcom.org/, crawler@dotnetdotcom.org)"
208.115.111.247 - - [24/Dec/2010:00:42:28 +0100] "GET /o-avtorjih/ HTTP/1.1" 200 1723 "-" "Mozilla/5.0 (compatible; DotBot/1.1; http://www.dotnetdotcom.org/, crawler@dotnetdotcom.org)"
208.115.111.247 - - [24/Dec/2010:00:42:25 +0100] "GET /kontakt/ HTTP/1.1" 200 2190 "-" "Mozilla/5.0 (compatible; DotBot/1.1; http://www.dotnetdotcom.org/, crawler@dotnetdotcom.org)"
208.115.111.247 - - [24/Dec/2010:00:42:33 +0100] "GET /pravni-poduk/ HTTP/1.1" 200 2744 "-" "Mozilla/5.0 (compatible; DotBot/1.1; http://www.dotnetdotcom.org/, crawler@dotnetdotcom.org)"
208.115.111.247 - - [24/Dec/2010:00:42:48 +0100] "GET /predstavitev/ HTTP/1.1" 200 3504 "-" "Mozilla/5.0 (compatible; DotBot/1.1; http://www.dotnetdotcom.org/, crawler@dotnetdotcom.org)"
208.115.111.247 - - [24/Dec/2010:00:42:52 +0100] "GET /company/ HTTP/1.1" 200 2956 "-" "Mozilla/5.0 (compatible; DotBot/1.1; http://www.dotnetdotcom.org/, crawler@dotnetdotcom.org)"
208.115.111.247 - - [24/Dec/2010:00:42:55 +0100] "GET /contact/ HTTP/1.1" 200 2120 "-" "Mozilla/5.0 (compatible; DotBot/1.1; http://www.dotnetdotcom.org/, crawler@dotnetdotcom.org)"
124.115.6.14 - - [24/Dec/2010:00:51:27 +0100] "GET /robots.txt HTTP/1.1" 301 380 "-" "Sosospider+(+http://help.soso.com/webspider.htm)"
178.154.163.29 - - [24/Dec/2010:01:08:14 +0100] "GET / HTTP/1.1" 200 2956 "-" "Mozilla/5.0 (compatible; YandexBot/3.0; +http://yandex.com/bots)"
124.115.0.22 - - [24/Dec/2010:03:03:49 +0100] "GET / HTTP/1.1" 200 2956 "-" "Sosospider+(+http://help.soso.com/webspider.htm)"
71.181.32.160 - - [24/Dec/2010:03:55:29 +0100] "GET /robots.txt HTTP/1.0" 301 380 "-" "Mozilla/5.0 (compatible; MJ12bot/v1.3.3; http://www.majestic12.co.uk/bot.php?+)"
71.181.32.160 - - [24/Dec/2010:03:55:30 +0100] "GET / HTTP/1.1" 301 370 "-" "Mozilla/5.0 (compatible; MJ12bot/v1.3.3; http://www.majestic12.co.uk/bot.php?+)"
71.181.32.160 - - [24/Dec/2010:03:55:31 +0100] "GET /robots.txt HTTP/1.0" 200 147 "-" "Mozilla/5.0 (compatible; MJ12bot/v1.3.3; http://www.majestic12.co.uk/bot.php?+)"
71.181.32.160 - - [24/Dec/2010:03:55:32 +0100] "GET / HTTP/1.1" 200 9598 "-" "Mozilla/5.0 (compatible; MJ12bot/v1.3.3; http://www.majestic12.co.uk/bot.php?+)"
208.115.111.247 - - [24/Dec/2010:04:36:27 +0100] "GET / HTTP/1.1" 200 3142 "-" "Mozilla/5.0 (compatible; DotBot/1.1; http://www.dotnetdotcom.org/, crawler@dotnetdotcom.org)"
208.115.111.247 - - [24/Dec/2010:04:36:33 +0100] "GET / HTTP/1.1" 200 2956 "-" "Mozilla/5.0 (compatible; DotBot/1.1; http://www.dotnetdotcom.org/, crawler@dotnetdotcom.org)"
208.115.111.247 - - [24/Dec/2010:04:36:38 +0100] "GET / HTTP/1.1" 200 3504 "-" "Mozilla/5.0 (compatible; DotBot/1.1; http://www.dotnetdotcom.org/, crawler@dotnetdotcom.org)"
208.115.111.247 - - [24/Dec/2010:04:36:41 +0100] "GET /prijava/ HTTP/1.1" 200 2090 "-" "Mozilla/5.0 (compatible; DotBot/1.1; http://www.dotnetdotcom.org/, crawler@dotnetdotcom.org)"
193.47.80.50 - - [24/Dec/2010:05:52:03 +0100] "GET /robots.txt HTTP/1.1" 200 147 "-" "Mozilla/5.0 (compatible; Exabot/3.0; +http://www.exabot.com/go/robot)"
193.47.80.50 - - [24/Dec/2010:05:52:03 +0100] "GET / HTTP/1.1" 200 3504 "-" "Mozilla/5.0 (compatible; Exabot/3.0; +http://www.exabot.com/go/robot)"
66.249.72.198 - - [24/Dec/2010:07:00:41 +0100] "GET /robots.txt HTTP/1.1" 200 147 "-" "Mozilla/5.0 (compatible; Googlebot/2.1; +http://www.google.com/bot.html)"
66.249.72.198 - - [24/Dec/2010:07:00:41 +0100] "GET /pravni-poduk/ HTTP/1.1" 200 2569 "-" "Mozilla/5.0 (compatible; Googlebot/2.1; +http://www.google.com/bot.html)"
178.154.163.29 - - [24/Dec/2010:08:27:02 +0100] "GET / HTTP/1.1" 200 3142 "-" "Mozilla/5.0 (compatible; YandexBot/3.0; +http://yandex.com/bots)"
114.80.93.71 - - [24/Dec/2010:10:06:31 +0100] "GET / HTTP/1.1" 200 3504 "-" "Mozilla/4.0 (compatible; MSIE 6.0; Windows NT 5.1)"
207.46.199.54 - - [24/Dec/2010:12:34:35 +0100] "GET /robots.txt HTTP/1.1" 200 147 "-" "Mozilla/5.0 (compatible; bingbot/2.0; +http://www.bing.com/bingbot.htm)"
207.46.199.54 - - [24/Dec/2010:12:39:20 +0100] "GET /dejavnost/ HTTP/1.1" 200 2589 "-" "Mozilla/5.0 (compatible; bingbot/2.0; +http://www.bing.com/bingbot.htm)"
178.154.163.29 - - [24/Dec/2010:12:46:51 +0100] "GET / HTTP/1.1" 200 3504 "-" "Mozilla/5.0 (compatible; YandexBot/3.0; +http://yandex.com/bots)"
124.115.0.22 - - [24/Dec/2010:13:29:04 +0100] "GET / HTTP/1.1" 200 2956 "-" "Sosospider+(+http://help.soso.com/webspider.htm)"
95.108.150.235 - - [24/Dec/2010:13:37:35 +0100] "GET /robots.txt HTTP/1.1" 200 147 "-" "Mozilla/5.0 (compatible; YandexBot/3.0; MirrorDetector; +http://yandex.com/bots)"
95.108.150.235 - - [24/Dec/2010:13:37:37 +0100] "GET /robots.txt HTTP/1.1" 301 380 "-" "Mozilla/5.0 (compatible; YandexBot/3.0; MirrorDetector; +http://yandex.com/bots)"
95.108.150.235 - - [24/Dec/2010:13:37:38 +0100] "GET / HTTP/1.1" 200 3504 "-" "Mozilla/5.0 (compatible; YandexBot/3.0; MirrorDetector; +http://yandex.com/bots)"
95.108.150.235 - - [24/Dec/2010:13:37:38 +0100] "GET / HTTP/1.1" 301 370 "-" "Mozilla/5.0 (compatible; YandexBot/3.0; MirrorDetector; +http://yandex.com/bots)"
95.108.150.235 - - [24/Dec/2010:13:37:39 +0100] "GET / HTTP/1.1" 200 3504 "-" "Mozilla/5.0 (compatible; YandexBot/3.0; MirrorDetector; +http://yandex.com/bots)"
66.249.72.82 - - [24/Dec/2010:15:35:43 +0100] "GET /robots.txt HTTP/1.1" 200 147 "-" "Mozilla/5.0 (compatible; Googlebot/2.1; +http://www.google.com/bot.html)"
66.249.82.2 - - [24/Dec/2010:17:48:34 +0100] "GET / HTTP/1.1" 200 3504 "-" "Mozilla/5.0 (en-us) AppleWebKit/525.13 (KHTML, like Gecko; Google Web Preview) Version/3.1 Safari/525.13"
66.249.82.2 - - [24/Dec/2010:17:48:36 +0100] "GET /varpulis/_js/basic.js HTTP/1.1" 200 4470 "http://sl.impos-tech.si/" "Mozilla/5.0 (en-us) AppleWebKit/525.13 (KHTML, like Gecko; Google Web Preview) Version/3.1 Safari/525.13"
66.249.82.2 - - [24/Dec/2010:17:48:36 +0100] "GET /varpulis/_js/402_menu.js HTTP/1.1" 200 9444 "http://sl.impos-tech.si/" "Mozilla/5.0 (en-us) AppleWebKit/525.13 (KHTML, like Gecko; Google Web Preview) Version/3.1 Safari/525.13"
66.249.82.2 - - [24/Dec/2010:17:48:36 +0100] "GET /varpulis/_css/402_print.css HTTP/1.1" 200 14138 "http://sl.impos-tech.si/" "Mozilla/5.0 (en-us) AppleWebKit/525.13 (KHTML, like Gecko; Google Web Preview) Version/3.1 Safari/525.13"
66.249.82.2 - - [24/Dec/2010:17:48:36 +0100] "GET /varpulis/_css/402_default.css HTTP/1.1" 200 36308 "http://sl.impos-tech.si/" "Mozilla/5.0 (en-us) AppleWebKit/525.13 (KHTML, like Gecko; Google Web Preview) Version/3.1 Safari/525.13"
66.249.82.2 - - [24/Dec/2010:17:48:37 +0100] "GET /imageColor.php?source=themes/Zaba/images/langBG.png&trueColor=1&color=FF001E HTTP/1.1" 200 144 "http://sl.impos-tech.si/" "Mozilla/5.0 (en-us) AppleWebKit/525.13 (KHTML, like Gecko; Google Web Preview) Version/3.1 Safari/525.13"
66.249.82.2 - - [24/Dec/2010:17:48:37 +0100] "GET /imageColorReplace.php?source=images/backgrounds/ozadje20.png&destination=bgImage_body&format=png&color1=FEFEFE&color2=B8B8B8 HTTP/1.1" 200 266 "http://sl.impos-tech.si/" "Mozilla/5.0 (en-us) AppleWebKit/525.13 (KHTML, like Gecko; Google Web Preview) Version/3.1 Safari/525.13"
66.249.82.2 - - [24/Dec/2010:17:48:37 +0100] "GET /sitedata/402/media/page/image2.jpg HTTP/1.1" 200 14609 "http://sl.impos-tech.si/" "Mozilla/5.0 (en-us) AppleWebKit/525.13 (KHTML, like Gecko; Google Web Preview) Version/3.1 Safari/525.13"
66.249.82.2 - - [24/Dec/2010:17:48:37 +0100] "GET /getfile.php?idHash=bcdfc9e55ffd1c14d0c8b53090c2ce9f HTTP/1.1" 200 7134 "http://sl.impos-tech.si/" "Mozilla/5.0 (en-us) AppleWebKit/525.13 (KHTML, like Gecko; Google Web Preview) Version/3.1 Safari/525.13"
66.249.82.2 - - [24/Dec/2010:17:48:37 +0100] "GET /getfile.php?idHash=e4c5ddec3a2bc3ef532d43c6836d3df3 HTTP/1.1" 200 10442 "http://sl.impos-tech.si/" "Mozilla/5.0 (en-us) AppleWebKit/525.13 (KHTML, like Gecko; Google Web Preview) Version/3.1 Safari/525.13"
66.249.82.2 - - [24/Dec/2010:17:48:37 +0100] "GET /getfile.php?idHash=db8493d6018a023c7a67b08c475a7605 HTTP/1.1" 200 6636 "http://sl.impos-tech.si/" "Mozilla/5.0 (en-us) AppleWebKit/525.13 (KHTML, like Gecko; Google Web Preview) Version/3.1 Safari/525.13"
